{"id":607,"date":"2023-11-29T13:42:00","date_gmt":"2023-11-29T16:42:00","guid":{"rendered":"https:\/\/sodre.gub.uy\/institucional\/?page_id=607"},"modified":"2024-11-14T12:36:27","modified_gmt":"2024-11-14T15:36:27","slug":"victor-mederos","status":"publish","type":"page","link":"https:\/\/sodre.gub.uy\/institucional\/elencos-estables\/victor-mederos\/","title":{"rendered":"V\u00edctor Mederos"},"content":{"rendered":"<div class=\"wpb-content-wrapper\"><p>[vc_section][vc_row][vc_column width=\u00bb1\/2&#8243;][vc_column_text]Victor Mederos es el director del<strong>\u00a0Coro Nacional de Ni\u00f1os<\/strong>, desde su relanzamiento en julio del 2016, director del\u00a0<strong>Coro Nacional Juvenil,\u00a0<\/strong>ambos del<strong>\u00a0Sodre<\/strong>\u00a0y del\u00a0<strong>\u00c1rea Coral del Sistema de Orquestas y Coros Infantiles y Juveniles del Uruguay<\/strong>.<\/p>\n<p><strong>Embajador de Paz 2019 \u2013 ODAEE<\/strong>\u00a0(Organizaci\u00f3n de las Am\u00e9ricas para la Excelencia Educativa) t\u00edtulo honor\u00edfico por su contribuci\u00f3n a la construcci\u00f3n de espacios de di\u00e1logo para el establecimiento de una cultura de paz desde y a trav\u00e9s de la educaci\u00f3n.<\/p>\n<p>Como director, desde 2004 viene realizando una intensa labor en producciones de \u00d3peras, Zarzuelas y Sinf\u00f3nicos Corales.<\/p>\n<p>Ha dirigido al\u00a0<em>Grupo Coral Quantum<\/em>\u00a0y la\u00a0<em>Coral Cantemus<\/em>\u00a0con quienes realiza exitosas giras por Reino Unido, Portugal, Espa\u00f1a, Austria, Alemania, Dinamarca, Noruega, Suecia y Finlandia.<\/p>\n<p>En el a\u00f1o 2019, dirigi\u00f3 un coro formado por m\u00e1s de 1500 ni\u00f1os de escuelas p\u00fablicas, junto al Coro Nacional de Ni\u00f1os y al Coro Nacional Juvenil, en un concierto sin precedentes para Uruguay.<\/p>\n<p>Maestro preparador del<em> Concierto Por la Paz, \u00a0con m\u00e1s de 300 voces\u00a0<\/em>\u00a0interpretando la Novena Sinfon\u00eda de Beethoven junto a la Orquesta Juvenil Nacional en 2014.<\/p>\n<p>Preparador Vocal de la \u00f3pera\u00a0<em>Brundibar<\/em>\u00a0de Hanz Kr\u00e1sa (2015), con la batuta de Ariel Britos frente a la Orquesta Juvenil Nacional en el Auditorio Nacional Adela Reta.<\/p>\n<p>Coordina desde 2008 para Uruguay el \u00c1rea Coral del programa\u00a0<em>M\u00fasica para Crecer<\/em>\u00a0de la CAF-Banco de Desarrollo de Am\u00e9rica Latina en convenio con el Sistema de Orquestas y Coros Juveniles e Infantiles del Uruguay. El mismo le ha permitido formarse a nivel internacional con maestros de la Schola Cantorum de Venezuela en diversos talleres en Caracas, Bogot\u00e1 y Montevideo con los maestros: Mar\u00eda Ghinand, Alberto Grau, Maibel Troia, Ana Mar\u00eda Raga, Mar\u00eda Adela Alvarado y Luimar Arismendi.<\/p>\n<p>Ha tomado clases de Direcci\u00f3n Orquestal con Federico Garc\u00eda Vigil, Ariel Britos, Ignacio Garc\u00eda Vidal\u00a0 y Alfredo Rugeles (Venezuela) y Direcci\u00f3n Coral con Francisco Simaldoni.<\/p>\n<p>Su formaci\u00f3n como tenor l\u00edrico comienza con Javier Fern\u00e1ndez, y continua en la Escuela Nacional de Arte L\u00edrico con Virginia Castro y Graciela Lassner. Realiza el estreno para Uruguay y Am\u00e9rica Latina en el rol protag\u00f3nico, de la \u00f3pera\u00a0<em>Abu Hassan<\/em>\u00a0de Carl Maria von Weber.<\/p>\n<p>Como pianista integr\u00f3\u00a0<em>At\u00edpica Tango Band<\/em>, con la cual realizara giras de conciertos por\u00a0 Venezuela, Estados Unidos, Francia, Espa\u00f1a, Suecia (2008) y Espa\u00f1a (2010).[\/vc_column_text][vc_empty_space height=\u00bb40px\u00bb][\/vc_column][vc_column width=\u00bb1\/2&#8243; css=\u00bb.vc_custom_1701211009001{margin-top: 0px !important;border-top-width: 0px !important;padding-top: 0px !important;}\u00bb][vc_single_image image=\u00bb990&#8243; img_size=\u00bbfull\u00bb css=\u00bb.vc_custom_1717424117235{margin-top: 0px !important;border-top-width: 0px !important;padding-top: 0px !important;}\u00bb][vc_empty_space height=\u00bb40px\u00bb][\/vc_column][\/vc_row][vc_row][vc_column][vc_empty_space height=\u00bb60px\u00bb][\/vc_column][\/vc_row][\/vc_section]<\/p>\n<\/div>","protected":false},"excerpt":{"rendered":"<p>[vc_section][vc_row][vc_column width=\u00bb1\/2&#8243;][vc_column_text]Victor Mederos es el director del\u00a0Coro Nacional de Ni\u00f1os, desde su relanzamiento en julio del 2016, director del\u00a0Coro Nacional Juvenil,\u00a0ambos del\u00a0Sodre\u00a0y del\u00a0\u00c1rea Coral del Sistema de Orquestas y Coros Infantiles y Juveniles del Uruguay. Embajador de Paz 2019 \u2013 ODAEE\u00a0(Organizaci\u00f3n de las Am\u00e9ricas para la Excelencia Educativa) t\u00edtulo honor\u00edfico por su contribuci\u00f3n a la [&hellip;]<\/p>\n","protected":false},"author":5,"featured_media":0,"parent":300,"menu_order":0,"comment_status":"closed","ping_status":"closed","template":"","meta":{"footnotes":""},"acf":[],"yoast_head":"<!-- This site is optimized with the Yoast SEO plugin v21.7 - https:\/\/yoast.com\/wordpress\/plugins\/seo\/ -->\n<title>V\u00edctor Mederos - Institucional<\/title>\n<meta name=\"robots\" content=\"index, follow, max-snippet:-1, max-image-preview:large, max-video-preview:-1\" \/>\n<link rel=\"canonical\" href=\"https:\/\/sodre.gub.uy\/institucional\/elencos-estables\/victor-mederos\/\" \/>\n<meta property=\"og:locale\" content=\"es_ES\" \/>\n<meta property=\"og:type\" content=\"article\" \/>\n<meta property=\"og:title\" content=\"V\u00edctor Mederos - Institucional\" \/>\n<meta property=\"og:description\" content=\"[vc_section][vc_row][vc_column width=\u00bb1\/2&#8243;][vc_column_text]Victor Mederos es el director del\u00a0Coro Nacional de Ni\u00f1os, desde su relanzamiento en julio del 2016, director del\u00a0Coro Nacional Juvenil,\u00a0ambos del\u00a0Sodre\u00a0y del\u00a0\u00c1rea Coral del Sistema de Orquestas y Coros Infantiles y Juveniles del Uruguay. Embajador de Paz 2019 \u2013 ODAEE\u00a0(Organizaci\u00f3n de las Am\u00e9ricas para la Excelencia Educativa) t\u00edtulo honor\u00edfico por su contribuci\u00f3n a la [&hellip;]\" \/>\n<meta property=\"og:url\" content=\"https:\/\/sodre.gub.uy\/institucional\/elencos-estables\/victor-mederos\/\" \/>\n<meta property=\"og:site_name\" content=\"Institucional\" \/>\n<meta property=\"article:modified_time\" content=\"2024-11-14T15:36:27+00:00\" \/>\n<meta name=\"twitter:card\" content=\"summary_large_image\" \/>\n<meta name=\"twitter:label1\" content=\"Tiempo de lectura\" \/>\n\t<meta name=\"twitter:data1\" content=\"3 minutos\" \/>\n<script type=\"application\/ld+json\" class=\"yoast-schema-graph\">{\"@context\":\"https:\/\/schema.org\",\"@graph\":[{\"@type\":\"WebPage\",\"@id\":\"https:\/\/sodre.gub.uy\/institucional\/elencos-estables\/victor-mederos\/\",\"url\":\"https:\/\/sodre.gub.uy\/institucional\/elencos-estables\/victor-mederos\/\",\"name\":\"V\u00edctor Mederos - Institucional\",\"isPartOf\":{\"@id\":\"https:\/\/sodre.gub.uy\/institucional\/#website\"},\"datePublished\":\"2023-11-29T16:42:00+00:00\",\"dateModified\":\"2024-11-14T15:36:27+00:00\",\"breadcrumb\":{\"@id\":\"https:\/\/sodre.gub.uy\/institucional\/elencos-estables\/victor-mederos\/#breadcrumb\"},\"inLanguage\":\"es\",\"potentialAction\":[{\"@type\":\"ReadAction\",\"target\":[\"https:\/\/sodre.gub.uy\/institucional\/elencos-estables\/victor-mederos\/\"]}]},{\"@type\":\"BreadcrumbList\",\"@id\":\"https:\/\/sodre.gub.uy\/institucional\/elencos-estables\/victor-mederos\/#breadcrumb\",\"itemListElement\":[{\"@type\":\"ListItem\",\"position\":1,\"name\":\"Elencos Estables\",\"item\":\"https:\/\/sodre.gub.uy\/institucional\/elencos-estables\/\"},{\"@type\":\"ListItem\",\"position\":2,\"name\":\"V\u00edctor Mederos\"}]},{\"@type\":\"WebSite\",\"@id\":\"https:\/\/sodre.gub.uy\/institucional\/#website\",\"url\":\"https:\/\/sodre.gub.uy\/institucional\/\",\"name\":\"Institucional\",\"description\":\"Servicio Oficial de Difusi\u00f3n, Representaciones y Espect\u00e1culos\",\"publisher\":{\"@id\":\"https:\/\/sodre.gub.uy\/institucional\/#organization\"},\"potentialAction\":[{\"@type\":\"SearchAction\",\"target\":{\"@type\":\"EntryPoint\",\"urlTemplate\":\"https:\/\/sodre.gub.uy\/institucional\/?s={search_term_string}\"},\"query-input\":\"required name=search_term_string\"}],\"inLanguage\":\"es\"},{\"@type\":\"Organization\",\"@id\":\"https:\/\/sodre.gub.uy\/institucional\/#organization\",\"name\":\"Institucional\",\"url\":\"https:\/\/sodre.gub.uy\/institucional\/\",\"logo\":{\"@type\":\"ImageObject\",\"inLanguage\":\"es\",\"@id\":\"https:\/\/sodre.gub.uy\/institucional\/#\/schema\/logo\/image\/\",\"url\":\"https:\/\/sodre.gub.uy\/institucional\/wp-content\/uploads\/sites\/5\/2023\/12\/logo-sodre-black.svg\",\"contentUrl\":\"https:\/\/sodre.gub.uy\/institucional\/wp-content\/uploads\/sites\/5\/2023\/12\/logo-sodre-black.svg\",\"caption\":\"Institucional\"},\"image\":{\"@id\":\"https:\/\/sodre.gub.uy\/institucional\/#\/schema\/logo\/image\/\"}}]}<\/script>\n<!-- \/ Yoast SEO plugin. -->","yoast_head_json":{"title":"V\u00edctor Mederos - Institucional","robots":{"index":"index","follow":"follow","max-snippet":"max-snippet:-1","max-image-preview":"max-image-preview:large","max-video-preview":"max-video-preview:-1"},"canonical":"https:\/\/sodre.gub.uy\/institucional\/elencos-estables\/victor-mederos\/","og_locale":"es_ES","og_type":"article","og_title":"V\u00edctor Mederos - Institucional","og_description":"[vc_section][vc_row][vc_column width=\u00bb1\/2&#8243;][vc_column_text]Victor Mederos es el director del\u00a0Coro Nacional de Ni\u00f1os, desde su relanzamiento en julio del 2016, director del\u00a0Coro Nacional Juvenil,\u00a0ambos del\u00a0Sodre\u00a0y del\u00a0\u00c1rea Coral del Sistema de Orquestas y Coros Infantiles y Juveniles del Uruguay. Embajador de Paz 2019 \u2013 ODAEE\u00a0(Organizaci\u00f3n de las Am\u00e9ricas para la Excelencia Educativa) t\u00edtulo honor\u00edfico por su contribuci\u00f3n a la [&hellip;]","og_url":"https:\/\/sodre.gub.uy\/institucional\/elencos-estables\/victor-mederos\/","og_site_name":"Institucional","article_modified_time":"2024-11-14T15:36:27+00:00","twitter_card":"summary_large_image","twitter_misc":{"Tiempo de lectura":"3 minutos"},"schema":{"@context":"https:\/\/schema.org","@graph":[{"@type":"WebPage","@id":"https:\/\/sodre.gub.uy\/institucional\/elencos-estables\/victor-mederos\/","url":"https:\/\/sodre.gub.uy\/institucional\/elencos-estables\/victor-mederos\/","name":"V\u00edctor Mederos - Institucional","isPartOf":{"@id":"https:\/\/sodre.gub.uy\/institucional\/#website"},"datePublished":"2023-11-29T16:42:00+00:00","dateModified":"2024-11-14T15:36:27+00:00","breadcrumb":{"@id":"https:\/\/sodre.gub.uy\/institucional\/elencos-estables\/victor-mederos\/#breadcrumb"},"inLanguage":"es","potentialAction":[{"@type":"ReadAction","target":["https:\/\/sodre.gub.uy\/institucional\/elencos-estables\/victor-mederos\/"]}]},{"@type":"BreadcrumbList","@id":"https:\/\/sodre.gub.uy\/institucional\/elencos-estables\/victor-mederos\/#breadcrumb","itemListElement":[{"@type":"ListItem","position":1,"name":"Elencos Estables","item":"https:\/\/sodre.gub.uy\/institucional\/elencos-estables\/"},{"@type":"ListItem","position":2,"name":"V\u00edctor Mederos"}]},{"@type":"WebSite","@id":"https:\/\/sodre.gub.uy\/institucional\/#website","url":"https:\/\/sodre.gub.uy\/institucional\/","name":"Institucional","description":"Servicio Oficial de Difusi\u00f3n, Representaciones y Espect\u00e1culos","publisher":{"@id":"https:\/\/sodre.gub.uy\/institucional\/#organization"},"potentialAction":[{"@type":"SearchAction","target":{"@type":"EntryPoint","urlTemplate":"https:\/\/sodre.gub.uy\/institucional\/?s={search_term_string}"},"query-input":"required name=search_term_string"}],"inLanguage":"es"},{"@type":"Organization","@id":"https:\/\/sodre.gub.uy\/institucional\/#organization","name":"Institucional","url":"https:\/\/sodre.gub.uy\/institucional\/","logo":{"@type":"ImageObject","inLanguage":"es","@id":"https:\/\/sodre.gub.uy\/institucional\/#\/schema\/logo\/image\/","url":"https:\/\/sodre.gub.uy\/institucional\/wp-content\/uploads\/sites\/5\/2023\/12\/logo-sodre-black.svg","contentUrl":"https:\/\/sodre.gub.uy\/institucional\/wp-content\/uploads\/sites\/5\/2023\/12\/logo-sodre-black.svg","caption":"Institucional"},"image":{"@id":"https:\/\/sodre.gub.uy\/institucional\/#\/schema\/logo\/image\/"}}]}},"_links":{"self":[{"href":"https:\/\/sodre.gub.uy\/institucional\/wp-json\/wp\/v2\/pages\/607"}],"collection":[{"href":"https:\/\/sodre.gub.uy\/institucional\/wp-json\/wp\/v2\/pages"}],"about":[{"href":"https:\/\/sodre.gub.uy\/institucional\/wp-json\/wp\/v2\/types\/page"}],"author":[{"embeddable":true,"href":"https:\/\/sodre.gub.uy\/institucional\/wp-json\/wp\/v2\/users\/5"}],"replies":[{"embeddable":true,"href":"https:\/\/sodre.gub.uy\/institucional\/wp-json\/wp\/v2\/comments?post=607"}],"version-history":[{"count":5,"href":"https:\/\/sodre.gub.uy\/institucional\/wp-json\/wp\/v2\/pages\/607\/revisions"}],"predecessor-version":[{"id":1031,"href":"https:\/\/sodre.gub.uy\/institucional\/wp-json\/wp\/v2\/pages\/607\/revisions\/1031"}],"up":[{"embeddable":true,"href":"https:\/\/sodre.gub.uy\/institucional\/wp-json\/wp\/v2\/pages\/300"}],"wp:attachment":[{"href":"https:\/\/sodre.gub.uy\/institucional\/wp-json\/wp\/v2\/media?parent=607"}],"curies":[{"name":"wp","href":"https:\/\/api.w.org\/{rel}","templated":true}]}}

Víctor Mederos

<div class="wpb-content-wrapper"><p>[vc_section][vc_row][vc_column width=»1/2&#8243;][vc_column_text]Victor Mederos es el director del<strong> Coro Nacional de Niños</strong>, desde su relanzamiento en julio del 2016, director del <strong>Coro Nacional Juvenil, </strong>ambos del<strong> Sodre</strong> y del <strong>Área Coral del Sistema de Orquestas y Coros Infantiles y Juveniles del Uruguay</strong>.</p>
<p><strong>Embajador de Paz 2019 – ODAEE</strong> (Organización de las Américas para la Excelencia Educativa) título honorífico por su contribución a la construcción de espacios de diálogo para el establecimiento de una cultura de paz desde y a través de la educación.</p>
<p>Como director, desde 2004 viene realizando una intensa labor en producciones de Óperas, Zarzuelas y Sinfónicos Corales.</p>
<p>Ha dirigido al <em>Grupo Coral Quantum</em> y la <em>Coral Cantemus</em> con quienes realiza exitosas giras por Reino Unido, Portugal, España, Austria, Alemania, Dinamarca, Noruega, Suecia y Finlandia.</p>
<p>En el año 2019, dirigió un coro formado por más de 1500 niños de escuelas públicas, junto al Coro Nacional de Niños y al Coro Nacional Juvenil, en un concierto sin precedentes para Uruguay.</p>
<p>Maestro preparador del<em> Concierto Por la Paz,  con más de 300 voces </em> interpretando la Novena Sinfonía de Beethoven junto a la Orquesta Juvenil Nacional en 2014.</p>
<p>Preparador Vocal de la ópera <em>Brundibar</em> de Hanz Krása (2015), con la batuta de Ariel Britos frente a la Orquesta Juvenil Nacional en el Auditorio Nacional Adela Reta.</p>
<p>Coordina desde 2008 para Uruguay el Área Coral del programa <em>Música para Crecer</em> de la CAF-Banco de Desarrollo de América Latina en convenio con el Sistema de Orquestas y Coros Juveniles e Infantiles del Uruguay. El mismo le ha permitido formarse a nivel internacional con maestros de la Schola Cantorum de Venezuela en diversos talleres en Caracas, Bogotá y Montevideo con los maestros: María Ghinand, Alberto Grau, Maibel Troia, Ana María Raga, María Adela Alvarado y Luimar Arismendi.</p>
<p>Ha tomado clases de Dirección Orquestal con Federico García Vigil, Ariel Britos, Ignacio García Vidal  y Alfredo Rugeles (Venezuela) y Dirección Coral con Francisco Simaldoni.</p>
<p>Su formación como tenor lírico comienza con Javier Fernández, y continua en la Escuela Nacional de Arte Lírico con Virginia Castro y Graciela Lassner. Realiza el estreno para Uruguay y América Latina en el rol protagónico, de la ópera <em>Abu Hassan</em> de Carl Maria von Weber.</p>
<p>Como pianista integró <em>Atípica Tango Band</em>, con la cual realizara giras de conciertos por  Venezuela, Estados Unidos, Francia, España, Suecia (2008) y España (2010).[/vc_column_text][vc_empty_space height=»40px»][/vc_column][vc_column width=»1/2&#8243; css=».vc_custom_1701211009001{margin-top: 0px !important;border-top-width: 0px !important;padding-top: 0px !important;}»][vc_single_image image=»990&#8243; img_size=»full» css=».vc_custom_1717424117235{margin-top: 0px !important;border-top-width: 0px !important;padding-top: 0px !important;}»][vc_empty_space height=»40px»][/vc_column][/vc_row][vc_row][vc_column][vc_empty_space height=»60px»][/vc_column][/vc_row][/vc_section]</p>
</div>

<p>[vc_section][vc_row][vc_column width=»1/2&#8243;][vc_column_text]Victor Mederos es el director del Coro Nacional de Niños, desde su relanzamiento en julio del 2016, director del Coro Nacional Juvenil, ambos del Sodre y del Área Coral del Sistema de Orquestas y Coros Infantiles y Juveniles del Uruguay. Embajador de Paz 2019 – ODAEE (Organización de las Américas para la Excelencia Educativa) título honorífico por su contribución a la [&hellip;]</p>

<!-- This site is optimized with the Yoast SEO plugin v21.7 - https://yoast.com/wordpress/plugins/seo/ -->
<title>Víctor Mederos - Institucional</title>
<meta name="robots" content="index, follow, max-snippet:-1, max-image-preview:large, max-video-preview:-1" />
<link rel="canonical" href="https://sodre.gub.uy/institucional/elencos-estables/victor-mederos/" />
<meta property="og:locale" content="es_ES" />
<meta property="og:type" content="article" />
<meta property="og:title" content="Víctor Mederos - Institucional" />
<meta property="og:description" content="[vc_section][vc_row][vc_column width=»1/2&#8243;][vc_column_text]Victor Mederos es el director del Coro Nacional de Niños, desde su relanzamiento en julio del 2016, director del Coro Nacional Juvenil, ambos del Sodre y del Área Coral del Sistema de Orquestas y Coros Infantiles y Juveniles del Uruguay. Embajador de Paz 2019 – ODAEE (Organización de las Américas para la Excelencia Educativa) título honorífico por su contribución a la [&hellip;]" />
<meta property="og:url" content="https://sodre.gub.uy/institucional/elencos-estables/victor-mederos/" />
<meta property="og:site_name" content="Institucional" />
<meta property="article:modified_time" content="2024-11-14T15:36:27+00:00" />
<meta name="twitter:card" content="summary_large_image" />
<meta name="twitter:label1" content="Tiempo de lectura" />
	<meta name="twitter:data1" content="3 minutos" />
<script type="application/ld+json" class="yoast-schema-graph">{"@context":"https://schema.org","@graph":[{"@type":"WebPage","@id":"https://sodre.gub.uy/institucional/elencos-estables/victor-mederos/","url":"https://sodre.gub.uy/institucional/elencos-estables/victor-mederos/","name":"Víctor Mederos - Institucional","isPartOf":{"@id":"https://sodre.gub.uy/institucional/#website"},"datePublished":"2023-11-29T16:42:00+00:00","dateModified":"2024-11-14T15:36:27+00:00","breadcrumb":{"@id":"https://sodre.gub.uy/institucional/elencos-estables/victor-mederos/#breadcrumb"},"inLanguage":"es","potentialAction":[{"@type":"ReadAction","target":["https://sodre.gub.uy/institucional/elencos-estables/victor-mederos/"]}]},{"@type":"BreadcrumbList","@id":"https://sodre.gub.uy/institucional/elencos-estables/victor-mederos/#breadcrumb","itemListElement":[{"@type":"ListItem","position":1,"name":"Elencos Estables","item":"https://sodre.gub.uy/institucional/elencos-estables/"},{"@type":"ListItem","position":2,"name":"Víctor Mederos"}]},{"@type":"WebSite","@id":"https://sodre.gub.uy/institucional/#website","url":"https://sodre.gub.uy/institucional/","name":"Institucional","description":"Servicio Oficial de Difusión, Representaciones y Espectáculos","publisher":{"@id":"https://sodre.gub.uy/institucional/#organization"},"potentialAction":[{"@type":"SearchAction","target":{"@type":"EntryPoint","urlTemplate":"https://sodre.gub.uy/institucional/?s={search_term_string}"},"query-input":"required name=search_term_string"}],"inLanguage":"es"},{"@type":"Organization","@id":"https://sodre.gub.uy/institucional/#organization","name":"Institucional","url":"https://sodre.gub.uy/institucional/","logo":{"@type":"ImageObject","inLanguage":"es","@id":"https://sodre.gub.uy/institucional/#/schema/logo/image/","url":"https://sodre.gub.uy/institucional/wp-content/uploads/sites/5/2023/12/logo-sodre-black.svg","contentUrl":"https://sodre.gub.uy/institucional/wp-content/uploads/sites/5/2023/12/logo-sodre-black.svg","caption":"Institucional"},"image":{"@id":"https://sodre.gub.uy/institucional/#/schema/logo/image/"}}]}</script>
<!-- / Yoast SEO plugin. -->

Víctor Mederos - Institucional

[vc_section][vc_row][vc_column width=»1/2&#8243;][vc_column_text]Victor Mederos es el director del Coro Nacional de Niños, desde su relanzamiento en julio del 2016, director del Coro Nacional Juvenil, ambos del Sodre y del Área Coral del Sistema de Orquestas y Coros Infantiles y Juveniles del Uruguay. Embajador de Paz 2019 – ODAEE (Organización de las Américas para la Excelencia Educativa) título honorífico por su contribución a la [&hellip;]

Servicio Oficial de Difusión, Representaciones y Espectáculos
