{"id":424,"date":"2023-11-28T13:54:31","date_gmt":"2023-11-28T16:54:31","guid":{"rendered":"https:\/\/sodre.gub.uy\/institucional\/?page_id=424"},"modified":"2025-06-17T11:52:58","modified_gmt":"2025-06-17T14:52:58","slug":"coro-nacional","status":"publish","type":"page","link":"https:\/\/sodre.gub.uy\/institucional\/elencos-estables\/coro-nacional\/","title":{"rendered":"Coro Nacional"},"content":{"rendered":"<div class=\"wpb-content-wrapper\"><p>[vc_section][vc_row gap=\u00bb30&#8243;][vc_column width=\u00bb1\/2&#8243;][vc_column_text]En setiembre de 1934 el Sodre crea el primer coro oficial del pa\u00eds, designando como primer director al italiano Icilio Nini<span id=\"docs-internal-guid-36a682df-7fff-f206-a3f3-c6832906fc75\"><span style=\"font-size: 12pt;font-family: 'Open Sans', sans-serif;color: #000000;background-color: transparent;vertical-align: baseline\">\u2013<\/span><\/span>Bellucci y en julio de 1935 comienzan las actuaciones, tanto en espect\u00e1culos sinf\u00f3nico corales como oper\u00edsticos.<\/p>\n<p>Oficialmente su primera actividad como Coro Sodre se realiz\u00f3 en la \u00f3pera La Son\u00e1mbula de Bellini, bajo la direcci\u00f3n de Domingo Dente.<br \/>\nAdem\u00e1s de su intervenci\u00f3n en las \u00f3peras, el coro destaca por su interpretaci\u00f3n de los grandes oratorios y los principales sinf\u00f3nico corales.<br \/>\nHace unos a\u00f1os que ha integrado al repertorio obras populares como gospels, m\u00fasica latinoamericana y m\u00fasica contempor\u00e1nea, mostrando la versatilidad de un coro que quiere representar a todos los uruguayos.<\/p>\n<p>Entre sus directores recordamos a Juan Protasi, Hugo L\u00f3pez, Daniel Conte, Lili\u00e1n Zetune, y Antonio Domeneghini.<\/p>\n<p>Desde 2010 Esteban Louise est\u00e1 al frente del cuerpo art\u00edstico con quien han recorrido el interior del pa\u00eds y los barrios de Montevideo cantando en las iglesias y teatros.[\/vc_column_text][vc_empty_space height=\u00bb40px\u00bb]\n\n<h3 \n\trole=\"heading\" \n\tclass=\"cyg--tit contenido cyg--font-inter cyg--font-normal \"\n>\n\n\tDirecci\u00f3n\n<\/h3>\n\n\n[vc_empty_space height=\u00bb15px\u00bb][vc_column_text]<\/p>\n<h4><a href=\"https:\/\/sodre.gub.uy\/institucional\/elencos-estables\/esteban-louise\/\"><strong>Esteban Louise &gt;<\/strong><\/a><\/h4>\n<p>[\/vc_column_text][vc_empty_space height=\u00bb15px\u00bb][vc_single_image image=\u00bb543&#8243; img_size=\u00bbfull\u00bb onclick=\u00bbcustom_link\u00bb link=\u00bbhttps:\/\/sodre.gub.uy\/institucional\/elencos-estables\/esteban-louise\/\u00bb][vc_empty_space height=\u00bb40px\u00bb][vc_empty_space height=\u00bb15px\u00bb][vc_empty_space height=\u00bb40px\u00bb]\n\n<h4 \n\trole=\"heading\" \n\tclass=\"cyg--tit contenido cyg--font-inter cyg--font-normal \"\n>\n\n\tIntegrantes:\n<\/h4>\n\n\n[vc_empty_space height=\u00bb15px\u00bb][vc_column_text]<b>Sopranos<\/b>[\/vc_column_text][vc_empty_space height=\u00bb15px\u00bb][vc_row_inner][vc_column_inner width=\u00bb1\/3&#8243;][vc_column_text]Gabriela Aguiar<\/p>\n<p>Laura Baranzano<\/p>\n<p>Flavia Berardi<\/p>\n<p>Virginia Berrondo<\/p>\n<p>Adriana Castro<\/p>\n<p>M\u00f3nica Cuesta<\/p>\n<p>Maite Garc\u00eda[\/vc_column_text][\/vc_column_inner][vc_column_inner width=\u00bb1\/3&#8243;][vc_column_text]Denise Girard<\/p>\n<p>Kaycob\u00e9 G\u00f3mez<\/p>\n<p>Irene Hern\u00e1ndez<\/p>\n<p>Marion Jones<\/p>\n<p>Rita Marichal<\/p>\n<p>Mariella Murias<\/p>\n<p>Graciela Salaberry[\/vc_column_text][\/vc_column_inner][vc_column_inner width=\u00bb1\/3&#8243;][vc_column_text]Silvana Sald\u00edas<\/p>\n<p>Sandra Scorza<\/p>\n<p>Sandra Silvera<\/p>\n<p>Laura Sobrera<\/p>\n<p>Natalia Vega<\/p>\n<p>Ver\u00f3nica Topolanski[\/vc_column_text][\/vc_column_inner][\/vc_row_inner][vc_empty_space height=\u00bb40px\u00bb][vc_column_text]<b>Mezzos\u2013Contraltos<\/b>[\/vc_column_text][vc_empty_space height=\u00bb15px\u00bb][vc_row_inner][vc_column_inner width=\u00bb1\/3&#8243;][vc_column_text]Roxana Barrios<\/p>\n<p>Eugenia Barrionuevo<\/p>\n<p>Elizabeth Benzo<\/p>\n<p>Lili\u00e1n Cardone<\/p>\n<p>Alicia Costa<\/p>\n<p>Susana Ferrer[\/vc_column_text][\/vc_column_inner][vc_column_inner width=\u00bb1\/3&#8243;][vc_column_text]Elizabeth Garc\u00eda<\/p>\n<p>Laura G\u00f3mez<\/p>\n<p>Abigail Gonz\u00e1lez<\/p>\n<p>Stephanie Holm<\/p>\n<p>Patricia Legum<\/p>\n<p>Stefania Maquiera[\/vc_column_text][\/vc_column_inner][vc_column_inner width=\u00bb1\/3&#8243;][vc_column_text]Mariella Nocetti<\/p>\n<p>Marina Parma<\/p>\n<p>Carolina Rotela<\/p>\n<p>Laura Souto<\/p>\n<p>Lorena V\u00e1zquez<\/p>\n<p>Jacqueline Villarnovo[\/vc_column_text][\/vc_column_inner][\/vc_row_inner][vc_empty_space height=\u00bb40px\u00bb][vc_column_text]<b>Tenores<\/b>[\/vc_column_text][vc_row_inner][vc_column_inner width=\u00bb1\/3&#8243;][vc_column_text]Andr\u00e9s Barbery<\/p>\n<p>Alfredo Belloni<\/p>\n<p>Javier Cordero<\/p>\n<p>Alfredo Duarte<\/p>\n<p>Pablo Duplech<\/p>\n<p>Eduardo Fleitas[\/vc_column_text][\/vc_column_inner][vc_column_inner width=\u00bb1\/3&#8243;][vc_column_text]Mart\u00edn Gonz\u00e1lez<\/p>\n<p>Juan Pablo Levrero<\/p>\n<p>Gerardo Marandino<\/p>\n<p>Daniel Morales<\/p>\n<p>Jos\u00e9 Noguera[\/vc_column_text][\/vc_column_inner][vc_column_inner width=\u00bb1\/3&#8243;][vc_column_text]Javier P\u00e9rez<\/p>\n<p>Adri\u00e1n Puig<\/p>\n<p>Mart\u00edn Tr\u00edas<\/p>\n<p>Dami\u00e1n Trinidad<\/p>\n<p>Fabi\u00e1n Villalba[\/vc_column_text][\/vc_column_inner][\/vc_row_inner][vc_empty_space height=\u00bb15px\u00bb][vc_empty_space height=\u00bb40px\u00bb][vc_column_text]<b>Bar\u00edtonos\u2013Bajos<\/b>[\/vc_column_text][vc_row_inner][vc_column_inner width=\u00bb1\/3&#8243;][vc_column_text]Eduardo A\u00f1\u00f3n<\/p>\n<p>Gustavo Balbela<\/p>\n<p>Julio Clavijo<\/p>\n<p>Eduardo Fort<\/p>\n<p>Santiago Garc\u00eda<\/p>\n<p>\u00c1lvaro Godi\u00f1o[\/vc_column_text][\/vc_column_inner][vc_column_inner width=\u00bb1\/3&#8243;][vc_column_text]Fabi\u00e1n Milkewitz<\/p>\n<p>Antonio Moreira<\/p>\n<p>Marcelo Otegui<\/p>\n<p>Edgardo Pascale<\/p>\n<p>Ernesto Recayte[\/vc_column_text][\/vc_column_inner][vc_column_inner width=\u00bb1\/3&#8243;][vc_column_text]Federico Sanguinetti<\/p>\n<p>Marcelo Sosa<\/p>\n<p>Emiliano Vidal<\/p>\n<p>Nicol\u00e1s Zecchi<\/p>\n<p>Ulrich Schrader[\/vc_column_text][\/vc_column_inner][\/vc_row_inner][vc_empty_space height=\u00bb15px\u00bb][vc_empty_space height=\u00bb15px\u00bb][vc_empty_space height=\u00bb15px\u00bb][vc_empty_space height=\u00bb15px\u00bb]\n\n<h3 \n\trole=\"heading\" \n\tclass=\"cyg--tit contenido cyg--font-inter cyg--font-normal \"\n>\n\n\tEquipo de gesti\u00f3n\n<\/h3>\n\n\n[vc_empty_space height=\u00bb15px\u00bb][vc_column_text]Coordinadora general: Carmen Minetti<\/p>\n<p>Inspectora: Elizabeth Ardans<\/p>\n<p>Asistente de inspectora: Alejandra Capozzoli<\/p>\n<p>Archivista (I): Ximena Buxedas<\/p>\n<p>Asistente archivista: Mercedes Castro[\/vc_column_text][\/vc_column][vc_column width=\u00bb1\/2&#8243; css=\u00bb.vc_custom_1701211009001{margin-top: 0px !important;border-top-width: 0px !important;padding-top: 0px !important;}\u00bb][vc_single_image image=\u00bb551&#8243; img_size=\u00bbfull\u00bb css=\u00bb.vc_custom_1701214634920{margin-top: 0px !important;border-top-width: 0px !important;padding-top: 0px !important;}\u00bb][vc_empty_space height=\u00bb40px\u00bb][vc_single_image image=\u00bb552&#8243; img_size=\u00bbfull\u00bb css=\u00bb.vc_custom_1701214797931{margin-top: 0px !important;border-top-width: 0px !important;padding-top: 0px !important;}\u00bb][vc_empty_space height=\u00bb40px\u00bb][vc_single_image image=\u00bb553&#8243; img_size=\u00bbfull\u00bb css=\u00bb.vc_custom_1701214810604{margin-top: 0px !important;border-top-width: 0px !important;padding-top: 0px !important;}\u00bb][vc_empty_space height=\u00bb40px\u00bb][vc_single_image image=\u00bb554&#8243; img_size=\u00bbfull\u00bb css=\u00bb.vc_custom_1701214822557{margin-top: 0px !important;border-top-width: 0px !important;padding-top: 0px !important;}\u00bb][vc_empty_space height=\u00bb40px\u00bb][vc_single_image image=\u00bb555&#8243; img_size=\u00bbfull\u00bb css=\u00bb.vc_custom_1701214833312{margin-top: 0px !important;border-top-width: 0px !important;padding-top: 0px !important;}\u00bb][vc_empty_space height=\u00bb40px\u00bb][\/vc_column][\/vc_row][vc_row][vc_column][\/vc_column][\/vc_row][\/vc_section][vc_section el_class=\u00bbcyg&#8211;sec-transmisiones\u00bb][vc_row][vc_column][vc_empty_space height=\u00bb\u00bb el_class=\u00bbcyg&#8211;espacio-90&#8243;]\n<header class=\"cyg--tit seccion cyg--d-grid\">\n\t<h2 role=\"heading\">Escuch\u00e1 las transmisiones<\/h2>\n<\/header>\n\n[vc_empty_space height=\u00bb\u00bb el_class=\u00bbcyg&#8211;espacio-20&#8243;]\r\n\r\n<!-- TRANSMISIONES -->\r\n<div id=\"slide-transmisiones\" class=\"cyg--slide posts transmisiones\">\r\n\r\n\t<div class=\"owl-carousel\">\r\n\r\n\t\t\r\n\t\t\t\t<div class=\"item\">\r\n\t\t\t\t\t<a href=\"https:\/\/mediospublicos.uy\/via-crucis\/\" target=\"_blank\" class=\"cyg--efecto-zoom cyg--efecto-bg\">\r\n\r\n\t\t\t\t\t\t<figure class=\"cyg--ratio cyg--ratio-60\">\r\n\t\t\t\t\t\t\t<img decoding=\"async\" class=\"cyg--transition\" src=\"https:\/\/mediospublicos.uy\/wp-content\/uploads\/2025\/10\/Via-Crucis.jpg\" alt=\"\">\r\n\t\t\t\t\t\t<\/figure>\r\n\r\n\t\t\t\t\t\t<time>octubre 29, 2025<\/time>\r\n\t\t\t\t\t\t<h3>Via Crucis \u2013 Franz Liszt<\/h3>\r\n\r\n\t\t\t\t\t\t<span class=\"cyg--btn\">Ver m\u00e1s<\/span>\r\n\t\t\t\t\t<\/a>\r\n\t\t\t\t<\/div>\r\n\t\t\r\n\t\t\t\t<div class=\"item\">\r\n\t\t\t\t\t<a href=\"https:\/\/mediospublicos.uy\/gala-de-zarzuela\/\" target=\"_blank\" class=\"cyg--efecto-zoom cyg--efecto-bg\">\r\n\r\n\t\t\t\t\t\t<figure class=\"cyg--ratio cyg--ratio-60\">\r\n\t\t\t\t\t\t\t<img decoding=\"async\" class=\"cyg--transition\" src=\"https:\/\/mediospublicos.uy\/wp-content\/uploads\/2025\/10\/zarzuela1.jpg\" alt=\"\">\r\n\t\t\t\t\t\t<\/figure>\r\n\r\n\t\t\t\t\t\t<time>octubre 14, 2025<\/time>\r\n\t\t\t\t\t\t<h3>Gala de Zarzuela<\/h3>\r\n\r\n\t\t\t\t\t\t<span class=\"cyg--btn\">Ver m\u00e1s<\/span>\r\n\t\t\t\t\t<\/a>\r\n\t\t\t\t<\/div>\r\n\t\t\r\n\t\t\t\t<div class=\"item\">\r\n\t\t\t\t\t<a href=\"https:\/\/mediospublicos.uy\/gala-coral-francesa\/\" target=\"_blank\" class=\"cyg--efecto-zoom cyg--efecto-bg\">\r\n\r\n\t\t\t\t\t\t<figure class=\"cyg--ratio cyg--ratio-60\">\r\n\t\t\t\t\t\t\t<img decoding=\"async\" class=\"cyg--transition\" src=\"https:\/\/mediospublicos.uy\/wp-content\/uploads\/2025\/09\/galas-francesas2.jpg\" alt=\"\">\r\n\t\t\t\t\t\t<\/figure>\r\n\r\n\t\t\t\t\t\t<time>septiembre 22, 2025<\/time>\r\n\t\t\t\t\t\t<h3>Gala coral francesa<\/h3>\r\n\r\n\t\t\t\t\t\t<span class=\"cyg--btn\">Ver m\u00e1s<\/span>\r\n\t\t\t\t\t<\/a>\r\n\t\t\t\t<\/div>\r\n\t\t\r\n\t\t\t\t<div class=\"item\">\r\n\t\t\t\t\t<a href=\"https:\/\/mediospublicos.uy\/coro-de-la-nostalgia\/\" target=\"_blank\" class=\"cyg--efecto-zoom cyg--efecto-bg\">\r\n\r\n\t\t\t\t\t\t<figure class=\"cyg--ratio cyg--ratio-60\">\r\n\t\t\t\t\t\t\t<img decoding=\"async\" class=\"cyg--transition\" src=\"https:\/\/mediospublicos.uy\/wp-content\/uploads\/2025\/08\/Coro-de-la-nostalgia_16x9.png\" alt=\"\">\r\n\t\t\t\t\t\t<\/figure>\r\n\r\n\t\t\t\t\t\t<time>septiembre 02, 2025<\/time>\r\n\t\t\t\t\t\t<h3>Coro de la Nostalgia<\/h3>\r\n\r\n\t\t\t\t\t\t<span class=\"cyg--btn\">Ver m\u00e1s<\/span>\r\n\t\t\t\t\t<\/a>\r\n\t\t\t\t<\/div>\r\n\t\t\r\n\t\t\t\t<div class=\"item\">\r\n\t\t\t\t\t<a href=\"https:\/\/mediospublicos.uy\/gala-aniversario-johann-sebastian-bach\/\" target=\"_blank\" class=\"cyg--efecto-zoom cyg--efecto-bg\">\r\n\r\n\t\t\t\t\t\t<figure class=\"cyg--ratio cyg--ratio-60\">\r\n\t\t\t\t\t\t\t<img decoding=\"async\" class=\"cyg--transition\" src=\"https:\/\/mediospublicos.uy\/wp-content\/uploads\/2025\/08\/especial-bach.jpg\" alt=\"\">\r\n\t\t\t\t\t\t<\/figure>\r\n\r\n\t\t\t\t\t\t<time>septiembre 03, 2025<\/time>\r\n\t\t\t\t\t\t<h3>Gala aniversario Johann Sebastian Bach<\/h3>\r\n\r\n\t\t\t\t\t\t<span class=\"cyg--btn\">Ver m\u00e1s<\/span>\r\n\t\t\t\t\t<\/a>\r\n\t\t\t\t<\/div>\r\n\t\t\r\n\t\t\t\t<div class=\"item\">\r\n\t\t\t\t\t<a href=\"https:\/\/mediospublicos.uy\/misa-por-la-paz-y-la-justicia-de-ariel-ramirez\/\" target=\"_blank\" class=\"cyg--efecto-zoom cyg--efecto-bg\">\r\n\r\n\t\t\t\t\t\t<figure class=\"cyg--ratio cyg--ratio-60\">\r\n\t\t\t\t\t\t\t<img decoding=\"async\" class=\"cyg--transition\" src=\"https:\/\/sodre.gub.uy\/wp-content\/uploads\/2025\/06\/destacada_misa-100-1.jpg\" alt=\"\">\r\n\t\t\t\t\t\t<\/figure>\r\n\r\n\t\t\t\t\t\t<time>junio 17, 2025<\/time>\r\n\t\t\t\t\t\t<h3>Misa por la paz y la justicia \u2013 Ariel Ram\u00edrez<\/h3>\r\n\r\n\t\t\t\t\t\t<span class=\"cyg--btn\">Ver m\u00e1s<\/span>\r\n\t\t\t\t\t<\/a>\r\n\t\t\t\t<\/div>\r\n\t\t\r\n\r\n\t<\/div>\r\n\r\n\t<nav class=\"cyg--nav-slide\">\r\n\t\t<a class=\"cyg--btn btn--noticia-home\" href=\"https:\/\/sodre.gub.uy\/transmisiones\/\" style=\"display: flex; margin: auto; float: none;width: 250px !important; max-width: 190px !important;\">Todas las publicaciones<\/a>\r\n\r\n\t\t<span class=\"cyg--prev material-symbols-outlined\" style=\"display: none;\">arrow_back_ios<\/span>\r\n\t\t<span class=\"cyg--next material-symbols-outlined\">arrow_forward_ios<\/span>\r\n\t<\/nav>\r\n\r\n<\/div>[\/vc_column][\/vc_row][\/vc_section]<\/p>\n<\/div>","protected":false},"excerpt":{"rendered":"<p>[vc_section][vc_row gap=\u00bb30&#8243;][vc_column width=\u00bb1\/2&#8243;][vc_column_text]En setiembre de 1934 el Sodre crea el primer coro oficial del pa\u00eds, designando como primer director al italiano Icilio Nini\u2013Bellucci y en julio de 1935 comienzan las actuaciones, tanto en espect\u00e1culos sinf\u00f3nico corales como oper\u00edsticos. Oficialmente su primera actividad como Coro Sodre se realiz\u00f3 en la \u00f3pera La Son\u00e1mbula de Bellini, bajo [&hellip;]<\/p>\n","protected":false},"author":1,"featured_media":0,"parent":300,"menu_order":0,"comment_status":"closed","ping_status":"closed","template":"","meta":{"footnotes":""},"acf":[],"yoast_head":"<!-- This site is optimized with the Yoast SEO plugin v21.7 - https:\/\/yoast.com\/wordpress\/plugins\/seo\/ -->\n<title>Coro Nacional - Institucional<\/title>\n<meta name=\"robots\" content=\"index, follow, max-snippet:-1, max-image-preview:large, max-video-preview:-1\" \/>\n<link rel=\"canonical\" href=\"https:\/\/sodre.gub.uy\/institucional\/elencos-estables\/coro-nacional\/\" \/>\n<meta property=\"og:locale\" content=\"es_ES\" \/>\n<meta property=\"og:type\" content=\"article\" \/>\n<meta property=\"og:title\" content=\"Coro Nacional - Institucional\" \/>\n<meta property=\"og:description\" content=\"[vc_section][vc_row gap=\u00bb30&#8243;][vc_column width=\u00bb1\/2&#8243;][vc_column_text]En setiembre de 1934 el Sodre crea el primer coro oficial del pa\u00eds, designando como primer director al italiano Icilio Nini\u2013Bellucci y en julio de 1935 comienzan las actuaciones, tanto en espect\u00e1culos sinf\u00f3nico corales como oper\u00edsticos. Oficialmente su primera actividad como Coro Sodre se realiz\u00f3 en la \u00f3pera La Son\u00e1mbula de Bellini, bajo [&hellip;]\" \/>\n<meta property=\"og:url\" content=\"https:\/\/sodre.gub.uy\/institucional\/elencos-estables\/coro-nacional\/\" \/>\n<meta property=\"og:site_name\" content=\"Institucional\" \/>\n<meta property=\"article:modified_time\" content=\"2025-06-17T14:52:58+00:00\" \/>\n<meta name=\"twitter:card\" content=\"summary_large_image\" \/>\n<meta name=\"twitter:label1\" content=\"Tiempo de lectura\" \/>\n\t<meta name=\"twitter:data1\" content=\"4 minutos\" \/>\n<script type=\"application\/ld+json\" class=\"yoast-schema-graph\">{\"@context\":\"https:\/\/schema.org\",\"@graph\":[{\"@type\":\"WebPage\",\"@id\":\"https:\/\/sodre.gub.uy\/institucional\/elencos-estables\/coro-nacional\/\",\"url\":\"https:\/\/sodre.gub.uy\/institucional\/elencos-estables\/coro-nacional\/\",\"name\":\"Coro Nacional - Institucional\",\"isPartOf\":{\"@id\":\"https:\/\/sodre.gub.uy\/institucional\/#website\"},\"datePublished\":\"2023-11-28T16:54:31+00:00\",\"dateModified\":\"2025-06-17T14:52:58+00:00\",\"breadcrumb\":{\"@id\":\"https:\/\/sodre.gub.uy\/institucional\/elencos-estables\/coro-nacional\/#breadcrumb\"},\"inLanguage\":\"es\",\"potentialAction\":[{\"@type\":\"ReadAction\",\"target\":[\"https:\/\/sodre.gub.uy\/institucional\/elencos-estables\/coro-nacional\/\"]}]},{\"@type\":\"BreadcrumbList\",\"@id\":\"https:\/\/sodre.gub.uy\/institucional\/elencos-estables\/coro-nacional\/#breadcrumb\",\"itemListElement\":[{\"@type\":\"ListItem\",\"position\":1,\"name\":\"Elencos Estables\",\"item\":\"https:\/\/sodre.gub.uy\/institucional\/elencos-estables\/\"},{\"@type\":\"ListItem\",\"position\":2,\"name\":\"Coro Nacional\"}]},{\"@type\":\"WebSite\",\"@id\":\"https:\/\/sodre.gub.uy\/institucional\/#website\",\"url\":\"https:\/\/sodre.gub.uy\/institucional\/\",\"name\":\"Institucional\",\"description\":\"Servicio Oficial de Difusi\u00f3n, Representaciones y Espect\u00e1culos\",\"publisher\":{\"@id\":\"https:\/\/sodre.gub.uy\/institucional\/#organization\"},\"potentialAction\":[{\"@type\":\"SearchAction\",\"target\":{\"@type\":\"EntryPoint\",\"urlTemplate\":\"https:\/\/sodre.gub.uy\/institucional\/?s={search_term_string}\"},\"query-input\":\"required name=search_term_string\"}],\"inLanguage\":\"es\"},{\"@type\":\"Organization\",\"@id\":\"https:\/\/sodre.gub.uy\/institucional\/#organization\",\"name\":\"Institucional\",\"url\":\"https:\/\/sodre.gub.uy\/institucional\/\",\"logo\":{\"@type\":\"ImageObject\",\"inLanguage\":\"es\",\"@id\":\"https:\/\/sodre.gub.uy\/institucional\/#\/schema\/logo\/image\/\",\"url\":\"https:\/\/sodre.gub.uy\/institucional\/wp-content\/uploads\/sites\/5\/2023\/12\/logo-sodre-black.svg\",\"contentUrl\":\"https:\/\/sodre.gub.uy\/institucional\/wp-content\/uploads\/sites\/5\/2023\/12\/logo-sodre-black.svg\",\"caption\":\"Institucional\"},\"image\":{\"@id\":\"https:\/\/sodre.gub.uy\/institucional\/#\/schema\/logo\/image\/\"}}]}<\/script>\n<!-- \/ Yoast SEO plugin. -->","yoast_head_json":{"title":"Coro Nacional - Institucional","robots":{"index":"index","follow":"follow","max-snippet":"max-snippet:-1","max-image-preview":"max-image-preview:large","max-video-preview":"max-video-preview:-1"},"canonical":"https:\/\/sodre.gub.uy\/institucional\/elencos-estables\/coro-nacional\/","og_locale":"es_ES","og_type":"article","og_title":"Coro Nacional - Institucional","og_description":"[vc_section][vc_row gap=\u00bb30&#8243;][vc_column width=\u00bb1\/2&#8243;][vc_column_text]En setiembre de 1934 el Sodre crea el primer coro oficial del pa\u00eds, designando como primer director al italiano Icilio Nini\u2013Bellucci y en julio de 1935 comienzan las actuaciones, tanto en espect\u00e1culos sinf\u00f3nico corales como oper\u00edsticos. Oficialmente su primera actividad como Coro Sodre se realiz\u00f3 en la \u00f3pera La Son\u00e1mbula de Bellini, bajo [&hellip;]","og_url":"https:\/\/sodre.gub.uy\/institucional\/elencos-estables\/coro-nacional\/","og_site_name":"Institucional","article_modified_time":"2025-06-17T14:52:58+00:00","twitter_card":"summary_large_image","twitter_misc":{"Tiempo de lectura":"4 minutos"},"schema":{"@context":"https:\/\/schema.org","@graph":[{"@type":"WebPage","@id":"https:\/\/sodre.gub.uy\/institucional\/elencos-estables\/coro-nacional\/","url":"https:\/\/sodre.gub.uy\/institucional\/elencos-estables\/coro-nacional\/","name":"Coro Nacional - Institucional","isPartOf":{"@id":"https:\/\/sodre.gub.uy\/institucional\/#website"},"datePublished":"2023-11-28T16:54:31+00:00","dateModified":"2025-06-17T14:52:58+00:00","breadcrumb":{"@id":"https:\/\/sodre.gub.uy\/institucional\/elencos-estables\/coro-nacional\/#breadcrumb"},"inLanguage":"es","potentialAction":[{"@type":"ReadAction","target":["https:\/\/sodre.gub.uy\/institucional\/elencos-estables\/coro-nacional\/"]}]},{"@type":"BreadcrumbList","@id":"https:\/\/sodre.gub.uy\/institucional\/elencos-estables\/coro-nacional\/#breadcrumb","itemListElement":[{"@type":"ListItem","position":1,"name":"Elencos Estables","item":"https:\/\/sodre.gub.uy\/institucional\/elencos-estables\/"},{"@type":"ListItem","position":2,"name":"Coro Nacional"}]},{"@type":"WebSite","@id":"https:\/\/sodre.gub.uy\/institucional\/#website","url":"https:\/\/sodre.gub.uy\/institucional\/","name":"Institucional","description":"Servicio Oficial de Difusi\u00f3n, Representaciones y Espect\u00e1culos","publisher":{"@id":"https:\/\/sodre.gub.uy\/institucional\/#organization"},"potentialAction":[{"@type":"SearchAction","target":{"@type":"EntryPoint","urlTemplate":"https:\/\/sodre.gub.uy\/institucional\/?s={search_term_string}"},"query-input":"required name=search_term_string"}],"inLanguage":"es"},{"@type":"Organization","@id":"https:\/\/sodre.gub.uy\/institucional\/#organization","name":"Institucional","url":"https:\/\/sodre.gub.uy\/institucional\/","logo":{"@type":"ImageObject","inLanguage":"es","@id":"https:\/\/sodre.gub.uy\/institucional\/#\/schema\/logo\/image\/","url":"https:\/\/sodre.gub.uy\/institucional\/wp-content\/uploads\/sites\/5\/2023\/12\/logo-sodre-black.svg","contentUrl":"https:\/\/sodre.gub.uy\/institucional\/wp-content\/uploads\/sites\/5\/2023\/12\/logo-sodre-black.svg","caption":"Institucional"},"image":{"@id":"https:\/\/sodre.gub.uy\/institucional\/#\/schema\/logo\/image\/"}}]}},"_links":{"self":[{"href":"https:\/\/sodre.gub.uy\/institucional\/wp-json\/wp\/v2\/pages\/424"}],"collection":[{"href":"https:\/\/sodre.gub.uy\/institucional\/wp-json\/wp\/v2\/pages"}],"about":[{"href":"https:\/\/sodre.gub.uy\/institucional\/wp-json\/wp\/v2\/types\/page"}],"author":[{"embeddable":true,"href":"https:\/\/sodre.gub.uy\/institucional\/wp-json\/wp\/v2\/users\/1"}],"replies":[{"embeddable":true,"href":"https:\/\/sodre.gub.uy\/institucional\/wp-json\/wp\/v2\/comments?post=424"}],"version-history":[{"count":25,"href":"https:\/\/sodre.gub.uy\/institucional\/wp-json\/wp\/v2\/pages\/424\/revisions"}],"predecessor-version":[{"id":1103,"href":"https:\/\/sodre.gub.uy\/institucional\/wp-json\/wp\/v2\/pages\/424\/revisions\/1103"}],"up":[{"embeddable":true,"href":"https:\/\/sodre.gub.uy\/institucional\/wp-json\/wp\/v2\/pages\/300"}],"wp:attachment":[{"href":"https:\/\/sodre.gub.uy\/institucional\/wp-json\/wp\/v2\/media?parent=424"}],"curies":[{"name":"wp","href":"https:\/\/api.w.org\/{rel}","templated":true}]}}