{"id":9779,"date":"2025-09-22T14:39:52","date_gmt":"2025-09-22T17:39:52","guid":{"rendered":"https:\/\/sodre.gub.uy\/espectaculos\/?post_type=espectaculo&#038;p=9779"},"modified":"2025-10-31T11:36:21","modified_gmt":"2025-10-31T14:36:21","slug":"las-magdalenas-2","status":"publish","type":"espectaculo","link":"https:\/\/sodre.gub.uy\/espectaculos\/las-magdalenas-2\/","title":{"rendered":"Las Magdalenas"},"content":{"rendered":"<div class=\"wpb-content-wrapper\"><p>[vc_section el_class=\u00bbcontent&#8211;espectaculo\u00bb][vc_row el_class=\u00bbcyg&#8211;descripcion\u00bb][vc_column][vc_column_text]<strong>Programa<\/strong><\/p>\n<table style=\"border-collapse: collapse;width: 100%;height: 264px\">\n<tbody>\n<tr style=\"height: 48px\">\n<td style=\"width: 50%;height: 48px\"><strong>Astor Piazzolla<\/strong><\/td>\n<td style=\"width: 50%;height: 48px\"><em>Adi\u00f3s Nonino<\/em><br \/>\n<em>Estaciones Porte\u00f1as<\/em><\/td>\n<\/tr>\n<tr style=\"height: 24px\">\n<td style=\"width: 50%;height: 24px\"><strong> Ruben Rada<\/strong><\/td>\n<td style=\"width: 50%;height: 24px\"><em>Candombre para Gardel<\/em><\/td>\n<\/tr>\n<tr style=\"height: 24px\">\n<td style=\"width: 50%;height: 24px\"><strong>Jaime Roos<\/strong><\/td>\n<td style=\"width: 50%;height: 24px\"><em> Am\u00e1ndote<\/em><\/td>\n<\/tr>\n<tr style=\"height: 24px\">\n<td style=\"width: 50%;height: 24px\"><strong>Ruben Rada<\/strong><\/td>\n<td style=\"width: 50%;height: 24px\"><em>Montevideo<\/em><\/td>\n<\/tr>\n<tr style=\"height: 24px\">\n<td style=\"width: 50%;height: 24px\"><strong>Juan Antonio Collazo<\/strong><\/td>\n<td style=\"width: 50%;height: 24px\"><em>Garufa<\/em><\/td>\n<\/tr>\n<tr style=\"height: 24px\">\n<td style=\"width: 50%;height: 24px\"><strong>\u00c1ngel Villoldo<\/strong><\/td>\n<td style=\"width: 50%;height: 24px\"><em> El choclo<\/em><\/td>\n<\/tr>\n<tr style=\"height: 24px\">\n<td style=\"width: 50%;height: 24px\"><strong> Santiago Gutierrez<\/strong><\/td>\n<td style=\"width: 50%;height: 24px\"><em> Las Magdalenas<\/em><\/td>\n<\/tr>\n<tr style=\"height: 24px\">\n<td style=\"width: 50%;height: 24px\"><strong> Virgilio Exp\u00f3sito<\/strong><\/td>\n<td style=\"width: 50%;height: 24px\"><em> Naranjo en Flor<\/em><\/td>\n<\/tr>\n<tr style=\"height: 24px\">\n<td style=\"width: 50%;height: 24px\"><strong>Mariano Mores<\/strong><\/td>\n<td style=\"width: 50%;height: 24px\"><em>Tanguera<\/em><\/td>\n<\/tr>\n<tr style=\"height: 24px\">\n<td style=\"width: 50%;height: 24px\"><strong>Rosita Melo<\/strong><\/td>\n<td style=\"width: 50%;height: 24px\"><em>Desde el alma<\/em><\/td>\n<\/tr>\n<tr>\n<td style=\"width: 50%\"><strong> Manuel Ar\u00f3sztegui<\/strong><\/td>\n<td style=\"width: 50%\"><em> El cachafaz<\/em><\/td>\n<\/tr>\n<tr>\n<td style=\"width: 50%\"><strong>Gerardo Matos Rodriguez<\/strong><\/td>\n<td style=\"width: 50%\"><em> La Cumparsita<\/em><\/td>\n<\/tr>\n<tr>\n<td style=\"width: 50%\"><strong> Hugo Fattoruso<\/strong><\/td>\n<td style=\"width: 50%\"><em>Oh Sambinha<\/em><\/td>\n<\/tr>\n<tr>\n<td style=\"width: 50%\"><strong>Sivuca y Gl\u00f3ria Gadelha<\/strong><\/td>\n<td style=\"width: 50%\">Feira de Mangaio<\/td>\n<\/tr>\n<\/tbody>\n<\/table>\n<p>[\/vc_column_text][vc_empty_space height=\u00bb52px\u00bb el_class=\u00bbcyg&#8211;espacio-30&#8243;][\/vc_column][\/vc_row][vc_row el_class=\u00bbcyg&#8211;ficha\u00bb][vc_column width=\u00bb1\/2&#8243;][vc_row_inner][vc_column_inner][vc_column_text]<strong>Ficha art\u00edstica:<\/strong><\/p>\n<p>Selene Guti\u00e9rrez (clarinete)<br \/>\nRoc\u00edo Britos (corno franc\u00e9s)<br \/>\nNoelia Cuadro (flauta)<br \/>\nLola Deambrosio (violoncello)[\/vc_column_text][vc_empty_space height=\u00bb10&#8243; el_class=\u00bbcyg&#8211;espacio-10&#8243;][\/vc_column_inner][\/vc_row_inner][vc_row_inner][vc_column_inner][vc_empty_space height=\u00bb10&#8243; el_class=\u00bbcyg&#8211;espacio-10&#8243;][\/vc_column_inner][\/vc_row_inner][\/vc_column][vc_column width=\u00bb1\/2&#8243;][vc_row_inner][vc_column_inner][vc_empty_space height=\u00bb10&#8243; el_class=\u00bbcyg&#8211;espacio-10&#8243;][\/vc_column_inner][\/vc_row_inner][vc_row_inner][vc_column_inner][vc_empty_space height=\u00bb10&#8243; el_class=\u00bbcyg&#8211;espacio-10&#8243;][\/vc_column_inner][\/vc_row_inner][\/vc_column][\/vc_row][vc_row][vc_column][vc_empty_space height=\u00bb10px\u00bb][\/vc_column][\/vc_row][\/vc_section]<\/p>\n<\/div>","protected":false},"excerpt":{"rendered":"<p>Temporada de M\u00fasica de C\u00e1mara<\/p>\n","protected":false},"menu_order":0,"template":"","format":"standard","cuerpo-estable":[45],"etiqueta-espectaculo":[],"lugar":[18],"sala-espacio":[],"acf":[],"yoast_head":"<!-- This site is optimized with the Yoast SEO plugin v21.7 - https:\/\/yoast.com\/wordpress\/plugins\/seo\/ -->\n<title>Las Magdalenas - Espect\u00e1culos<\/title>\n<meta name=\"robots\" content=\"index, follow, max-snippet:-1, max-image-preview:large, max-video-preview:-1\" \/>\n<link rel=\"canonical\" href=\"https:\/\/sodre.gub.uy\/espectaculos\/las-magdalenas-2\/\" \/>\n<meta property=\"og:locale\" content=\"es_ES\" \/>\n<meta property=\"og:type\" content=\"article\" \/>\n<meta property=\"og:title\" content=\"Las Magdalenas - Espect\u00e1culos\" \/>\n<meta property=\"og:description\" content=\"Temporada de M\u00fasica de C\u00e1mara\" \/>\n<meta property=\"og:url\" content=\"https:\/\/sodre.gub.uy\/espectaculos\/las-magdalenas-2\/\" \/>\n<meta property=\"og:site_name\" content=\"Espect\u00e1culos\" \/>\n<meta property=\"article:modified_time\" content=\"2025-10-31T14:36:21+00:00\" \/>\n<meta name=\"twitter:card\" content=\"summary_large_image\" \/>\n<meta name=\"twitter:label1\" content=\"Tiempo de lectura\" \/>\n\t<meta name=\"twitter:data1\" content=\"1 minuto\" \/>\n<script type=\"application\/ld+json\" class=\"yoast-schema-graph\">{\"@context\":\"https:\/\/schema.org\",\"@graph\":[{\"@type\":\"WebPage\",\"@id\":\"https:\/\/sodre.gub.uy\/espectaculos\/las-magdalenas-2\/\",\"url\":\"https:\/\/sodre.gub.uy\/espectaculos\/las-magdalenas-2\/\",\"name\":\"Las Magdalenas - Espect\u00e1culos\",\"isPartOf\":{\"@id\":\"https:\/\/sodre.gub.uy\/espectaculos\/#website\"},\"datePublished\":\"2025-09-22T17:39:52+00:00\",\"dateModified\":\"2025-10-31T14:36:21+00:00\",\"inLanguage\":\"es\",\"potentialAction\":[{\"@type\":\"ReadAction\",\"target\":[\"https:\/\/sodre.gub.uy\/espectaculos\/las-magdalenas-2\/\"]}]},{\"@type\":\"WebSite\",\"@id\":\"https:\/\/sodre.gub.uy\/espectaculos\/#website\",\"url\":\"https:\/\/sodre.gub.uy\/espectaculos\/\",\"name\":\"Espect\u00e1culos\",\"description\":\"Servicio Oficial de Difusi\u00f3n, Representaciones y Espect\u00e1culos\",\"publisher\":{\"@id\":\"https:\/\/sodre.gub.uy\/espectaculos\/#organization\"},\"potentialAction\":[{\"@type\":\"SearchAction\",\"target\":{\"@type\":\"EntryPoint\",\"urlTemplate\":\"https:\/\/sodre.gub.uy\/espectaculos\/?s={search_term_string}\"},\"query-input\":\"required name=search_term_string\"}],\"inLanguage\":\"es\"},{\"@type\":\"Organization\",\"@id\":\"https:\/\/sodre.gub.uy\/espectaculos\/#organization\",\"name\":\"Espect\u00e1culos\",\"url\":\"https:\/\/sodre.gub.uy\/espectaculos\/\",\"logo\":{\"@type\":\"ImageObject\",\"inLanguage\":\"es\",\"@id\":\"https:\/\/sodre.gub.uy\/espectaculos\/#\/schema\/logo\/image\/\",\"url\":\"https:\/\/sodre.gub.uy\/espectaculos\/wp-content\/uploads\/sites\/2\/2023\/12\/logo-sodre-black.svg\",\"contentUrl\":\"https:\/\/sodre.gub.uy\/espectaculos\/wp-content\/uploads\/sites\/2\/2023\/12\/logo-sodre-black.svg\",\"caption\":\"Espect\u00e1culos\"},\"image\":{\"@id\":\"https:\/\/sodre.gub.uy\/espectaculos\/#\/schema\/logo\/image\/\"}}]}<\/script>\n<!-- \/ Yoast SEO plugin. -->","yoast_head_json":{"title":"Las Magdalenas - Espect\u00e1culos","robots":{"index":"index","follow":"follow","max-snippet":"max-snippet:-1","max-image-preview":"max-image-preview:large","max-video-preview":"max-video-preview:-1"},"canonical":"https:\/\/sodre.gub.uy\/espectaculos\/las-magdalenas-2\/","og_locale":"es_ES","og_type":"article","og_title":"Las Magdalenas - Espect\u00e1culos","og_description":"Temporada de M\u00fasica de C\u00e1mara","og_url":"https:\/\/sodre.gub.uy\/espectaculos\/las-magdalenas-2\/","og_site_name":"Espect\u00e1culos","article_modified_time":"2025-10-31T14:36:21+00:00","twitter_card":"summary_large_image","twitter_misc":{"Tiempo de lectura":"1 minuto"},"schema":{"@context":"https:\/\/schema.org","@graph":[{"@type":"WebPage","@id":"https:\/\/sodre.gub.uy\/espectaculos\/las-magdalenas-2\/","url":"https:\/\/sodre.gub.uy\/espectaculos\/las-magdalenas-2\/","name":"Las Magdalenas - Espect\u00e1culos","isPartOf":{"@id":"https:\/\/sodre.gub.uy\/espectaculos\/#website"},"datePublished":"2025-09-22T17:39:52+00:00","dateModified":"2025-10-31T14:36:21+00:00","inLanguage":"es","potentialAction":[{"@type":"ReadAction","target":["https:\/\/sodre.gub.uy\/espectaculos\/las-magdalenas-2\/"]}]},{"@type":"WebSite","@id":"https:\/\/sodre.gub.uy\/espectaculos\/#website","url":"https:\/\/sodre.gub.uy\/espectaculos\/","name":"Espect\u00e1culos","description":"Servicio Oficial de Difusi\u00f3n, Representaciones y Espect\u00e1culos","publisher":{"@id":"https:\/\/sodre.gub.uy\/espectaculos\/#organization"},"potentialAction":[{"@type":"SearchAction","target":{"@type":"EntryPoint","urlTemplate":"https:\/\/sodre.gub.uy\/espectaculos\/?s={search_term_string}"},"query-input":"required name=search_term_string"}],"inLanguage":"es"},{"@type":"Organization","@id":"https:\/\/sodre.gub.uy\/espectaculos\/#organization","name":"Espect\u00e1culos","url":"https:\/\/sodre.gub.uy\/espectaculos\/","logo":{"@type":"ImageObject","inLanguage":"es","@id":"https:\/\/sodre.gub.uy\/espectaculos\/#\/schema\/logo\/image\/","url":"https:\/\/sodre.gub.uy\/espectaculos\/wp-content\/uploads\/sites\/2\/2023\/12\/logo-sodre-black.svg","contentUrl":"https:\/\/sodre.gub.uy\/espectaculos\/wp-content\/uploads\/sites\/2\/2023\/12\/logo-sodre-black.svg","caption":"Espect\u00e1culos"},"image":{"@id":"https:\/\/sodre.gub.uy\/espectaculos\/#\/schema\/logo\/image\/"}}]}},"_links":{"self":[{"href":"https:\/\/sodre.gub.uy\/espectaculos\/wp-json\/wp\/v2\/espectaculo\/9779"}],"collection":[{"href":"https:\/\/sodre.gub.uy\/espectaculos\/wp-json\/wp\/v2\/espectaculo"}],"about":[{"href":"https:\/\/sodre.gub.uy\/espectaculos\/wp-json\/wp\/v2\/types\/espectaculo"}],"version-history":[{"count":5,"href":"https:\/\/sodre.gub.uy\/espectaculos\/wp-json\/wp\/v2\/espectaculo\/9779\/revisions"}],"predecessor-version":[{"id":10270,"href":"https:\/\/sodre.gub.uy\/espectaculos\/wp-json\/wp\/v2\/espectaculo\/9779\/revisions\/10270"}],"wp:attachment":[{"href":"https:\/\/sodre.gub.uy\/espectaculos\/wp-json\/wp\/v2\/media?parent=9779"}],"wp:term":[{"taxonomy":"cuerpo-estable","embeddable":true,"href":"https:\/\/sodre.gub.uy\/espectaculos\/wp-json\/wp\/v2\/cuerpo-estable?post=9779"},{"taxonomy":"etiqueta-espectaculo","embeddable":true,"href":"https:\/\/sodre.gub.uy\/espectaculos\/wp-json\/wp\/v2\/etiqueta-espectaculo?post=9779"},{"taxonomy":"lugar","embeddable":true,"href":"https:\/\/sodre.gub.uy\/espectaculos\/wp-json\/wp\/v2\/lugar?post=9779"},{"taxonomy":"sala-espacio","embeddable":true,"href":"https:\/\/sodre.gub.uy\/espectaculos\/wp-json\/wp\/v2\/sala-espacio?post=9779"}],"curies":[{"name":"wp","href":"https:\/\/api.w.org\/{rel}","templated":true}]}}

<div class="wpb-content-wrapper"><p>[vc_section el_class=»content&#8211;espectaculo»][vc_row el_class=»cyg&#8211;descripcion»][vc_column][vc_column_text]<strong>Programa</strong></p>
<table style="border-collapse: collapse;width: 100%;height: 264px">
<tbody>
<tr style="height: 48px">
<td style="width: 50%;height: 48px"><strong>Astor Piazzolla</strong></td>
<td style="width: 50%;height: 48px"><em>Adiós Nonino</em><br />
<em>Estaciones Porteñas</em></td>
</tr>
<tr style="height: 24px">
<td style="width: 50%;height: 24px"><strong> Ruben Rada</strong></td>
<td style="width: 50%;height: 24px"><em>Candombre para Gardel</em></td>
</tr>
<tr style="height: 24px">
<td style="width: 50%;height: 24px"><strong>Jaime Roos</strong></td>
<td style="width: 50%;height: 24px"><em> Amándote</em></td>
</tr>
<tr style="height: 24px">
<td style="width: 50%;height: 24px"><strong>Ruben Rada</strong></td>
<td style="width: 50%;height: 24px"><em>Montevideo</em></td>
</tr>
<tr style="height: 24px">
<td style="width: 50%;height: 24px"><strong>Juan Antonio Collazo</strong></td>
<td style="width: 50%;height: 24px"><em>Garufa</em></td>
</tr>
<tr style="height: 24px">
<td style="width: 50%;height: 24px"><strong>Ángel Villoldo</strong></td>
<td style="width: 50%;height: 24px"><em> El choclo</em></td>
</tr>
<tr style="height: 24px">
<td style="width: 50%;height: 24px"><strong> Santiago Gutierrez</strong></td>
<td style="width: 50%;height: 24px"><em> Las Magdalenas</em></td>
</tr>
<tr style="height: 24px">
<td style="width: 50%;height: 24px"><strong> Virgilio Expósito</strong></td>
<td style="width: 50%;height: 24px"><em> Naranjo en Flor</em></td>
</tr>
<tr style="height: 24px">
<td style="width: 50%;height: 24px"><strong>Mariano Mores</strong></td>
<td style="width: 50%;height: 24px"><em>Tanguera</em></td>
</tr>
<tr style="height: 24px">
<td style="width: 50%;height: 24px"><strong>Rosita Melo</strong></td>
<td style="width: 50%;height: 24px"><em>Desde el alma</em></td>
</tr>
<tr>
<td style="width: 50%"><strong> Manuel Arósztegui</strong></td>
<td style="width: 50%"><em> El cachafaz</em></td>
</tr>
<tr>
<td style="width: 50%"><strong>Gerardo Matos Rodriguez</strong></td>
<td style="width: 50%"><em> La Cumparsita</em></td>
</tr>
<tr>
<td style="width: 50%"><strong> Hugo Fattoruso</strong></td>
<td style="width: 50%"><em>Oh Sambinha</em></td>
</tr>
<tr>
<td style="width: 50%"><strong>Sivuca y Glória Gadelha</strong></td>
<td style="width: 50%">Feira de Mangaio</td>
</tr>
</tbody>
</table>
<p>[/vc_column_text][vc_empty_space height=»52px» el_class=»cyg&#8211;espacio-30&#8243;][/vc_column][/vc_row][vc_row el_class=»cyg&#8211;ficha»][vc_column width=»1/2&#8243;][vc_row_inner][vc_column_inner][vc_column_text]<strong>Ficha artística:</strong></p>
<p>Selene Gutiérrez (clarinete)<br />
Rocío Britos (corno francés)<br />
Noelia Cuadro (flauta)<br />
Lola Deambrosio (violoncello)[/vc_column_text][vc_empty_space height=»10&#8243; el_class=»cyg&#8211;espacio-10&#8243;][/vc_column_inner][/vc_row_inner][vc_row_inner][vc_column_inner][vc_empty_space height=»10&#8243; el_class=»cyg&#8211;espacio-10&#8243;][/vc_column_inner][/vc_row_inner][/vc_column][vc_column width=»1/2&#8243;][vc_row_inner][vc_column_inner][vc_empty_space height=»10&#8243; el_class=»cyg&#8211;espacio-10&#8243;][/vc_column_inner][/vc_row_inner][vc_row_inner][vc_column_inner][vc_empty_space height=»10&#8243; el_class=»cyg&#8211;espacio-10&#8243;][/vc_column_inner][/vc_row_inner][/vc_column][/vc_row][vc_row][vc_column][vc_empty_space height=»10px»][/vc_column][/vc_row][/vc_section]</p>
</div>

<p>Temporada de Música de Cámara</p>

<!-- This site is optimized with the Yoast SEO plugin v21.7 - https://yoast.com/wordpress/plugins/seo/ -->
<title>Las Magdalenas - Espectáculos</title>
<meta name="robots" content="index, follow, max-snippet:-1, max-image-preview:large, max-video-preview:-1" />
<link rel="canonical" href="https://sodre.gub.uy/espectaculos/las-magdalenas-2/" />
<meta property="og:locale" content="es_ES" />
<meta property="og:type" content="article" />
<meta property="og:title" content="Las Magdalenas - Espectáculos" />
<meta property="og:description" content="Temporada de Música de Cámara" />
<meta property="og:url" content="https://sodre.gub.uy/espectaculos/las-magdalenas-2/" />
<meta property="og:site_name" content="Espectáculos" />
<meta property="article:modified_time" content="2025-10-31T14:36:21+00:00" />
<meta name="twitter:card" content="summary_large_image" />
<meta name="twitter:label1" content="Tiempo de lectura" />
	<meta name="twitter:data1" content="1 minuto" />
<script type="application/ld+json" class="yoast-schema-graph">{"@context":"https://schema.org","@graph":[{"@type":"WebPage","@id":"https://sodre.gub.uy/espectaculos/las-magdalenas-2/","url":"https://sodre.gub.uy/espectaculos/las-magdalenas-2/","name":"Las Magdalenas - Espectáculos","isPartOf":{"@id":"https://sodre.gub.uy/espectaculos/#website"},"datePublished":"2025-09-22T17:39:52+00:00","dateModified":"2025-10-31T14:36:21+00:00","inLanguage":"es","potentialAction":[{"@type":"ReadAction","target":["https://sodre.gub.uy/espectaculos/las-magdalenas-2/"]}]},{"@type":"WebSite","@id":"https://sodre.gub.uy/espectaculos/#website","url":"https://sodre.gub.uy/espectaculos/","name":"Espectáculos","description":"Servicio Oficial de Difusión, Representaciones y Espectáculos","publisher":{"@id":"https://sodre.gub.uy/espectaculos/#organization"},"potentialAction":[{"@type":"SearchAction","target":{"@type":"EntryPoint","urlTemplate":"https://sodre.gub.uy/espectaculos/?s={search_term_string}"},"query-input":"required name=search_term_string"}],"inLanguage":"es"},{"@type":"Organization","@id":"https://sodre.gub.uy/espectaculos/#organization","name":"Espectáculos","url":"https://sodre.gub.uy/espectaculos/","logo":{"@type":"ImageObject","inLanguage":"es","@id":"https://sodre.gub.uy/espectaculos/#/schema/logo/image/","url":"https://sodre.gub.uy/espectaculos/wp-content/uploads/sites/2/2023/12/logo-sodre-black.svg","contentUrl":"https://sodre.gub.uy/espectaculos/wp-content/uploads/sites/2/2023/12/logo-sodre-black.svg","caption":"Espectáculos"},"image":{"@id":"https://sodre.gub.uy/espectaculos/#/schema/logo/image/"}}]}</script>
<!-- / Yoast SEO plugin. -->

Las Magdalenas - Espectáculos

Temporada de Música de Cámara

Espectáculos

Servicio Oficial de Difusión, Representaciones y Espectáculos
