{"id":9680,"date":"2025-09-15T11:28:00","date_gmt":"2025-09-15T14:28:00","guid":{"rendered":"https:\/\/sodre.gub.uy\/espectaculos\/?post_type=espectaculo&#038;p=9680"},"modified":"2025-09-26T11:25:31","modified_gmt":"2025-09-26T14:25:31","slug":"emilio-reus-la-sombra-en-el-espejo","status":"publish","type":"espectaculo","link":"https:\/\/sodre.gub.uy\/espectaculos\/emilio-reus-la-sombra-en-el-espejo\/","title":{"rendered":"Emilio Reus, la sombra en el espejo"},"content":{"rendered":"<div class=\"wpb-content-wrapper\"><p>[vc_section el_class=\u00bbcontent&#8211;espectaculo\u00bb][vc_row el_class=\u00bbcyg&#8211;descripcion\u00bb][vc_column][vc_column_text]Durante una agitada tarde de enero de 1889 en la ciudad vieja de Montevideo, un hombre lleno de delirantes sue\u00f1os de grandeza est\u00e1 dirigiendo la construcci\u00f3n de un edificio nunca antes visto. Justo ese d\u00eda, una galer\u00eda de personajes desfila por el edificio visitando a ese hombre, Emilio Reus, con muy variadas intenciones. Un m\u00e9dico demasiado correcto, un capitalista insoportable, la esposa desconfiada, el empresario astuto, un periodista insidioso, hasta una examante y una ni\u00f1a fantasmal, son recibidos por un secretario nada com\u00fan y ponen en evidencia lo que muy pronto est\u00e1 por ocurrir.<\/p>\n<p>Obra seleccionada por el Festival NUESTRA de Dramaturgia Nacional y los Fondos Concursables de la Cultura. 27.\u00ba. Temporada de Teatro del Umbral.[\/vc_column_text][vc_empty_space height=\u00bb30px\u00bb el_class=\u00bbcyg&#8211;espacio-30&#8243;][\/vc_column][\/vc_row][vc_row el_class=\u00bbcyg&#8211;ficha\u00bb][vc_column width=\u00bb1\/2&#8243;][vc_row_inner][vc_column_inner][vc_empty_space height=\u00bb10&#8243; el_class=\u00bbcyg&#8211;espacio-10&#8243;][\/vc_column_inner][\/vc_row_inner][vc_row_inner][vc_column_inner][vc_empty_space height=\u00bb10&#8243; el_class=\u00bbcyg&#8211;espacio-10&#8243;][\/vc_column_inner][\/vc_row_inner][\/vc_column][vc_column width=\u00bb1\/2&#8243;][vc_row_inner][vc_column_inner][vc_empty_space height=\u00bb10&#8243; el_class=\u00bbcyg&#8211;espacio-10&#8243;][\/vc_column_inner][\/vc_row_inner][vc_row_inner][vc_column_inner][vc_empty_space height=\u00bb10&#8243; el_class=\u00bbcyg&#8211;espacio-10&#8243;][\/vc_column_inner][\/vc_row_inner][\/vc_column][\/vc_row][vc_row][vc_column][vc_empty_space height=\u00bb10px\u00bb][vc_column_text]Espect\u00e1culo de inter\u00e9s y apto para todo p\u00fablico.[\/vc_column_text][vc_column_text]Edad recomendada a partir de 15 a\u00f1os.[\/vc_column_text][vc_column_text]<strong>Duraci\u00f3n:<\/strong> 75 min.[\/vc_column_text][vc_column_text]<strong>Pol\u00edtica de menores:<\/strong> todos pagan.[\/vc_column_text][\/vc_column][\/vc_row][\/vc_section]<\/p>\n<\/div>","protected":false},"excerpt":{"rendered":"<p>Sue\u00f1os de grandeza, ambiciones ocultas y presencias inesperadas se cruzan en una tarde decisiva del Montevideo de 1889<\/p>\n","protected":false},"menu_order":0,"template":"","format":"standard","cuerpo-estable":[29],"etiqueta-espectaculo":[48],"lugar":[16],"sala-espacio":[31],"acf":[],"yoast_head":"<!-- This site is optimized with the Yoast SEO plugin v21.7 - https:\/\/yoast.com\/wordpress\/plugins\/seo\/ -->\n<title>Emilio Reus, la sombra en el espejo - Espect\u00e1culos<\/title>\n<meta name=\"robots\" content=\"index, follow, max-snippet:-1, max-image-preview:large, max-video-preview:-1\" \/>\n<link rel=\"canonical\" href=\"https:\/\/sodre.gub.uy\/espectaculos\/emilio-reus-la-sombra-en-el-espejo\/\" \/>\n<meta property=\"og:locale\" content=\"es_ES\" \/>\n<meta property=\"og:type\" content=\"article\" \/>\n<meta property=\"og:title\" content=\"Emilio Reus, la sombra en el espejo - Espect\u00e1culos\" \/>\n<meta property=\"og:description\" content=\"Sue\u00f1os de grandeza, ambiciones ocultas y presencias inesperadas se cruzan en una tarde decisiva del Montevideo de 1889\" \/>\n<meta property=\"og:url\" content=\"https:\/\/sodre.gub.uy\/espectaculos\/emilio-reus-la-sombra-en-el-espejo\/\" \/>\n<meta property=\"og:site_name\" content=\"Espect\u00e1culos\" \/>\n<meta property=\"article:modified_time\" content=\"2025-09-26T14:25:31+00:00\" \/>\n<meta name=\"twitter:card\" content=\"summary_large_image\" \/>\n<meta name=\"twitter:label1\" content=\"Tiempo de lectura\" \/>\n\t<meta name=\"twitter:data1\" content=\"1 minuto\" \/>\n<script type=\"application\/ld+json\" class=\"yoast-schema-graph\">{\"@context\":\"https:\/\/schema.org\",\"@graph\":[{\"@type\":\"WebPage\",\"@id\":\"https:\/\/sodre.gub.uy\/espectaculos\/emilio-reus-la-sombra-en-el-espejo\/\",\"url\":\"https:\/\/sodre.gub.uy\/espectaculos\/emilio-reus-la-sombra-en-el-espejo\/\",\"name\":\"Emilio Reus, la sombra en el espejo - Espect\u00e1culos\",\"isPartOf\":{\"@id\":\"https:\/\/sodre.gub.uy\/espectaculos\/#website\"},\"datePublished\":\"2025-09-15T14:28:00+00:00\",\"dateModified\":\"2025-09-26T14:25:31+00:00\",\"inLanguage\":\"es\",\"potentialAction\":[{\"@type\":\"ReadAction\",\"target\":[\"https:\/\/sodre.gub.uy\/espectaculos\/emilio-reus-la-sombra-en-el-espejo\/\"]}]},{\"@type\":\"WebSite\",\"@id\":\"https:\/\/sodre.gub.uy\/espectaculos\/#website\",\"url\":\"https:\/\/sodre.gub.uy\/espectaculos\/\",\"name\":\"Espect\u00e1culos\",\"description\":\"Servicio Oficial de Difusi\u00f3n, Representaciones y Espect\u00e1culos\",\"publisher\":{\"@id\":\"https:\/\/sodre.gub.uy\/espectaculos\/#organization\"},\"potentialAction\":[{\"@type\":\"SearchAction\",\"target\":{\"@type\":\"EntryPoint\",\"urlTemplate\":\"https:\/\/sodre.gub.uy\/espectaculos\/?s={search_term_string}\"},\"query-input\":\"required name=search_term_string\"}],\"inLanguage\":\"es\"},{\"@type\":\"Organization\",\"@id\":\"https:\/\/sodre.gub.uy\/espectaculos\/#organization\",\"name\":\"Espect\u00e1culos\",\"url\":\"https:\/\/sodre.gub.uy\/espectaculos\/\",\"logo\":{\"@type\":\"ImageObject\",\"inLanguage\":\"es\",\"@id\":\"https:\/\/sodre.gub.uy\/espectaculos\/#\/schema\/logo\/image\/\",\"url\":\"https:\/\/sodre.gub.uy\/espectaculos\/wp-content\/uploads\/sites\/2\/2023\/12\/logo-sodre-black.svg\",\"contentUrl\":\"https:\/\/sodre.gub.uy\/espectaculos\/wp-content\/uploads\/sites\/2\/2023\/12\/logo-sodre-black.svg\",\"caption\":\"Espect\u00e1culos\"},\"image\":{\"@id\":\"https:\/\/sodre.gub.uy\/espectaculos\/#\/schema\/logo\/image\/\"}}]}<\/script>\n<!-- \/ Yoast SEO plugin. -->","yoast_head_json":{"title":"Emilio Reus, la sombra en el espejo - Espect\u00e1culos","robots":{"index":"index","follow":"follow","max-snippet":"max-snippet:-1","max-image-preview":"max-image-preview:large","max-video-preview":"max-video-preview:-1"},"canonical":"https:\/\/sodre.gub.uy\/espectaculos\/emilio-reus-la-sombra-en-el-espejo\/","og_locale":"es_ES","og_type":"article","og_title":"Emilio Reus, la sombra en el espejo - Espect\u00e1culos","og_description":"Sue\u00f1os de grandeza, ambiciones ocultas y presencias inesperadas se cruzan en una tarde decisiva del Montevideo de 1889","og_url":"https:\/\/sodre.gub.uy\/espectaculos\/emilio-reus-la-sombra-en-el-espejo\/","og_site_name":"Espect\u00e1culos","article_modified_time":"2025-09-26T14:25:31+00:00","twitter_card":"summary_large_image","twitter_misc":{"Tiempo de lectura":"1 minuto"},"schema":{"@context":"https:\/\/schema.org","@graph":[{"@type":"WebPage","@id":"https:\/\/sodre.gub.uy\/espectaculos\/emilio-reus-la-sombra-en-el-espejo\/","url":"https:\/\/sodre.gub.uy\/espectaculos\/emilio-reus-la-sombra-en-el-espejo\/","name":"Emilio Reus, la sombra en el espejo - Espect\u00e1culos","isPartOf":{"@id":"https:\/\/sodre.gub.uy\/espectaculos\/#website"},"datePublished":"2025-09-15T14:28:00+00:00","dateModified":"2025-09-26T14:25:31+00:00","inLanguage":"es","potentialAction":[{"@type":"ReadAction","target":["https:\/\/sodre.gub.uy\/espectaculos\/emilio-reus-la-sombra-en-el-espejo\/"]}]},{"@type":"WebSite","@id":"https:\/\/sodre.gub.uy\/espectaculos\/#website","url":"https:\/\/sodre.gub.uy\/espectaculos\/","name":"Espect\u00e1culos","description":"Servicio Oficial de Difusi\u00f3n, Representaciones y Espect\u00e1culos","publisher":{"@id":"https:\/\/sodre.gub.uy\/espectaculos\/#organization"},"potentialAction":[{"@type":"SearchAction","target":{"@type":"EntryPoint","urlTemplate":"https:\/\/sodre.gub.uy\/espectaculos\/?s={search_term_string}"},"query-input":"required name=search_term_string"}],"inLanguage":"es"},{"@type":"Organization","@id":"https:\/\/sodre.gub.uy\/espectaculos\/#organization","name":"Espect\u00e1culos","url":"https:\/\/sodre.gub.uy\/espectaculos\/","logo":{"@type":"ImageObject","inLanguage":"es","@id":"https:\/\/sodre.gub.uy\/espectaculos\/#\/schema\/logo\/image\/","url":"https:\/\/sodre.gub.uy\/espectaculos\/wp-content\/uploads\/sites\/2\/2023\/12\/logo-sodre-black.svg","contentUrl":"https:\/\/sodre.gub.uy\/espectaculos\/wp-content\/uploads\/sites\/2\/2023\/12\/logo-sodre-black.svg","caption":"Espect\u00e1culos"},"image":{"@id":"https:\/\/sodre.gub.uy\/espectaculos\/#\/schema\/logo\/image\/"}}]}},"_links":{"self":[{"href":"https:\/\/sodre.gub.uy\/espectaculos\/wp-json\/wp\/v2\/espectaculo\/9680"}],"collection":[{"href":"https:\/\/sodre.gub.uy\/espectaculos\/wp-json\/wp\/v2\/espectaculo"}],"about":[{"href":"https:\/\/sodre.gub.uy\/espectaculos\/wp-json\/wp\/v2\/types\/espectaculo"}],"version-history":[{"count":3,"href":"https:\/\/sodre.gub.uy\/espectaculos\/wp-json\/wp\/v2\/espectaculo\/9680\/revisions"}],"predecessor-version":[{"id":9841,"href":"https:\/\/sodre.gub.uy\/espectaculos\/wp-json\/wp\/v2\/espectaculo\/9680\/revisions\/9841"}],"wp:attachment":[{"href":"https:\/\/sodre.gub.uy\/espectaculos\/wp-json\/wp\/v2\/media?parent=9680"}],"wp:term":[{"taxonomy":"cuerpo-estable","embeddable":true,"href":"https:\/\/sodre.gub.uy\/espectaculos\/wp-json\/wp\/v2\/cuerpo-estable?post=9680"},{"taxonomy":"etiqueta-espectaculo","embeddable":true,"href":"https:\/\/sodre.gub.uy\/espectaculos\/wp-json\/wp\/v2\/etiqueta-espectaculo?post=9680"},{"taxonomy":"lugar","embeddable":true,"href":"https:\/\/sodre.gub.uy\/espectaculos\/wp-json\/wp\/v2\/lugar?post=9680"},{"taxonomy":"sala-espacio","embeddable":true,"href":"https:\/\/sodre.gub.uy\/espectaculos\/wp-json\/wp\/v2\/sala-espacio?post=9680"}],"curies":[{"name":"wp","href":"https:\/\/api.w.org\/{rel}","templated":true}]}}

<div class="wpb-content-wrapper"><p>[vc_section el_class=»content&#8211;espectaculo»][vc_row el_class=»cyg&#8211;descripcion»][vc_column][vc_column_text]Durante una agitada tarde de enero de 1889 en la ciudad vieja de Montevideo, un hombre lleno de delirantes sueños de grandeza está dirigiendo la construcción de un edificio nunca antes visto. Justo ese día, una galería de personajes desfila por el edificio visitando a ese hombre, Emilio Reus, con muy variadas intenciones. Un médico demasiado correcto, un capitalista insoportable, la esposa desconfiada, el empresario astuto, un periodista insidioso, hasta una examante y una niña fantasmal, son recibidos por un secretario nada común y ponen en evidencia lo que muy pronto está por ocurrir.</p>
<p>Obra seleccionada por el Festival NUESTRA de Dramaturgia Nacional y los Fondos Concursables de la Cultura. 27.º. Temporada de Teatro del Umbral.[/vc_column_text][vc_empty_space height=»30px» el_class=»cyg&#8211;espacio-30&#8243;][/vc_column][/vc_row][vc_row el_class=»cyg&#8211;ficha»][vc_column width=»1/2&#8243;][vc_row_inner][vc_column_inner][vc_empty_space height=»10&#8243; el_class=»cyg&#8211;espacio-10&#8243;][/vc_column_inner][/vc_row_inner][vc_row_inner][vc_column_inner][vc_empty_space height=»10&#8243; el_class=»cyg&#8211;espacio-10&#8243;][/vc_column_inner][/vc_row_inner][/vc_column][vc_column width=»1/2&#8243;][vc_row_inner][vc_column_inner][vc_empty_space height=»10&#8243; el_class=»cyg&#8211;espacio-10&#8243;][/vc_column_inner][/vc_row_inner][vc_row_inner][vc_column_inner][vc_empty_space height=»10&#8243; el_class=»cyg&#8211;espacio-10&#8243;][/vc_column_inner][/vc_row_inner][/vc_column][/vc_row][vc_row][vc_column][vc_empty_space height=»10px»][vc_column_text]Espectáculo de interés y apto para todo público.[/vc_column_text][vc_column_text]Edad recomendada a partir de 15 años.[/vc_column_text][vc_column_text]<strong>Duración:</strong> 75 min.[/vc_column_text][vc_column_text]<strong>Política de menores:</strong> todos pagan.[/vc_column_text][/vc_column][/vc_row][/vc_section]</p>
</div>

<p>Sueños de grandeza, ambiciones ocultas y presencias inesperadas se cruzan en una tarde decisiva del Montevideo de 1889</p>

<!-- This site is optimized with the Yoast SEO plugin v21.7 - https://yoast.com/wordpress/plugins/seo/ -->
<title>Emilio Reus, la sombra en el espejo - Espectáculos</title>
<meta name="robots" content="index, follow, max-snippet:-1, max-image-preview:large, max-video-preview:-1" />
<link rel="canonical" href="https://sodre.gub.uy/espectaculos/emilio-reus-la-sombra-en-el-espejo/" />
<meta property="og:locale" content="es_ES" />
<meta property="og:type" content="article" />
<meta property="og:title" content="Emilio Reus, la sombra en el espejo - Espectáculos" />
<meta property="og:description" content="Sueños de grandeza, ambiciones ocultas y presencias inesperadas se cruzan en una tarde decisiva del Montevideo de 1889" />
<meta property="og:url" content="https://sodre.gub.uy/espectaculos/emilio-reus-la-sombra-en-el-espejo/" />
<meta property="og:site_name" content="Espectáculos" />
<meta property="article:modified_time" content="2025-09-26T14:25:31+00:00" />
<meta name="twitter:card" content="summary_large_image" />
<meta name="twitter:label1" content="Tiempo de lectura" />
	<meta name="twitter:data1" content="1 minuto" />
<script type="application/ld+json" class="yoast-schema-graph">{"@context":"https://schema.org","@graph":[{"@type":"WebPage","@id":"https://sodre.gub.uy/espectaculos/emilio-reus-la-sombra-en-el-espejo/","url":"https://sodre.gub.uy/espectaculos/emilio-reus-la-sombra-en-el-espejo/","name":"Emilio Reus, la sombra en el espejo - Espectáculos","isPartOf":{"@id":"https://sodre.gub.uy/espectaculos/#website"},"datePublished":"2025-09-15T14:28:00+00:00","dateModified":"2025-09-26T14:25:31+00:00","inLanguage":"es","potentialAction":[{"@type":"ReadAction","target":["https://sodre.gub.uy/espectaculos/emilio-reus-la-sombra-en-el-espejo/"]}]},{"@type":"WebSite","@id":"https://sodre.gub.uy/espectaculos/#website","url":"https://sodre.gub.uy/espectaculos/","name":"Espectáculos","description":"Servicio Oficial de Difusión, Representaciones y Espectáculos","publisher":{"@id":"https://sodre.gub.uy/espectaculos/#organization"},"potentialAction":[{"@type":"SearchAction","target":{"@type":"EntryPoint","urlTemplate":"https://sodre.gub.uy/espectaculos/?s={search_term_string}"},"query-input":"required name=search_term_string"}],"inLanguage":"es"},{"@type":"Organization","@id":"https://sodre.gub.uy/espectaculos/#organization","name":"Espectáculos","url":"https://sodre.gub.uy/espectaculos/","logo":{"@type":"ImageObject","inLanguage":"es","@id":"https://sodre.gub.uy/espectaculos/#/schema/logo/image/","url":"https://sodre.gub.uy/espectaculos/wp-content/uploads/sites/2/2023/12/logo-sodre-black.svg","contentUrl":"https://sodre.gub.uy/espectaculos/wp-content/uploads/sites/2/2023/12/logo-sodre-black.svg","caption":"Espectáculos"},"image":{"@id":"https://sodre.gub.uy/espectaculos/#/schema/logo/image/"}}]}</script>
<!-- / Yoast SEO plugin. -->

Emilio Reus, la sombra en el espejo - Espectáculos

Sueños de grandeza, ambiciones ocultas y presencias inesperadas se cruzan en una tarde decisiva del Montevideo de 1889

Espectáculos

Servicio Oficial de Difusión, Representaciones y Espectáculos
