{"id":8870,"date":"2025-06-30T11:38:59","date_gmt":"2025-06-30T14:38:59","guid":{"rendered":"https:\/\/sodre.gub.uy\/espectaculos\/?post_type=espectaculo&#038;p=8870"},"modified":"2025-08-07T12:37:38","modified_gmt":"2025-08-07T15:37:38","slug":"tierra-4","status":"publish","type":"espectaculo","link":"https:\/\/sodre.gub.uy\/espectaculos\/tierra-4\/","title":{"rendered":"Tierra"},"content":{"rendered":"<div class=\"wpb-content-wrapper\"><p>[vc_section el_class=\u00bbcontent&#8211;espectaculo\u00bb][vc_row el_class=\u00bbcyg&#8211;descripcion\u00bb][vc_column][vc_column_text]Siguiendo la l\u00ednea de autoficci\u00f3n en la cual el franco\u2013uruguayo Sergio Blanco viene incursionando desde hace ya algunos a\u00f1os, su \u00faltimo texto teatral, \u00abTierra\u00bb, es una pieza que gira en torno a la figura de su madre, Liliana Ayestar\u00e1n, quien, en junio de 2022, muere en los brazos del dramaturgo en una Unidad de Cuidados Intensivos de Montevideo.<\/p>\n<p>En un hermoso y conmovedor homenaje a la memoria de su madre, una reconocida profesora de literatura, el autor da cita a tres personajes que en el pasado fueron alumnos de Liliana. A medida que la pieza ir\u00e1 avanzando, vamos entrando en la vida de estos tres seres, todos marcados por la muerte de un familiar: Celia ha perdido a su hijo en un violento accidente de moto, Lucas ha matado a su hermano gemelo a golpes de hacha en un arrebato de c\u00f3lera y Clara es hija de un desparecido de la dictadura militar cuyos restos todav\u00eda sigue buscando hoy en d\u00eda. Poco a poco, iremos descubriendo que lo que une a estos seres no es solamente haber sido alumnos de Liliana o las complejas situaciones de duelo que han atravesado en sus vidas, sino que lo que m\u00e1s los une es ser tres personajes teatrales que deben representar sus historias en un escenario. De esta manera la obra, adem\u00e1s de hablar del duelo y de la manera en que la existencia se modifica despu\u00e9s de la muerte de un ser querido, tambi\u00e9n habla de la representaci\u00f3n esc\u00e9nica proponiendo toda una serie de reflexiones sobre el arte teatral y sobre el complejo tema de la mirada.<\/p>\n<p>&nbsp;<\/p>\n<p>Una producci\u00f3n de Marea en coproducci\u00f3n con Direcci\u00f3n Nacional de Cultura (Uruguay), Centro Dram\u00e1tico Nacional (Espa\u00f1a), Complejo Teatral de Buenos Aires (Argentina) y Centro Gabriela Mistral (Chile).[\/vc_column_text][vc_empty_space height=\u00bb30px\u00bb el_class=\u00bbcyg&#8211;espacio-30&#8243;][\/vc_column][\/vc_row][vc_row el_class=\u00bbcyg&#8211;ficha\u00bb][vc_column width=\u00bb1\/2&#8243;][vc_row_inner][vc_column_inner][vc_column_text]<strong>Ficha art\u00edstica<\/strong><\/p>\n<p><strong>Direcci\u00f3n y texto:<\/strong> Sergio Blanco[\/vc_column_text][vc_empty_space height=\u00bb10&#8243; el_class=\u00bbcyg&#8211;espacio-10&#8243;][\/vc_column_inner][\/vc_row_inner][vc_row_inner][vc_column_inner][vc_column_text]<strong>Int\u00e9rpretes:<\/strong> Andrea Davidovics, Sebasti\u00e1n Serantes, Soledad Frugone y Tom\u00e1s Pi\u00f1eiro[\/vc_column_text][vc_empty_space height=\u00bb10&#8243; el_class=\u00bbcyg&#8211;espacio-10&#8243;][\/vc_column_inner][\/vc_row_inner][vc_row_inner][vc_column_inner][vc_column_text]<strong>Ficha t\u00e9cnica<\/strong><\/p>\n<p><strong>Dise\u00f1o de Visuales:<\/strong> Miguel Grompone[\/vc_column_text][vc_empty_space height=\u00bb10&#8243; el_class=\u00bbcyg&#8211;espacio-10&#8243;][\/vc_column_inner][\/vc_row_inner][vc_row_inner][vc_column_inner][vc_column_text]<strong>Escenograf\u00eda y Luces:<\/strong> Laura Leifert y Sebasti\u00e1n Marrero[\/vc_column_text][vc_empty_space height=\u00bb10&#8243; el_class=\u00bbcyg&#8211;espacio-10&#8243;][\/vc_column_inner][\/vc_row_inner][vc_row_inner][vc_column_inner][vc_column_text]<strong>Vestuario:<\/strong> Laura Leifert[\/vc_column_text][vc_empty_space height=\u00bb10&#8243; el_class=\u00bbcyg&#8211;espacio-10&#8243;][\/vc_column_inner][\/vc_row_inner][vc_row_inner][vc_column_inner][vc_column_text]Dise\u00f1o de Sonido: Fernando Castro[\/vc_column_text][vc_empty_space height=\u00bb10&#8243; el_class=\u00bbcyg&#8211;espacio-10&#8243;][\/vc_column_inner][\/vc_row_inner][vc_row_inner][vc_column_inner][vc_column_text]<strong>Preparaci\u00f3n Vocal:<\/strong> Sara Sabah[\/vc_column_text][vc_empty_space height=\u00bb10&#8243; el_class=\u00bbcyg&#8211;espacio-10&#8243;][\/vc_column_inner][\/vc_row_inner][vc_row_inner][vc_column_inner][vc_column_text]Fotograf\u00eda: Nair\u00ed Aharoni\u00e1n[\/vc_column_text][vc_empty_space height=\u00bb10&#8243; el_class=\u00bbcyg&#8211;espacio-10&#8243;][\/vc_column_inner][\/vc_row_inner][\/vc_column][vc_column width=\u00bb1\/2&#8243;][vc_row_inner][vc_column_inner][vc_column_text]<strong>Comunicaci\u00f3n y Prensa:<\/strong> Silvina Natale[\/vc_column_text][vc_empty_space height=\u00bb10&#8243; el_class=\u00bbcyg&#8211;espacio-10&#8243;][\/vc_column_inner][\/vc_row_inner][vc_row_inner][vc_column_inner][vc_column_text]<strong>Comunicaci\u00f3n en Redes sociales:<\/strong> Mat\u00edas Pizzolanti[\/vc_column_text][vc_empty_space height=\u00bb10&#8243; el_class=\u00bbcyg&#8211;espacio-10&#8243;][\/vc_column_inner][\/vc_row_inner][vc_row_inner][vc_column_inner][vc_column_text]<strong>Coordinadora t\u00e9cnica:<\/strong> Paula Martell[\/vc_column_text][vc_empty_space height=\u00bb10&#8243; el_class=\u00bbcyg&#8211;espacio-10&#8243;][\/vc_column_inner][\/vc_row_inner][vc_row_inner][vc_column_inner][vc_column_text]<strong>Asistente de direcci\u00f3n:<\/strong> Carolina Simoni[\/vc_column_text][vc_empty_space height=\u00bb10&#8243; el_class=\u00bbcyg&#8211;espacio-10&#8243;][\/vc_column_inner][\/vc_row_inner][vc_row_inner][vc_column_inner][vc_column_text]<strong>Asistente de producci\u00f3n:<\/strong> Danila Mazzarelli[\/vc_column_text][vc_empty_space height=\u00bb10&#8243; el_class=\u00bbcyg&#8211;espacio-10&#8243;][\/vc_column_inner][\/vc_row_inner][vc_row_inner][vc_column_inner][vc_column_text]<strong>Circulaci\u00f3n:<\/strong> Leila Barenbiom y Matilde L\u00f3pez Espasand\u00edn[\/vc_column_text][vc_empty_space height=\u00bb10&#8243; el_class=\u00bbcyg&#8211;espacio-10&#8243;][\/vc_column_inner][\/vc_row_inner][vc_row_inner][vc_column_inner][vc_column_text]<strong>Producci\u00f3n general:<\/strong> Matilde L\u00f3pez Espasand\u00edn[\/vc_column_text][vc_empty_space height=\u00bb10&#8243; el_class=\u00bbcyg&#8211;espacio-10&#8243;][\/vc_column_inner][\/vc_row_inner][\/vc_column][\/vc_row][vc_row][vc_column][vc_empty_space height=\u00bb50px\u00bb][vc_column_text]<strong>Edad recomendada:<\/strong> + 18 a\u00f1os[\/vc_column_text][vc_column_text]<strong>Duraci\u00f3n: <\/strong>100 min.[\/vc_column_text][\/vc_column][\/vc_row][\/vc_section][vc_row][vc_column][vc_gallery type=\u00bbimage_grid\u00bb images=\u00bb1631,1632,1633,1634,1635&#8243;][\/vc_column][\/vc_row]<\/p>\n<\/div>","protected":false},"excerpt":{"rendered":"<p>Obra que gira en torno a la figura de la madre de Sergio Blanco, Liliana Ayestar\u00e1n<\/p>\n","protected":false},"menu_order":0,"template":"","format":"standard","cuerpo-estable":[29],"etiqueta-espectaculo":[48],"lugar":[16],"sala-espacio":[31],"acf":[],"yoast_head":"<!-- This site is optimized with the Yoast SEO plugin v21.7 - https:\/\/yoast.com\/wordpress\/plugins\/seo\/ -->\n<title>Tierra - Espect\u00e1culos<\/title>\n<meta name=\"robots\" content=\"index, follow, max-snippet:-1, max-image-preview:large, max-video-preview:-1\" \/>\n<link rel=\"canonical\" href=\"https:\/\/sodre.gub.uy\/espectaculos\/tierra-4\/\" \/>\n<meta property=\"og:locale\" content=\"es_ES\" \/>\n<meta property=\"og:type\" content=\"article\" \/>\n<meta property=\"og:title\" content=\"Tierra - Espect\u00e1culos\" \/>\n<meta property=\"og:description\" content=\"Obra que gira en torno a la figura de la madre de Sergio Blanco, Liliana Ayestar\u00e1n\" \/>\n<meta property=\"og:url\" content=\"https:\/\/sodre.gub.uy\/espectaculos\/tierra-4\/\" \/>\n<meta property=\"og:site_name\" content=\"Espect\u00e1culos\" \/>\n<meta property=\"article:modified_time\" content=\"2025-08-07T15:37:38+00:00\" \/>\n<meta name=\"twitter:card\" content=\"summary_large_image\" \/>\n<meta name=\"twitter:label1\" content=\"Tiempo de lectura\" \/>\n\t<meta name=\"twitter:data1\" content=\"3 minutos\" \/>\n<script type=\"application\/ld+json\" class=\"yoast-schema-graph\">{\"@context\":\"https:\/\/schema.org\",\"@graph\":[{\"@type\":\"WebPage\",\"@id\":\"https:\/\/sodre.gub.uy\/espectaculos\/tierra-4\/\",\"url\":\"https:\/\/sodre.gub.uy\/espectaculos\/tierra-4\/\",\"name\":\"Tierra - Espect\u00e1culos\",\"isPartOf\":{\"@id\":\"https:\/\/sodre.gub.uy\/espectaculos\/#website\"},\"datePublished\":\"2025-06-30T14:38:59+00:00\",\"dateModified\":\"2025-08-07T15:37:38+00:00\",\"inLanguage\":\"es\",\"potentialAction\":[{\"@type\":\"ReadAction\",\"target\":[\"https:\/\/sodre.gub.uy\/espectaculos\/tierra-4\/\"]}]},{\"@type\":\"WebSite\",\"@id\":\"https:\/\/sodre.gub.uy\/espectaculos\/#website\",\"url\":\"https:\/\/sodre.gub.uy\/espectaculos\/\",\"name\":\"Espect\u00e1culos\",\"description\":\"Servicio Oficial de Difusi\u00f3n, Representaciones y Espect\u00e1culos\",\"publisher\":{\"@id\":\"https:\/\/sodre.gub.uy\/espectaculos\/#organization\"},\"potentialAction\":[{\"@type\":\"SearchAction\",\"target\":{\"@type\":\"EntryPoint\",\"urlTemplate\":\"https:\/\/sodre.gub.uy\/espectaculos\/?s={search_term_string}\"},\"query-input\":\"required name=search_term_string\"}],\"inLanguage\":\"es\"},{\"@type\":\"Organization\",\"@id\":\"https:\/\/sodre.gub.uy\/espectaculos\/#organization\",\"name\":\"Espect\u00e1culos\",\"url\":\"https:\/\/sodre.gub.uy\/espectaculos\/\",\"logo\":{\"@type\":\"ImageObject\",\"inLanguage\":\"es\",\"@id\":\"https:\/\/sodre.gub.uy\/espectaculos\/#\/schema\/logo\/image\/\",\"url\":\"https:\/\/sodre.gub.uy\/espectaculos\/wp-content\/uploads\/sites\/2\/2023\/12\/logo-sodre-black.svg\",\"contentUrl\":\"https:\/\/sodre.gub.uy\/espectaculos\/wp-content\/uploads\/sites\/2\/2023\/12\/logo-sodre-black.svg\",\"caption\":\"Espect\u00e1culos\"},\"image\":{\"@id\":\"https:\/\/sodre.gub.uy\/espectaculos\/#\/schema\/logo\/image\/\"}}]}<\/script>\n<!-- \/ Yoast SEO plugin. -->","yoast_head_json":{"title":"Tierra - Espect\u00e1culos","robots":{"index":"index","follow":"follow","max-snippet":"max-snippet:-1","max-image-preview":"max-image-preview:large","max-video-preview":"max-video-preview:-1"},"canonical":"https:\/\/sodre.gub.uy\/espectaculos\/tierra-4\/","og_locale":"es_ES","og_type":"article","og_title":"Tierra - Espect\u00e1culos","og_description":"Obra que gira en torno a la figura de la madre de Sergio Blanco, Liliana Ayestar\u00e1n","og_url":"https:\/\/sodre.gub.uy\/espectaculos\/tierra-4\/","og_site_name":"Espect\u00e1culos","article_modified_time":"2025-08-07T15:37:38+00:00","twitter_card":"summary_large_image","twitter_misc":{"Tiempo de lectura":"3 minutos"},"schema":{"@context":"https:\/\/schema.org","@graph":[{"@type":"WebPage","@id":"https:\/\/sodre.gub.uy\/espectaculos\/tierra-4\/","url":"https:\/\/sodre.gub.uy\/espectaculos\/tierra-4\/","name":"Tierra - Espect\u00e1culos","isPartOf":{"@id":"https:\/\/sodre.gub.uy\/espectaculos\/#website"},"datePublished":"2025-06-30T14:38:59+00:00","dateModified":"2025-08-07T15:37:38+00:00","inLanguage":"es","potentialAction":[{"@type":"ReadAction","target":["https:\/\/sodre.gub.uy\/espectaculos\/tierra-4\/"]}]},{"@type":"WebSite","@id":"https:\/\/sodre.gub.uy\/espectaculos\/#website","url":"https:\/\/sodre.gub.uy\/espectaculos\/","name":"Espect\u00e1culos","description":"Servicio Oficial de Difusi\u00f3n, Representaciones y Espect\u00e1culos","publisher":{"@id":"https:\/\/sodre.gub.uy\/espectaculos\/#organization"},"potentialAction":[{"@type":"SearchAction","target":{"@type":"EntryPoint","urlTemplate":"https:\/\/sodre.gub.uy\/espectaculos\/?s={search_term_string}"},"query-input":"required name=search_term_string"}],"inLanguage":"es"},{"@type":"Organization","@id":"https:\/\/sodre.gub.uy\/espectaculos\/#organization","name":"Espect\u00e1culos","url":"https:\/\/sodre.gub.uy\/espectaculos\/","logo":{"@type":"ImageObject","inLanguage":"es","@id":"https:\/\/sodre.gub.uy\/espectaculos\/#\/schema\/logo\/image\/","url":"https:\/\/sodre.gub.uy\/espectaculos\/wp-content\/uploads\/sites\/2\/2023\/12\/logo-sodre-black.svg","contentUrl":"https:\/\/sodre.gub.uy\/espectaculos\/wp-content\/uploads\/sites\/2\/2023\/12\/logo-sodre-black.svg","caption":"Espect\u00e1culos"},"image":{"@id":"https:\/\/sodre.gub.uy\/espectaculos\/#\/schema\/logo\/image\/"}}]}},"_links":{"self":[{"href":"https:\/\/sodre.gub.uy\/espectaculos\/wp-json\/wp\/v2\/espectaculo\/8870"}],"collection":[{"href":"https:\/\/sodre.gub.uy\/espectaculos\/wp-json\/wp\/v2\/espectaculo"}],"about":[{"href":"https:\/\/sodre.gub.uy\/espectaculos\/wp-json\/wp\/v2\/types\/espectaculo"}],"version-history":[{"count":6,"href":"https:\/\/sodre.gub.uy\/espectaculos\/wp-json\/wp\/v2\/espectaculo\/8870\/revisions"}],"predecessor-version":[{"id":9257,"href":"https:\/\/sodre.gub.uy\/espectaculos\/wp-json\/wp\/v2\/espectaculo\/8870\/revisions\/9257"}],"wp:attachment":[{"href":"https:\/\/sodre.gub.uy\/espectaculos\/wp-json\/wp\/v2\/media?parent=8870"}],"wp:term":[{"taxonomy":"cuerpo-estable","embeddable":true,"href":"https:\/\/sodre.gub.uy\/espectaculos\/wp-json\/wp\/v2\/cuerpo-estable?post=8870"},{"taxonomy":"etiqueta-espectaculo","embeddable":true,"href":"https:\/\/sodre.gub.uy\/espectaculos\/wp-json\/wp\/v2\/etiqueta-espectaculo?post=8870"},{"taxonomy":"lugar","embeddable":true,"href":"https:\/\/sodre.gub.uy\/espectaculos\/wp-json\/wp\/v2\/lugar?post=8870"},{"taxonomy":"sala-espacio","embeddable":true,"href":"https:\/\/sodre.gub.uy\/espectaculos\/wp-json\/wp\/v2\/sala-espacio?post=8870"}],"curies":[{"name":"wp","href":"https:\/\/api.w.org\/{rel}","templated":true}]}}

<div class="wpb-content-wrapper"><p>[vc_section el_class=»content&#8211;espectaculo»][vc_row el_class=»cyg&#8211;descripcion»][vc_column][vc_column_text]Siguiendo la línea de autoficción en la cual el franco–uruguayo Sergio Blanco viene incursionando desde hace ya algunos años, su último texto teatral, «Tierra», es una pieza que gira en torno a la figura de su madre, Liliana Ayestarán, quien, en junio de 2022, muere en los brazos del dramaturgo en una Unidad de Cuidados Intensivos de Montevideo.</p>
<p>En un hermoso y conmovedor homenaje a la memoria de su madre, una reconocida profesora de literatura, el autor da cita a tres personajes que en el pasado fueron alumnos de Liliana. A medida que la pieza irá avanzando, vamos entrando en la vida de estos tres seres, todos marcados por la muerte de un familiar: Celia ha perdido a su hijo en un violento accidente de moto, Lucas ha matado a su hermano gemelo a golpes de hacha en un arrebato de cólera y Clara es hija de un desparecido de la dictadura militar cuyos restos todavía sigue buscando hoy en día. Poco a poco, iremos descubriendo que lo que une a estos seres no es solamente haber sido alumnos de Liliana o las complejas situaciones de duelo que han atravesado en sus vidas, sino que lo que más los une es ser tres personajes teatrales que deben representar sus historias en un escenario. De esta manera la obra, además de hablar del duelo y de la manera en que la existencia se modifica después de la muerte de un ser querido, también habla de la representación escénica proponiendo toda una serie de reflexiones sobre el arte teatral y sobre el complejo tema de la mirada.</p>
<p>&nbsp;</p>
<p>Una producción de Marea en coproducción con Dirección Nacional de Cultura (Uruguay), Centro Dramático Nacional (España), Complejo Teatral de Buenos Aires (Argentina) y Centro Gabriela Mistral (Chile).[/vc_column_text][vc_empty_space height=»30px» el_class=»cyg&#8211;espacio-30&#8243;][/vc_column][/vc_row][vc_row el_class=»cyg&#8211;ficha»][vc_column width=»1/2&#8243;][vc_row_inner][vc_column_inner][vc_column_text]<strong>Ficha artística</strong></p>
<p><strong>Dirección y texto:</strong> Sergio Blanco[/vc_column_text][vc_empty_space height=»10&#8243; el_class=»cyg&#8211;espacio-10&#8243;][/vc_column_inner][/vc_row_inner][vc_row_inner][vc_column_inner][vc_column_text]<strong>Intérpretes:</strong> Andrea Davidovics, Sebastián Serantes, Soledad Frugone y Tomás Piñeiro[/vc_column_text][vc_empty_space height=»10&#8243; el_class=»cyg&#8211;espacio-10&#8243;][/vc_column_inner][/vc_row_inner][vc_row_inner][vc_column_inner][vc_column_text]<strong>Ficha técnica</strong></p>
<p><strong>Diseño de Visuales:</strong> Miguel Grompone[/vc_column_text][vc_empty_space height=»10&#8243; el_class=»cyg&#8211;espacio-10&#8243;][/vc_column_inner][/vc_row_inner][vc_row_inner][vc_column_inner][vc_column_text]<strong>Escenografía y Luces:</strong> Laura Leifert y Sebastián Marrero[/vc_column_text][vc_empty_space height=»10&#8243; el_class=»cyg&#8211;espacio-10&#8243;][/vc_column_inner][/vc_row_inner][vc_row_inner][vc_column_inner][vc_column_text]<strong>Vestuario:</strong> Laura Leifert[/vc_column_text][vc_empty_space height=»10&#8243; el_class=»cyg&#8211;espacio-10&#8243;][/vc_column_inner][/vc_row_inner][vc_row_inner][vc_column_inner][vc_column_text]Diseño de Sonido: Fernando Castro[/vc_column_text][vc_empty_space height=»10&#8243; el_class=»cyg&#8211;espacio-10&#8243;][/vc_column_inner][/vc_row_inner][vc_row_inner][vc_column_inner][vc_column_text]<strong>Preparación Vocal:</strong> Sara Sabah[/vc_column_text][vc_empty_space height=»10&#8243; el_class=»cyg&#8211;espacio-10&#8243;][/vc_column_inner][/vc_row_inner][vc_row_inner][vc_column_inner][vc_column_text]Fotografía: Nairí Aharonián[/vc_column_text][vc_empty_space height=»10&#8243; el_class=»cyg&#8211;espacio-10&#8243;][/vc_column_inner][/vc_row_inner][/vc_column][vc_column width=»1/2&#8243;][vc_row_inner][vc_column_inner][vc_column_text]<strong>Comunicación y Prensa:</strong> Silvina Natale[/vc_column_text][vc_empty_space height=»10&#8243; el_class=»cyg&#8211;espacio-10&#8243;][/vc_column_inner][/vc_row_inner][vc_row_inner][vc_column_inner][vc_column_text]<strong>Comunicación en Redes sociales:</strong> Matías Pizzolanti[/vc_column_text][vc_empty_space height=»10&#8243; el_class=»cyg&#8211;espacio-10&#8243;][/vc_column_inner][/vc_row_inner][vc_row_inner][vc_column_inner][vc_column_text]<strong>Coordinadora técnica:</strong> Paula Martell[/vc_column_text][vc_empty_space height=»10&#8243; el_class=»cyg&#8211;espacio-10&#8243;][/vc_column_inner][/vc_row_inner][vc_row_inner][vc_column_inner][vc_column_text]<strong>Asistente de dirección:</strong> Carolina Simoni[/vc_column_text][vc_empty_space height=»10&#8243; el_class=»cyg&#8211;espacio-10&#8243;][/vc_column_inner][/vc_row_inner][vc_row_inner][vc_column_inner][vc_column_text]<strong>Asistente de producción:</strong> Danila Mazzarelli[/vc_column_text][vc_empty_space height=»10&#8243; el_class=»cyg&#8211;espacio-10&#8243;][/vc_column_inner][/vc_row_inner][vc_row_inner][vc_column_inner][vc_column_text]<strong>Circulación:</strong> Leila Barenbiom y Matilde López Espasandín[/vc_column_text][vc_empty_space height=»10&#8243; el_class=»cyg&#8211;espacio-10&#8243;][/vc_column_inner][/vc_row_inner][vc_row_inner][vc_column_inner][vc_column_text]<strong>Producción general:</strong> Matilde López Espasandín[/vc_column_text][vc_empty_space height=»10&#8243; el_class=»cyg&#8211;espacio-10&#8243;][/vc_column_inner][/vc_row_inner][/vc_column][/vc_row][vc_row][vc_column][vc_empty_space height=»50px»][vc_column_text]<strong>Edad recomendada:</strong> + 18 años[/vc_column_text][vc_column_text]<strong>Duración: </strong>100 min.[/vc_column_text][/vc_column][/vc_row][/vc_section][vc_row][vc_column][vc_gallery type=»image_grid» images=»1631,1632,1633,1634,1635&#8243;][/vc_column][/vc_row]</p>
</div>

<p>Obra que gira en torno a la figura de la madre de Sergio Blanco, Liliana Ayestarán</p>

<!-- This site is optimized with the Yoast SEO plugin v21.7 - https://yoast.com/wordpress/plugins/seo/ -->
<title>Tierra - Espectáculos</title>
<meta name="robots" content="index, follow, max-snippet:-1, max-image-preview:large, max-video-preview:-1" />
<link rel="canonical" href="https://sodre.gub.uy/espectaculos/tierra-4/" />
<meta property="og:locale" content="es_ES" />
<meta property="og:type" content="article" />
<meta property="og:title" content="Tierra - Espectáculos" />
<meta property="og:description" content="Obra que gira en torno a la figura de la madre de Sergio Blanco, Liliana Ayestarán" />
<meta property="og:url" content="https://sodre.gub.uy/espectaculos/tierra-4/" />
<meta property="og:site_name" content="Espectáculos" />
<meta property="article:modified_time" content="2025-08-07T15:37:38+00:00" />
<meta name="twitter:card" content="summary_large_image" />
<meta name="twitter:label1" content="Tiempo de lectura" />
	<meta name="twitter:data1" content="3 minutos" />
<script type="application/ld+json" class="yoast-schema-graph">{"@context":"https://schema.org","@graph":[{"@type":"WebPage","@id":"https://sodre.gub.uy/espectaculos/tierra-4/","url":"https://sodre.gub.uy/espectaculos/tierra-4/","name":"Tierra - Espectáculos","isPartOf":{"@id":"https://sodre.gub.uy/espectaculos/#website"},"datePublished":"2025-06-30T14:38:59+00:00","dateModified":"2025-08-07T15:37:38+00:00","inLanguage":"es","potentialAction":[{"@type":"ReadAction","target":["https://sodre.gub.uy/espectaculos/tierra-4/"]}]},{"@type":"WebSite","@id":"https://sodre.gub.uy/espectaculos/#website","url":"https://sodre.gub.uy/espectaculos/","name":"Espectáculos","description":"Servicio Oficial de Difusión, Representaciones y Espectáculos","publisher":{"@id":"https://sodre.gub.uy/espectaculos/#organization"},"potentialAction":[{"@type":"SearchAction","target":{"@type":"EntryPoint","urlTemplate":"https://sodre.gub.uy/espectaculos/?s={search_term_string}"},"query-input":"required name=search_term_string"}],"inLanguage":"es"},{"@type":"Organization","@id":"https://sodre.gub.uy/espectaculos/#organization","name":"Espectáculos","url":"https://sodre.gub.uy/espectaculos/","logo":{"@type":"ImageObject","inLanguage":"es","@id":"https://sodre.gub.uy/espectaculos/#/schema/logo/image/","url":"https://sodre.gub.uy/espectaculos/wp-content/uploads/sites/2/2023/12/logo-sodre-black.svg","contentUrl":"https://sodre.gub.uy/espectaculos/wp-content/uploads/sites/2/2023/12/logo-sodre-black.svg","caption":"Espectáculos"},"image":{"@id":"https://sodre.gub.uy/espectaculos/#/schema/logo/image/"}}]}</script>
<!-- / Yoast SEO plugin. -->

Tierra - Espectáculos

Obra que gira en torno a la figura de la madre de Sergio Blanco, Liliana Ayestarán

Espectáculos

Servicio Oficial de Difusión, Representaciones y Espectáculos
