{"id":8676,"date":"2025-06-16T10:32:29","date_gmt":"2025-06-16T13:32:29","guid":{"rendered":"https:\/\/sodre.gub.uy\/espectaculos\/?post_type=espectaculo&#038;p=8676"},"modified":"2025-09-23T11:25:26","modified_gmt":"2025-09-23T14:25:26","slug":"canticuenticos","status":"publish","type":"espectaculo","link":"https:\/\/sodre.gub.uy\/espectaculos\/canticuenticos\/","title":{"rendered":"Canticu\u00e9nticos"},"content":{"rendered":"<div class=\"wpb-content-wrapper\"><p>[vc_section el_class=\u00bbcontent&#8211;espectaculo\u00bb][vc_row el_class=\u00bbcyg&#8211;descripcion\u00bb][vc_column][vc_empty_space height=\u00bb30px\u00bb el_class=\u00bbcyg&#8211;espacio-30&#8243;][vc_column_text]<em>Canticu\u00e9nticos<\/em> es un reconocido grupo argentino de m\u00fasica para las infancias y familias. Con m\u00e1s de 16 a\u00f1os de trayectoria, han recorrido Am\u00e9rica Latina y Espa\u00f1a, realizando m\u00e1s de 2.000 shows en vivo con una propuesta original, que combina diversi\u00f3n con emociones profundas, convocando a toda la familia para cantar, jugar y bailar a trav\u00e9s de la m\u00fasica en vivo, el humor, la poes\u00eda y la emoci\u00f3n.<\/p>\n<p>Su aporte al cancionero infantil, con composiciones propias sobre ritmos latinoamericanos, nace desde el deseo de vincular afectivamente a los nin\u0303os y nin\u0303as con su propio patrimonio cultural. Explican los <em>Canticue\u0301nticos<\/em> acerca de lo que hacen: \u201cQueremos mostrarles a nin\u0303os y nin\u0303as cua\u0301nta riqueza hay en nuestros ritmos folklo\u0301ricos, porque nos dan identidad, porque hablan como nosotros hablamos, nos divierten y nos emocionan al modo nuestro. Y son un tesoro que queremos poner al alcance de los ma\u0301s pequen\u0303os, para que lo conozcan y lo lleven toda la vida con ellos\u201d.<\/p>\n<p>Sus canciones se cantan, bailan y escuchan en miles de hogares, escuelas y jardines de toda Ame\u0301rica Latina y Espa\u00f1a. Entre sus canciones ma\u0301s conocidas se pueden mencionar: <em>La Cumbia del Monstruo de la Laguna<\/em>, <em>El mamboreta\u0301<\/em>, <em>Noni noni<\/em>, <em>Bate con la cucharita<\/em>, <em>Quiero para mi\u0301<\/em>, <em>Si viene de la tierra<\/em>, <em>A cocochito<\/em>, <em>El Pulpo Cocinero<\/em> y <em>El lorito Tete\u0301<\/em>.[\/vc_column_text][\/vc_column][\/vc_row][vc_row el_class=\u00bbcyg&#8211;ficha\u00bb][vc_column width=\u00bb1\/2&#8243;][vc_row_inner][vc_column_inner][vc_empty_space height=\u00bb10&#8243; el_class=\u00bbcyg&#8211;espacio-10&#8243;][\/vc_column_inner][\/vc_row_inner][vc_row_inner][vc_column_inner][vc_empty_space height=\u00bb10&#8243; el_class=\u00bbcyg&#8211;espacio-10&#8243;][\/vc_column_inner][\/vc_row_inner][\/vc_column][vc_column width=\u00bb1\/2&#8243;][vc_row_inner][vc_column_inner][vc_empty_space height=\u00bb10&#8243; el_class=\u00bbcyg&#8211;espacio-10&#8243;][\/vc_column_inner][\/vc_row_inner][vc_row_inner][vc_column_inner][vc_empty_space height=\u00bb10&#8243; el_class=\u00bbcyg&#8211;espacio-10&#8243;][\/vc_column_inner][\/vc_row_inner][\/vc_column][\/vc_row][vc_row][vc_column][vc_empty_space height=\u00bb10px\u00bb][vc_column_text]<strong>Edad m\u00e1xima (inclusive) con acceso gratuito permitido:<\/strong> 1 a\u00f1o sin ocupar butaca[\/vc_column_text][\/vc_column][\/vc_row][\/vc_section]<\/p>\n<\/div>","protected":false},"excerpt":{"rendered":"<p>Cumple sus primeros 10 a\u00f1os en Uruguay y decidimos festejarlo a lo grande para que no quede nadie fuera de la fiesta<\/p>\n","protected":false},"menu_order":0,"template":"","format":"standard","cuerpo-estable":[29],"etiqueta-espectaculo":[74,39],"lugar":[16],"sala-espacio":[30],"acf":[],"yoast_head":"<!-- This site is optimized with the Yoast SEO plugin v21.7 - https:\/\/yoast.com\/wordpress\/plugins\/seo\/ -->\n<title>Canticu\u00e9nticos - Espect\u00e1culos<\/title>\n<meta name=\"robots\" content=\"index, follow, max-snippet:-1, max-image-preview:large, max-video-preview:-1\" \/>\n<link rel=\"canonical\" href=\"https:\/\/sodre.gub.uy\/espectaculos\/canticuenticos\/\" \/>\n<meta property=\"og:locale\" content=\"es_ES\" \/>\n<meta property=\"og:type\" content=\"article\" \/>\n<meta property=\"og:title\" content=\"Canticu\u00e9nticos - Espect\u00e1culos\" \/>\n<meta property=\"og:description\" content=\"Cumple sus primeros 10 a\u00f1os en Uruguay y decidimos festejarlo a lo grande para que no quede nadie fuera de la fiesta\" \/>\n<meta property=\"og:url\" content=\"https:\/\/sodre.gub.uy\/espectaculos\/canticuenticos\/\" \/>\n<meta property=\"og:site_name\" content=\"Espect\u00e1culos\" \/>\n<meta property=\"article:modified_time\" content=\"2025-09-23T14:25:26+00:00\" \/>\n<meta name=\"twitter:card\" content=\"summary_large_image\" \/>\n<meta name=\"twitter:label1\" content=\"Tiempo de lectura\" \/>\n\t<meta name=\"twitter:data1\" content=\"2 minutos\" \/>\n<script type=\"application\/ld+json\" class=\"yoast-schema-graph\">{\"@context\":\"https:\/\/schema.org\",\"@graph\":[{\"@type\":\"WebPage\",\"@id\":\"https:\/\/sodre.gub.uy\/espectaculos\/canticuenticos\/\",\"url\":\"https:\/\/sodre.gub.uy\/espectaculos\/canticuenticos\/\",\"name\":\"Canticu\u00e9nticos - Espect\u00e1culos\",\"isPartOf\":{\"@id\":\"https:\/\/sodre.gub.uy\/espectaculos\/#website\"},\"datePublished\":\"2025-06-16T13:32:29+00:00\",\"dateModified\":\"2025-09-23T14:25:26+00:00\",\"inLanguage\":\"es\",\"potentialAction\":[{\"@type\":\"ReadAction\",\"target\":[\"https:\/\/sodre.gub.uy\/espectaculos\/canticuenticos\/\"]}]},{\"@type\":\"WebSite\",\"@id\":\"https:\/\/sodre.gub.uy\/espectaculos\/#website\",\"url\":\"https:\/\/sodre.gub.uy\/espectaculos\/\",\"name\":\"Espect\u00e1culos\",\"description\":\"Servicio Oficial de Difusi\u00f3n, Representaciones y Espect\u00e1culos\",\"publisher\":{\"@id\":\"https:\/\/sodre.gub.uy\/espectaculos\/#organization\"},\"potentialAction\":[{\"@type\":\"SearchAction\",\"target\":{\"@type\":\"EntryPoint\",\"urlTemplate\":\"https:\/\/sodre.gub.uy\/espectaculos\/?s={search_term_string}\"},\"query-input\":\"required name=search_term_string\"}],\"inLanguage\":\"es\"},{\"@type\":\"Organization\",\"@id\":\"https:\/\/sodre.gub.uy\/espectaculos\/#organization\",\"name\":\"Espect\u00e1culos\",\"url\":\"https:\/\/sodre.gub.uy\/espectaculos\/\",\"logo\":{\"@type\":\"ImageObject\",\"inLanguage\":\"es\",\"@id\":\"https:\/\/sodre.gub.uy\/espectaculos\/#\/schema\/logo\/image\/\",\"url\":\"https:\/\/sodre.gub.uy\/espectaculos\/wp-content\/uploads\/sites\/2\/2023\/12\/logo-sodre-black.svg\",\"contentUrl\":\"https:\/\/sodre.gub.uy\/espectaculos\/wp-content\/uploads\/sites\/2\/2023\/12\/logo-sodre-black.svg\",\"caption\":\"Espect\u00e1culos\"},\"image\":{\"@id\":\"https:\/\/sodre.gub.uy\/espectaculos\/#\/schema\/logo\/image\/\"}}]}<\/script>\n<!-- \/ Yoast SEO plugin. -->","yoast_head_json":{"title":"Canticu\u00e9nticos - Espect\u00e1culos","robots":{"index":"index","follow":"follow","max-snippet":"max-snippet:-1","max-image-preview":"max-image-preview:large","max-video-preview":"max-video-preview:-1"},"canonical":"https:\/\/sodre.gub.uy\/espectaculos\/canticuenticos\/","og_locale":"es_ES","og_type":"article","og_title":"Canticu\u00e9nticos - Espect\u00e1culos","og_description":"Cumple sus primeros 10 a\u00f1os en Uruguay y decidimos festejarlo a lo grande para que no quede nadie fuera de la fiesta","og_url":"https:\/\/sodre.gub.uy\/espectaculos\/canticuenticos\/","og_site_name":"Espect\u00e1culos","article_modified_time":"2025-09-23T14:25:26+00:00","twitter_card":"summary_large_image","twitter_misc":{"Tiempo de lectura":"2 minutos"},"schema":{"@context":"https:\/\/schema.org","@graph":[{"@type":"WebPage","@id":"https:\/\/sodre.gub.uy\/espectaculos\/canticuenticos\/","url":"https:\/\/sodre.gub.uy\/espectaculos\/canticuenticos\/","name":"Canticu\u00e9nticos - Espect\u00e1culos","isPartOf":{"@id":"https:\/\/sodre.gub.uy\/espectaculos\/#website"},"datePublished":"2025-06-16T13:32:29+00:00","dateModified":"2025-09-23T14:25:26+00:00","inLanguage":"es","potentialAction":[{"@type":"ReadAction","target":["https:\/\/sodre.gub.uy\/espectaculos\/canticuenticos\/"]}]},{"@type":"WebSite","@id":"https:\/\/sodre.gub.uy\/espectaculos\/#website","url":"https:\/\/sodre.gub.uy\/espectaculos\/","name":"Espect\u00e1culos","description":"Servicio Oficial de Difusi\u00f3n, Representaciones y Espect\u00e1culos","publisher":{"@id":"https:\/\/sodre.gub.uy\/espectaculos\/#organization"},"potentialAction":[{"@type":"SearchAction","target":{"@type":"EntryPoint","urlTemplate":"https:\/\/sodre.gub.uy\/espectaculos\/?s={search_term_string}"},"query-input":"required name=search_term_string"}],"inLanguage":"es"},{"@type":"Organization","@id":"https:\/\/sodre.gub.uy\/espectaculos\/#organization","name":"Espect\u00e1culos","url":"https:\/\/sodre.gub.uy\/espectaculos\/","logo":{"@type":"ImageObject","inLanguage":"es","@id":"https:\/\/sodre.gub.uy\/espectaculos\/#\/schema\/logo\/image\/","url":"https:\/\/sodre.gub.uy\/espectaculos\/wp-content\/uploads\/sites\/2\/2023\/12\/logo-sodre-black.svg","contentUrl":"https:\/\/sodre.gub.uy\/espectaculos\/wp-content\/uploads\/sites\/2\/2023\/12\/logo-sodre-black.svg","caption":"Espect\u00e1culos"},"image":{"@id":"https:\/\/sodre.gub.uy\/espectaculos\/#\/schema\/logo\/image\/"}}]}},"_links":{"self":[{"href":"https:\/\/sodre.gub.uy\/espectaculos\/wp-json\/wp\/v2\/espectaculo\/8676"}],"collection":[{"href":"https:\/\/sodre.gub.uy\/espectaculos\/wp-json\/wp\/v2\/espectaculo"}],"about":[{"href":"https:\/\/sodre.gub.uy\/espectaculos\/wp-json\/wp\/v2\/types\/espectaculo"}],"version-history":[{"count":6,"href":"https:\/\/sodre.gub.uy\/espectaculos\/wp-json\/wp\/v2\/espectaculo\/8676\/revisions"}],"predecessor-version":[{"id":9790,"href":"https:\/\/sodre.gub.uy\/espectaculos\/wp-json\/wp\/v2\/espectaculo\/8676\/revisions\/9790"}],"wp:attachment":[{"href":"https:\/\/sodre.gub.uy\/espectaculos\/wp-json\/wp\/v2\/media?parent=8676"}],"wp:term":[{"taxonomy":"cuerpo-estable","embeddable":true,"href":"https:\/\/sodre.gub.uy\/espectaculos\/wp-json\/wp\/v2\/cuerpo-estable?post=8676"},{"taxonomy":"etiqueta-espectaculo","embeddable":true,"href":"https:\/\/sodre.gub.uy\/espectaculos\/wp-json\/wp\/v2\/etiqueta-espectaculo?post=8676"},{"taxonomy":"lugar","embeddable":true,"href":"https:\/\/sodre.gub.uy\/espectaculos\/wp-json\/wp\/v2\/lugar?post=8676"},{"taxonomy":"sala-espacio","embeddable":true,"href":"https:\/\/sodre.gub.uy\/espectaculos\/wp-json\/wp\/v2\/sala-espacio?post=8676"}],"curies":[{"name":"wp","href":"https:\/\/api.w.org\/{rel}","templated":true}]}}

Canticuénticos

<div class="wpb-content-wrapper"><p>[vc_section el_class=»content&#8211;espectaculo»][vc_row el_class=»cyg&#8211;descripcion»][vc_column][vc_empty_space height=»30px» el_class=»cyg&#8211;espacio-30&#8243;][vc_column_text]<em>Canticuénticos</em> es un reconocido grupo argentino de música para las infancias y familias. Con más de 16 años de trayectoria, han recorrido América Latina y España, realizando más de 2.000 shows en vivo con una propuesta original, que combina diversión con emociones profundas, convocando a toda la familia para cantar, jugar y bailar a través de la música en vivo, el humor, la poesía y la emoción.</p>
<p>Su aporte al cancionero infantil, con composiciones propias sobre ritmos latinoamericanos, nace desde el deseo de vincular afectivamente a los niños y niñas con su propio patrimonio cultural. Explican los <em>Canticuénticos</em> acerca de lo que hacen: “Queremos mostrarles a niños y niñas cuánta riqueza hay en nuestros ritmos folklóricos, porque nos dan identidad, porque hablan como nosotros hablamos, nos divierten y nos emocionan al modo nuestro. Y son un tesoro que queremos poner al alcance de los más pequeños, para que lo conozcan y lo lleven toda la vida con ellos”.</p>
<p>Sus canciones se cantan, bailan y escuchan en miles de hogares, escuelas y jardines de toda América Latina y España. Entre sus canciones más conocidas se pueden mencionar: <em>La Cumbia del Monstruo de la Laguna</em>, <em>El mamboretá</em>, <em>Noni noni</em>, <em>Bate con la cucharita</em>, <em>Quiero para mí</em>, <em>Si viene de la tierra</em>, <em>A cocochito</em>, <em>El Pulpo Cocinero</em> y <em>El lorito Teté</em>.[/vc_column_text][/vc_column][/vc_row][vc_row el_class=»cyg&#8211;ficha»][vc_column width=»1/2&#8243;][vc_row_inner][vc_column_inner][vc_empty_space height=»10&#8243; el_class=»cyg&#8211;espacio-10&#8243;][/vc_column_inner][/vc_row_inner][vc_row_inner][vc_column_inner][vc_empty_space height=»10&#8243; el_class=»cyg&#8211;espacio-10&#8243;][/vc_column_inner][/vc_row_inner][/vc_column][vc_column width=»1/2&#8243;][vc_row_inner][vc_column_inner][vc_empty_space height=»10&#8243; el_class=»cyg&#8211;espacio-10&#8243;][/vc_column_inner][/vc_row_inner][vc_row_inner][vc_column_inner][vc_empty_space height=»10&#8243; el_class=»cyg&#8211;espacio-10&#8243;][/vc_column_inner][/vc_row_inner][/vc_column][/vc_row][vc_row][vc_column][vc_empty_space height=»10px»][vc_column_text]<strong>Edad máxima (inclusive) con acceso gratuito permitido:</strong> 1 año sin ocupar butaca[/vc_column_text][/vc_column][/vc_row][/vc_section]</p>
</div>

<p>Cumple sus primeros 10 años en Uruguay y decidimos festejarlo a lo grande para que no quede nadie fuera de la fiesta</p>

<!-- This site is optimized with the Yoast SEO plugin v21.7 - https://yoast.com/wordpress/plugins/seo/ -->
<title>Canticuénticos - Espectáculos</title>
<meta name="robots" content="index, follow, max-snippet:-1, max-image-preview:large, max-video-preview:-1" />
<link rel="canonical" href="https://sodre.gub.uy/espectaculos/canticuenticos/" />
<meta property="og:locale" content="es_ES" />
<meta property="og:type" content="article" />
<meta property="og:title" content="Canticuénticos - Espectáculos" />
<meta property="og:description" content="Cumple sus primeros 10 años en Uruguay y decidimos festejarlo a lo grande para que no quede nadie fuera de la fiesta" />
<meta property="og:url" content="https://sodre.gub.uy/espectaculos/canticuenticos/" />
<meta property="og:site_name" content="Espectáculos" />
<meta property="article:modified_time" content="2025-09-23T14:25:26+00:00" />
<meta name="twitter:card" content="summary_large_image" />
<meta name="twitter:label1" content="Tiempo de lectura" />
	<meta name="twitter:data1" content="2 minutos" />
<script type="application/ld+json" class="yoast-schema-graph">{"@context":"https://schema.org","@graph":[{"@type":"WebPage","@id":"https://sodre.gub.uy/espectaculos/canticuenticos/","url":"https://sodre.gub.uy/espectaculos/canticuenticos/","name":"Canticuénticos - Espectáculos","isPartOf":{"@id":"https://sodre.gub.uy/espectaculos/#website"},"datePublished":"2025-06-16T13:32:29+00:00","dateModified":"2025-09-23T14:25:26+00:00","inLanguage":"es","potentialAction":[{"@type":"ReadAction","target":["https://sodre.gub.uy/espectaculos/canticuenticos/"]}]},{"@type":"WebSite","@id":"https://sodre.gub.uy/espectaculos/#website","url":"https://sodre.gub.uy/espectaculos/","name":"Espectáculos","description":"Servicio Oficial de Difusión, Representaciones y Espectáculos","publisher":{"@id":"https://sodre.gub.uy/espectaculos/#organization"},"potentialAction":[{"@type":"SearchAction","target":{"@type":"EntryPoint","urlTemplate":"https://sodre.gub.uy/espectaculos/?s={search_term_string}"},"query-input":"required name=search_term_string"}],"inLanguage":"es"},{"@type":"Organization","@id":"https://sodre.gub.uy/espectaculos/#organization","name":"Espectáculos","url":"https://sodre.gub.uy/espectaculos/","logo":{"@type":"ImageObject","inLanguage":"es","@id":"https://sodre.gub.uy/espectaculos/#/schema/logo/image/","url":"https://sodre.gub.uy/espectaculos/wp-content/uploads/sites/2/2023/12/logo-sodre-black.svg","contentUrl":"https://sodre.gub.uy/espectaculos/wp-content/uploads/sites/2/2023/12/logo-sodre-black.svg","caption":"Espectáculos"},"image":{"@id":"https://sodre.gub.uy/espectaculos/#/schema/logo/image/"}}]}</script>
<!-- / Yoast SEO plugin. -->

Canticuénticos - Espectáculos

Cumple sus primeros 10 años en Uruguay y decidimos festejarlo a lo grande para que no quede nadie fuera de la fiesta

Espectáculos

Servicio Oficial de Difusión, Representaciones y Espectáculos
