{"id":8429,"date":"2025-05-29T10:41:48","date_gmt":"2025-05-29T13:41:48","guid":{"rendered":"https:\/\/sodre.gub.uy\/espectaculos\/?post_type=espectaculo&#038;p=8429"},"modified":"2025-06-04T13:28:08","modified_gmt":"2025-06-04T16:28:08","slug":"los-ocho-sentenciados","status":"publish","type":"espectaculo","link":"https:\/\/sodre.gub.uy\/espectaculos\/los-ocho-sentenciados\/","title":{"rendered":"Los ocho sentenciados"},"content":{"rendered":"<div class=\"wpb-content-wrapper\"><p>[vc_section el_class=\u00bbcontent&#8211;espectaculo\u00bb][vc_row el_class=\u00bbcyg&#8211;descripcion\u00bb][vc_column][vc_column_text]Un joven ambicioso y sin escr\u00fapulos (Dennis Price) proyecta vengar la afrenta que la aristocr\u00e1tica familia D\u2019Ascoyne, a la cual pertenece, les ha infligido a \u00e9l y a su madre. El plan consiste en eliminar a todos los miembros de la familia que le preceden en la sucesi\u00f3n al t\u00edtulo de Duque.<\/p>\n<p>\u201cPrice est\u00e1 impecable (\u2026). Los asesinatos pueden ser entretenidos, siempre que la historia se apoye en las excentricidades del villano y no en los detalles desagradables de los cr\u00edmenes (\u2026). Puntuaci\u00f3n: \u2605\u2605\u2605\u2605 (sobre 4)\u201d.<br \/>\nRoger Ebert: rogerebert.com<\/p>\n<p><strong>Estreno:<\/strong> 13\/10\/1952 (Trocadero)[\/vc_column_text][vc_empty_space height=\u00bb30px\u00bb el_class=\u00bbcyg&#8211;espacio-30&#8243;][\/vc_column][\/vc_row][vc_row el_class=\u00bbcyg&#8211;ficha\u00bb][vc_column width=\u00bb1\/2&#8243;][vc_row_inner][vc_column_inner][vc_column_text]<strong>Ficha Art\u00edstica:<\/strong><\/p>\n<p><span style=\"font-weight: 400\"><strong>Direcci\u00f3n:<\/strong> Robert Hamer<\/span><\/p>\n<p><span style=\"font-weight: 400\"><strong>Elenco:<\/strong> Dennis Price, Alec Guinness, Valerie Hobson<\/span>[\/vc_column_text][vc_empty_space height=\u00bb10&#8243; el_class=\u00bbcyg&#8211;espacio-10&#8243;][\/vc_column_inner][\/vc_row_inner][vc_row_inner][vc_column_inner][vc_empty_space height=\u00bb10&#8243; el_class=\u00bbcyg&#8211;espacio-10&#8243;][\/vc_column_inner][\/vc_row_inner][\/vc_column][vc_column width=\u00bb1\/2&#8243;][vc_row_inner][vc_column_inner][vc_empty_space height=\u00bb10&#8243; el_class=\u00bbcyg&#8211;espacio-10&#8243;][\/vc_column_inner][\/vc_row_inner][vc_row_inner][vc_column_inner][vc_empty_space height=\u00bb10&#8243; el_class=\u00bbcyg&#8211;espacio-10&#8243;][\/vc_column_inner][\/vc_row_inner][\/vc_column][\/vc_row][vc_row][vc_column][vc_empty_space height=\u00bb10px\u00bb][vc_column_text]<strong>Edad recomendada: <\/strong>Apta para todo p\u00fablico[\/vc_column_text][\/vc_column][\/vc_row][\/vc_section]<\/p>\n<\/div>","protected":false},"excerpt":{"rendered":"<p>Un cl\u00e1sico del cine brit\u00e1nico<\/p>\n","protected":false},"menu_order":0,"template":"","format":"standard","cuerpo-estable":[43],"etiqueta-espectaculo":[],"lugar":[17],"sala-espacio":[36],"acf":[],"yoast_head":"<!-- This site is optimized with the Yoast SEO plugin v21.7 - https:\/\/yoast.com\/wordpress\/plugins\/seo\/ -->\n<title>Los ocho sentenciados - Espect\u00e1culos<\/title>\n<meta name=\"description\" content=\"Un joven ambicioso y sin escr\u00fapulos (Dennis Price) proyecta vengar la afrenta que la aristocr\u00e1tica familia D&#039;Ascoyne, a la cual pertenece, les ha infligido a \u00e9l y a su madre. El plan consiste en eliminar a todos los miembros de la familia que le preceden en la sucesi\u00f3n al t\u00edtulo de Duque.\" \/>\n<meta name=\"robots\" content=\"index, follow, max-snippet:-1, max-image-preview:large, max-video-preview:-1\" \/>\n<link rel=\"canonical\" href=\"https:\/\/sodre.gub.uy\/espectaculos\/los-ocho-sentenciados\/\" \/>\n<meta property=\"og:locale\" content=\"es_ES\" \/>\n<meta property=\"og:type\" content=\"article\" \/>\n<meta property=\"og:title\" content=\"Los ocho sentenciados - Espect\u00e1culos\" \/>\n<meta property=\"og:description\" content=\"Un joven ambicioso y sin escr\u00fapulos (Dennis Price) proyecta vengar la afrenta que la aristocr\u00e1tica familia D&#039;Ascoyne, a la cual pertenece, les ha infligido a \u00e9l y a su madre. El plan consiste en eliminar a todos los miembros de la familia que le preceden en la sucesi\u00f3n al t\u00edtulo de Duque.\" \/>\n<meta property=\"og:url\" content=\"https:\/\/sodre.gub.uy\/espectaculos\/los-ocho-sentenciados\/\" \/>\n<meta property=\"og:site_name\" content=\"Espect\u00e1culos\" \/>\n<meta property=\"article:modified_time\" content=\"2025-06-04T16:28:08+00:00\" \/>\n<meta name=\"twitter:card\" content=\"summary_large_image\" \/>\n<meta name=\"twitter:label1\" content=\"Tiempo de lectura\" \/>\n\t<meta name=\"twitter:data1\" content=\"1 minuto\" \/>\n<script type=\"application\/ld+json\" class=\"yoast-schema-graph\">{\"@context\":\"https:\/\/schema.org\",\"@graph\":[{\"@type\":\"WebPage\",\"@id\":\"https:\/\/sodre.gub.uy\/espectaculos\/los-ocho-sentenciados\/\",\"url\":\"https:\/\/sodre.gub.uy\/espectaculos\/los-ocho-sentenciados\/\",\"name\":\"Los ocho sentenciados - Espect\u00e1culos\",\"isPartOf\":{\"@id\":\"https:\/\/sodre.gub.uy\/espectaculos\/#website\"},\"datePublished\":\"2025-05-29T13:41:48+00:00\",\"dateModified\":\"2025-06-04T16:28:08+00:00\",\"description\":\"Un joven ambicioso y sin escr\u00fapulos (Dennis Price) proyecta vengar la afrenta que la aristocr\u00e1tica familia D'Ascoyne, a la cual pertenece, les ha infligido a \u00e9l y a su madre. El plan consiste en eliminar a todos los miembros de la familia que le preceden en la sucesi\u00f3n al t\u00edtulo de Duque.\",\"inLanguage\":\"es\",\"potentialAction\":[{\"@type\":\"ReadAction\",\"target\":[\"https:\/\/sodre.gub.uy\/espectaculos\/los-ocho-sentenciados\/\"]}]},{\"@type\":\"WebSite\",\"@id\":\"https:\/\/sodre.gub.uy\/espectaculos\/#website\",\"url\":\"https:\/\/sodre.gub.uy\/espectaculos\/\",\"name\":\"Espect\u00e1culos\",\"description\":\"Servicio Oficial de Difusi\u00f3n, Representaciones y Espect\u00e1culos\",\"publisher\":{\"@id\":\"https:\/\/sodre.gub.uy\/espectaculos\/#organization\"},\"potentialAction\":[{\"@type\":\"SearchAction\",\"target\":{\"@type\":\"EntryPoint\",\"urlTemplate\":\"https:\/\/sodre.gub.uy\/espectaculos\/?s={search_term_string}\"},\"query-input\":\"required name=search_term_string\"}],\"inLanguage\":\"es\"},{\"@type\":\"Organization\",\"@id\":\"https:\/\/sodre.gub.uy\/espectaculos\/#organization\",\"name\":\"Espect\u00e1culos\",\"url\":\"https:\/\/sodre.gub.uy\/espectaculos\/\",\"logo\":{\"@type\":\"ImageObject\",\"inLanguage\":\"es\",\"@id\":\"https:\/\/sodre.gub.uy\/espectaculos\/#\/schema\/logo\/image\/\",\"url\":\"https:\/\/sodre.gub.uy\/espectaculos\/wp-content\/uploads\/sites\/2\/2023\/12\/logo-sodre-black.svg\",\"contentUrl\":\"https:\/\/sodre.gub.uy\/espectaculos\/wp-content\/uploads\/sites\/2\/2023\/12\/logo-sodre-black.svg\",\"caption\":\"Espect\u00e1culos\"},\"image\":{\"@id\":\"https:\/\/sodre.gub.uy\/espectaculos\/#\/schema\/logo\/image\/\"}}]}<\/script>\n<!-- \/ Yoast SEO plugin. -->","yoast_head_json":{"title":"Los ocho sentenciados - Espect\u00e1culos","description":"Un joven ambicioso y sin escr\u00fapulos (Dennis Price) proyecta vengar la afrenta que la aristocr\u00e1tica familia D'Ascoyne, a la cual pertenece, les ha infligido a \u00e9l y a su madre. El plan consiste en eliminar a todos los miembros de la familia que le preceden en la sucesi\u00f3n al t\u00edtulo de Duque.","robots":{"index":"index","follow":"follow","max-snippet":"max-snippet:-1","max-image-preview":"max-image-preview:large","max-video-preview":"max-video-preview:-1"},"canonical":"https:\/\/sodre.gub.uy\/espectaculos\/los-ocho-sentenciados\/","og_locale":"es_ES","og_type":"article","og_title":"Los ocho sentenciados - Espect\u00e1culos","og_description":"Un joven ambicioso y sin escr\u00fapulos (Dennis Price) proyecta vengar la afrenta que la aristocr\u00e1tica familia D'Ascoyne, a la cual pertenece, les ha infligido a \u00e9l y a su madre. El plan consiste en eliminar a todos los miembros de la familia que le preceden en la sucesi\u00f3n al t\u00edtulo de Duque.","og_url":"https:\/\/sodre.gub.uy\/espectaculos\/los-ocho-sentenciados\/","og_site_name":"Espect\u00e1culos","article_modified_time":"2025-06-04T16:28:08+00:00","twitter_card":"summary_large_image","twitter_misc":{"Tiempo de lectura":"1 minuto"},"schema":{"@context":"https:\/\/schema.org","@graph":[{"@type":"WebPage","@id":"https:\/\/sodre.gub.uy\/espectaculos\/los-ocho-sentenciados\/","url":"https:\/\/sodre.gub.uy\/espectaculos\/los-ocho-sentenciados\/","name":"Los ocho sentenciados - Espect\u00e1culos","isPartOf":{"@id":"https:\/\/sodre.gub.uy\/espectaculos\/#website"},"datePublished":"2025-05-29T13:41:48+00:00","dateModified":"2025-06-04T16:28:08+00:00","description":"Un joven ambicioso y sin escr\u00fapulos (Dennis Price) proyecta vengar la afrenta que la aristocr\u00e1tica familia D'Ascoyne, a la cual pertenece, les ha infligido a \u00e9l y a su madre. El plan consiste en eliminar a todos los miembros de la familia que le preceden en la sucesi\u00f3n al t\u00edtulo de Duque.","inLanguage":"es","potentialAction":[{"@type":"ReadAction","target":["https:\/\/sodre.gub.uy\/espectaculos\/los-ocho-sentenciados\/"]}]},{"@type":"WebSite","@id":"https:\/\/sodre.gub.uy\/espectaculos\/#website","url":"https:\/\/sodre.gub.uy\/espectaculos\/","name":"Espect\u00e1culos","description":"Servicio Oficial de Difusi\u00f3n, Representaciones y Espect\u00e1culos","publisher":{"@id":"https:\/\/sodre.gub.uy\/espectaculos\/#organization"},"potentialAction":[{"@type":"SearchAction","target":{"@type":"EntryPoint","urlTemplate":"https:\/\/sodre.gub.uy\/espectaculos\/?s={search_term_string}"},"query-input":"required name=search_term_string"}],"inLanguage":"es"},{"@type":"Organization","@id":"https:\/\/sodre.gub.uy\/espectaculos\/#organization","name":"Espect\u00e1culos","url":"https:\/\/sodre.gub.uy\/espectaculos\/","logo":{"@type":"ImageObject","inLanguage":"es","@id":"https:\/\/sodre.gub.uy\/espectaculos\/#\/schema\/logo\/image\/","url":"https:\/\/sodre.gub.uy\/espectaculos\/wp-content\/uploads\/sites\/2\/2023\/12\/logo-sodre-black.svg","contentUrl":"https:\/\/sodre.gub.uy\/espectaculos\/wp-content\/uploads\/sites\/2\/2023\/12\/logo-sodre-black.svg","caption":"Espect\u00e1culos"},"image":{"@id":"https:\/\/sodre.gub.uy\/espectaculos\/#\/schema\/logo\/image\/"}}]}},"_links":{"self":[{"href":"https:\/\/sodre.gub.uy\/espectaculos\/wp-json\/wp\/v2\/espectaculo\/8429"}],"collection":[{"href":"https:\/\/sodre.gub.uy\/espectaculos\/wp-json\/wp\/v2\/espectaculo"}],"about":[{"href":"https:\/\/sodre.gub.uy\/espectaculos\/wp-json\/wp\/v2\/types\/espectaculo"}],"version-history":[{"count":3,"href":"https:\/\/sodre.gub.uy\/espectaculos\/wp-json\/wp\/v2\/espectaculo\/8429\/revisions"}],"predecessor-version":[{"id":8524,"href":"https:\/\/sodre.gub.uy\/espectaculos\/wp-json\/wp\/v2\/espectaculo\/8429\/revisions\/8524"}],"wp:attachment":[{"href":"https:\/\/sodre.gub.uy\/espectaculos\/wp-json\/wp\/v2\/media?parent=8429"}],"wp:term":[{"taxonomy":"cuerpo-estable","embeddable":true,"href":"https:\/\/sodre.gub.uy\/espectaculos\/wp-json\/wp\/v2\/cuerpo-estable?post=8429"},{"taxonomy":"etiqueta-espectaculo","embeddable":true,"href":"https:\/\/sodre.gub.uy\/espectaculos\/wp-json\/wp\/v2\/etiqueta-espectaculo?post=8429"},{"taxonomy":"lugar","embeddable":true,"href":"https:\/\/sodre.gub.uy\/espectaculos\/wp-json\/wp\/v2\/lugar?post=8429"},{"taxonomy":"sala-espacio","embeddable":true,"href":"https:\/\/sodre.gub.uy\/espectaculos\/wp-json\/wp\/v2\/sala-espacio?post=8429"}],"curies":[{"name":"wp","href":"https:\/\/api.w.org\/{rel}","templated":true}]}}

<div class="wpb-content-wrapper"><p>[vc_section el_class=»content&#8211;espectaculo»][vc_row el_class=»cyg&#8211;descripcion»][vc_column][vc_column_text]Un joven ambicioso y sin escrúpulos (Dennis Price) proyecta vengar la afrenta que la aristocrática familia D’Ascoyne, a la cual pertenece, les ha infligido a él y a su madre. El plan consiste en eliminar a todos los miembros de la familia que le preceden en la sucesión al título de Duque.</p>
<p>“Price está impecable (…). Los asesinatos pueden ser entretenidos, siempre que la historia se apoye en las excentricidades del villano y no en los detalles desagradables de los crímenes (…). Puntuación: ★★★★ (sobre 4)”.<br />
Roger Ebert: rogerebert.com</p>
<p><strong>Estreno:</strong> 13/10/1952 (Trocadero)[/vc_column_text][vc_empty_space height=»30px» el_class=»cyg&#8211;espacio-30&#8243;][/vc_column][/vc_row][vc_row el_class=»cyg&#8211;ficha»][vc_column width=»1/2&#8243;][vc_row_inner][vc_column_inner][vc_column_text]<strong>Ficha Artística:</strong></p>
<p><span style="font-weight: 400"><strong>Dirección:</strong> Robert Hamer</span></p>
<p><span style="font-weight: 400"><strong>Elenco:</strong> Dennis Price, Alec Guinness, Valerie Hobson</span>[/vc_column_text][vc_empty_space height=»10&#8243; el_class=»cyg&#8211;espacio-10&#8243;][/vc_column_inner][/vc_row_inner][vc_row_inner][vc_column_inner][vc_empty_space height=»10&#8243; el_class=»cyg&#8211;espacio-10&#8243;][/vc_column_inner][/vc_row_inner][/vc_column][vc_column width=»1/2&#8243;][vc_row_inner][vc_column_inner][vc_empty_space height=»10&#8243; el_class=»cyg&#8211;espacio-10&#8243;][/vc_column_inner][/vc_row_inner][vc_row_inner][vc_column_inner][vc_empty_space height=»10&#8243; el_class=»cyg&#8211;espacio-10&#8243;][/vc_column_inner][/vc_row_inner][/vc_column][/vc_row][vc_row][vc_column][vc_empty_space height=»10px»][vc_column_text]<strong>Edad recomendada: </strong>Apta para todo público[/vc_column_text][/vc_column][/vc_row][/vc_section]</p>
</div>

<p>Un clásico del cine británico</p>

<!-- This site is optimized with the Yoast SEO plugin v21.7 - https://yoast.com/wordpress/plugins/seo/ -->
<title>Los ocho sentenciados - Espectáculos</title>
<meta name="description" content="Un joven ambicioso y sin escrúpulos (Dennis Price) proyecta vengar la afrenta que la aristocrática familia D&#039;Ascoyne, a la cual pertenece, les ha infligido a él y a su madre. El plan consiste en eliminar a todos los miembros de la familia que le preceden en la sucesión al título de Duque." />
<meta name="robots" content="index, follow, max-snippet:-1, max-image-preview:large, max-video-preview:-1" />
<link rel="canonical" href="https://sodre.gub.uy/espectaculos/los-ocho-sentenciados/" />
<meta property="og:locale" content="es_ES" />
<meta property="og:type" content="article" />
<meta property="og:title" content="Los ocho sentenciados - Espectáculos" />
<meta property="og:description" content="Un joven ambicioso y sin escrúpulos (Dennis Price) proyecta vengar la afrenta que la aristocrática familia D&#039;Ascoyne, a la cual pertenece, les ha infligido a él y a su madre. El plan consiste en eliminar a todos los miembros de la familia que le preceden en la sucesión al título de Duque." />
<meta property="og:url" content="https://sodre.gub.uy/espectaculos/los-ocho-sentenciados/" />
<meta property="og:site_name" content="Espectáculos" />
<meta property="article:modified_time" content="2025-06-04T16:28:08+00:00" />
<meta name="twitter:card" content="summary_large_image" />
<meta name="twitter:label1" content="Tiempo de lectura" />
	<meta name="twitter:data1" content="1 minuto" />
<script type="application/ld+json" class="yoast-schema-graph">{"@context":"https://schema.org","@graph":[{"@type":"WebPage","@id":"https://sodre.gub.uy/espectaculos/los-ocho-sentenciados/","url":"https://sodre.gub.uy/espectaculos/los-ocho-sentenciados/","name":"Los ocho sentenciados - Espectáculos","isPartOf":{"@id":"https://sodre.gub.uy/espectaculos/#website"},"datePublished":"2025-05-29T13:41:48+00:00","dateModified":"2025-06-04T16:28:08+00:00","description":"Un joven ambicioso y sin escrúpulos (Dennis Price) proyecta vengar la afrenta que la aristocrática familia D'Ascoyne, a la cual pertenece, les ha infligido a él y a su madre. El plan consiste en eliminar a todos los miembros de la familia que le preceden en la sucesión al título de Duque.","inLanguage":"es","potentialAction":[{"@type":"ReadAction","target":["https://sodre.gub.uy/espectaculos/los-ocho-sentenciados/"]}]},{"@type":"WebSite","@id":"https://sodre.gub.uy/espectaculos/#website","url":"https://sodre.gub.uy/espectaculos/","name":"Espectáculos","description":"Servicio Oficial de Difusión, Representaciones y Espectáculos","publisher":{"@id":"https://sodre.gub.uy/espectaculos/#organization"},"potentialAction":[{"@type":"SearchAction","target":{"@type":"EntryPoint","urlTemplate":"https://sodre.gub.uy/espectaculos/?s={search_term_string}"},"query-input":"required name=search_term_string"}],"inLanguage":"es"},{"@type":"Organization","@id":"https://sodre.gub.uy/espectaculos/#organization","name":"Espectáculos","url":"https://sodre.gub.uy/espectaculos/","logo":{"@type":"ImageObject","inLanguage":"es","@id":"https://sodre.gub.uy/espectaculos/#/schema/logo/image/","url":"https://sodre.gub.uy/espectaculos/wp-content/uploads/sites/2/2023/12/logo-sodre-black.svg","contentUrl":"https://sodre.gub.uy/espectaculos/wp-content/uploads/sites/2/2023/12/logo-sodre-black.svg","caption":"Espectáculos"},"image":{"@id":"https://sodre.gub.uy/espectaculos/#/schema/logo/image/"}}]}</script>
<!-- / Yoast SEO plugin. -->

Los ocho sentenciados - Espectáculos

Un joven ambicioso y sin escrúpulos (Dennis Price) proyecta vengar la afrenta que la aristocrática familia D'Ascoyne, a la cual pertenece, les ha infligido a él y a su madre. El plan consiste en eliminar a todos los miembros de la familia que le preceden en la sucesión al título de Duque.

Espectáculos

Servicio Oficial de Difusión, Representaciones y Espectáculos
