{"id":8294,"date":"2025-05-20T11:00:20","date_gmt":"2025-05-20T14:00:20","guid":{"rendered":"https:\/\/sodre.gub.uy\/espectaculos\/?post_type=espectaculo&#038;p=8294"},"modified":"2025-05-28T14:26:49","modified_gmt":"2025-05-28T17:26:49","slug":"un-lugar-donde-todas-podemos-estar","status":"publish","type":"espectaculo","link":"https:\/\/sodre.gub.uy\/espectaculos\/un-lugar-donde-todas-podemos-estar\/","title":{"rendered":"Un lugar donde todas podemos estar"},"content":{"rendered":"<div class=\"wpb-content-wrapper\"><p>[vc_section el_class=\u00bbcontent&#8211;espectaculo\u00bb][vc_row el_class=\u00bbcyg&#8211;descripcion\u00bb][vc_column][vc_column_text]Esta obra de danza, creada de forma colectiva, relata las historias que nos unen, las vivencias que nos hacen ser las mujeres que somos hoy.\u00a0 Junto al sentimiento de \u201cotredad\u201d, de ser distinta, emerge el desaf\u00edo de poder construir un proyecto de vida aqu\u00ed y ahora que guarda al mismo tiempo en la memoria el all\u00e1 y el ayer.<\/p>\n<p>Buscamos que la danza sea al mismo tiempo expresi\u00f3n de cuerpos emergentes de una situaci\u00f3n social y constructora de nuevas subjetividades, de nuevas formas de composici\u00f3n art\u00edstica.\u00a0 Que la danza sea un territorio de libertad, de encuentro, de disfrute.\u00a0 Nos apoyamos en las coincidencias y en las diferencias.[\/vc_column_text][vc_empty_space height=\u00bb30px\u00bb el_class=\u00bbcyg&#8211;espacio-30&#8243;][\/vc_column][\/vc_row][vc_row el_class=\u00bbcyg&#8211;ficha\u00bb][vc_column width=\u00bb1\/2&#8243;][vc_row_inner][vc_column_inner][vc_column_text]<strong>Ficha Art\u00edstica:<\/strong><\/p>\n<p><strong>Creaci\u00f3n e interpretaci\u00f3n:<\/strong> Cecilia Fraga, Elizabeth Pose, Fiama Falero, Giselle Garc\u00eda, Luc\u00eda Chiesa, Maia Russo, Marcia Patrone, Micaela Berni, Patricia Lemos, Sof\u00eda Cancela, Sof\u00eda de Armas, Valentina Alegari, Yanina Soria.<\/p>\n<p><strong>Dise\u00f1o espacial, vestuario y direcci\u00f3n de arte<\/strong>: Cecilia Carriquiry<\/p>\n<p><strong>Iluminaci\u00f3n y visuales:<\/strong> Luc\u00eda Acu\u00f1a<\/p>\n<p><strong>Producci\u00f3n:<\/strong> Colectiva Esquineras<\/p>\n<p><strong>Concepto y direcci\u00f3n general<\/strong>: Leticia Ehrlich.[\/vc_column_text][vc_empty_space height=\u00bb10&#8243; el_class=\u00bbcyg&#8211;espacio-10&#8243;][\/vc_column_inner][\/vc_row_inner][vc_row_inner][vc_column_inner][vc_empty_space height=\u00bb10&#8243; el_class=\u00bbcyg&#8211;espacio-10&#8243;][\/vc_column_inner][\/vc_row_inner][\/vc_column][vc_column width=\u00bb1\/2&#8243;][vc_row_inner][vc_column_inner][vc_empty_space height=\u00bb10&#8243; el_class=\u00bbcyg&#8211;espacio-10&#8243;][\/vc_column_inner][\/vc_row_inner][vc_row_inner][vc_column_inner][vc_empty_space height=\u00bb10&#8243; el_class=\u00bbcyg&#8211;espacio-10&#8243;][\/vc_column_inner][\/vc_row_inner][\/vc_column][\/vc_row][vc_row][vc_column][vc_empty_space height=\u00bb50px\u00bb][vc_column_text]<strong>Duraci\u00f3n:<\/strong> 55 min.[\/vc_column_text][vc_column_text]<strong>Edad recomendada: <\/strong>Apta para todo p\u00fablico.[\/vc_column_text][\/vc_column][\/vc_row][\/vc_section]<\/p>\n<\/div>","protected":false},"excerpt":{"rendered":"<p>Estreno<\/p>\n","protected":false},"menu_order":0,"template":"","format":"standard","cuerpo-estable":[29],"etiqueta-espectaculo":[55],"lugar":[16],"sala-espacio":[31],"acf":[],"yoast_head":"<!-- This site is optimized with the Yoast SEO plugin v21.7 - https:\/\/yoast.com\/wordpress\/plugins\/seo\/ -->\n<title>Un lugar donde todas podemos estar - Espect\u00e1culos<\/title>\n<meta name=\"description\" content=\"Esta obra de danza, creada de forma colectiva, relata las historias que nos unen, las vivencias que nos hacen ser las mujeres que somos hoy.\" \/>\n<meta name=\"robots\" content=\"index, follow, max-snippet:-1, max-image-preview:large, max-video-preview:-1\" \/>\n<link rel=\"canonical\" href=\"https:\/\/sodre.gub.uy\/espectaculos\/un-lugar-donde-todas-podemos-estar\/\" \/>\n<meta property=\"og:locale\" content=\"es_ES\" \/>\n<meta property=\"og:type\" content=\"article\" \/>\n<meta property=\"og:title\" content=\"Un lugar donde todas podemos estar - Espect\u00e1culos\" \/>\n<meta property=\"og:description\" content=\"Esta obra de danza, creada de forma colectiva, relata las historias que nos unen, las vivencias que nos hacen ser las mujeres que somos hoy.\" \/>\n<meta property=\"og:url\" content=\"https:\/\/sodre.gub.uy\/espectaculos\/un-lugar-donde-todas-podemos-estar\/\" \/>\n<meta property=\"og:site_name\" content=\"Espect\u00e1culos\" \/>\n<meta property=\"article:modified_time\" content=\"2025-05-28T17:26:49+00:00\" \/>\n<meta name=\"twitter:card\" content=\"summary_large_image\" \/>\n<meta name=\"twitter:label1\" content=\"Tiempo de lectura\" \/>\n\t<meta name=\"twitter:data1\" content=\"1 minuto\" \/>\n<script type=\"application\/ld+json\" class=\"yoast-schema-graph\">{\"@context\":\"https:\/\/schema.org\",\"@graph\":[{\"@type\":\"WebPage\",\"@id\":\"https:\/\/sodre.gub.uy\/espectaculos\/un-lugar-donde-todas-podemos-estar\/\",\"url\":\"https:\/\/sodre.gub.uy\/espectaculos\/un-lugar-donde-todas-podemos-estar\/\",\"name\":\"Un lugar donde todas podemos estar - Espect\u00e1culos\",\"isPartOf\":{\"@id\":\"https:\/\/sodre.gub.uy\/espectaculos\/#website\"},\"datePublished\":\"2025-05-20T14:00:20+00:00\",\"dateModified\":\"2025-05-28T17:26:49+00:00\",\"description\":\"Esta obra de danza, creada de forma colectiva, relata las historias que nos unen, las vivencias que nos hacen ser las mujeres que somos hoy.\",\"inLanguage\":\"es\",\"potentialAction\":[{\"@type\":\"ReadAction\",\"target\":[\"https:\/\/sodre.gub.uy\/espectaculos\/un-lugar-donde-todas-podemos-estar\/\"]}]},{\"@type\":\"WebSite\",\"@id\":\"https:\/\/sodre.gub.uy\/espectaculos\/#website\",\"url\":\"https:\/\/sodre.gub.uy\/espectaculos\/\",\"name\":\"Espect\u00e1culos\",\"description\":\"Servicio Oficial de Difusi\u00f3n, Representaciones y Espect\u00e1culos\",\"publisher\":{\"@id\":\"https:\/\/sodre.gub.uy\/espectaculos\/#organization\"},\"potentialAction\":[{\"@type\":\"SearchAction\",\"target\":{\"@type\":\"EntryPoint\",\"urlTemplate\":\"https:\/\/sodre.gub.uy\/espectaculos\/?s={search_term_string}\"},\"query-input\":\"required name=search_term_string\"}],\"inLanguage\":\"es\"},{\"@type\":\"Organization\",\"@id\":\"https:\/\/sodre.gub.uy\/espectaculos\/#organization\",\"name\":\"Espect\u00e1culos\",\"url\":\"https:\/\/sodre.gub.uy\/espectaculos\/\",\"logo\":{\"@type\":\"ImageObject\",\"inLanguage\":\"es\",\"@id\":\"https:\/\/sodre.gub.uy\/espectaculos\/#\/schema\/logo\/image\/\",\"url\":\"https:\/\/sodre.gub.uy\/espectaculos\/wp-content\/uploads\/sites\/2\/2023\/12\/logo-sodre-black.svg\",\"contentUrl\":\"https:\/\/sodre.gub.uy\/espectaculos\/wp-content\/uploads\/sites\/2\/2023\/12\/logo-sodre-black.svg\",\"caption\":\"Espect\u00e1culos\"},\"image\":{\"@id\":\"https:\/\/sodre.gub.uy\/espectaculos\/#\/schema\/logo\/image\/\"}}]}<\/script>\n<!-- \/ Yoast SEO plugin. -->","yoast_head_json":{"title":"Un lugar donde todas podemos estar - Espect\u00e1culos","description":"Esta obra de danza, creada de forma colectiva, relata las historias que nos unen, las vivencias que nos hacen ser las mujeres que somos hoy.","robots":{"index":"index","follow":"follow","max-snippet":"max-snippet:-1","max-image-preview":"max-image-preview:large","max-video-preview":"max-video-preview:-1"},"canonical":"https:\/\/sodre.gub.uy\/espectaculos\/un-lugar-donde-todas-podemos-estar\/","og_locale":"es_ES","og_type":"article","og_title":"Un lugar donde todas podemos estar - Espect\u00e1culos","og_description":"Esta obra de danza, creada de forma colectiva, relata las historias que nos unen, las vivencias que nos hacen ser las mujeres que somos hoy.","og_url":"https:\/\/sodre.gub.uy\/espectaculos\/un-lugar-donde-todas-podemos-estar\/","og_site_name":"Espect\u00e1culos","article_modified_time":"2025-05-28T17:26:49+00:00","twitter_card":"summary_large_image","twitter_misc":{"Tiempo de lectura":"1 minuto"},"schema":{"@context":"https:\/\/schema.org","@graph":[{"@type":"WebPage","@id":"https:\/\/sodre.gub.uy\/espectaculos\/un-lugar-donde-todas-podemos-estar\/","url":"https:\/\/sodre.gub.uy\/espectaculos\/un-lugar-donde-todas-podemos-estar\/","name":"Un lugar donde todas podemos estar - Espect\u00e1culos","isPartOf":{"@id":"https:\/\/sodre.gub.uy\/espectaculos\/#website"},"datePublished":"2025-05-20T14:00:20+00:00","dateModified":"2025-05-28T17:26:49+00:00","description":"Esta obra de danza, creada de forma colectiva, relata las historias que nos unen, las vivencias que nos hacen ser las mujeres que somos hoy.","inLanguage":"es","potentialAction":[{"@type":"ReadAction","target":["https:\/\/sodre.gub.uy\/espectaculos\/un-lugar-donde-todas-podemos-estar\/"]}]},{"@type":"WebSite","@id":"https:\/\/sodre.gub.uy\/espectaculos\/#website","url":"https:\/\/sodre.gub.uy\/espectaculos\/","name":"Espect\u00e1culos","description":"Servicio Oficial de Difusi\u00f3n, Representaciones y Espect\u00e1culos","publisher":{"@id":"https:\/\/sodre.gub.uy\/espectaculos\/#organization"},"potentialAction":[{"@type":"SearchAction","target":{"@type":"EntryPoint","urlTemplate":"https:\/\/sodre.gub.uy\/espectaculos\/?s={search_term_string}"},"query-input":"required name=search_term_string"}],"inLanguage":"es"},{"@type":"Organization","@id":"https:\/\/sodre.gub.uy\/espectaculos\/#organization","name":"Espect\u00e1culos","url":"https:\/\/sodre.gub.uy\/espectaculos\/","logo":{"@type":"ImageObject","inLanguage":"es","@id":"https:\/\/sodre.gub.uy\/espectaculos\/#\/schema\/logo\/image\/","url":"https:\/\/sodre.gub.uy\/espectaculos\/wp-content\/uploads\/sites\/2\/2023\/12\/logo-sodre-black.svg","contentUrl":"https:\/\/sodre.gub.uy\/espectaculos\/wp-content\/uploads\/sites\/2\/2023\/12\/logo-sodre-black.svg","caption":"Espect\u00e1culos"},"image":{"@id":"https:\/\/sodre.gub.uy\/espectaculos\/#\/schema\/logo\/image\/"}}]}},"_links":{"self":[{"href":"https:\/\/sodre.gub.uy\/espectaculos\/wp-json\/wp\/v2\/espectaculo\/8294"}],"collection":[{"href":"https:\/\/sodre.gub.uy\/espectaculos\/wp-json\/wp\/v2\/espectaculo"}],"about":[{"href":"https:\/\/sodre.gub.uy\/espectaculos\/wp-json\/wp\/v2\/types\/espectaculo"}],"version-history":[{"count":4,"href":"https:\/\/sodre.gub.uy\/espectaculos\/wp-json\/wp\/v2\/espectaculo\/8294\/revisions"}],"predecessor-version":[{"id":8426,"href":"https:\/\/sodre.gub.uy\/espectaculos\/wp-json\/wp\/v2\/espectaculo\/8294\/revisions\/8426"}],"wp:attachment":[{"href":"https:\/\/sodre.gub.uy\/espectaculos\/wp-json\/wp\/v2\/media?parent=8294"}],"wp:term":[{"taxonomy":"cuerpo-estable","embeddable":true,"href":"https:\/\/sodre.gub.uy\/espectaculos\/wp-json\/wp\/v2\/cuerpo-estable?post=8294"},{"taxonomy":"etiqueta-espectaculo","embeddable":true,"href":"https:\/\/sodre.gub.uy\/espectaculos\/wp-json\/wp\/v2\/etiqueta-espectaculo?post=8294"},{"taxonomy":"lugar","embeddable":true,"href":"https:\/\/sodre.gub.uy\/espectaculos\/wp-json\/wp\/v2\/lugar?post=8294"},{"taxonomy":"sala-espacio","embeddable":true,"href":"https:\/\/sodre.gub.uy\/espectaculos\/wp-json\/wp\/v2\/sala-espacio?post=8294"}],"curies":[{"name":"wp","href":"https:\/\/api.w.org\/{rel}","templated":true}]}}

<div class="wpb-content-wrapper"><p>[vc_section el_class=»content&#8211;espectaculo»][vc_row el_class=»cyg&#8211;descripcion»][vc_column][vc_column_text]Esta obra de danza, creada de forma colectiva, relata las historias que nos unen, las vivencias que nos hacen ser las mujeres que somos hoy.  Junto al sentimiento de “otredad”, de ser distinta, emerge el desafío de poder construir un proyecto de vida aquí y ahora que guarda al mismo tiempo en la memoria el allá y el ayer.</p>
<p>Buscamos que la danza sea al mismo tiempo expresión de cuerpos emergentes de una situación social y constructora de nuevas subjetividades, de nuevas formas de composición artística.  Que la danza sea un territorio de libertad, de encuentro, de disfrute.  Nos apoyamos en las coincidencias y en las diferencias.[/vc_column_text][vc_empty_space height=»30px» el_class=»cyg&#8211;espacio-30&#8243;][/vc_column][/vc_row][vc_row el_class=»cyg&#8211;ficha»][vc_column width=»1/2&#8243;][vc_row_inner][vc_column_inner][vc_column_text]<strong>Ficha Artística:</strong></p>
<p><strong>Creación e interpretación:</strong> Cecilia Fraga, Elizabeth Pose, Fiama Falero, Giselle García, Lucía Chiesa, Maia Russo, Marcia Patrone, Micaela Berni, Patricia Lemos, Sofía Cancela, Sofía de Armas, Valentina Alegari, Yanina Soria.</p>
<p><strong>Diseño espacial, vestuario y dirección de arte</strong>: Cecilia Carriquiry</p>
<p><strong>Iluminación y visuales:</strong> Lucía Acuña</p>
<p><strong>Producción:</strong> Colectiva Esquineras</p>
<p><strong>Concepto y dirección general</strong>: Leticia Ehrlich.[/vc_column_text][vc_empty_space height=»10&#8243; el_class=»cyg&#8211;espacio-10&#8243;][/vc_column_inner][/vc_row_inner][vc_row_inner][vc_column_inner][vc_empty_space height=»10&#8243; el_class=»cyg&#8211;espacio-10&#8243;][/vc_column_inner][/vc_row_inner][/vc_column][vc_column width=»1/2&#8243;][vc_row_inner][vc_column_inner][vc_empty_space height=»10&#8243; el_class=»cyg&#8211;espacio-10&#8243;][/vc_column_inner][/vc_row_inner][vc_row_inner][vc_column_inner][vc_empty_space height=»10&#8243; el_class=»cyg&#8211;espacio-10&#8243;][/vc_column_inner][/vc_row_inner][/vc_column][/vc_row][vc_row][vc_column][vc_empty_space height=»50px»][vc_column_text]<strong>Duración:</strong> 55 min.[/vc_column_text][vc_column_text]<strong>Edad recomendada: </strong>Apta para todo público.[/vc_column_text][/vc_column][/vc_row][/vc_section]</p>
</div>

<!-- This site is optimized with the Yoast SEO plugin v21.7 - https://yoast.com/wordpress/plugins/seo/ -->
<title>Un lugar donde todas podemos estar - Espectáculos</title>
<meta name="description" content="Esta obra de danza, creada de forma colectiva, relata las historias que nos unen, las vivencias que nos hacen ser las mujeres que somos hoy." />
<meta name="robots" content="index, follow, max-snippet:-1, max-image-preview:large, max-video-preview:-1" />
<link rel="canonical" href="https://sodre.gub.uy/espectaculos/un-lugar-donde-todas-podemos-estar/" />
<meta property="og:locale" content="es_ES" />
<meta property="og:type" content="article" />
<meta property="og:title" content="Un lugar donde todas podemos estar - Espectáculos" />
<meta property="og:description" content="Esta obra de danza, creada de forma colectiva, relata las historias que nos unen, las vivencias que nos hacen ser las mujeres que somos hoy." />
<meta property="og:url" content="https://sodre.gub.uy/espectaculos/un-lugar-donde-todas-podemos-estar/" />
<meta property="og:site_name" content="Espectáculos" />
<meta property="article:modified_time" content="2025-05-28T17:26:49+00:00" />
<meta name="twitter:card" content="summary_large_image" />
<meta name="twitter:label1" content="Tiempo de lectura" />
	<meta name="twitter:data1" content="1 minuto" />
<script type="application/ld+json" class="yoast-schema-graph">{"@context":"https://schema.org","@graph":[{"@type":"WebPage","@id":"https://sodre.gub.uy/espectaculos/un-lugar-donde-todas-podemos-estar/","url":"https://sodre.gub.uy/espectaculos/un-lugar-donde-todas-podemos-estar/","name":"Un lugar donde todas podemos estar - Espectáculos","isPartOf":{"@id":"https://sodre.gub.uy/espectaculos/#website"},"datePublished":"2025-05-20T14:00:20+00:00","dateModified":"2025-05-28T17:26:49+00:00","description":"Esta obra de danza, creada de forma colectiva, relata las historias que nos unen, las vivencias que nos hacen ser las mujeres que somos hoy.","inLanguage":"es","potentialAction":[{"@type":"ReadAction","target":["https://sodre.gub.uy/espectaculos/un-lugar-donde-todas-podemos-estar/"]}]},{"@type":"WebSite","@id":"https://sodre.gub.uy/espectaculos/#website","url":"https://sodre.gub.uy/espectaculos/","name":"Espectáculos","description":"Servicio Oficial de Difusión, Representaciones y Espectáculos","publisher":{"@id":"https://sodre.gub.uy/espectaculos/#organization"},"potentialAction":[{"@type":"SearchAction","target":{"@type":"EntryPoint","urlTemplate":"https://sodre.gub.uy/espectaculos/?s={search_term_string}"},"query-input":"required name=search_term_string"}],"inLanguage":"es"},{"@type":"Organization","@id":"https://sodre.gub.uy/espectaculos/#organization","name":"Espectáculos","url":"https://sodre.gub.uy/espectaculos/","logo":{"@type":"ImageObject","inLanguage":"es","@id":"https://sodre.gub.uy/espectaculos/#/schema/logo/image/","url":"https://sodre.gub.uy/espectaculos/wp-content/uploads/sites/2/2023/12/logo-sodre-black.svg","contentUrl":"https://sodre.gub.uy/espectaculos/wp-content/uploads/sites/2/2023/12/logo-sodre-black.svg","caption":"Espectáculos"},"image":{"@id":"https://sodre.gub.uy/espectaculos/#/schema/logo/image/"}}]}</script>
<!-- / Yoast SEO plugin. -->

Un lugar donde todas podemos estar - Espectáculos

Espectáculos

Servicio Oficial de Difusión, Representaciones y Espectáculos
