{"id":8164,"date":"2025-05-05T12:51:01","date_gmt":"2025-05-05T15:51:01","guid":{"rendered":"https:\/\/sodre.gub.uy\/espectaculos\/?post_type=espectaculo&#038;p=8164"},"modified":"2025-05-20T14:59:34","modified_gmt":"2025-05-20T17:59:34","slug":"mazel-tov","status":"publish","type":"espectaculo","link":"https:\/\/sodre.gub.uy\/espectaculos\/mazel-tov\/","title":{"rendered":"Mazel tov"},"content":{"rendered":"<div class=\"wpb-content-wrapper\"><p>[vc_section el_class=\u00bbcontent&#8211;espectaculo\u00bb][vc_row el_class=\u00bbcyg&#8211;descripcion\u00bb][vc_column][vc_column_text]Dar\u00edo Roitman vive en Estados Unidos y viajar\u00e1 a su ciudad natal para asistir a la boda de su hermana Daniela y a la bat mitzv\u00e1 de su sobrina, pero, en realidad, lo que quiere es volver para recomponer los v\u00ednculos familiares, ya que est\u00e1 distanciado de su padre y de sus hermanos. Todo su plan vuela por los aires cuando, pocas horas antes de subir al avi\u00f3n, recibe una noticia arrasadora: Salo, su padre, acaba de morir. Mientras los Roitman se re\u00fanen para el funeral, las viejas heridas resurgen y las tensiones de larga data llegan a un punto de ebullici\u00f3n. A pesar de la agitaci\u00f3n emocional, Dar\u00edo sigue decidido a celebrar tanto la boda como el bat Mitzvah, incluso si eso significa desafiar la tradici\u00f3n y arriesgarse a m\u00e1s discordias.[\/vc_column_text][vc_empty_space height=\u00bb30px\u00bb el_class=\u00bbcyg&#8211;espacio-30&#8243;][\/vc_column][\/vc_row][vc_row el_class=\u00bbcyg&#8211;ficha\u00bb][vc_column width=\u00bb1\/2&#8243;][vc_row_inner][vc_column_inner][vc_column_text]<strong>Ficha Art\u00edstica:<\/strong><\/p>\n<p><b>Direcci\u00f3n<\/b>: Adri\u00e1n Suar<\/p>\n<p><b>Con<\/b>: Adri\u00e1n Suar \u00b7 Fern\u00e1n Mir\u00e1s \u00b7 Natalie P\u00e9rez \u00b7 Benjam\u00edn Rojas \u00b7 Rodolfo Ranni \u00b7 Aar\u00f3n Palomino<\/p>\n<p><b>Pa\u00eds: <\/b>Argentina \u00a0<b><\/b>[\/vc_column_text][vc_empty_space height=\u00bb10&#8243; el_class=\u00bbcyg&#8211;espacio-10&#8243;][\/vc_column_inner][\/vc_row_inner][vc_row_inner][vc_column_inner][vc_empty_space height=\u00bb10&#8243; el_class=\u00bbcyg&#8211;espacio-10&#8243;][\/vc_column_inner][\/vc_row_inner][\/vc_column][vc_column width=\u00bb1\/2&#8243;][vc_row_inner][vc_column_inner][vc_empty_space height=\u00bb10&#8243; el_class=\u00bbcyg&#8211;espacio-10&#8243;][\/vc_column_inner][\/vc_row_inner][vc_row_inner][vc_column_inner][vc_empty_space height=\u00bb10&#8243; el_class=\u00bbcyg&#8211;espacio-10&#8243;][\/vc_column_inner][\/vc_row_inner][\/vc_column][\/vc_row][vc_row][vc_column][vc_empty_space height=\u00bb10px\u00bb][vc_column_text]<strong>A\u00f1o:<\/strong> 2025[\/vc_column_text][vc_column_text]<strong>Duraci\u00f3n:<\/strong> 97 min.[\/vc_column_text][vc_column_text]<strong>Edad recomendada: <\/strong>Apta para mayores de 13 a\u00f1os[\/vc_column_text][\/vc_column][\/vc_row][\/vc_section]<\/p>\n<\/div>","protected":false},"excerpt":{"rendered":"<p>Estreno<\/p>\n","protected":false},"menu_order":0,"template":"","format":"standard","cuerpo-estable":[42],"etiqueta-espectaculo":[],"lugar":[17],"sala-espacio":[36],"acf":[],"yoast_head":"<!-- This site is optimized with the Yoast SEO plugin v21.7 - https:\/\/yoast.com\/wordpress\/plugins\/seo\/ -->\n<title>Mazel tov - Espect\u00e1culos<\/title>\n<meta name=\"description\" content=\"Dar\u00edo Roitman vive en Estados Unidos y viajar\u00e1 a su ciudad natal para asistir a la boda de su hermana Daniela y a la bat mitzv\u00e1 de su sobrina.\" \/>\n<meta name=\"robots\" content=\"index, follow, max-snippet:-1, max-image-preview:large, max-video-preview:-1\" \/>\n<link rel=\"canonical\" href=\"https:\/\/sodre.gub.uy\/espectaculos\/mazel-tov\/\" \/>\n<meta property=\"og:locale\" content=\"es_ES\" \/>\n<meta property=\"og:type\" content=\"article\" \/>\n<meta property=\"og:title\" content=\"Mazel tov - Espect\u00e1culos\" \/>\n<meta property=\"og:description\" content=\"Dar\u00edo Roitman vive en Estados Unidos y viajar\u00e1 a su ciudad natal para asistir a la boda de su hermana Daniela y a la bat mitzv\u00e1 de su sobrina.\" \/>\n<meta property=\"og:url\" content=\"https:\/\/sodre.gub.uy\/espectaculos\/mazel-tov\/\" \/>\n<meta property=\"og:site_name\" content=\"Espect\u00e1culos\" \/>\n<meta property=\"article:modified_time\" content=\"2025-05-20T17:59:34+00:00\" \/>\n<meta name=\"twitter:card\" content=\"summary_large_image\" \/>\n<meta name=\"twitter:label1\" content=\"Tiempo de lectura\" \/>\n\t<meta name=\"twitter:data1\" content=\"1 minuto\" \/>\n<script type=\"application\/ld+json\" class=\"yoast-schema-graph\">{\"@context\":\"https:\/\/schema.org\",\"@graph\":[{\"@type\":\"WebPage\",\"@id\":\"https:\/\/sodre.gub.uy\/espectaculos\/mazel-tov\/\",\"url\":\"https:\/\/sodre.gub.uy\/espectaculos\/mazel-tov\/\",\"name\":\"Mazel tov - Espect\u00e1culos\",\"isPartOf\":{\"@id\":\"https:\/\/sodre.gub.uy\/espectaculos\/#website\"},\"datePublished\":\"2025-05-05T15:51:01+00:00\",\"dateModified\":\"2025-05-20T17:59:34+00:00\",\"description\":\"Dar\u00edo Roitman vive en Estados Unidos y viajar\u00e1 a su ciudad natal para asistir a la boda de su hermana Daniela y a la bat mitzv\u00e1 de su sobrina.\",\"inLanguage\":\"es\",\"potentialAction\":[{\"@type\":\"ReadAction\",\"target\":[\"https:\/\/sodre.gub.uy\/espectaculos\/mazel-tov\/\"]}]},{\"@type\":\"WebSite\",\"@id\":\"https:\/\/sodre.gub.uy\/espectaculos\/#website\",\"url\":\"https:\/\/sodre.gub.uy\/espectaculos\/\",\"name\":\"Espect\u00e1culos\",\"description\":\"Servicio Oficial de Difusi\u00f3n, Representaciones y Espect\u00e1culos\",\"publisher\":{\"@id\":\"https:\/\/sodre.gub.uy\/espectaculos\/#organization\"},\"potentialAction\":[{\"@type\":\"SearchAction\",\"target\":{\"@type\":\"EntryPoint\",\"urlTemplate\":\"https:\/\/sodre.gub.uy\/espectaculos\/?s={search_term_string}\"},\"query-input\":\"required name=search_term_string\"}],\"inLanguage\":\"es\"},{\"@type\":\"Organization\",\"@id\":\"https:\/\/sodre.gub.uy\/espectaculos\/#organization\",\"name\":\"Espect\u00e1culos\",\"url\":\"https:\/\/sodre.gub.uy\/espectaculos\/\",\"logo\":{\"@type\":\"ImageObject\",\"inLanguage\":\"es\",\"@id\":\"https:\/\/sodre.gub.uy\/espectaculos\/#\/schema\/logo\/image\/\",\"url\":\"https:\/\/sodre.gub.uy\/espectaculos\/wp-content\/uploads\/sites\/2\/2023\/12\/logo-sodre-black.svg\",\"contentUrl\":\"https:\/\/sodre.gub.uy\/espectaculos\/wp-content\/uploads\/sites\/2\/2023\/12\/logo-sodre-black.svg\",\"caption\":\"Espect\u00e1culos\"},\"image\":{\"@id\":\"https:\/\/sodre.gub.uy\/espectaculos\/#\/schema\/logo\/image\/\"}}]}<\/script>\n<!-- \/ Yoast SEO plugin. -->","yoast_head_json":{"title":"Mazel tov - Espect\u00e1culos","description":"Dar\u00edo Roitman vive en Estados Unidos y viajar\u00e1 a su ciudad natal para asistir a la boda de su hermana Daniela y a la bat mitzv\u00e1 de su sobrina.","robots":{"index":"index","follow":"follow","max-snippet":"max-snippet:-1","max-image-preview":"max-image-preview:large","max-video-preview":"max-video-preview:-1"},"canonical":"https:\/\/sodre.gub.uy\/espectaculos\/mazel-tov\/","og_locale":"es_ES","og_type":"article","og_title":"Mazel tov - Espect\u00e1culos","og_description":"Dar\u00edo Roitman vive en Estados Unidos y viajar\u00e1 a su ciudad natal para asistir a la boda de su hermana Daniela y a la bat mitzv\u00e1 de su sobrina.","og_url":"https:\/\/sodre.gub.uy\/espectaculos\/mazel-tov\/","og_site_name":"Espect\u00e1culos","article_modified_time":"2025-05-20T17:59:34+00:00","twitter_card":"summary_large_image","twitter_misc":{"Tiempo de lectura":"1 minuto"},"schema":{"@context":"https:\/\/schema.org","@graph":[{"@type":"WebPage","@id":"https:\/\/sodre.gub.uy\/espectaculos\/mazel-tov\/","url":"https:\/\/sodre.gub.uy\/espectaculos\/mazel-tov\/","name":"Mazel tov - Espect\u00e1culos","isPartOf":{"@id":"https:\/\/sodre.gub.uy\/espectaculos\/#website"},"datePublished":"2025-05-05T15:51:01+00:00","dateModified":"2025-05-20T17:59:34+00:00","description":"Dar\u00edo Roitman vive en Estados Unidos y viajar\u00e1 a su ciudad natal para asistir a la boda de su hermana Daniela y a la bat mitzv\u00e1 de su sobrina.","inLanguage":"es","potentialAction":[{"@type":"ReadAction","target":["https:\/\/sodre.gub.uy\/espectaculos\/mazel-tov\/"]}]},{"@type":"WebSite","@id":"https:\/\/sodre.gub.uy\/espectaculos\/#website","url":"https:\/\/sodre.gub.uy\/espectaculos\/","name":"Espect\u00e1culos","description":"Servicio Oficial de Difusi\u00f3n, Representaciones y Espect\u00e1culos","publisher":{"@id":"https:\/\/sodre.gub.uy\/espectaculos\/#organization"},"potentialAction":[{"@type":"SearchAction","target":{"@type":"EntryPoint","urlTemplate":"https:\/\/sodre.gub.uy\/espectaculos\/?s={search_term_string}"},"query-input":"required name=search_term_string"}],"inLanguage":"es"},{"@type":"Organization","@id":"https:\/\/sodre.gub.uy\/espectaculos\/#organization","name":"Espect\u00e1culos","url":"https:\/\/sodre.gub.uy\/espectaculos\/","logo":{"@type":"ImageObject","inLanguage":"es","@id":"https:\/\/sodre.gub.uy\/espectaculos\/#\/schema\/logo\/image\/","url":"https:\/\/sodre.gub.uy\/espectaculos\/wp-content\/uploads\/sites\/2\/2023\/12\/logo-sodre-black.svg","contentUrl":"https:\/\/sodre.gub.uy\/espectaculos\/wp-content\/uploads\/sites\/2\/2023\/12\/logo-sodre-black.svg","caption":"Espect\u00e1culos"},"image":{"@id":"https:\/\/sodre.gub.uy\/espectaculos\/#\/schema\/logo\/image\/"}}]}},"_links":{"self":[{"href":"https:\/\/sodre.gub.uy\/espectaculos\/wp-json\/wp\/v2\/espectaculo\/8164"}],"collection":[{"href":"https:\/\/sodre.gub.uy\/espectaculos\/wp-json\/wp\/v2\/espectaculo"}],"about":[{"href":"https:\/\/sodre.gub.uy\/espectaculos\/wp-json\/wp\/v2\/types\/espectaculo"}],"version-history":[{"count":5,"href":"https:\/\/sodre.gub.uy\/espectaculos\/wp-json\/wp\/v2\/espectaculo\/8164\/revisions"}],"predecessor-version":[{"id":8331,"href":"https:\/\/sodre.gub.uy\/espectaculos\/wp-json\/wp\/v2\/espectaculo\/8164\/revisions\/8331"}],"wp:attachment":[{"href":"https:\/\/sodre.gub.uy\/espectaculos\/wp-json\/wp\/v2\/media?parent=8164"}],"wp:term":[{"taxonomy":"cuerpo-estable","embeddable":true,"href":"https:\/\/sodre.gub.uy\/espectaculos\/wp-json\/wp\/v2\/cuerpo-estable?post=8164"},{"taxonomy":"etiqueta-espectaculo","embeddable":true,"href":"https:\/\/sodre.gub.uy\/espectaculos\/wp-json\/wp\/v2\/etiqueta-espectaculo?post=8164"},{"taxonomy":"lugar","embeddable":true,"href":"https:\/\/sodre.gub.uy\/espectaculos\/wp-json\/wp\/v2\/lugar?post=8164"},{"taxonomy":"sala-espacio","embeddable":true,"href":"https:\/\/sodre.gub.uy\/espectaculos\/wp-json\/wp\/v2\/sala-espacio?post=8164"}],"curies":[{"name":"wp","href":"https:\/\/api.w.org\/{rel}","templated":true}]}}

<div class="wpb-content-wrapper"><p>[vc_section el_class=»content&#8211;espectaculo»][vc_row el_class=»cyg&#8211;descripcion»][vc_column][vc_column_text]Darío Roitman vive en Estados Unidos y viajará a su ciudad natal para asistir a la boda de su hermana Daniela y a la bat mitzvá de su sobrina, pero, en realidad, lo que quiere es volver para recomponer los vínculos familiares, ya que está distanciado de su padre y de sus hermanos. Todo su plan vuela por los aires cuando, pocas horas antes de subir al avión, recibe una noticia arrasadora: Salo, su padre, acaba de morir. Mientras los Roitman se reúnen para el funeral, las viejas heridas resurgen y las tensiones de larga data llegan a un punto de ebullición. A pesar de la agitación emocional, Darío sigue decidido a celebrar tanto la boda como el bat Mitzvah, incluso si eso significa desafiar la tradición y arriesgarse a más discordias.[/vc_column_text][vc_empty_space height=»30px» el_class=»cyg&#8211;espacio-30&#8243;][/vc_column][/vc_row][vc_row el_class=»cyg&#8211;ficha»][vc_column width=»1/2&#8243;][vc_row_inner][vc_column_inner][vc_column_text]<strong>Ficha Artística:</strong></p>
<p><b>Dirección</b>: Adrián Suar</p>
<p><b>Con</b>: Adrián Suar · Fernán Mirás · Natalie Pérez · Benjamín Rojas · Rodolfo Ranni · Aarón Palomino</p>
<p><b>País: </b>Argentina  <b></b>[/vc_column_text][vc_empty_space height=»10&#8243; el_class=»cyg&#8211;espacio-10&#8243;][/vc_column_inner][/vc_row_inner][vc_row_inner][vc_column_inner][vc_empty_space height=»10&#8243; el_class=»cyg&#8211;espacio-10&#8243;][/vc_column_inner][/vc_row_inner][/vc_column][vc_column width=»1/2&#8243;][vc_row_inner][vc_column_inner][vc_empty_space height=»10&#8243; el_class=»cyg&#8211;espacio-10&#8243;][/vc_column_inner][/vc_row_inner][vc_row_inner][vc_column_inner][vc_empty_space height=»10&#8243; el_class=»cyg&#8211;espacio-10&#8243;][/vc_column_inner][/vc_row_inner][/vc_column][/vc_row][vc_row][vc_column][vc_empty_space height=»10px»][vc_column_text]<strong>Año:</strong> 2025[/vc_column_text][vc_column_text]<strong>Duración:</strong> 97 min.[/vc_column_text][vc_column_text]<strong>Edad recomendada: </strong>Apta para mayores de 13 años[/vc_column_text][/vc_column][/vc_row][/vc_section]</p>
</div>

<!-- This site is optimized with the Yoast SEO plugin v21.7 - https://yoast.com/wordpress/plugins/seo/ -->
<title>Mazel tov - Espectáculos</title>
<meta name="description" content="Darío Roitman vive en Estados Unidos y viajará a su ciudad natal para asistir a la boda de su hermana Daniela y a la bat mitzvá de su sobrina." />
<meta name="robots" content="index, follow, max-snippet:-1, max-image-preview:large, max-video-preview:-1" />
<link rel="canonical" href="https://sodre.gub.uy/espectaculos/mazel-tov/" />
<meta property="og:locale" content="es_ES" />
<meta property="og:type" content="article" />
<meta property="og:title" content="Mazel tov - Espectáculos" />
<meta property="og:description" content="Darío Roitman vive en Estados Unidos y viajará a su ciudad natal para asistir a la boda de su hermana Daniela y a la bat mitzvá de su sobrina." />
<meta property="og:url" content="https://sodre.gub.uy/espectaculos/mazel-tov/" />
<meta property="og:site_name" content="Espectáculos" />
<meta property="article:modified_time" content="2025-05-20T17:59:34+00:00" />
<meta name="twitter:card" content="summary_large_image" />
<meta name="twitter:label1" content="Tiempo de lectura" />
	<meta name="twitter:data1" content="1 minuto" />
<script type="application/ld+json" class="yoast-schema-graph">{"@context":"https://schema.org","@graph":[{"@type":"WebPage","@id":"https://sodre.gub.uy/espectaculos/mazel-tov/","url":"https://sodre.gub.uy/espectaculos/mazel-tov/","name":"Mazel tov - Espectáculos","isPartOf":{"@id":"https://sodre.gub.uy/espectaculos/#website"},"datePublished":"2025-05-05T15:51:01+00:00","dateModified":"2025-05-20T17:59:34+00:00","description":"Darío Roitman vive en Estados Unidos y viajará a su ciudad natal para asistir a la boda de su hermana Daniela y a la bat mitzvá de su sobrina.","inLanguage":"es","potentialAction":[{"@type":"ReadAction","target":["https://sodre.gub.uy/espectaculos/mazel-tov/"]}]},{"@type":"WebSite","@id":"https://sodre.gub.uy/espectaculos/#website","url":"https://sodre.gub.uy/espectaculos/","name":"Espectáculos","description":"Servicio Oficial de Difusión, Representaciones y Espectáculos","publisher":{"@id":"https://sodre.gub.uy/espectaculos/#organization"},"potentialAction":[{"@type":"SearchAction","target":{"@type":"EntryPoint","urlTemplate":"https://sodre.gub.uy/espectaculos/?s={search_term_string}"},"query-input":"required name=search_term_string"}],"inLanguage":"es"},{"@type":"Organization","@id":"https://sodre.gub.uy/espectaculos/#organization","name":"Espectáculos","url":"https://sodre.gub.uy/espectaculos/","logo":{"@type":"ImageObject","inLanguage":"es","@id":"https://sodre.gub.uy/espectaculos/#/schema/logo/image/","url":"https://sodre.gub.uy/espectaculos/wp-content/uploads/sites/2/2023/12/logo-sodre-black.svg","contentUrl":"https://sodre.gub.uy/espectaculos/wp-content/uploads/sites/2/2023/12/logo-sodre-black.svg","caption":"Espectáculos"},"image":{"@id":"https://sodre.gub.uy/espectaculos/#/schema/logo/image/"}}]}</script>
<!-- / Yoast SEO plugin. -->

Mazel tov - Espectáculos

Darío Roitman vive en Estados Unidos y viajará a su ciudad natal para asistir a la boda de su hermana Daniela y a la bat mitzvá de su sobrina.

Espectáculos

Servicio Oficial de Difusión, Representaciones y Espectáculos
