{"id":8029,"date":"2025-04-25T10:04:05","date_gmt":"2025-04-25T13:04:05","guid":{"rendered":"https:\/\/sodre.gub.uy\/espectaculos\/?post_type=espectaculo&#038;p=8029"},"modified":"2025-05-20T10:21:32","modified_gmt":"2025-05-20T13:21:32","slug":"susana-baca","status":"publish","type":"espectaculo","link":"https:\/\/sodre.gub.uy\/espectaculos\/susana-baca\/","title":{"rendered":"Susana Baca en concierto"},"content":{"rendered":"<div class=\"wpb-content-wrapper\"><p>[vc_section el_class=\u00bbcontent&#8211;espectaculo\u00bb][vc_row el_class=\u00bbcyg&#8211;descripcion\u00bb][vc_column][vc_column_text]Susana Baca, artista peruana ganadora de tres Premios Grammy, vuelve a Uruguay en una gira que tambi\u00e9n incluye a Chile y Argentina, presentando <em>Estar Viva<\/em>, un concierto imperdible.<\/p>\n<p>Esta dama de la m\u00fasica es quiz\u00e1s la \u00faltima de una leyenda de artistas que cantaron desde el coraz\u00f3n a sus reivindicaciones sociales y desde el alma a sus ra\u00edces. La artista, no solo dio m\u00e1s de quinientos conciertos y obtuvo tres Premios Grammy, entre otras condecoraciones: tambi\u00e9n ocup\u00f3 el cargo de ministra de Cultura de su pa\u00eds y fue presidenta de la Comisi\u00f3n de Cultura de la Organizaci\u00f3n de los Estados Americanos (OEA). Es y ser\u00e1 la representante del cantar con finura y con sabor.<\/p>\n<p>Hablar de Susana Baca es descubrir a una mujer tan sencilla como encantadora, amiga de la inmensa Chabuca Granda, fue nombrada por la autora de <em>La flor de la canela<\/em> como su sucesora. Grab\u00f3 junto a Calle 13 la canci\u00f3n <em>Latinoam\u00e9rica<\/em>, con la brasile\u00f1a Mar\u00eda Rita y la colombiana Tot\u00f3 <em>La Momposina<\/em> y, recientemente. con Snarky Puppy, el joven colectivo de fusi\u00f3n liderado por el bajista Michael League. Desde muy ni\u00f1a estuvo rodeada de m\u00fasicos: su padre era guitarrista, su madre bailarina, sus t\u00edas cantaban y sus primos fueron los creadores del grupo Per\u00fa Negro. Ellos aportaron la fuerza necesaria que impuls\u00f3 a Susana a dedicarse de lleno a la m\u00fasica. Gan\u00f3 dos becas para investigar las ra\u00edces de la tradici\u00f3n musical peruana (una del Instituto de Arte Moderno del Per\u00fa y la otra del Instituto Nacional de Cultura Peruana) y obtuvo el premio de interpretaci\u00f3n y composici\u00f3n en el primer Festival Internacional de Agua Dulce. Estudi\u00f3 educaci\u00f3n en la Universidad Enrique Guzm\u00e1n y Valle a Universidad Nacional de Educaci\u00f3n, Alma M\u00e1ter del Magisterio Nacional, reconocida en Per\u00fa y en el mundo como La Cantuta, de la que se gradu\u00f3 en 1968. Esta instituci\u00f3n le concedi\u00f3 el 20 de noviembre del 2009 el Doctorado Honoris Causa. Prima hermana de Caitro Soto (recopilador del cl\u00e1sico <em>Toro Mata<\/em>), Susana, la int\u00e9rprete de <em>Mar\u00eda Land\u00f3<\/em>, sigue construyendo sue\u00f1os y proyectos como el que trabaja con su compa\u00f1ero, el soci\u00f3logo boliviano Ricardo Pereira.[\/vc_column_text][vc_empty_space height=\u00bb30px\u00bb el_class=\u00bbcyg&#8211;espacio-30&#8243;][\/vc_column][\/vc_row][vc_row el_class=\u00bbcyg&#8211;ficha\u00bb][vc_column width=\u00bb1\/2&#8243;][vc_row_inner][vc_column_inner][vc_empty_space height=\u00bb10&#8243; el_class=\u00bbcyg&#8211;espacio-10&#8243;][\/vc_column_inner][\/vc_row_inner][vc_row_inner][vc_column_inner][vc_empty_space height=\u00bb10&#8243; el_class=\u00bbcyg&#8211;espacio-10&#8243;][\/vc_column_inner][\/vc_row_inner][\/vc_column][vc_column width=\u00bb1\/2&#8243;][vc_row_inner][vc_column_inner][vc_empty_space height=\u00bb10&#8243; el_class=\u00bbcyg&#8211;espacio-10&#8243;][\/vc_column_inner][\/vc_row_inner][vc_row_inner][vc_column_inner][vc_empty_space height=\u00bb10&#8243; el_class=\u00bbcyg&#8211;espacio-10&#8243;][\/vc_column_inner][\/vc_row_inner][\/vc_column][\/vc_row][vc_row][vc_column][vc_empty_space height=\u00bb10px\u00bb][\/vc_column][\/vc_row][\/vc_section]<\/p>\n<\/div>","protected":false},"excerpt":{"rendered":"<p>Estar viva<\/p>\n","protected":false},"menu_order":0,"template":"","format":"standard","cuerpo-estable":[29],"etiqueta-espectaculo":[39],"lugar":[17],"sala-espacio":[35],"acf":[],"yoast_head":"<!-- This site is optimized with the Yoast SEO plugin v21.7 - https:\/\/yoast.com\/wordpress\/plugins\/seo\/ -->\n<title>Susana Baca en concierto - Espect\u00e1culos<\/title>\n<meta name=\"robots\" content=\"index, follow, max-snippet:-1, max-image-preview:large, max-video-preview:-1\" \/>\n<link rel=\"canonical\" href=\"https:\/\/sodre.gub.uy\/espectaculos\/susana-baca\/\" \/>\n<meta property=\"og:locale\" content=\"es_ES\" \/>\n<meta property=\"og:type\" content=\"article\" \/>\n<meta property=\"og:title\" content=\"Susana Baca en concierto - Espect\u00e1culos\" \/>\n<meta property=\"og:description\" content=\"Estar viva\" \/>\n<meta property=\"og:url\" content=\"https:\/\/sodre.gub.uy\/espectaculos\/susana-baca\/\" \/>\n<meta property=\"og:site_name\" content=\"Espect\u00e1culos\" \/>\n<meta property=\"article:modified_time\" content=\"2025-05-20T13:21:32+00:00\" \/>\n<meta name=\"twitter:card\" content=\"summary_large_image\" \/>\n<meta name=\"twitter:label1\" content=\"Tiempo de lectura\" \/>\n\t<meta name=\"twitter:data1\" content=\"2 minutos\" \/>\n<script type=\"application\/ld+json\" class=\"yoast-schema-graph\">{\"@context\":\"https:\/\/schema.org\",\"@graph\":[{\"@type\":\"WebPage\",\"@id\":\"https:\/\/sodre.gub.uy\/espectaculos\/susana-baca\/\",\"url\":\"https:\/\/sodre.gub.uy\/espectaculos\/susana-baca\/\",\"name\":\"Susana Baca en concierto - Espect\u00e1culos\",\"isPartOf\":{\"@id\":\"https:\/\/sodre.gub.uy\/espectaculos\/#website\"},\"datePublished\":\"2025-04-25T13:04:05+00:00\",\"dateModified\":\"2025-05-20T13:21:32+00:00\",\"inLanguage\":\"es\",\"potentialAction\":[{\"@type\":\"ReadAction\",\"target\":[\"https:\/\/sodre.gub.uy\/espectaculos\/susana-baca\/\"]}]},{\"@type\":\"WebSite\",\"@id\":\"https:\/\/sodre.gub.uy\/espectaculos\/#website\",\"url\":\"https:\/\/sodre.gub.uy\/espectaculos\/\",\"name\":\"Espect\u00e1culos\",\"description\":\"Servicio Oficial de Difusi\u00f3n, Representaciones y Espect\u00e1culos\",\"publisher\":{\"@id\":\"https:\/\/sodre.gub.uy\/espectaculos\/#organization\"},\"potentialAction\":[{\"@type\":\"SearchAction\",\"target\":{\"@type\":\"EntryPoint\",\"urlTemplate\":\"https:\/\/sodre.gub.uy\/espectaculos\/?s={search_term_string}\"},\"query-input\":\"required name=search_term_string\"}],\"inLanguage\":\"es\"},{\"@type\":\"Organization\",\"@id\":\"https:\/\/sodre.gub.uy\/espectaculos\/#organization\",\"name\":\"Espect\u00e1culos\",\"url\":\"https:\/\/sodre.gub.uy\/espectaculos\/\",\"logo\":{\"@type\":\"ImageObject\",\"inLanguage\":\"es\",\"@id\":\"https:\/\/sodre.gub.uy\/espectaculos\/#\/schema\/logo\/image\/\",\"url\":\"https:\/\/sodre.gub.uy\/espectaculos\/wp-content\/uploads\/sites\/2\/2023\/12\/logo-sodre-black.svg\",\"contentUrl\":\"https:\/\/sodre.gub.uy\/espectaculos\/wp-content\/uploads\/sites\/2\/2023\/12\/logo-sodre-black.svg\",\"caption\":\"Espect\u00e1culos\"},\"image\":{\"@id\":\"https:\/\/sodre.gub.uy\/espectaculos\/#\/schema\/logo\/image\/\"}}]}<\/script>\n<!-- \/ Yoast SEO plugin. -->","yoast_head_json":{"title":"Susana Baca en concierto - Espect\u00e1culos","robots":{"index":"index","follow":"follow","max-snippet":"max-snippet:-1","max-image-preview":"max-image-preview:large","max-video-preview":"max-video-preview:-1"},"canonical":"https:\/\/sodre.gub.uy\/espectaculos\/susana-baca\/","og_locale":"es_ES","og_type":"article","og_title":"Susana Baca en concierto - Espect\u00e1culos","og_description":"Estar viva","og_url":"https:\/\/sodre.gub.uy\/espectaculos\/susana-baca\/","og_site_name":"Espect\u00e1culos","article_modified_time":"2025-05-20T13:21:32+00:00","twitter_card":"summary_large_image","twitter_misc":{"Tiempo de lectura":"2 minutos"},"schema":{"@context":"https:\/\/schema.org","@graph":[{"@type":"WebPage","@id":"https:\/\/sodre.gub.uy\/espectaculos\/susana-baca\/","url":"https:\/\/sodre.gub.uy\/espectaculos\/susana-baca\/","name":"Susana Baca en concierto - Espect\u00e1culos","isPartOf":{"@id":"https:\/\/sodre.gub.uy\/espectaculos\/#website"},"datePublished":"2025-04-25T13:04:05+00:00","dateModified":"2025-05-20T13:21:32+00:00","inLanguage":"es","potentialAction":[{"@type":"ReadAction","target":["https:\/\/sodre.gub.uy\/espectaculos\/susana-baca\/"]}]},{"@type":"WebSite","@id":"https:\/\/sodre.gub.uy\/espectaculos\/#website","url":"https:\/\/sodre.gub.uy\/espectaculos\/","name":"Espect\u00e1culos","description":"Servicio Oficial de Difusi\u00f3n, Representaciones y Espect\u00e1culos","publisher":{"@id":"https:\/\/sodre.gub.uy\/espectaculos\/#organization"},"potentialAction":[{"@type":"SearchAction","target":{"@type":"EntryPoint","urlTemplate":"https:\/\/sodre.gub.uy\/espectaculos\/?s={search_term_string}"},"query-input":"required name=search_term_string"}],"inLanguage":"es"},{"@type":"Organization","@id":"https:\/\/sodre.gub.uy\/espectaculos\/#organization","name":"Espect\u00e1culos","url":"https:\/\/sodre.gub.uy\/espectaculos\/","logo":{"@type":"ImageObject","inLanguage":"es","@id":"https:\/\/sodre.gub.uy\/espectaculos\/#\/schema\/logo\/image\/","url":"https:\/\/sodre.gub.uy\/espectaculos\/wp-content\/uploads\/sites\/2\/2023\/12\/logo-sodre-black.svg","contentUrl":"https:\/\/sodre.gub.uy\/espectaculos\/wp-content\/uploads\/sites\/2\/2023\/12\/logo-sodre-black.svg","caption":"Espect\u00e1culos"},"image":{"@id":"https:\/\/sodre.gub.uy\/espectaculos\/#\/schema\/logo\/image\/"}}]}},"_links":{"self":[{"href":"https:\/\/sodre.gub.uy\/espectaculos\/wp-json\/wp\/v2\/espectaculo\/8029"}],"collection":[{"href":"https:\/\/sodre.gub.uy\/espectaculos\/wp-json\/wp\/v2\/espectaculo"}],"about":[{"href":"https:\/\/sodre.gub.uy\/espectaculos\/wp-json\/wp\/v2\/types\/espectaculo"}],"version-history":[{"count":4,"href":"https:\/\/sodre.gub.uy\/espectaculos\/wp-json\/wp\/v2\/espectaculo\/8029\/revisions"}],"predecessor-version":[{"id":8163,"href":"https:\/\/sodre.gub.uy\/espectaculos\/wp-json\/wp\/v2\/espectaculo\/8029\/revisions\/8163"}],"wp:attachment":[{"href":"https:\/\/sodre.gub.uy\/espectaculos\/wp-json\/wp\/v2\/media?parent=8029"}],"wp:term":[{"taxonomy":"cuerpo-estable","embeddable":true,"href":"https:\/\/sodre.gub.uy\/espectaculos\/wp-json\/wp\/v2\/cuerpo-estable?post=8029"},{"taxonomy":"etiqueta-espectaculo","embeddable":true,"href":"https:\/\/sodre.gub.uy\/espectaculos\/wp-json\/wp\/v2\/etiqueta-espectaculo?post=8029"},{"taxonomy":"lugar","embeddable":true,"href":"https:\/\/sodre.gub.uy\/espectaculos\/wp-json\/wp\/v2\/lugar?post=8029"},{"taxonomy":"sala-espacio","embeddable":true,"href":"https:\/\/sodre.gub.uy\/espectaculos\/wp-json\/wp\/v2\/sala-espacio?post=8029"}],"curies":[{"name":"wp","href":"https:\/\/api.w.org\/{rel}","templated":true}]}}

<div class="wpb-content-wrapper"><p>[vc_section el_class=»content&#8211;espectaculo»][vc_row el_class=»cyg&#8211;descripcion»][vc_column][vc_column_text]Susana Baca, artista peruana ganadora de tres Premios Grammy, vuelve a Uruguay en una gira que también incluye a Chile y Argentina, presentando <em>Estar Viva</em>, un concierto imperdible.</p>
<p>Esta dama de la música es quizás la última de una leyenda de artistas que cantaron desde el corazón a sus reivindicaciones sociales y desde el alma a sus raíces. La artista, no solo dio más de quinientos conciertos y obtuvo tres Premios Grammy, entre otras condecoraciones: también ocupó el cargo de ministra de Cultura de su país y fue presidenta de la Comisión de Cultura de la Organización de los Estados Americanos (OEA). Es y será la representante del cantar con finura y con sabor.</p>
<p>Hablar de Susana Baca es descubrir a una mujer tan sencilla como encantadora, amiga de la inmensa Chabuca Granda, fue nombrada por la autora de <em>La flor de la canela</em> como su sucesora. Grabó junto a Calle 13 la canción <em>Latinoamérica</em>, con la brasileña María Rita y la colombiana Totó <em>La Momposina</em> y, recientemente. con Snarky Puppy, el joven colectivo de fusión liderado por el bajista Michael League. Desde muy niña estuvo rodeada de músicos: su padre era guitarrista, su madre bailarina, sus tías cantaban y sus primos fueron los creadores del grupo Perú Negro. Ellos aportaron la fuerza necesaria que impulsó a Susana a dedicarse de lleno a la música. Ganó dos becas para investigar las raíces de la tradición musical peruana (una del Instituto de Arte Moderno del Perú y la otra del Instituto Nacional de Cultura Peruana) y obtuvo el premio de interpretación y composición en el primer Festival Internacional de Agua Dulce. Estudió educación en la Universidad Enrique Guzmán y Valle a Universidad Nacional de Educación, Alma Máter del Magisterio Nacional, reconocida en Perú y en el mundo como La Cantuta, de la que se graduó en 1968. Esta institución le concedió el 20 de noviembre del 2009 el Doctorado Honoris Causa. Prima hermana de Caitro Soto (recopilador del clásico <em>Toro Mata</em>), Susana, la intérprete de <em>María Landó</em>, sigue construyendo sueños y proyectos como el que trabaja con su compañero, el sociólogo boliviano Ricardo Pereira.[/vc_column_text][vc_empty_space height=»30px» el_class=»cyg&#8211;espacio-30&#8243;][/vc_column][/vc_row][vc_row el_class=»cyg&#8211;ficha»][vc_column width=»1/2&#8243;][vc_row_inner][vc_column_inner][vc_empty_space height=»10&#8243; el_class=»cyg&#8211;espacio-10&#8243;][/vc_column_inner][/vc_row_inner][vc_row_inner][vc_column_inner][vc_empty_space height=»10&#8243; el_class=»cyg&#8211;espacio-10&#8243;][/vc_column_inner][/vc_row_inner][/vc_column][vc_column width=»1/2&#8243;][vc_row_inner][vc_column_inner][vc_empty_space height=»10&#8243; el_class=»cyg&#8211;espacio-10&#8243;][/vc_column_inner][/vc_row_inner][vc_row_inner][vc_column_inner][vc_empty_space height=»10&#8243; el_class=»cyg&#8211;espacio-10&#8243;][/vc_column_inner][/vc_row_inner][/vc_column][/vc_row][vc_row][vc_column][vc_empty_space height=»10px»][/vc_column][/vc_row][/vc_section]</p>
</div>

<!-- This site is optimized with the Yoast SEO plugin v21.7 - https://yoast.com/wordpress/plugins/seo/ -->
<title>Susana Baca en concierto - Espectáculos</title>
<meta name="robots" content="index, follow, max-snippet:-1, max-image-preview:large, max-video-preview:-1" />
<link rel="canonical" href="https://sodre.gub.uy/espectaculos/susana-baca/" />
<meta property="og:locale" content="es_ES" />
<meta property="og:type" content="article" />
<meta property="og:title" content="Susana Baca en concierto - Espectáculos" />
<meta property="og:description" content="Estar viva" />
<meta property="og:url" content="https://sodre.gub.uy/espectaculos/susana-baca/" />
<meta property="og:site_name" content="Espectáculos" />
<meta property="article:modified_time" content="2025-05-20T13:21:32+00:00" />
<meta name="twitter:card" content="summary_large_image" />
<meta name="twitter:label1" content="Tiempo de lectura" />
	<meta name="twitter:data1" content="2 minutos" />
<script type="application/ld+json" class="yoast-schema-graph">{"@context":"https://schema.org","@graph":[{"@type":"WebPage","@id":"https://sodre.gub.uy/espectaculos/susana-baca/","url":"https://sodre.gub.uy/espectaculos/susana-baca/","name":"Susana Baca en concierto - Espectáculos","isPartOf":{"@id":"https://sodre.gub.uy/espectaculos/#website"},"datePublished":"2025-04-25T13:04:05+00:00","dateModified":"2025-05-20T13:21:32+00:00","inLanguage":"es","potentialAction":[{"@type":"ReadAction","target":["https://sodre.gub.uy/espectaculos/susana-baca/"]}]},{"@type":"WebSite","@id":"https://sodre.gub.uy/espectaculos/#website","url":"https://sodre.gub.uy/espectaculos/","name":"Espectáculos","description":"Servicio Oficial de Difusión, Representaciones y Espectáculos","publisher":{"@id":"https://sodre.gub.uy/espectaculos/#organization"},"potentialAction":[{"@type":"SearchAction","target":{"@type":"EntryPoint","urlTemplate":"https://sodre.gub.uy/espectaculos/?s={search_term_string}"},"query-input":"required name=search_term_string"}],"inLanguage":"es"},{"@type":"Organization","@id":"https://sodre.gub.uy/espectaculos/#organization","name":"Espectáculos","url":"https://sodre.gub.uy/espectaculos/","logo":{"@type":"ImageObject","inLanguage":"es","@id":"https://sodre.gub.uy/espectaculos/#/schema/logo/image/","url":"https://sodre.gub.uy/espectaculos/wp-content/uploads/sites/2/2023/12/logo-sodre-black.svg","contentUrl":"https://sodre.gub.uy/espectaculos/wp-content/uploads/sites/2/2023/12/logo-sodre-black.svg","caption":"Espectáculos"},"image":{"@id":"https://sodre.gub.uy/espectaculos/#/schema/logo/image/"}}]}</script>
<!-- / Yoast SEO plugin. -->

Susana Baca en concierto - Espectáculos

Espectáculos

Servicio Oficial de Difusión, Representaciones y Espectáculos
