{"id":7658,"date":"2025-03-21T10:57:21","date_gmt":"2025-03-21T13:57:21","guid":{"rendered":"https:\/\/sodre.gub.uy\/espectaculos\/?post_type=espectaculo&#038;p=7658"},"modified":"2025-06-30T11:06:37","modified_gmt":"2025-06-30T14:06:37","slug":"pim-pau-presenta-cumpleanos","status":"publish","type":"espectaculo","link":"https:\/\/sodre.gub.uy\/espectaculos\/pim-pau-presenta-cumpleanos\/","title":{"rendered":"PIM PAU presenta \u00abCumplea\u00f1os\u00bb"},"content":{"rendered":"<div class=\"wpb-content-wrapper\"><p>[vc_section el_class=\u00bbcontent&#8211;espectaculo\u00bb][vc_row el_class=\u00bbcyg&#8211;descripcion\u00bb][vc_column][vc_column_text]El show <em>Cumplea\u00f1os<\/em> es l\u00fadico y vibrante. Invita al p\u00fablico al movimiento y a la participaci\u00f3n creativa, llevando al escenario una experiencia diversa a trav\u00e9s de ritmos brasile\u00f1os y latinos. Convoca a ni\u00f1os y adultos a sumergirse a un show donde la palabra es juego, la m\u00fasica juguete y el cuerpo instrumento.<\/p>\n<p>PIM PAU, el proyecto argentino\u2013brasile\u00f1o de arte y educaci\u00f3n para las infancias que ha conquistado al p\u00fablico en Am\u00e9rica Latina y Espa\u00f1a, regresa con la gira de presentaci\u00f3n de su \u00faltimo disco <em>Cumplea\u00f1os<\/em> (2024). Reconocidos por poner el juego como eje central de sus actividades, el grupo ha logrado consolidarse como una de las propuestas argentinas m\u00e1s convocantes y originales, integrando m\u00fasica, educaci\u00f3n y creatividad en cada uno de sus proyectos.[\/vc_column_text][vc_empty_space height=\u00bb30px\u00bb el_class=\u00bbcyg&#8211;espacio-30&#8243;][\/vc_column][\/vc_row][vc_row el_class=\u00bbcyg&#8211;ficha\u00bb][vc_column width=\u00bb1\/2&#8243;][vc_row_inner][vc_column_inner][vc_empty_space height=\u00bb10&#8243; el_class=\u00bbcyg&#8211;espacio-10&#8243;][\/vc_column_inner][\/vc_row_inner][vc_row_inner][vc_column_inner][vc_empty_space height=\u00bb10&#8243; el_class=\u00bbcyg&#8211;espacio-10&#8243;][\/vc_column_inner][\/vc_row_inner][\/vc_column][vc_column width=\u00bb1\/2&#8243;][vc_row_inner][vc_column_inner][vc_empty_space height=\u00bb10&#8243; el_class=\u00bbcyg&#8211;espacio-10&#8243;][\/vc_column_inner][\/vc_row_inner][vc_row_inner][vc_column_inner][vc_empty_space height=\u00bb10&#8243; el_class=\u00bbcyg&#8211;espacio-10&#8243;][\/vc_column_inner][\/vc_row_inner][\/vc_column][\/vc_row][vc_row][vc_column][vc_empty_space height=\u00bb50px\u00bb][vc_column_text]<strong>Duraci\u00f3n:<\/strong> 60 min.[\/vc_column_text][vc_column_text]<strong>Edad recomendada: <\/strong>Apto para todo p\u00fablico[\/vc_column_text][\/vc_column][\/vc_row][\/vc_section]<\/p>\n<\/div>","protected":false},"excerpt":{"rendered":"<p>Llega a Uruguay con su \u00faltimo disco<\/p>\n","protected":false},"menu_order":0,"template":"","format":"standard","cuerpo-estable":[29],"etiqueta-espectaculo":[39],"lugar":[16],"sala-espacio":[30],"acf":[],"yoast_head":"<!-- This site is optimized with the Yoast SEO plugin v21.7 - https:\/\/yoast.com\/wordpress\/plugins\/seo\/ -->\n<title>PIM PAU presenta &quot;Cumplea\u00f1os&quot; - Espect\u00e1culos<\/title>\n<meta name=\"description\" content=\"El show Cumplea\u00f1os es l\u00fadico y vibrante. Invita al p\u00fablico al movimiento y a la participaci\u00f3n creativa, llevando al escenario una experiencia diversa a trav\u00e9s de ritmos brasile\u00f1os y latinos.\" \/>\n<meta name=\"robots\" content=\"index, follow, max-snippet:-1, max-image-preview:large, max-video-preview:-1\" \/>\n<link rel=\"canonical\" href=\"https:\/\/sodre.gub.uy\/espectaculos\/pim-pau-presenta-cumpleanos\/\" \/>\n<meta property=\"og:locale\" content=\"es_ES\" \/>\n<meta property=\"og:type\" content=\"article\" \/>\n<meta property=\"og:title\" content=\"PIM PAU presenta &quot;Cumplea\u00f1os&quot; - Espect\u00e1culos\" \/>\n<meta property=\"og:description\" content=\"El show Cumplea\u00f1os es l\u00fadico y vibrante. Invita al p\u00fablico al movimiento y a la participaci\u00f3n creativa, llevando al escenario una experiencia diversa a trav\u00e9s de ritmos brasile\u00f1os y latinos.\" \/>\n<meta property=\"og:url\" content=\"https:\/\/sodre.gub.uy\/espectaculos\/pim-pau-presenta-cumpleanos\/\" \/>\n<meta property=\"og:site_name\" content=\"Espect\u00e1culos\" \/>\n<meta property=\"article:modified_time\" content=\"2025-06-30T14:06:37+00:00\" \/>\n<meta name=\"twitter:card\" content=\"summary_large_image\" \/>\n<meta name=\"twitter:label1\" content=\"Tiempo de lectura\" \/>\n\t<meta name=\"twitter:data1\" content=\"1 minuto\" \/>\n<script type=\"application\/ld+json\" class=\"yoast-schema-graph\">{\"@context\":\"https:\/\/schema.org\",\"@graph\":[{\"@type\":\"WebPage\",\"@id\":\"https:\/\/sodre.gub.uy\/espectaculos\/pim-pau-presenta-cumpleanos\/\",\"url\":\"https:\/\/sodre.gub.uy\/espectaculos\/pim-pau-presenta-cumpleanos\/\",\"name\":\"PIM PAU presenta \\\"Cumplea\u00f1os\\\" - Espect\u00e1culos\",\"isPartOf\":{\"@id\":\"https:\/\/sodre.gub.uy\/espectaculos\/#website\"},\"datePublished\":\"2025-03-21T13:57:21+00:00\",\"dateModified\":\"2025-06-30T14:06:37+00:00\",\"description\":\"El show Cumplea\u00f1os es l\u00fadico y vibrante. Invita al p\u00fablico al movimiento y a la participaci\u00f3n creativa, llevando al escenario una experiencia diversa a trav\u00e9s de ritmos brasile\u00f1os y latinos.\",\"inLanguage\":\"es\",\"potentialAction\":[{\"@type\":\"ReadAction\",\"target\":[\"https:\/\/sodre.gub.uy\/espectaculos\/pim-pau-presenta-cumpleanos\/\"]}]},{\"@type\":\"WebSite\",\"@id\":\"https:\/\/sodre.gub.uy\/espectaculos\/#website\",\"url\":\"https:\/\/sodre.gub.uy\/espectaculos\/\",\"name\":\"Espect\u00e1culos\",\"description\":\"Servicio Oficial de Difusi\u00f3n, Representaciones y Espect\u00e1culos\",\"publisher\":{\"@id\":\"https:\/\/sodre.gub.uy\/espectaculos\/#organization\"},\"potentialAction\":[{\"@type\":\"SearchAction\",\"target\":{\"@type\":\"EntryPoint\",\"urlTemplate\":\"https:\/\/sodre.gub.uy\/espectaculos\/?s={search_term_string}\"},\"query-input\":\"required name=search_term_string\"}],\"inLanguage\":\"es\"},{\"@type\":\"Organization\",\"@id\":\"https:\/\/sodre.gub.uy\/espectaculos\/#organization\",\"name\":\"Espect\u00e1culos\",\"url\":\"https:\/\/sodre.gub.uy\/espectaculos\/\",\"logo\":{\"@type\":\"ImageObject\",\"inLanguage\":\"es\",\"@id\":\"https:\/\/sodre.gub.uy\/espectaculos\/#\/schema\/logo\/image\/\",\"url\":\"https:\/\/sodre.gub.uy\/espectaculos\/wp-content\/uploads\/sites\/2\/2023\/12\/logo-sodre-black.svg\",\"contentUrl\":\"https:\/\/sodre.gub.uy\/espectaculos\/wp-content\/uploads\/sites\/2\/2023\/12\/logo-sodre-black.svg\",\"caption\":\"Espect\u00e1culos\"},\"image\":{\"@id\":\"https:\/\/sodre.gub.uy\/espectaculos\/#\/schema\/logo\/image\/\"}}]}<\/script>\n<!-- \/ Yoast SEO plugin. -->","yoast_head_json":{"title":"PIM PAU presenta \"Cumplea\u00f1os\" - Espect\u00e1culos","description":"El show Cumplea\u00f1os es l\u00fadico y vibrante. Invita al p\u00fablico al movimiento y a la participaci\u00f3n creativa, llevando al escenario una experiencia diversa a trav\u00e9s de ritmos brasile\u00f1os y latinos.","robots":{"index":"index","follow":"follow","max-snippet":"max-snippet:-1","max-image-preview":"max-image-preview:large","max-video-preview":"max-video-preview:-1"},"canonical":"https:\/\/sodre.gub.uy\/espectaculos\/pim-pau-presenta-cumpleanos\/","og_locale":"es_ES","og_type":"article","og_title":"PIM PAU presenta \"Cumplea\u00f1os\" - Espect\u00e1culos","og_description":"El show Cumplea\u00f1os es l\u00fadico y vibrante. Invita al p\u00fablico al movimiento y a la participaci\u00f3n creativa, llevando al escenario una experiencia diversa a trav\u00e9s de ritmos brasile\u00f1os y latinos.","og_url":"https:\/\/sodre.gub.uy\/espectaculos\/pim-pau-presenta-cumpleanos\/","og_site_name":"Espect\u00e1culos","article_modified_time":"2025-06-30T14:06:37+00:00","twitter_card":"summary_large_image","twitter_misc":{"Tiempo de lectura":"1 minuto"},"schema":{"@context":"https:\/\/schema.org","@graph":[{"@type":"WebPage","@id":"https:\/\/sodre.gub.uy\/espectaculos\/pim-pau-presenta-cumpleanos\/","url":"https:\/\/sodre.gub.uy\/espectaculos\/pim-pau-presenta-cumpleanos\/","name":"PIM PAU presenta \"Cumplea\u00f1os\" - Espect\u00e1culos","isPartOf":{"@id":"https:\/\/sodre.gub.uy\/espectaculos\/#website"},"datePublished":"2025-03-21T13:57:21+00:00","dateModified":"2025-06-30T14:06:37+00:00","description":"El show Cumplea\u00f1os es l\u00fadico y vibrante. Invita al p\u00fablico al movimiento y a la participaci\u00f3n creativa, llevando al escenario una experiencia diversa a trav\u00e9s de ritmos brasile\u00f1os y latinos.","inLanguage":"es","potentialAction":[{"@type":"ReadAction","target":["https:\/\/sodre.gub.uy\/espectaculos\/pim-pau-presenta-cumpleanos\/"]}]},{"@type":"WebSite","@id":"https:\/\/sodre.gub.uy\/espectaculos\/#website","url":"https:\/\/sodre.gub.uy\/espectaculos\/","name":"Espect\u00e1culos","description":"Servicio Oficial de Difusi\u00f3n, Representaciones y Espect\u00e1culos","publisher":{"@id":"https:\/\/sodre.gub.uy\/espectaculos\/#organization"},"potentialAction":[{"@type":"SearchAction","target":{"@type":"EntryPoint","urlTemplate":"https:\/\/sodre.gub.uy\/espectaculos\/?s={search_term_string}"},"query-input":"required name=search_term_string"}],"inLanguage":"es"},{"@type":"Organization","@id":"https:\/\/sodre.gub.uy\/espectaculos\/#organization","name":"Espect\u00e1culos","url":"https:\/\/sodre.gub.uy\/espectaculos\/","logo":{"@type":"ImageObject","inLanguage":"es","@id":"https:\/\/sodre.gub.uy\/espectaculos\/#\/schema\/logo\/image\/","url":"https:\/\/sodre.gub.uy\/espectaculos\/wp-content\/uploads\/sites\/2\/2023\/12\/logo-sodre-black.svg","contentUrl":"https:\/\/sodre.gub.uy\/espectaculos\/wp-content\/uploads\/sites\/2\/2023\/12\/logo-sodre-black.svg","caption":"Espect\u00e1culos"},"image":{"@id":"https:\/\/sodre.gub.uy\/espectaculos\/#\/schema\/logo\/image\/"}}]}},"_links":{"self":[{"href":"https:\/\/sodre.gub.uy\/espectaculos\/wp-json\/wp\/v2\/espectaculo\/7658"}],"collection":[{"href":"https:\/\/sodre.gub.uy\/espectaculos\/wp-json\/wp\/v2\/espectaculo"}],"about":[{"href":"https:\/\/sodre.gub.uy\/espectaculos\/wp-json\/wp\/v2\/types\/espectaculo"}],"version-history":[{"count":7,"href":"https:\/\/sodre.gub.uy\/espectaculos\/wp-json\/wp\/v2\/espectaculo\/7658\/revisions"}],"predecessor-version":[{"id":8700,"href":"https:\/\/sodre.gub.uy\/espectaculos\/wp-json\/wp\/v2\/espectaculo\/7658\/revisions\/8700"}],"wp:attachment":[{"href":"https:\/\/sodre.gub.uy\/espectaculos\/wp-json\/wp\/v2\/media?parent=7658"}],"wp:term":[{"taxonomy":"cuerpo-estable","embeddable":true,"href":"https:\/\/sodre.gub.uy\/espectaculos\/wp-json\/wp\/v2\/cuerpo-estable?post=7658"},{"taxonomy":"etiqueta-espectaculo","embeddable":true,"href":"https:\/\/sodre.gub.uy\/espectaculos\/wp-json\/wp\/v2\/etiqueta-espectaculo?post=7658"},{"taxonomy":"lugar","embeddable":true,"href":"https:\/\/sodre.gub.uy\/espectaculos\/wp-json\/wp\/v2\/lugar?post=7658"},{"taxonomy":"sala-espacio","embeddable":true,"href":"https:\/\/sodre.gub.uy\/espectaculos\/wp-json\/wp\/v2\/sala-espacio?post=7658"}],"curies":[{"name":"wp","href":"https:\/\/api.w.org\/{rel}","templated":true}]}}

PIM PAU presenta «Cumpleaños»

<div class="wpb-content-wrapper"><p>[vc_section el_class=»content&#8211;espectaculo»][vc_row el_class=»cyg&#8211;descripcion»][vc_column][vc_column_text]El show <em>Cumpleaños</em> es lúdico y vibrante. Invita al público al movimiento y a la participación creativa, llevando al escenario una experiencia diversa a través de ritmos brasileños y latinos. Convoca a niños y adultos a sumergirse a un show donde la palabra es juego, la música juguete y el cuerpo instrumento.</p>
<p>PIM PAU, el proyecto argentino–brasileño de arte y educación para las infancias que ha conquistado al público en América Latina y España, regresa con la gira de presentación de su último disco <em>Cumpleaños</em> (2024). Reconocidos por poner el juego como eje central de sus actividades, el grupo ha logrado consolidarse como una de las propuestas argentinas más convocantes y originales, integrando música, educación y creatividad en cada uno de sus proyectos.[/vc_column_text][vc_empty_space height=»30px» el_class=»cyg&#8211;espacio-30&#8243;][/vc_column][/vc_row][vc_row el_class=»cyg&#8211;ficha»][vc_column width=»1/2&#8243;][vc_row_inner][vc_column_inner][vc_empty_space height=»10&#8243; el_class=»cyg&#8211;espacio-10&#8243;][/vc_column_inner][/vc_row_inner][vc_row_inner][vc_column_inner][vc_empty_space height=»10&#8243; el_class=»cyg&#8211;espacio-10&#8243;][/vc_column_inner][/vc_row_inner][/vc_column][vc_column width=»1/2&#8243;][vc_row_inner][vc_column_inner][vc_empty_space height=»10&#8243; el_class=»cyg&#8211;espacio-10&#8243;][/vc_column_inner][/vc_row_inner][vc_row_inner][vc_column_inner][vc_empty_space height=»10&#8243; el_class=»cyg&#8211;espacio-10&#8243;][/vc_column_inner][/vc_row_inner][/vc_column][/vc_row][vc_row][vc_column][vc_empty_space height=»50px»][vc_column_text]<strong>Duración:</strong> 60 min.[/vc_column_text][vc_column_text]<strong>Edad recomendada: </strong>Apto para todo público[/vc_column_text][/vc_column][/vc_row][/vc_section]</p>
</div>

<p>Llega a Uruguay con su último disco</p>

<!-- This site is optimized with the Yoast SEO plugin v21.7 - https://yoast.com/wordpress/plugins/seo/ -->
<title>PIM PAU presenta &quot;Cumpleaños&quot; - Espectáculos</title>
<meta name="description" content="El show Cumpleaños es lúdico y vibrante. Invita al público al movimiento y a la participación creativa, llevando al escenario una experiencia diversa a través de ritmos brasileños y latinos." />
<meta name="robots" content="index, follow, max-snippet:-1, max-image-preview:large, max-video-preview:-1" />
<link rel="canonical" href="https://sodre.gub.uy/espectaculos/pim-pau-presenta-cumpleanos/" />
<meta property="og:locale" content="es_ES" />
<meta property="og:type" content="article" />
<meta property="og:title" content="PIM PAU presenta &quot;Cumpleaños&quot; - Espectáculos" />
<meta property="og:description" content="El show Cumpleaños es lúdico y vibrante. Invita al público al movimiento y a la participación creativa, llevando al escenario una experiencia diversa a través de ritmos brasileños y latinos." />
<meta property="og:url" content="https://sodre.gub.uy/espectaculos/pim-pau-presenta-cumpleanos/" />
<meta property="og:site_name" content="Espectáculos" />
<meta property="article:modified_time" content="2025-06-30T14:06:37+00:00" />
<meta name="twitter:card" content="summary_large_image" />
<meta name="twitter:label1" content="Tiempo de lectura" />
	<meta name="twitter:data1" content="1 minuto" />
<script type="application/ld+json" class="yoast-schema-graph">{"@context":"https://schema.org","@graph":[{"@type":"WebPage","@id":"https://sodre.gub.uy/espectaculos/pim-pau-presenta-cumpleanos/","url":"https://sodre.gub.uy/espectaculos/pim-pau-presenta-cumpleanos/","name":"PIM PAU presenta \"Cumpleaños\" - Espectáculos","isPartOf":{"@id":"https://sodre.gub.uy/espectaculos/#website"},"datePublished":"2025-03-21T13:57:21+00:00","dateModified":"2025-06-30T14:06:37+00:00","description":"El show Cumpleaños es lúdico y vibrante. Invita al público al movimiento y a la participación creativa, llevando al escenario una experiencia diversa a través de ritmos brasileños y latinos.","inLanguage":"es","potentialAction":[{"@type":"ReadAction","target":["https://sodre.gub.uy/espectaculos/pim-pau-presenta-cumpleanos/"]}]},{"@type":"WebSite","@id":"https://sodre.gub.uy/espectaculos/#website","url":"https://sodre.gub.uy/espectaculos/","name":"Espectáculos","description":"Servicio Oficial de Difusión, Representaciones y Espectáculos","publisher":{"@id":"https://sodre.gub.uy/espectaculos/#organization"},"potentialAction":[{"@type":"SearchAction","target":{"@type":"EntryPoint","urlTemplate":"https://sodre.gub.uy/espectaculos/?s={search_term_string}"},"query-input":"required name=search_term_string"}],"inLanguage":"es"},{"@type":"Organization","@id":"https://sodre.gub.uy/espectaculos/#organization","name":"Espectáculos","url":"https://sodre.gub.uy/espectaculos/","logo":{"@type":"ImageObject","inLanguage":"es","@id":"https://sodre.gub.uy/espectaculos/#/schema/logo/image/","url":"https://sodre.gub.uy/espectaculos/wp-content/uploads/sites/2/2023/12/logo-sodre-black.svg","contentUrl":"https://sodre.gub.uy/espectaculos/wp-content/uploads/sites/2/2023/12/logo-sodre-black.svg","caption":"Espectáculos"},"image":{"@id":"https://sodre.gub.uy/espectaculos/#/schema/logo/image/"}}]}</script>
<!-- / Yoast SEO plugin. -->

PIM PAU presenta "Cumpleaños" - Espectáculos

El show Cumpleaños es lúdico y vibrante. Invita al público al movimiento y a la participación creativa, llevando al escenario una experiencia diversa a través de ritmos brasileños y latinos.

Espectáculos

Servicio Oficial de Difusión, Representaciones y Espectáculos
