{"id":7267,"date":"2025-02-12T10:45:59","date_gmt":"2025-02-12T13:45:59","guid":{"rendered":"https:\/\/sodre.gub.uy\/espectaculos\/?post_type=espectaculo&#038;p=7267"},"modified":"2025-04-07T11:12:30","modified_gmt":"2025-04-07T14:12:30","slug":"la-papa","status":"publish","type":"espectaculo","link":"https:\/\/sodre.gub.uy\/espectaculos\/la-papa\/","title":{"rendered":"La Papa"},"content":{"rendered":"<div class=\"wpb-content-wrapper\"><p>[vc_section el_class=\u00bbcontent&#8211;espectaculo\u00bb][vc_row el_class=\u00bbcyg&#8211;descripcion\u00bb][vc_column][vc_column_text]Nuni y Luli son dos hermanas criadas en el seno de una familia jud\u00eda en la d\u00e9cada de los noventa. Comparten una profunda amistad y una misma mirada sobre el mundo. Con el paso de los a\u00f1os, Luli decide volverse ortodoxa, y este cambio se convierte en un desaf\u00edo para la continuidad del v\u00ednculo entre ellas.<\/p>\n<p>\u00bfQu\u00e9 hacer cuando una persona querida elige un camino que no podemos comprender?<\/p>\n<p>La Papa no es solo un relato sobre el juda\u00edsmo y sus m\u00faltiples facetas, sino tambi\u00e9n una reflexi\u00f3n sobre c\u00f3mo las elecciones de vida y las discrepancias ideol\u00f3gicas pueden poner a prueba los lazos afectivos.<\/p>\n<p>Basada en la historia de vida de su autora y protagonista, Natalia Slovediansky.<\/p>\n<p>&nbsp;<\/p>\n<p>[\/vc_column_text][vc_empty_space height=\u00bb30px\u00bb el_class=\u00bbcyg&#8211;espacio-30&#8243;][\/vc_column][\/vc_row][vc_row el_class=\u00bbcyg&#8211;ficha\u00bb][vc_column width=\u00bb1\/2&#8243;][vc_row_inner][vc_column_inner][vc_column_text]<strong>Ficha Art\u00edstica:<\/strong><\/p>\n<p><strong>Direcci\u00f3n<\/strong>:\u00a0Nicol\u00e1s Salischiker<\/p>\n<p><strong>Autor\u00eda<\/strong>:\u00a0Natalia Jesica Slovediansky<\/p>\n<p><strong>Act\u00faan<\/strong>:\u00a0Mariana Alvarez, Alejandro Ezequiel Cohen, Hern\u00e1n Mira, Vera Rotman, Natalia Jesica Slovediansky<\/p>\n<p><strong>Dise\u00f1o de vestuario<\/strong>:\u00a0Emilia Antonella Bacigaluppi<\/p>\n<p><strong>Dise\u00f1o de escenograf\u00eda<\/strong>:\u00a0Micaela Sleigh<\/p>\n<p><strong>Dise\u00f1o de sonido<\/strong>:\u00a0Fernando Del Gener<\/p>\n<p><strong>Realizaci\u00f3n de vestuario<\/strong>:\u00a0Emilia Antonella Bacigaluppi<\/p>\n<p><strong>Dise\u00f1o y realizaci\u00f3n de m\u00e1scaras<\/strong>:\u00a0Marcela Alonso<\/p>\n<p><strong>M\u00fasica<\/strong>:\u00a0Fernando Del Gener<\/p>\n<p><strong>Composici\u00f3n musical<\/strong>:\u00a0In\u00e9s Maguire<\/p>\n<p><strong>Coreograf\u00edas:<\/strong>\u00a0Sheila Saslavsky<\/p>\n<p><strong>Dise\u00f1o de iluminaci\u00f3n<\/strong>:\u00a0Daniela Garcia Dorato<\/p>\n<p><strong>Fotograf\u00eda<\/strong>:\u00a0Daniel Rodriguez<\/p>\n<p><strong>Dise\u00f1o gr\u00e1fico<\/strong>:\u00a0Render Mart\u00ednez<\/p>\n<p><strong>Asistencia de escenograf\u00eda<\/strong>:\u00a0Guadalupe Borrajo<\/p>\n<p><strong>Comunicaci\u00f3n y prensa<\/strong>:\u00a0Mutuverr\u00eda PR<\/p>\n<p><strong>Redes<\/strong>:\u00a0DDI DIgital<\/p>\n<p><strong>Asistencia de direcci\u00f3n y producci\u00f3n<\/strong>: Jacqueline Bourguignon<\/p>\n<p><strong>Producci\u00f3n general<\/strong>:\u00a0Nicol\u00e1s Salischiker y Natalia Jesica Slovediansky<\/p>\n<p><strong>Direcci\u00f3n general<\/strong>:\u00a0Nicol\u00e1s Salischiker y Natalia Jesica Slovediansky[\/vc_column_text][vc_empty_space height=\u00bb10&#8243; el_class=\u00bbcyg&#8211;espacio-10&#8243;][\/vc_column_inner][\/vc_row_inner][vc_row_inner][vc_column_inner][vc_empty_space height=\u00bb10&#8243; el_class=\u00bbcyg&#8211;espacio-10&#8243;][\/vc_column_inner][\/vc_row_inner][\/vc_column][vc_column width=\u00bb1\/2&#8243;][vc_row_inner][vc_column_inner][vc_empty_space height=\u00bb10&#8243; el_class=\u00bbcyg&#8211;espacio-10&#8243;][\/vc_column_inner][\/vc_row_inner][vc_row_inner][vc_column_inner][vc_empty_space height=\u00bb10&#8243; el_class=\u00bbcyg&#8211;espacio-10&#8243;][\/vc_column_inner][\/vc_row_inner][\/vc_column][\/vc_row][vc_row][vc_column][vc_empty_space height=\u00bb10px\u00bb][vc_column_text]<strong>Duraci\u00f3n: <\/strong>70 min.[\/vc_column_text][vc_column_text]<strong>Edad recomendada: <\/strong>Apta a todo p\u00fablico.[\/vc_column_text][\/vc_column][\/vc_row][\/vc_section]<\/p>\n<\/div>","protected":false},"excerpt":{"rendered":"<p>El \u00e9xito de Buenos Aires llega a Montevideo.<\/p>\n","protected":false},"menu_order":0,"template":"","format":"standard","cuerpo-estable":[29],"etiqueta-espectaculo":[48],"lugar":[16],"sala-espacio":[31],"acf":[],"yoast_head":"<!-- This site is optimized with the Yoast SEO plugin v21.7 - https:\/\/yoast.com\/wordpress\/plugins\/seo\/ -->\n<title>La Papa - Espect\u00e1culos<\/title>\n<meta name=\"description\" content=\"El \u00e9xito de Buenos Aires llega a Montevideo.\" \/>\n<meta name=\"robots\" content=\"index, follow, max-snippet:-1, max-image-preview:large, max-video-preview:-1\" \/>\n<link rel=\"canonical\" href=\"https:\/\/sodre.gub.uy\/espectaculos\/la-papa\/\" \/>\n<meta property=\"og:locale\" content=\"es_ES\" \/>\n<meta property=\"og:type\" content=\"article\" \/>\n<meta property=\"og:title\" content=\"La Papa - Espect\u00e1culos\" \/>\n<meta property=\"og:description\" content=\"El \u00e9xito de Buenos Aires llega a Montevideo.\" \/>\n<meta property=\"og:url\" content=\"https:\/\/sodre.gub.uy\/espectaculos\/la-papa\/\" \/>\n<meta property=\"og:site_name\" content=\"Espect\u00e1culos\" \/>\n<meta property=\"article:modified_time\" content=\"2025-04-07T14:12:30+00:00\" \/>\n<meta name=\"twitter:card\" content=\"summary_large_image\" \/>\n<meta name=\"twitter:label1\" content=\"Tiempo de lectura\" \/>\n\t<meta name=\"twitter:data1\" content=\"2 minutos\" \/>\n<script type=\"application\/ld+json\" class=\"yoast-schema-graph\">{\"@context\":\"https:\/\/schema.org\",\"@graph\":[{\"@type\":\"WebPage\",\"@id\":\"https:\/\/sodre.gub.uy\/espectaculos\/la-papa\/\",\"url\":\"https:\/\/sodre.gub.uy\/espectaculos\/la-papa\/\",\"name\":\"La Papa - Espect\u00e1culos\",\"isPartOf\":{\"@id\":\"https:\/\/sodre.gub.uy\/espectaculos\/#website\"},\"datePublished\":\"2025-02-12T13:45:59+00:00\",\"dateModified\":\"2025-04-07T14:12:30+00:00\",\"description\":\"El \u00e9xito de Buenos Aires llega a Montevideo.\",\"inLanguage\":\"es\",\"potentialAction\":[{\"@type\":\"ReadAction\",\"target\":[\"https:\/\/sodre.gub.uy\/espectaculos\/la-papa\/\"]}]},{\"@type\":\"WebSite\",\"@id\":\"https:\/\/sodre.gub.uy\/espectaculos\/#website\",\"url\":\"https:\/\/sodre.gub.uy\/espectaculos\/\",\"name\":\"Espect\u00e1culos\",\"description\":\"Servicio Oficial de Difusi\u00f3n, Representaciones y Espect\u00e1culos\",\"publisher\":{\"@id\":\"https:\/\/sodre.gub.uy\/espectaculos\/#organization\"},\"potentialAction\":[{\"@type\":\"SearchAction\",\"target\":{\"@type\":\"EntryPoint\",\"urlTemplate\":\"https:\/\/sodre.gub.uy\/espectaculos\/?s={search_term_string}\"},\"query-input\":\"required name=search_term_string\"}],\"inLanguage\":\"es\"},{\"@type\":\"Organization\",\"@id\":\"https:\/\/sodre.gub.uy\/espectaculos\/#organization\",\"name\":\"Espect\u00e1culos\",\"url\":\"https:\/\/sodre.gub.uy\/espectaculos\/\",\"logo\":{\"@type\":\"ImageObject\",\"inLanguage\":\"es\",\"@id\":\"https:\/\/sodre.gub.uy\/espectaculos\/#\/schema\/logo\/image\/\",\"url\":\"https:\/\/sodre.gub.uy\/espectaculos\/wp-content\/uploads\/sites\/2\/2023\/12\/logo-sodre-black.svg\",\"contentUrl\":\"https:\/\/sodre.gub.uy\/espectaculos\/wp-content\/uploads\/sites\/2\/2023\/12\/logo-sodre-black.svg\",\"caption\":\"Espect\u00e1culos\"},\"image\":{\"@id\":\"https:\/\/sodre.gub.uy\/espectaculos\/#\/schema\/logo\/image\/\"}}]}<\/script>\n<!-- \/ Yoast SEO plugin. -->","yoast_head_json":{"title":"La Papa - Espect\u00e1culos","description":"El \u00e9xito de Buenos Aires llega a Montevideo.","robots":{"index":"index","follow":"follow","max-snippet":"max-snippet:-1","max-image-preview":"max-image-preview:large","max-video-preview":"max-video-preview:-1"},"canonical":"https:\/\/sodre.gub.uy\/espectaculos\/la-papa\/","og_locale":"es_ES","og_type":"article","og_title":"La Papa - Espect\u00e1culos","og_description":"El \u00e9xito de Buenos Aires llega a Montevideo.","og_url":"https:\/\/sodre.gub.uy\/espectaculos\/la-papa\/","og_site_name":"Espect\u00e1culos","article_modified_time":"2025-04-07T14:12:30+00:00","twitter_card":"summary_large_image","twitter_misc":{"Tiempo de lectura":"2 minutos"},"schema":{"@context":"https:\/\/schema.org","@graph":[{"@type":"WebPage","@id":"https:\/\/sodre.gub.uy\/espectaculos\/la-papa\/","url":"https:\/\/sodre.gub.uy\/espectaculos\/la-papa\/","name":"La Papa - Espect\u00e1culos","isPartOf":{"@id":"https:\/\/sodre.gub.uy\/espectaculos\/#website"},"datePublished":"2025-02-12T13:45:59+00:00","dateModified":"2025-04-07T14:12:30+00:00","description":"El \u00e9xito de Buenos Aires llega a Montevideo.","inLanguage":"es","potentialAction":[{"@type":"ReadAction","target":["https:\/\/sodre.gub.uy\/espectaculos\/la-papa\/"]}]},{"@type":"WebSite","@id":"https:\/\/sodre.gub.uy\/espectaculos\/#website","url":"https:\/\/sodre.gub.uy\/espectaculos\/","name":"Espect\u00e1culos","description":"Servicio Oficial de Difusi\u00f3n, Representaciones y Espect\u00e1culos","publisher":{"@id":"https:\/\/sodre.gub.uy\/espectaculos\/#organization"},"potentialAction":[{"@type":"SearchAction","target":{"@type":"EntryPoint","urlTemplate":"https:\/\/sodre.gub.uy\/espectaculos\/?s={search_term_string}"},"query-input":"required name=search_term_string"}],"inLanguage":"es"},{"@type":"Organization","@id":"https:\/\/sodre.gub.uy\/espectaculos\/#organization","name":"Espect\u00e1culos","url":"https:\/\/sodre.gub.uy\/espectaculos\/","logo":{"@type":"ImageObject","inLanguage":"es","@id":"https:\/\/sodre.gub.uy\/espectaculos\/#\/schema\/logo\/image\/","url":"https:\/\/sodre.gub.uy\/espectaculos\/wp-content\/uploads\/sites\/2\/2023\/12\/logo-sodre-black.svg","contentUrl":"https:\/\/sodre.gub.uy\/espectaculos\/wp-content\/uploads\/sites\/2\/2023\/12\/logo-sodre-black.svg","caption":"Espect\u00e1culos"},"image":{"@id":"https:\/\/sodre.gub.uy\/espectaculos\/#\/schema\/logo\/image\/"}}]}},"_links":{"self":[{"href":"https:\/\/sodre.gub.uy\/espectaculos\/wp-json\/wp\/v2\/espectaculo\/7267"}],"collection":[{"href":"https:\/\/sodre.gub.uy\/espectaculos\/wp-json\/wp\/v2\/espectaculo"}],"about":[{"href":"https:\/\/sodre.gub.uy\/espectaculos\/wp-json\/wp\/v2\/types\/espectaculo"}],"version-history":[{"count":9,"href":"https:\/\/sodre.gub.uy\/espectaculos\/wp-json\/wp\/v2\/espectaculo\/7267\/revisions"}],"predecessor-version":[{"id":7809,"href":"https:\/\/sodre.gub.uy\/espectaculos\/wp-json\/wp\/v2\/espectaculo\/7267\/revisions\/7809"}],"wp:attachment":[{"href":"https:\/\/sodre.gub.uy\/espectaculos\/wp-json\/wp\/v2\/media?parent=7267"}],"wp:term":[{"taxonomy":"cuerpo-estable","embeddable":true,"href":"https:\/\/sodre.gub.uy\/espectaculos\/wp-json\/wp\/v2\/cuerpo-estable?post=7267"},{"taxonomy":"etiqueta-espectaculo","embeddable":true,"href":"https:\/\/sodre.gub.uy\/espectaculos\/wp-json\/wp\/v2\/etiqueta-espectaculo?post=7267"},{"taxonomy":"lugar","embeddable":true,"href":"https:\/\/sodre.gub.uy\/espectaculos\/wp-json\/wp\/v2\/lugar?post=7267"},{"taxonomy":"sala-espacio","embeddable":true,"href":"https:\/\/sodre.gub.uy\/espectaculos\/wp-json\/wp\/v2\/sala-espacio?post=7267"}],"curies":[{"name":"wp","href":"https:\/\/api.w.org\/{rel}","templated":true}]}}

<div class="wpb-content-wrapper"><p>[vc_section el_class=»content&#8211;espectaculo»][vc_row el_class=»cyg&#8211;descripcion»][vc_column][vc_column_text]Nuni y Luli son dos hermanas criadas en el seno de una familia judía en la década de los noventa. Comparten una profunda amistad y una misma mirada sobre el mundo. Con el paso de los años, Luli decide volverse ortodoxa, y este cambio se convierte en un desafío para la continuidad del vínculo entre ellas.</p>
<p>¿Qué hacer cuando una persona querida elige un camino que no podemos comprender?</p>
<p>La Papa no es solo un relato sobre el judaísmo y sus múltiples facetas, sino también una reflexión sobre cómo las elecciones de vida y las discrepancias ideológicas pueden poner a prueba los lazos afectivos.</p>
<p>Basada en la historia de vida de su autora y protagonista, Natalia Slovediansky.</p>
<p>&nbsp;</p>
<p>[/vc_column_text][vc_empty_space height=»30px» el_class=»cyg&#8211;espacio-30&#8243;][/vc_column][/vc_row][vc_row el_class=»cyg&#8211;ficha»][vc_column width=»1/2&#8243;][vc_row_inner][vc_column_inner][vc_column_text]<strong>Ficha Artística:</strong></p>
<p><strong>Dirección</strong>: Nicolás Salischiker</p>
<p><strong>Autoría</strong>: Natalia Jesica Slovediansky</p>
<p><strong>Actúan</strong>: Mariana Alvarez, Alejandro Ezequiel Cohen, Hernán Mira, Vera Rotman, Natalia Jesica Slovediansky</p>
<p><strong>Diseño de vestuario</strong>: Emilia Antonella Bacigaluppi</p>
<p><strong>Diseño de escenografía</strong>: Micaela Sleigh</p>
<p><strong>Diseño de sonido</strong>: Fernando Del Gener</p>
<p><strong>Realización de vestuario</strong>: Emilia Antonella Bacigaluppi</p>
<p><strong>Diseño y realización de máscaras</strong>: Marcela Alonso</p>
<p><strong>Música</strong>: Fernando Del Gener</p>
<p><strong>Composición musical</strong>: Inés Maguire</p>
<p><strong>Coreografías:</strong> Sheila Saslavsky</p>
<p><strong>Diseño de iluminación</strong>: Daniela Garcia Dorato</p>
<p><strong>Fotografía</strong>: Daniel Rodriguez</p>
<p><strong>Diseño gráfico</strong>: Render Martínez</p>
<p><strong>Asistencia de escenografía</strong>: Guadalupe Borrajo</p>
<p><strong>Comunicación y prensa</strong>: Mutuverría PR</p>
<p><strong>Redes</strong>: DDI DIgital</p>
<p><strong>Asistencia de dirección y producción</strong>: Jacqueline Bourguignon</p>
<p><strong>Producción general</strong>: Nicolás Salischiker y Natalia Jesica Slovediansky</p>
<p><strong>Dirección general</strong>: Nicolás Salischiker y Natalia Jesica Slovediansky[/vc_column_text][vc_empty_space height=»10&#8243; el_class=»cyg&#8211;espacio-10&#8243;][/vc_column_inner][/vc_row_inner][vc_row_inner][vc_column_inner][vc_empty_space height=»10&#8243; el_class=»cyg&#8211;espacio-10&#8243;][/vc_column_inner][/vc_row_inner][/vc_column][vc_column width=»1/2&#8243;][vc_row_inner][vc_column_inner][vc_empty_space height=»10&#8243; el_class=»cyg&#8211;espacio-10&#8243;][/vc_column_inner][/vc_row_inner][vc_row_inner][vc_column_inner][vc_empty_space height=»10&#8243; el_class=»cyg&#8211;espacio-10&#8243;][/vc_column_inner][/vc_row_inner][/vc_column][/vc_row][vc_row][vc_column][vc_empty_space height=»10px»][vc_column_text]<strong>Duración: </strong>70 min.[/vc_column_text][vc_column_text]<strong>Edad recomendada: </strong>Apta a todo público.[/vc_column_text][/vc_column][/vc_row][/vc_section]</p>
</div>

<p>El éxito de Buenos Aires llega a Montevideo.</p>

<!-- This site is optimized with the Yoast SEO plugin v21.7 - https://yoast.com/wordpress/plugins/seo/ -->
<title>La Papa - Espectáculos</title>
<meta name="description" content="El éxito de Buenos Aires llega a Montevideo." />
<meta name="robots" content="index, follow, max-snippet:-1, max-image-preview:large, max-video-preview:-1" />
<link rel="canonical" href="https://sodre.gub.uy/espectaculos/la-papa/" />
<meta property="og:locale" content="es_ES" />
<meta property="og:type" content="article" />
<meta property="og:title" content="La Papa - Espectáculos" />
<meta property="og:description" content="El éxito de Buenos Aires llega a Montevideo." />
<meta property="og:url" content="https://sodre.gub.uy/espectaculos/la-papa/" />
<meta property="og:site_name" content="Espectáculos" />
<meta property="article:modified_time" content="2025-04-07T14:12:30+00:00" />
<meta name="twitter:card" content="summary_large_image" />
<meta name="twitter:label1" content="Tiempo de lectura" />
	<meta name="twitter:data1" content="2 minutos" />
<script type="application/ld+json" class="yoast-schema-graph">{"@context":"https://schema.org","@graph":[{"@type":"WebPage","@id":"https://sodre.gub.uy/espectaculos/la-papa/","url":"https://sodre.gub.uy/espectaculos/la-papa/","name":"La Papa - Espectáculos","isPartOf":{"@id":"https://sodre.gub.uy/espectaculos/#website"},"datePublished":"2025-02-12T13:45:59+00:00","dateModified":"2025-04-07T14:12:30+00:00","description":"El éxito de Buenos Aires llega a Montevideo.","inLanguage":"es","potentialAction":[{"@type":"ReadAction","target":["https://sodre.gub.uy/espectaculos/la-papa/"]}]},{"@type":"WebSite","@id":"https://sodre.gub.uy/espectaculos/#website","url":"https://sodre.gub.uy/espectaculos/","name":"Espectáculos","description":"Servicio Oficial de Difusión, Representaciones y Espectáculos","publisher":{"@id":"https://sodre.gub.uy/espectaculos/#organization"},"potentialAction":[{"@type":"SearchAction","target":{"@type":"EntryPoint","urlTemplate":"https://sodre.gub.uy/espectaculos/?s={search_term_string}"},"query-input":"required name=search_term_string"}],"inLanguage":"es"},{"@type":"Organization","@id":"https://sodre.gub.uy/espectaculos/#organization","name":"Espectáculos","url":"https://sodre.gub.uy/espectaculos/","logo":{"@type":"ImageObject","inLanguage":"es","@id":"https://sodre.gub.uy/espectaculos/#/schema/logo/image/","url":"https://sodre.gub.uy/espectaculos/wp-content/uploads/sites/2/2023/12/logo-sodre-black.svg","contentUrl":"https://sodre.gub.uy/espectaculos/wp-content/uploads/sites/2/2023/12/logo-sodre-black.svg","caption":"Espectáculos"},"image":{"@id":"https://sodre.gub.uy/espectaculos/#/schema/logo/image/"}}]}</script>
<!-- / Yoast SEO plugin. -->

La Papa - Espectáculos

El éxito de Buenos Aires llega a Montevideo.

Espectáculos

Servicio Oficial de Difusión, Representaciones y Espectáculos
