{"id":6993,"date":"2025-01-22T14:40:40","date_gmt":"2025-01-22T17:40:40","guid":{"rendered":"https:\/\/sodre.gub.uy\/espectaculos\/?post_type=espectaculo&#038;p=6993"},"modified":"2025-09-09T13:16:32","modified_gmt":"2025-09-09T16:16:32","slug":"gala-de-ballet-2","status":"publish","type":"espectaculo","link":"https:\/\/sodre.gub.uy\/espectaculos\/gala-de-ballet-2\/","title":{"rendered":"Gala de Ballet"},"content":{"rendered":"<div class=\"wpb-content-wrapper\"><p>[vc_section el_class=\u00bbcontent&#8211;espectaculo\u00bb][vc_row el_class=\u00bbcyg&#8211;descripcion\u00bb][vc_column][vc_column_text]El Ballet Nacional Sodre presenta una Gala de Ballet que re\u00fane dos miradas \u00fanicas del ballet contempor\u00e1neo: la fuerza y el sello inconfundible del core\u00f3grafo espa\u00f1ol Joaqu\u00edn de Luz con <em>Anacer<\/em>, una creaci\u00f3n que fusiona la esencia del flamenco con el ballet cl\u00e1sico y neocl\u00e1sico; y la propuesta innovadora del australiano Craig Davidson con <em>The Stillness That Dances<\/em>, quien presenta por primera vez en Sudam\u00e9rica una obra que desaf\u00eda a los bailarines a reinventarse.<\/p>\n<p>Una oportunidad excepcional para disfrutar de una experiencia que celebra la fuerza, la versatilidad y la belleza de la danza.[\/vc_column_text][vc_empty_space height=\u00bb30px\u00bb el_class=\u00bbcyg&#8211;espacio-30&#8243;][\/vc_column][\/vc_row][vc_row el_class=\u00bbcyg&#8211;ficha\u00bb][vc_column width=\u00bb1\/2&#8243;][vc_row_inner][vc_column_inner][vc_column_text]<\/p>\n<h5><strong><em>Anacer<\/em><\/strong><\/h5>\n<p><strong>Coreograf\u00eda:<\/strong> Joaqu\u00edn de Luz<br \/>\n<strong>M\u00fasica original:<\/strong> Javier Conde y Dani Jurado<br \/>\n<strong>Dise\u00f1o de iluminaci\u00f3n:<\/strong> Pablo Pulido<br \/>\n<strong>Dise\u00f1o de vestuario:<\/strong> Maite G\u00f3mez Pastorino<br \/>\n<strong>Stage manager:<\/strong> Mart\u00edn Ezequiel Segovia<\/p>\n<p><strong>Duraci\u00f3n:<\/strong> 35 min.[\/vc_column_text][vc_empty_space height=\u00bb60&#8243; el_class=\u00bbcyg&#8211;espacio-10&#8243;][\/vc_column_inner][\/vc_row_inner][vc_row_inner][vc_column_inner][vc_empty_space height=\u00bb60&#8243; el_class=\u00bbcyg&#8211;espacio-10&#8243;][vc_column_text]<\/p>\n<h5><strong><em>The Stillness That Dances<\/em><\/strong><\/h5>\n<p><strong>Coreograf\u00eda:<\/strong> Craig Davidson<br \/>\n<strong>M\u00fasica original:<\/strong> Sergei Rachmaninoff<br \/>\n<strong>Asistente de coreograf\u00eda:<\/strong> Jan Casier<br \/>\n<strong>Dise\u00f1o de iluminaci\u00f3n:<\/strong> Pablo Pulido<br \/>\n<strong>Dise\u00f1o de vestuario:<\/strong> Craig Davidson<br \/>\n<strong>Coordinadora y asistente de vestuario:<\/strong> Maite G\u00f3mez Pastorino<br \/>\n<strong>Stage manager:<\/strong> Mart\u00edn Ezequiel Segovia<\/p>\n<p><strong>Duraci\u00f3n:<\/strong> 35 min.[\/vc_column_text][vc_empty_space height=\u00bb10&#8243; el_class=\u00bbcyg&#8211;espacio-10&#8243;][\/vc_column_inner][\/vc_row_inner][\/vc_column][vc_column width=\u00bb1\/2&#8243;][vc_row_inner][vc_column_inner][vc_empty_space height=\u00bb10&#8243; el_class=\u00bbcyg&#8211;espacio-10&#8243;][\/vc_column_inner][\/vc_row_inner][vc_row_inner][vc_column_inner][vc_empty_space height=\u00bb10&#8243; el_class=\u00bbcyg&#8211;espacio-10&#8243;][\/vc_column_inner][\/vc_row_inner][\/vc_column][\/vc_row][vc_row][vc_column][vc_empty_space height=\u00bb50px\u00bb][vc_column_text]Edad sugerida 5 a\u00f1os.[\/vc_column_text][vc_column_text]La funci\u00f3n del jueves 11 de setiembre es a beneficio de la Fundaci\u00f3n Sophia.[\/vc_column_text][vc_column_text]Una vez comenzado el espect\u00e1culo no se podr\u00e1 ingresar a sala.[\/vc_column_text][vc_column_text]En caso de comprar lugares accesibles y no necesitar accesibilidad, el personal de Atenci\u00f3n al P\u00fablico podr\u00e1 solicitarle un cambio de asiento si alguien llega a requerirlo.[\/vc_column_text][vc_empty_space height=\u00bb52px\u00bb][\/vc_column][\/vc_row][\/vc_section][vc_row][vc_column width=\u00bb1\/2&#8243;][vc_column_text]<\/p>\n<p style=\"margin: 0px 0px 12px;padding: 0px;position: relative;font-family: Inter, sans-serif;line-height: 1.65;color: #020304;font-size: 14.72px;font-style: normal;font-weight: 400;letter-spacing: normal;text-align: start;text-indent: 0px;text-transform: none;background-color: #ffffff\"><span style=\"margin: 0px;padding: 0px;position: relative;font-size: 10pt\"><strong style=\"margin: 0px;padding: 0px;position: relative;font-weight: 600\">Medios de pago BROU:<\/strong><\/span><\/p>\n<p style=\"margin: 0px 0px 12px;padding: 0px;position: relative;font-family: Inter, sans-serif;line-height: 1.65;color: #020304;font-size: 14.72px;font-style: normal;font-weight: 400;letter-spacing: normal;text-align: start;text-indent: 0px;text-transform: none;background-color: #ffffff\"><span style=\"margin: 0px;padding: 0px;position: relative;font-size: 10pt\">20 % de descuento abonando con tarjetas de cr\u00e9dito Visa y Mastercard Recompensa, y tarjetas de d\u00e9bito Visa y Mastercard D\u00e9bito Recompensa del Banco.<\/span><\/p>\n<p style=\"margin: 0px 0px 12px;padding: 0px;position: relative;font-family: Inter, sans-serif;line-height: 1.65;color: #020304;font-size: 14.72px;font-style: normal;font-weight: 400;letter-spacing: normal;text-align: start;text-indent: 0px;text-transform: none;background-color: #ffffff\"><span style=\"margin: 0px;padding: 0px;position: relative;font-size: 10pt\">50 %\u00a0 de descuento para las tarjetas Black y Visa Platinum del Banco para todas las obras.<\/span><\/p>\n<p style=\"margin: 0px;padding: 0px;position: relative;font-family: Inter, sans-serif;line-height: 1.65;color: #020304;font-size: 14.72px;font-style: normal;font-weight: 400;letter-spacing: normal;text-align: start;text-indent: 0px;text-transform: none;background-color: #ffffff\"><span style=\"margin: 0px;padding: 0px;position: relative;font-size: 10pt\">Tope del descuento: $1000 (por cuenta y por mes).<\/span><\/p>\n<p>[\/vc_column_text][\/vc_column][vc_column width=\u00bb1\/2&#8243;][\/vc_column][\/vc_row]<\/p>\n<\/div>","protected":false},"excerpt":{"rendered":"<p>Se presenta \u00abAnacer\u00bb de Joaqu\u00edn de Luz, y \u00abThe Stillness That Dances\u00bb de Craig Davidson: dos visiones contempor\u00e1neas que fusionan tradici\u00f3n, innovaci\u00f3n y la potencia del movimiento<\/p>\n","protected":false},"menu_order":0,"template":"","format":"standard","cuerpo-estable":[22],"etiqueta-espectaculo":[],"lugar":[16],"sala-espacio":[30],"acf":[],"yoast_head":"<!-- This site is optimized with the Yoast SEO plugin v21.7 - https:\/\/yoast.com\/wordpress\/plugins\/seo\/ -->\n<title>Gala de Ballet - Espect\u00e1culos<\/title>\n<meta name=\"robots\" content=\"index, follow, max-snippet:-1, max-image-preview:large, max-video-preview:-1\" \/>\n<link rel=\"canonical\" href=\"https:\/\/sodre.gub.uy\/espectaculos\/gala-de-ballet-2\/\" \/>\n<meta property=\"og:locale\" content=\"es_ES\" \/>\n<meta property=\"og:type\" content=\"article\" \/>\n<meta property=\"og:title\" content=\"Gala de Ballet - Espect\u00e1culos\" \/>\n<meta property=\"og:description\" content=\"Se presenta &quot;Anacer&quot; de Joaqu\u00edn de Luz, y &quot;The Stillness That Dances&quot; de Craig Davidson: dos visiones contempor\u00e1neas que fusionan tradici\u00f3n, innovaci\u00f3n y la potencia del movimiento\" \/>\n<meta property=\"og:url\" content=\"https:\/\/sodre.gub.uy\/espectaculos\/gala-de-ballet-2\/\" \/>\n<meta property=\"og:site_name\" content=\"Espect\u00e1culos\" \/>\n<meta property=\"article:modified_time\" content=\"2025-09-09T16:16:32+00:00\" \/>\n<meta name=\"twitter:card\" content=\"summary_large_image\" \/>\n<meta name=\"twitter:label1\" content=\"Tiempo de lectura\" \/>\n\t<meta name=\"twitter:data1\" content=\"2 minutos\" \/>\n<script type=\"application\/ld+json\" class=\"yoast-schema-graph\">{\"@context\":\"https:\/\/schema.org\",\"@graph\":[{\"@type\":\"WebPage\",\"@id\":\"https:\/\/sodre.gub.uy\/espectaculos\/gala-de-ballet-2\/\",\"url\":\"https:\/\/sodre.gub.uy\/espectaculos\/gala-de-ballet-2\/\",\"name\":\"Gala de Ballet - Espect\u00e1culos\",\"isPartOf\":{\"@id\":\"https:\/\/sodre.gub.uy\/espectaculos\/#website\"},\"datePublished\":\"2025-01-22T17:40:40+00:00\",\"dateModified\":\"2025-09-09T16:16:32+00:00\",\"inLanguage\":\"es\",\"potentialAction\":[{\"@type\":\"ReadAction\",\"target\":[\"https:\/\/sodre.gub.uy\/espectaculos\/gala-de-ballet-2\/\"]}]},{\"@type\":\"WebSite\",\"@id\":\"https:\/\/sodre.gub.uy\/espectaculos\/#website\",\"url\":\"https:\/\/sodre.gub.uy\/espectaculos\/\",\"name\":\"Espect\u00e1culos\",\"description\":\"Servicio Oficial de Difusi\u00f3n, Representaciones y Espect\u00e1culos\",\"publisher\":{\"@id\":\"https:\/\/sodre.gub.uy\/espectaculos\/#organization\"},\"potentialAction\":[{\"@type\":\"SearchAction\",\"target\":{\"@type\":\"EntryPoint\",\"urlTemplate\":\"https:\/\/sodre.gub.uy\/espectaculos\/?s={search_term_string}\"},\"query-input\":\"required name=search_term_string\"}],\"inLanguage\":\"es\"},{\"@type\":\"Organization\",\"@id\":\"https:\/\/sodre.gub.uy\/espectaculos\/#organization\",\"name\":\"Espect\u00e1culos\",\"url\":\"https:\/\/sodre.gub.uy\/espectaculos\/\",\"logo\":{\"@type\":\"ImageObject\",\"inLanguage\":\"es\",\"@id\":\"https:\/\/sodre.gub.uy\/espectaculos\/#\/schema\/logo\/image\/\",\"url\":\"https:\/\/sodre.gub.uy\/espectaculos\/wp-content\/uploads\/sites\/2\/2023\/12\/logo-sodre-black.svg\",\"contentUrl\":\"https:\/\/sodre.gub.uy\/espectaculos\/wp-content\/uploads\/sites\/2\/2023\/12\/logo-sodre-black.svg\",\"caption\":\"Espect\u00e1culos\"},\"image\":{\"@id\":\"https:\/\/sodre.gub.uy\/espectaculos\/#\/schema\/logo\/image\/\"}}]}<\/script>\n<!-- \/ Yoast SEO plugin. -->","yoast_head_json":{"title":"Gala de Ballet - Espect\u00e1culos","robots":{"index":"index","follow":"follow","max-snippet":"max-snippet:-1","max-image-preview":"max-image-preview:large","max-video-preview":"max-video-preview:-1"},"canonical":"https:\/\/sodre.gub.uy\/espectaculos\/gala-de-ballet-2\/","og_locale":"es_ES","og_type":"article","og_title":"Gala de Ballet - Espect\u00e1culos","og_description":"Se presenta \"Anacer\" de Joaqu\u00edn de Luz, y \"The Stillness That Dances\" de Craig Davidson: dos visiones contempor\u00e1neas que fusionan tradici\u00f3n, innovaci\u00f3n y la potencia del movimiento","og_url":"https:\/\/sodre.gub.uy\/espectaculos\/gala-de-ballet-2\/","og_site_name":"Espect\u00e1culos","article_modified_time":"2025-09-09T16:16:32+00:00","twitter_card":"summary_large_image","twitter_misc":{"Tiempo de lectura":"2 minutos"},"schema":{"@context":"https:\/\/schema.org","@graph":[{"@type":"WebPage","@id":"https:\/\/sodre.gub.uy\/espectaculos\/gala-de-ballet-2\/","url":"https:\/\/sodre.gub.uy\/espectaculos\/gala-de-ballet-2\/","name":"Gala de Ballet - Espect\u00e1culos","isPartOf":{"@id":"https:\/\/sodre.gub.uy\/espectaculos\/#website"},"datePublished":"2025-01-22T17:40:40+00:00","dateModified":"2025-09-09T16:16:32+00:00","inLanguage":"es","potentialAction":[{"@type":"ReadAction","target":["https:\/\/sodre.gub.uy\/espectaculos\/gala-de-ballet-2\/"]}]},{"@type":"WebSite","@id":"https:\/\/sodre.gub.uy\/espectaculos\/#website","url":"https:\/\/sodre.gub.uy\/espectaculos\/","name":"Espect\u00e1culos","description":"Servicio Oficial de Difusi\u00f3n, Representaciones y Espect\u00e1culos","publisher":{"@id":"https:\/\/sodre.gub.uy\/espectaculos\/#organization"},"potentialAction":[{"@type":"SearchAction","target":{"@type":"EntryPoint","urlTemplate":"https:\/\/sodre.gub.uy\/espectaculos\/?s={search_term_string}"},"query-input":"required name=search_term_string"}],"inLanguage":"es"},{"@type":"Organization","@id":"https:\/\/sodre.gub.uy\/espectaculos\/#organization","name":"Espect\u00e1culos","url":"https:\/\/sodre.gub.uy\/espectaculos\/","logo":{"@type":"ImageObject","inLanguage":"es","@id":"https:\/\/sodre.gub.uy\/espectaculos\/#\/schema\/logo\/image\/","url":"https:\/\/sodre.gub.uy\/espectaculos\/wp-content\/uploads\/sites\/2\/2023\/12\/logo-sodre-black.svg","contentUrl":"https:\/\/sodre.gub.uy\/espectaculos\/wp-content\/uploads\/sites\/2\/2023\/12\/logo-sodre-black.svg","caption":"Espect\u00e1culos"},"image":{"@id":"https:\/\/sodre.gub.uy\/espectaculos\/#\/schema\/logo\/image\/"}}]}},"_links":{"self":[{"href":"https:\/\/sodre.gub.uy\/espectaculos\/wp-json\/wp\/v2\/espectaculo\/6993"}],"collection":[{"href":"https:\/\/sodre.gub.uy\/espectaculos\/wp-json\/wp\/v2\/espectaculo"}],"about":[{"href":"https:\/\/sodre.gub.uy\/espectaculos\/wp-json\/wp\/v2\/types\/espectaculo"}],"version-history":[{"count":24,"href":"https:\/\/sodre.gub.uy\/espectaculos\/wp-json\/wp\/v2\/espectaculo\/6993\/revisions"}],"predecessor-version":[{"id":9632,"href":"https:\/\/sodre.gub.uy\/espectaculos\/wp-json\/wp\/v2\/espectaculo\/6993\/revisions\/9632"}],"wp:attachment":[{"href":"https:\/\/sodre.gub.uy\/espectaculos\/wp-json\/wp\/v2\/media?parent=6993"}],"wp:term":[{"taxonomy":"cuerpo-estable","embeddable":true,"href":"https:\/\/sodre.gub.uy\/espectaculos\/wp-json\/wp\/v2\/cuerpo-estable?post=6993"},{"taxonomy":"etiqueta-espectaculo","embeddable":true,"href":"https:\/\/sodre.gub.uy\/espectaculos\/wp-json\/wp\/v2\/etiqueta-espectaculo?post=6993"},{"taxonomy":"lugar","embeddable":true,"href":"https:\/\/sodre.gub.uy\/espectaculos\/wp-json\/wp\/v2\/lugar?post=6993"},{"taxonomy":"sala-espacio","embeddable":true,"href":"https:\/\/sodre.gub.uy\/espectaculos\/wp-json\/wp\/v2\/sala-espacio?post=6993"}],"curies":[{"name":"wp","href":"https:\/\/api.w.org\/{rel}","templated":true}]}}

<div class="wpb-content-wrapper"><p>[vc_section el_class=»content&#8211;espectaculo»][vc_row el_class=»cyg&#8211;descripcion»][vc_column][vc_column_text]El Ballet Nacional Sodre presenta una Gala de Ballet que reúne dos miradas únicas del ballet contemporáneo: la fuerza y el sello inconfundible del coreógrafo español Joaquín de Luz con <em>Anacer</em>, una creación que fusiona la esencia del flamenco con el ballet clásico y neoclásico; y la propuesta innovadora del australiano Craig Davidson con <em>The Stillness That Dances</em>, quien presenta por primera vez en Sudamérica una obra que desafía a los bailarines a reinventarse.</p>
<p>Una oportunidad excepcional para disfrutar de una experiencia que celebra la fuerza, la versatilidad y la belleza de la danza.[/vc_column_text][vc_empty_space height=»30px» el_class=»cyg&#8211;espacio-30&#8243;][/vc_column][/vc_row][vc_row el_class=»cyg&#8211;ficha»][vc_column width=»1/2&#8243;][vc_row_inner][vc_column_inner][vc_column_text]</p>
<h5><strong><em>Anacer</em></strong></h5>
<p><strong>Coreografía:</strong> Joaquín de Luz<br />
<strong>Música original:</strong> Javier Conde y Dani Jurado<br />
<strong>Diseño de iluminación:</strong> Pablo Pulido<br />
<strong>Diseño de vestuario:</strong> Maite Gómez Pastorino<br />
<strong>Stage manager:</strong> Martín Ezequiel Segovia</p>
<p><strong>Duración:</strong> 35 min.[/vc_column_text][vc_empty_space height=»60&#8243; el_class=»cyg&#8211;espacio-10&#8243;][/vc_column_inner][/vc_row_inner][vc_row_inner][vc_column_inner][vc_empty_space height=»60&#8243; el_class=»cyg&#8211;espacio-10&#8243;][vc_column_text]</p>
<h5><strong><em>The Stillness That Dances</em></strong></h5>
<p><strong>Coreografía:</strong> Craig Davidson<br />
<strong>Música original:</strong> Sergei Rachmaninoff<br />
<strong>Asistente de coreografía:</strong> Jan Casier<br />
<strong>Diseño de iluminación:</strong> Pablo Pulido<br />
<strong>Diseño de vestuario:</strong> Craig Davidson<br />
<strong>Coordinadora y asistente de vestuario:</strong> Maite Gómez Pastorino<br />
<strong>Stage manager:</strong> Martín Ezequiel Segovia</p>
<p><strong>Duración:</strong> 35 min.[/vc_column_text][vc_empty_space height=»10&#8243; el_class=»cyg&#8211;espacio-10&#8243;][/vc_column_inner][/vc_row_inner][/vc_column][vc_column width=»1/2&#8243;][vc_row_inner][vc_column_inner][vc_empty_space height=»10&#8243; el_class=»cyg&#8211;espacio-10&#8243;][/vc_column_inner][/vc_row_inner][vc_row_inner][vc_column_inner][vc_empty_space height=»10&#8243; el_class=»cyg&#8211;espacio-10&#8243;][/vc_column_inner][/vc_row_inner][/vc_column][/vc_row][vc_row][vc_column][vc_empty_space height=»50px»][vc_column_text]Edad sugerida 5 años.[/vc_column_text][vc_column_text]La función del jueves 11 de setiembre es a beneficio de la Fundación Sophia.[/vc_column_text][vc_column_text]Una vez comenzado el espectáculo no se podrá ingresar a sala.[/vc_column_text][vc_column_text]En caso de comprar lugares accesibles y no necesitar accesibilidad, el personal de Atención al Público podrá solicitarle un cambio de asiento si alguien llega a requerirlo.[/vc_column_text][vc_empty_space height=»52px»][/vc_column][/vc_row][/vc_section][vc_row][vc_column width=»1/2&#8243;][vc_column_text]</p>
<p style="margin: 0px 0px 12px;padding: 0px;position: relative;font-family: Inter, sans-serif;line-height: 1.65;color: #020304;font-size: 14.72px;font-style: normal;font-weight: 400;letter-spacing: normal;text-align: start;text-indent: 0px;text-transform: none;background-color: #ffffff"><span style="margin: 0px;padding: 0px;position: relative;font-size: 10pt"><strong style="margin: 0px;padding: 0px;position: relative;font-weight: 600">Medios de pago BROU:</strong></span></p>
<p style="margin: 0px 0px 12px;padding: 0px;position: relative;font-family: Inter, sans-serif;line-height: 1.65;color: #020304;font-size: 14.72px;font-style: normal;font-weight: 400;letter-spacing: normal;text-align: start;text-indent: 0px;text-transform: none;background-color: #ffffff"><span style="margin: 0px;padding: 0px;position: relative;font-size: 10pt">20 % de descuento abonando con tarjetas de crédito Visa y Mastercard Recompensa, y tarjetas de débito Visa y Mastercard Débito Recompensa del Banco.</span></p>
<p style="margin: 0px 0px 12px;padding: 0px;position: relative;font-family: Inter, sans-serif;line-height: 1.65;color: #020304;font-size: 14.72px;font-style: normal;font-weight: 400;letter-spacing: normal;text-align: start;text-indent: 0px;text-transform: none;background-color: #ffffff"><span style="margin: 0px;padding: 0px;position: relative;font-size: 10pt">50 %  de descuento para las tarjetas Black y Visa Platinum del Banco para todas las obras.</span></p>
<p style="margin: 0px;padding: 0px;position: relative;font-family: Inter, sans-serif;line-height: 1.65;color: #020304;font-size: 14.72px;font-style: normal;font-weight: 400;letter-spacing: normal;text-align: start;text-indent: 0px;text-transform: none;background-color: #ffffff"><span style="margin: 0px;padding: 0px;position: relative;font-size: 10pt">Tope del descuento: $1000 (por cuenta y por mes).</span></p>
<p>[/vc_column_text][/vc_column][vc_column width=»1/2&#8243;][/vc_column][/vc_row]</p>
</div>

<p>Se presenta «Anacer» de Joaquín de Luz, y «The Stillness That Dances» de Craig Davidson: dos visiones contemporáneas que fusionan tradición, innovación y la potencia del movimiento</p>

<!-- This site is optimized with the Yoast SEO plugin v21.7 - https://yoast.com/wordpress/plugins/seo/ -->
<title>Gala de Ballet - Espectáculos</title>
<meta name="robots" content="index, follow, max-snippet:-1, max-image-preview:large, max-video-preview:-1" />
<link rel="canonical" href="https://sodre.gub.uy/espectaculos/gala-de-ballet-2/" />
<meta property="og:locale" content="es_ES" />
<meta property="og:type" content="article" />
<meta property="og:title" content="Gala de Ballet - Espectáculos" />
<meta property="og:description" content="Se presenta &quot;Anacer&quot; de Joaquín de Luz, y &quot;The Stillness That Dances&quot; de Craig Davidson: dos visiones contemporáneas que fusionan tradición, innovación y la potencia del movimiento" />
<meta property="og:url" content="https://sodre.gub.uy/espectaculos/gala-de-ballet-2/" />
<meta property="og:site_name" content="Espectáculos" />
<meta property="article:modified_time" content="2025-09-09T16:16:32+00:00" />
<meta name="twitter:card" content="summary_large_image" />
<meta name="twitter:label1" content="Tiempo de lectura" />
	<meta name="twitter:data1" content="2 minutos" />
<script type="application/ld+json" class="yoast-schema-graph">{"@context":"https://schema.org","@graph":[{"@type":"WebPage","@id":"https://sodre.gub.uy/espectaculos/gala-de-ballet-2/","url":"https://sodre.gub.uy/espectaculos/gala-de-ballet-2/","name":"Gala de Ballet - Espectáculos","isPartOf":{"@id":"https://sodre.gub.uy/espectaculos/#website"},"datePublished":"2025-01-22T17:40:40+00:00","dateModified":"2025-09-09T16:16:32+00:00","inLanguage":"es","potentialAction":[{"@type":"ReadAction","target":["https://sodre.gub.uy/espectaculos/gala-de-ballet-2/"]}]},{"@type":"WebSite","@id":"https://sodre.gub.uy/espectaculos/#website","url":"https://sodre.gub.uy/espectaculos/","name":"Espectáculos","description":"Servicio Oficial de Difusión, Representaciones y Espectáculos","publisher":{"@id":"https://sodre.gub.uy/espectaculos/#organization"},"potentialAction":[{"@type":"SearchAction","target":{"@type":"EntryPoint","urlTemplate":"https://sodre.gub.uy/espectaculos/?s={search_term_string}"},"query-input":"required name=search_term_string"}],"inLanguage":"es"},{"@type":"Organization","@id":"https://sodre.gub.uy/espectaculos/#organization","name":"Espectáculos","url":"https://sodre.gub.uy/espectaculos/","logo":{"@type":"ImageObject","inLanguage":"es","@id":"https://sodre.gub.uy/espectaculos/#/schema/logo/image/","url":"https://sodre.gub.uy/espectaculos/wp-content/uploads/sites/2/2023/12/logo-sodre-black.svg","contentUrl":"https://sodre.gub.uy/espectaculos/wp-content/uploads/sites/2/2023/12/logo-sodre-black.svg","caption":"Espectáculos"},"image":{"@id":"https://sodre.gub.uy/espectaculos/#/schema/logo/image/"}}]}</script>
<!-- / Yoast SEO plugin. -->

Gala de Ballet - Espectáculos

Se presenta "Anacer" de Joaquín de Luz, y "The Stillness That Dances" de Craig Davidson: dos visiones contemporáneas que fusionan tradición, innovación y la potencia del movimiento

Espectáculos

Servicio Oficial de Difusión, Representaciones y Espectáculos
