{"id":6517,"date":"2024-11-11T15:21:54","date_gmt":"2024-11-11T18:21:54","guid":{"rendered":"https:\/\/sodre.gub.uy\/espectaculos\/?post_type=espectaculo&#038;p=6517"},"modified":"2024-11-29T14:55:28","modified_gmt":"2024-11-29T17:55:28","slug":"tunda-prada-presenta-duna","status":"publish","type":"espectaculo","link":"https:\/\/sodre.gub.uy\/espectaculos\/tunda-prada-presenta-duna\/","title":{"rendered":"Tunda Prada presenta \u00abDuna\u00bb"},"content":{"rendered":"<div class=\"wpb-content-wrapper\"><p>[vc_section el_class=\u00bbcontent&#8211;espectaculo\u00bb][vc_row el_class=\u00bbcyg&#8211;descripcion\u00bb][vc_column][vc_column_text]\u201cDuna\u201d hace referencia a los dibujos que Tunda. Prada va creando en vivo durante el. espect\u00e1culo utilizando arena sobre una mesa de transparencia que con una c\u00e1mara cenital son proyectados sobre diferentes pantallas en el escenario, generando un background din\u00e1mico y ef\u00edmero.<\/p>\n<p>La idea es que el p\u00fablico est\u00e9 espacialmente inmerso en la realidad sonora y visual con la ejecuci\u00f3n en vivo de las canciones, dibujos y textos de Tunda acompa\u00f1adas e intervenidas en el momento por el m\u00fasico Francisco Cuello y por las. proyecciones de video mapping del artista Francisco Matos, contando tambi\u00e9n en escenario con int\u00e9rprete de Lengua de Se\u00f1as Uruguaya.[\/vc_column_text][vc_empty_space height=\u00bb30px\u00bb el_class=\u00bbcyg&#8211;espacio-30&#8243;][\/vc_column][\/vc_row][vc_row el_class=\u00bbcyg&#8211;ficha\u00bb][vc_column width=\u00bb1\/2&#8243;][vc_row_inner][vc_column_inner][vc_empty_space height=\u00bb10&#8243; el_class=\u00bbcyg&#8211;espacio-10&#8243;][\/vc_column_inner][\/vc_row_inner][vc_row_inner][vc_column_inner][vc_empty_space height=\u00bb10&#8243; el_class=\u00bbcyg&#8211;espacio-10&#8243;][\/vc_column_inner][\/vc_row_inner][\/vc_column][vc_column width=\u00bb1\/2&#8243;][vc_row_inner][vc_column_inner][vc_empty_space height=\u00bb10&#8243; el_class=\u00bbcyg&#8211;espacio-10&#8243;][\/vc_column_inner][\/vc_row_inner][vc_row_inner][vc_column_inner][vc_empty_space height=\u00bb10&#8243; el_class=\u00bbcyg&#8211;espacio-10&#8243;][\/vc_column_inner][\/vc_row_inner][\/vc_column][\/vc_row][vc_row][vc_column][vc_empty_space height=\u00bb10px\u00bb][vc_column_text]<strong>Edad recomendada: <\/strong>Apto a todo p\u00fablico.[\/vc_column_text][\/vc_column][\/vc_row][\/vc_section]<\/p>\n<\/div>","protected":false},"excerpt":{"rendered":"<p>Un espect\u00e1culo que pretende generar una experiencia sensorial, resultado de la investigaci\u00f3n en diferentes disciplinas: m\u00fasica y dibujos en vivo, videomapping y lengua de se\u00f1as.<\/p>\n","protected":false},"menu_order":0,"template":"","format":"standard","cuerpo-estable":[29],"etiqueta-espectaculo":[39],"lugar":[16],"sala-espacio":[35],"acf":[],"yoast_head":"<!-- This site is optimized with the Yoast SEO plugin v21.7 - https:\/\/yoast.com\/wordpress\/plugins\/seo\/ -->\n<title>Tunda Prada presenta &quot;Duna&quot; - Espect\u00e1culos<\/title>\n<meta name=\"description\" content=\"Duna es un espect\u00e1culo que pretende generar una experiencia sensorial, resultado de la investigaci\u00f3n en diferentes disciplinas: m\u00fasica y dibujos en vivo, videomapping y lengua de se\u00f1as.\" \/>\n<meta name=\"robots\" content=\"index, follow, max-snippet:-1, max-image-preview:large, max-video-preview:-1\" \/>\n<link rel=\"canonical\" href=\"https:\/\/sodre.gub.uy\/espectaculos\/tunda-prada-presenta-duna\/\" \/>\n<meta property=\"og:locale\" content=\"es_ES\" \/>\n<meta property=\"og:type\" content=\"article\" \/>\n<meta property=\"og:title\" content=\"Tunda Prada presenta &quot;Duna&quot; - Espect\u00e1culos\" \/>\n<meta property=\"og:description\" content=\"Duna es un espect\u00e1culo que pretende generar una experiencia sensorial, resultado de la investigaci\u00f3n en diferentes disciplinas: m\u00fasica y dibujos en vivo, videomapping y lengua de se\u00f1as.\" \/>\n<meta property=\"og:url\" content=\"https:\/\/sodre.gub.uy\/espectaculos\/tunda-prada-presenta-duna\/\" \/>\n<meta property=\"og:site_name\" content=\"Espect\u00e1culos\" \/>\n<meta property=\"article:modified_time\" content=\"2024-11-29T17:55:28+00:00\" \/>\n<meta name=\"twitter:card\" content=\"summary_large_image\" \/>\n<meta name=\"twitter:label1\" content=\"Tiempo de lectura\" \/>\n\t<meta name=\"twitter:data1\" content=\"1 minuto\" \/>\n<script type=\"application\/ld+json\" class=\"yoast-schema-graph\">{\"@context\":\"https:\/\/schema.org\",\"@graph\":[{\"@type\":\"WebPage\",\"@id\":\"https:\/\/sodre.gub.uy\/espectaculos\/tunda-prada-presenta-duna\/\",\"url\":\"https:\/\/sodre.gub.uy\/espectaculos\/tunda-prada-presenta-duna\/\",\"name\":\"Tunda Prada presenta \\\"Duna\\\" - Espect\u00e1culos\",\"isPartOf\":{\"@id\":\"https:\/\/sodre.gub.uy\/espectaculos\/#website\"},\"datePublished\":\"2024-11-11T18:21:54+00:00\",\"dateModified\":\"2024-11-29T17:55:28+00:00\",\"description\":\"Duna es un espect\u00e1culo que pretende generar una experiencia sensorial, resultado de la investigaci\u00f3n en diferentes disciplinas: m\u00fasica y dibujos en vivo, videomapping y lengua de se\u00f1as.\",\"inLanguage\":\"es\",\"potentialAction\":[{\"@type\":\"ReadAction\",\"target\":[\"https:\/\/sodre.gub.uy\/espectaculos\/tunda-prada-presenta-duna\/\"]}]},{\"@type\":\"WebSite\",\"@id\":\"https:\/\/sodre.gub.uy\/espectaculos\/#website\",\"url\":\"https:\/\/sodre.gub.uy\/espectaculos\/\",\"name\":\"Espect\u00e1culos\",\"description\":\"Servicio Oficial de Difusi\u00f3n, Representaciones y Espect\u00e1culos\",\"publisher\":{\"@id\":\"https:\/\/sodre.gub.uy\/espectaculos\/#organization\"},\"potentialAction\":[{\"@type\":\"SearchAction\",\"target\":{\"@type\":\"EntryPoint\",\"urlTemplate\":\"https:\/\/sodre.gub.uy\/espectaculos\/?s={search_term_string}\"},\"query-input\":\"required name=search_term_string\"}],\"inLanguage\":\"es\"},{\"@type\":\"Organization\",\"@id\":\"https:\/\/sodre.gub.uy\/espectaculos\/#organization\",\"name\":\"Espect\u00e1culos\",\"url\":\"https:\/\/sodre.gub.uy\/espectaculos\/\",\"logo\":{\"@type\":\"ImageObject\",\"inLanguage\":\"es\",\"@id\":\"https:\/\/sodre.gub.uy\/espectaculos\/#\/schema\/logo\/image\/\",\"url\":\"https:\/\/sodre.gub.uy\/espectaculos\/wp-content\/uploads\/sites\/2\/2023\/12\/logo-sodre-black.svg\",\"contentUrl\":\"https:\/\/sodre.gub.uy\/espectaculos\/wp-content\/uploads\/sites\/2\/2023\/12\/logo-sodre-black.svg\",\"caption\":\"Espect\u00e1culos\"},\"image\":{\"@id\":\"https:\/\/sodre.gub.uy\/espectaculos\/#\/schema\/logo\/image\/\"}}]}<\/script>\n<!-- \/ Yoast SEO plugin. -->","yoast_head_json":{"title":"Tunda Prada presenta \"Duna\" - Espect\u00e1culos","description":"Duna es un espect\u00e1culo que pretende generar una experiencia sensorial, resultado de la investigaci\u00f3n en diferentes disciplinas: m\u00fasica y dibujos en vivo, videomapping y lengua de se\u00f1as.","robots":{"index":"index","follow":"follow","max-snippet":"max-snippet:-1","max-image-preview":"max-image-preview:large","max-video-preview":"max-video-preview:-1"},"canonical":"https:\/\/sodre.gub.uy\/espectaculos\/tunda-prada-presenta-duna\/","og_locale":"es_ES","og_type":"article","og_title":"Tunda Prada presenta \"Duna\" - Espect\u00e1culos","og_description":"Duna es un espect\u00e1culo que pretende generar una experiencia sensorial, resultado de la investigaci\u00f3n en diferentes disciplinas: m\u00fasica y dibujos en vivo, videomapping y lengua de se\u00f1as.","og_url":"https:\/\/sodre.gub.uy\/espectaculos\/tunda-prada-presenta-duna\/","og_site_name":"Espect\u00e1culos","article_modified_time":"2024-11-29T17:55:28+00:00","twitter_card":"summary_large_image","twitter_misc":{"Tiempo de lectura":"1 minuto"},"schema":{"@context":"https:\/\/schema.org","@graph":[{"@type":"WebPage","@id":"https:\/\/sodre.gub.uy\/espectaculos\/tunda-prada-presenta-duna\/","url":"https:\/\/sodre.gub.uy\/espectaculos\/tunda-prada-presenta-duna\/","name":"Tunda Prada presenta \"Duna\" - Espect\u00e1culos","isPartOf":{"@id":"https:\/\/sodre.gub.uy\/espectaculos\/#website"},"datePublished":"2024-11-11T18:21:54+00:00","dateModified":"2024-11-29T17:55:28+00:00","description":"Duna es un espect\u00e1culo que pretende generar una experiencia sensorial, resultado de la investigaci\u00f3n en diferentes disciplinas: m\u00fasica y dibujos en vivo, videomapping y lengua de se\u00f1as.","inLanguage":"es","potentialAction":[{"@type":"ReadAction","target":["https:\/\/sodre.gub.uy\/espectaculos\/tunda-prada-presenta-duna\/"]}]},{"@type":"WebSite","@id":"https:\/\/sodre.gub.uy\/espectaculos\/#website","url":"https:\/\/sodre.gub.uy\/espectaculos\/","name":"Espect\u00e1culos","description":"Servicio Oficial de Difusi\u00f3n, Representaciones y Espect\u00e1culos","publisher":{"@id":"https:\/\/sodre.gub.uy\/espectaculos\/#organization"},"potentialAction":[{"@type":"SearchAction","target":{"@type":"EntryPoint","urlTemplate":"https:\/\/sodre.gub.uy\/espectaculos\/?s={search_term_string}"},"query-input":"required name=search_term_string"}],"inLanguage":"es"},{"@type":"Organization","@id":"https:\/\/sodre.gub.uy\/espectaculos\/#organization","name":"Espect\u00e1culos","url":"https:\/\/sodre.gub.uy\/espectaculos\/","logo":{"@type":"ImageObject","inLanguage":"es","@id":"https:\/\/sodre.gub.uy\/espectaculos\/#\/schema\/logo\/image\/","url":"https:\/\/sodre.gub.uy\/espectaculos\/wp-content\/uploads\/sites\/2\/2023\/12\/logo-sodre-black.svg","contentUrl":"https:\/\/sodre.gub.uy\/espectaculos\/wp-content\/uploads\/sites\/2\/2023\/12\/logo-sodre-black.svg","caption":"Espect\u00e1culos"},"image":{"@id":"https:\/\/sodre.gub.uy\/espectaculos\/#\/schema\/logo\/image\/"}}]}},"_links":{"self":[{"href":"https:\/\/sodre.gub.uy\/espectaculos\/wp-json\/wp\/v2\/espectaculo\/6517"}],"collection":[{"href":"https:\/\/sodre.gub.uy\/espectaculos\/wp-json\/wp\/v2\/espectaculo"}],"about":[{"href":"https:\/\/sodre.gub.uy\/espectaculos\/wp-json\/wp\/v2\/types\/espectaculo"}],"version-history":[{"count":8,"href":"https:\/\/sodre.gub.uy\/espectaculos\/wp-json\/wp\/v2\/espectaculo\/6517\/revisions"}],"predecessor-version":[{"id":6673,"href":"https:\/\/sodre.gub.uy\/espectaculos\/wp-json\/wp\/v2\/espectaculo\/6517\/revisions\/6673"}],"wp:attachment":[{"href":"https:\/\/sodre.gub.uy\/espectaculos\/wp-json\/wp\/v2\/media?parent=6517"}],"wp:term":[{"taxonomy":"cuerpo-estable","embeddable":true,"href":"https:\/\/sodre.gub.uy\/espectaculos\/wp-json\/wp\/v2\/cuerpo-estable?post=6517"},{"taxonomy":"etiqueta-espectaculo","embeddable":true,"href":"https:\/\/sodre.gub.uy\/espectaculos\/wp-json\/wp\/v2\/etiqueta-espectaculo?post=6517"},{"taxonomy":"lugar","embeddable":true,"href":"https:\/\/sodre.gub.uy\/espectaculos\/wp-json\/wp\/v2\/lugar?post=6517"},{"taxonomy":"sala-espacio","embeddable":true,"href":"https:\/\/sodre.gub.uy\/espectaculos\/wp-json\/wp\/v2\/sala-espacio?post=6517"}],"curies":[{"name":"wp","href":"https:\/\/api.w.org\/{rel}","templated":true}]}}

<div class="wpb-content-wrapper"><p>[vc_section el_class=»content&#8211;espectaculo»][vc_row el_class=»cyg&#8211;descripcion»][vc_column][vc_column_text]“Duna” hace referencia a los dibujos que Tunda. Prada va creando en vivo durante el. espectáculo utilizando arena sobre una mesa de transparencia que con una cámara cenital son proyectados sobre diferentes pantallas en el escenario, generando un background dinámico y efímero.</p>
<p>La idea es que el público esté espacialmente inmerso en la realidad sonora y visual con la ejecución en vivo de las canciones, dibujos y textos de Tunda acompañadas e intervenidas en el momento por el músico Francisco Cuello y por las. proyecciones de video mapping del artista Francisco Matos, contando también en escenario con intérprete de Lengua de Señas Uruguaya.[/vc_column_text][vc_empty_space height=»30px» el_class=»cyg&#8211;espacio-30&#8243;][/vc_column][/vc_row][vc_row el_class=»cyg&#8211;ficha»][vc_column width=»1/2&#8243;][vc_row_inner][vc_column_inner][vc_empty_space height=»10&#8243; el_class=»cyg&#8211;espacio-10&#8243;][/vc_column_inner][/vc_row_inner][vc_row_inner][vc_column_inner][vc_empty_space height=»10&#8243; el_class=»cyg&#8211;espacio-10&#8243;][/vc_column_inner][/vc_row_inner][/vc_column][vc_column width=»1/2&#8243;][vc_row_inner][vc_column_inner][vc_empty_space height=»10&#8243; el_class=»cyg&#8211;espacio-10&#8243;][/vc_column_inner][/vc_row_inner][vc_row_inner][vc_column_inner][vc_empty_space height=»10&#8243; el_class=»cyg&#8211;espacio-10&#8243;][/vc_column_inner][/vc_row_inner][/vc_column][/vc_row][vc_row][vc_column][vc_empty_space height=»10px»][vc_column_text]<strong>Edad recomendada: </strong>Apto a todo público.[/vc_column_text][/vc_column][/vc_row][/vc_section]</p>
</div>

<p>Un espectáculo que pretende generar una experiencia sensorial, resultado de la investigación en diferentes disciplinas: música y dibujos en vivo, videomapping y lengua de señas.</p>

<!-- This site is optimized with the Yoast SEO plugin v21.7 - https://yoast.com/wordpress/plugins/seo/ -->
<title>Tunda Prada presenta &quot;Duna&quot; - Espectáculos</title>
<meta name="description" content="Duna es un espectáculo que pretende generar una experiencia sensorial, resultado de la investigación en diferentes disciplinas: música y dibujos en vivo, videomapping y lengua de señas." />
<meta name="robots" content="index, follow, max-snippet:-1, max-image-preview:large, max-video-preview:-1" />
<link rel="canonical" href="https://sodre.gub.uy/espectaculos/tunda-prada-presenta-duna/" />
<meta property="og:locale" content="es_ES" />
<meta property="og:type" content="article" />
<meta property="og:title" content="Tunda Prada presenta &quot;Duna&quot; - Espectáculos" />
<meta property="og:description" content="Duna es un espectáculo que pretende generar una experiencia sensorial, resultado de la investigación en diferentes disciplinas: música y dibujos en vivo, videomapping y lengua de señas." />
<meta property="og:url" content="https://sodre.gub.uy/espectaculos/tunda-prada-presenta-duna/" />
<meta property="og:site_name" content="Espectáculos" />
<meta property="article:modified_time" content="2024-11-29T17:55:28+00:00" />
<meta name="twitter:card" content="summary_large_image" />
<meta name="twitter:label1" content="Tiempo de lectura" />
	<meta name="twitter:data1" content="1 minuto" />
<script type="application/ld+json" class="yoast-schema-graph">{"@context":"https://schema.org","@graph":[{"@type":"WebPage","@id":"https://sodre.gub.uy/espectaculos/tunda-prada-presenta-duna/","url":"https://sodre.gub.uy/espectaculos/tunda-prada-presenta-duna/","name":"Tunda Prada presenta \"Duna\" - Espectáculos","isPartOf":{"@id":"https://sodre.gub.uy/espectaculos/#website"},"datePublished":"2024-11-11T18:21:54+00:00","dateModified":"2024-11-29T17:55:28+00:00","description":"Duna es un espectáculo que pretende generar una experiencia sensorial, resultado de la investigación en diferentes disciplinas: música y dibujos en vivo, videomapping y lengua de señas.","inLanguage":"es","potentialAction":[{"@type":"ReadAction","target":["https://sodre.gub.uy/espectaculos/tunda-prada-presenta-duna/"]}]},{"@type":"WebSite","@id":"https://sodre.gub.uy/espectaculos/#website","url":"https://sodre.gub.uy/espectaculos/","name":"Espectáculos","description":"Servicio Oficial de Difusión, Representaciones y Espectáculos","publisher":{"@id":"https://sodre.gub.uy/espectaculos/#organization"},"potentialAction":[{"@type":"SearchAction","target":{"@type":"EntryPoint","urlTemplate":"https://sodre.gub.uy/espectaculos/?s={search_term_string}"},"query-input":"required name=search_term_string"}],"inLanguage":"es"},{"@type":"Organization","@id":"https://sodre.gub.uy/espectaculos/#organization","name":"Espectáculos","url":"https://sodre.gub.uy/espectaculos/","logo":{"@type":"ImageObject","inLanguage":"es","@id":"https://sodre.gub.uy/espectaculos/#/schema/logo/image/","url":"https://sodre.gub.uy/espectaculos/wp-content/uploads/sites/2/2023/12/logo-sodre-black.svg","contentUrl":"https://sodre.gub.uy/espectaculos/wp-content/uploads/sites/2/2023/12/logo-sodre-black.svg","caption":"Espectáculos"},"image":{"@id":"https://sodre.gub.uy/espectaculos/#/schema/logo/image/"}}]}</script>
<!-- / Yoast SEO plugin. -->

Tunda Prada presenta "Duna" - Espectáculos

Duna es un espectáculo que pretende generar una experiencia sensorial, resultado de la investigación en diferentes disciplinas: música y dibujos en vivo, videomapping y lengua de señas.

Espectáculos

Servicio Oficial de Difusión, Representaciones y Espectáculos
