{"id":6321,"date":"2024-10-10T11:15:12","date_gmt":"2024-10-10T14:15:12","guid":{"rendered":"https:\/\/sodre.gub.uy\/espectaculos\/?post_type=espectaculo&#038;p=6321"},"modified":"2024-10-10T11:15:12","modified_gmt":"2024-10-10T14:15:12","slug":"una-jirafa-en-el-balcon-2","status":"publish","type":"espectaculo","link":"https:\/\/sodre.gub.uy\/espectaculos\/una-jirafa-en-el-balcon-2\/","title":{"rendered":"Una Jirafa en el balc\u00f3n"},"content":{"rendered":"<div class=\"wpb-content-wrapper\"><p>[vc_section el_class=\u00bbcontent&#8211;espectaculo\u00bb][vc_row el_class=\u00bbcyg&#8211;descripcion\u00bb][vc_column][vc_column_text]\u201cUNA JIRAFA EN EL BALC\u00d3N\u00bb Lidia Mu\u00f1oz es una jubilada que vive en Barcelona desde 1978. Lidia se vio forzada a exiliarse de Argentina despu\u00e9s de que la dictadura militar que gobernaba el pa\u00eds en esos a\u00f1os, intent\u00f3 secuestrarla y hacerla desaparecer. Embarazada de su \u00fanica hija, Valeria, logr\u00f3 huir con destino a Espa\u00f1a. Cuarenta a\u00f1os despu\u00e9s, recibe por correo una citaci\u00f3n del Ministerio de Justicia argentino para declarar en el juicio por el secuestro y desaparici\u00f3n de Oscar Medina, su novio de entonces y padre de Valeria.[\/vc_column_text][vc_empty_space height=\u00bb30px\u00bb el_class=\u00bbcyg&#8211;espacio-30&#8243;][\/vc_column][\/vc_row][vc_row el_class=\u00bbcyg&#8211;ficha\u00bb][vc_column width=\u00bb1\/2&#8243;][vc_row_inner][vc_column_inner][vc_column_text]<strong>Ficha Art\u00edstica:<\/strong><\/p>\n<p>Direcci\u00f3n: Diego Yaker<\/p>\n<p>Con: Andrea Frigerio, Diana Gomez, Artur Busquets, Juan Leyrado, Mirta Busnelli.<\/p>\n<p>Argentina &#8211; 2024 &#8211; 92 min[\/vc_column_text][vc_empty_space height=\u00bb10&#8243; el_class=\u00bbcyg&#8211;espacio-10&#8243;][\/vc_column_inner][\/vc_row_inner][vc_row_inner][vc_column_inner][vc_empty_space height=\u00bb10&#8243; el_class=\u00bbcyg&#8211;espacio-10&#8243;][\/vc_column_inner][\/vc_row_inner][\/vc_column][vc_column width=\u00bb1\/2&#8243;][vc_row_inner][vc_column_inner][vc_empty_space height=\u00bb10&#8243; el_class=\u00bbcyg&#8211;espacio-10&#8243;][\/vc_column_inner][\/vc_row_inner][vc_row_inner][vc_column_inner][vc_empty_space height=\u00bb10&#8243; el_class=\u00bbcyg&#8211;espacio-10&#8243;][\/vc_column_inner][\/vc_row_inner][\/vc_column][\/vc_row][vc_row][vc_column][vc_empty_space height=\u00bb10px\u00bb][vc_column_text]<strong>Edad recomendada: <\/strong>xxx[\/vc_column_text][\/vc_column][\/vc_row][\/vc_section]<\/p>\n<\/div>","protected":false},"excerpt":{"rendered":"<p>Estreno<\/p>\n","protected":false},"menu_order":0,"template":"","format":"standard","cuerpo-estable":[42],"etiqueta-espectaculo":[],"lugar":[17],"sala-espacio":[36],"acf":[],"yoast_head":"<!-- This site is optimized with the Yoast SEO plugin v21.7 - https:\/\/yoast.com\/wordpress\/plugins\/seo\/ -->\n<title>Una Jirafa en el balc\u00f3n - Espect\u00e1culos<\/title>\n<meta name=\"description\" content=\"Lidia Mu\u00f1oz es una jubilada que vive en Barcelona desde 1978. Lidia se vio forzada a exiliarse de Argentina despu\u00e9s de que la dictadura militar que gobernaba el pa\u00eds en esos a\u00f1os, intent\u00f3 secuestrarla y hacerla desaparecer. Embarazada de su \u00fanica hija, Valeria, logr\u00f3 huir con destino a Espa\u00f1a.\" \/>\n<meta name=\"robots\" content=\"index, follow, max-snippet:-1, max-image-preview:large, max-video-preview:-1\" \/>\n<link rel=\"canonical\" href=\"https:\/\/sodre.gub.uy\/espectaculos\/una-jirafa-en-el-balcon-2\/\" \/>\n<meta property=\"og:locale\" content=\"es_ES\" \/>\n<meta property=\"og:type\" content=\"article\" \/>\n<meta property=\"og:title\" content=\"Una Jirafa en el balc\u00f3n - Espect\u00e1culos\" \/>\n<meta property=\"og:description\" content=\"Lidia Mu\u00f1oz es una jubilada que vive en Barcelona desde 1978. Lidia se vio forzada a exiliarse de Argentina despu\u00e9s de que la dictadura militar que gobernaba el pa\u00eds en esos a\u00f1os, intent\u00f3 secuestrarla y hacerla desaparecer. Embarazada de su \u00fanica hija, Valeria, logr\u00f3 huir con destino a Espa\u00f1a.\" \/>\n<meta property=\"og:url\" content=\"https:\/\/sodre.gub.uy\/espectaculos\/una-jirafa-en-el-balcon-2\/\" \/>\n<meta property=\"og:site_name\" content=\"Espect\u00e1culos\" \/>\n<meta name=\"twitter:card\" content=\"summary_large_image\" \/>\n<meta name=\"twitter:label1\" content=\"Tiempo de lectura\" \/>\n\t<meta name=\"twitter:data1\" content=\"1 minuto\" \/>\n<script type=\"application\/ld+json\" class=\"yoast-schema-graph\">{\"@context\":\"https:\/\/schema.org\",\"@graph\":[{\"@type\":\"WebPage\",\"@id\":\"https:\/\/sodre.gub.uy\/espectaculos\/una-jirafa-en-el-balcon-2\/\",\"url\":\"https:\/\/sodre.gub.uy\/espectaculos\/una-jirafa-en-el-balcon-2\/\",\"name\":\"Una Jirafa en el balc\u00f3n - Espect\u00e1culos\",\"isPartOf\":{\"@id\":\"https:\/\/sodre.gub.uy\/espectaculos\/#website\"},\"datePublished\":\"2024-10-10T14:15:12+00:00\",\"dateModified\":\"2024-10-10T14:15:12+00:00\",\"description\":\"Lidia Mu\u00f1oz es una jubilada que vive en Barcelona desde 1978. Lidia se vio forzada a exiliarse de Argentina despu\u00e9s de que la dictadura militar que gobernaba el pa\u00eds en esos a\u00f1os, intent\u00f3 secuestrarla y hacerla desaparecer. Embarazada de su \u00fanica hija, Valeria, logr\u00f3 huir con destino a Espa\u00f1a.\",\"inLanguage\":\"es\",\"potentialAction\":[{\"@type\":\"ReadAction\",\"target\":[\"https:\/\/sodre.gub.uy\/espectaculos\/una-jirafa-en-el-balcon-2\/\"]}]},{\"@type\":\"WebSite\",\"@id\":\"https:\/\/sodre.gub.uy\/espectaculos\/#website\",\"url\":\"https:\/\/sodre.gub.uy\/espectaculos\/\",\"name\":\"Espect\u00e1culos\",\"description\":\"Servicio Oficial de Difusi\u00f3n, Representaciones y Espect\u00e1culos\",\"publisher\":{\"@id\":\"https:\/\/sodre.gub.uy\/espectaculos\/#organization\"},\"potentialAction\":[{\"@type\":\"SearchAction\",\"target\":{\"@type\":\"EntryPoint\",\"urlTemplate\":\"https:\/\/sodre.gub.uy\/espectaculos\/?s={search_term_string}\"},\"query-input\":\"required name=search_term_string\"}],\"inLanguage\":\"es\"},{\"@type\":\"Organization\",\"@id\":\"https:\/\/sodre.gub.uy\/espectaculos\/#organization\",\"name\":\"Espect\u00e1culos\",\"url\":\"https:\/\/sodre.gub.uy\/espectaculos\/\",\"logo\":{\"@type\":\"ImageObject\",\"inLanguage\":\"es\",\"@id\":\"https:\/\/sodre.gub.uy\/espectaculos\/#\/schema\/logo\/image\/\",\"url\":\"https:\/\/sodre.gub.uy\/espectaculos\/wp-content\/uploads\/sites\/2\/2023\/12\/logo-sodre-black.svg\",\"contentUrl\":\"https:\/\/sodre.gub.uy\/espectaculos\/wp-content\/uploads\/sites\/2\/2023\/12\/logo-sodre-black.svg\",\"caption\":\"Espect\u00e1culos\"},\"image\":{\"@id\":\"https:\/\/sodre.gub.uy\/espectaculos\/#\/schema\/logo\/image\/\"}}]}<\/script>\n<!-- \/ Yoast SEO plugin. -->","yoast_head_json":{"title":"Una Jirafa en el balc\u00f3n - Espect\u00e1culos","description":"Lidia Mu\u00f1oz es una jubilada que vive en Barcelona desde 1978. Lidia se vio forzada a exiliarse de Argentina despu\u00e9s de que la dictadura militar que gobernaba el pa\u00eds en esos a\u00f1os, intent\u00f3 secuestrarla y hacerla desaparecer. Embarazada de su \u00fanica hija, Valeria, logr\u00f3 huir con destino a Espa\u00f1a.","robots":{"index":"index","follow":"follow","max-snippet":"max-snippet:-1","max-image-preview":"max-image-preview:large","max-video-preview":"max-video-preview:-1"},"canonical":"https:\/\/sodre.gub.uy\/espectaculos\/una-jirafa-en-el-balcon-2\/","og_locale":"es_ES","og_type":"article","og_title":"Una Jirafa en el balc\u00f3n - Espect\u00e1culos","og_description":"Lidia Mu\u00f1oz es una jubilada que vive en Barcelona desde 1978. Lidia se vio forzada a exiliarse de Argentina despu\u00e9s de que la dictadura militar que gobernaba el pa\u00eds en esos a\u00f1os, intent\u00f3 secuestrarla y hacerla desaparecer. Embarazada de su \u00fanica hija, Valeria, logr\u00f3 huir con destino a Espa\u00f1a.","og_url":"https:\/\/sodre.gub.uy\/espectaculos\/una-jirafa-en-el-balcon-2\/","og_site_name":"Espect\u00e1culos","twitter_card":"summary_large_image","twitter_misc":{"Tiempo de lectura":"1 minuto"},"schema":{"@context":"https:\/\/schema.org","@graph":[{"@type":"WebPage","@id":"https:\/\/sodre.gub.uy\/espectaculos\/una-jirafa-en-el-balcon-2\/","url":"https:\/\/sodre.gub.uy\/espectaculos\/una-jirafa-en-el-balcon-2\/","name":"Una Jirafa en el balc\u00f3n - Espect\u00e1culos","isPartOf":{"@id":"https:\/\/sodre.gub.uy\/espectaculos\/#website"},"datePublished":"2024-10-10T14:15:12+00:00","dateModified":"2024-10-10T14:15:12+00:00","description":"Lidia Mu\u00f1oz es una jubilada que vive en Barcelona desde 1978. Lidia se vio forzada a exiliarse de Argentina despu\u00e9s de que la dictadura militar que gobernaba el pa\u00eds en esos a\u00f1os, intent\u00f3 secuestrarla y hacerla desaparecer. Embarazada de su \u00fanica hija, Valeria, logr\u00f3 huir con destino a Espa\u00f1a.","inLanguage":"es","potentialAction":[{"@type":"ReadAction","target":["https:\/\/sodre.gub.uy\/espectaculos\/una-jirafa-en-el-balcon-2\/"]}]},{"@type":"WebSite","@id":"https:\/\/sodre.gub.uy\/espectaculos\/#website","url":"https:\/\/sodre.gub.uy\/espectaculos\/","name":"Espect\u00e1culos","description":"Servicio Oficial de Difusi\u00f3n, Representaciones y Espect\u00e1culos","publisher":{"@id":"https:\/\/sodre.gub.uy\/espectaculos\/#organization"},"potentialAction":[{"@type":"SearchAction","target":{"@type":"EntryPoint","urlTemplate":"https:\/\/sodre.gub.uy\/espectaculos\/?s={search_term_string}"},"query-input":"required name=search_term_string"}],"inLanguage":"es"},{"@type":"Organization","@id":"https:\/\/sodre.gub.uy\/espectaculos\/#organization","name":"Espect\u00e1culos","url":"https:\/\/sodre.gub.uy\/espectaculos\/","logo":{"@type":"ImageObject","inLanguage":"es","@id":"https:\/\/sodre.gub.uy\/espectaculos\/#\/schema\/logo\/image\/","url":"https:\/\/sodre.gub.uy\/espectaculos\/wp-content\/uploads\/sites\/2\/2023\/12\/logo-sodre-black.svg","contentUrl":"https:\/\/sodre.gub.uy\/espectaculos\/wp-content\/uploads\/sites\/2\/2023\/12\/logo-sodre-black.svg","caption":"Espect\u00e1culos"},"image":{"@id":"https:\/\/sodre.gub.uy\/espectaculos\/#\/schema\/logo\/image\/"}}]}},"_links":{"self":[{"href":"https:\/\/sodre.gub.uy\/espectaculos\/wp-json\/wp\/v2\/espectaculo\/6321"}],"collection":[{"href":"https:\/\/sodre.gub.uy\/espectaculos\/wp-json\/wp\/v2\/espectaculo"}],"about":[{"href":"https:\/\/sodre.gub.uy\/espectaculos\/wp-json\/wp\/v2\/types\/espectaculo"}],"version-history":[{"count":1,"href":"https:\/\/sodre.gub.uy\/espectaculos\/wp-json\/wp\/v2\/espectaculo\/6321\/revisions"}],"predecessor-version":[{"id":6322,"href":"https:\/\/sodre.gub.uy\/espectaculos\/wp-json\/wp\/v2\/espectaculo\/6321\/revisions\/6322"}],"wp:attachment":[{"href":"https:\/\/sodre.gub.uy\/espectaculos\/wp-json\/wp\/v2\/media?parent=6321"}],"wp:term":[{"taxonomy":"cuerpo-estable","embeddable":true,"href":"https:\/\/sodre.gub.uy\/espectaculos\/wp-json\/wp\/v2\/cuerpo-estable?post=6321"},{"taxonomy":"etiqueta-espectaculo","embeddable":true,"href":"https:\/\/sodre.gub.uy\/espectaculos\/wp-json\/wp\/v2\/etiqueta-espectaculo?post=6321"},{"taxonomy":"lugar","embeddable":true,"href":"https:\/\/sodre.gub.uy\/espectaculos\/wp-json\/wp\/v2\/lugar?post=6321"},{"taxonomy":"sala-espacio","embeddable":true,"href":"https:\/\/sodre.gub.uy\/espectaculos\/wp-json\/wp\/v2\/sala-espacio?post=6321"}],"curies":[{"name":"wp","href":"https:\/\/api.w.org\/{rel}","templated":true}]}}

Una Jirafa en el balcón

<div class="wpb-content-wrapper"><p>[vc_section el_class=»content&#8211;espectaculo»][vc_row el_class=»cyg&#8211;descripcion»][vc_column][vc_column_text]“UNA JIRAFA EN EL BALCÓN» Lidia Muñoz es una jubilada que vive en Barcelona desde 1978. Lidia se vio forzada a exiliarse de Argentina después de que la dictadura militar que gobernaba el país en esos años, intentó secuestrarla y hacerla desaparecer. Embarazada de su única hija, Valeria, logró huir con destino a España. Cuarenta años después, recibe por correo una citación del Ministerio de Justicia argentino para declarar en el juicio por el secuestro y desaparición de Oscar Medina, su novio de entonces y padre de Valeria.[/vc_column_text][vc_empty_space height=»30px» el_class=»cyg&#8211;espacio-30&#8243;][/vc_column][/vc_row][vc_row el_class=»cyg&#8211;ficha»][vc_column width=»1/2&#8243;][vc_row_inner][vc_column_inner][vc_column_text]<strong>Ficha Artística:</strong></p>
<p>Dirección: Diego Yaker</p>
<p>Con: Andrea Frigerio, Diana Gomez, Artur Busquets, Juan Leyrado, Mirta Busnelli.</p>
<p>Argentina &#8211; 2024 &#8211; 92 min[/vc_column_text][vc_empty_space height=»10&#8243; el_class=»cyg&#8211;espacio-10&#8243;][/vc_column_inner][/vc_row_inner][vc_row_inner][vc_column_inner][vc_empty_space height=»10&#8243; el_class=»cyg&#8211;espacio-10&#8243;][/vc_column_inner][/vc_row_inner][/vc_column][vc_column width=»1/2&#8243;][vc_row_inner][vc_column_inner][vc_empty_space height=»10&#8243; el_class=»cyg&#8211;espacio-10&#8243;][/vc_column_inner][/vc_row_inner][vc_row_inner][vc_column_inner][vc_empty_space height=»10&#8243; el_class=»cyg&#8211;espacio-10&#8243;][/vc_column_inner][/vc_row_inner][/vc_column][/vc_row][vc_row][vc_column][vc_empty_space height=»10px»][vc_column_text]<strong>Edad recomendada: </strong>xxx[/vc_column_text][/vc_column][/vc_row][/vc_section]</p>
</div>

<!-- This site is optimized with the Yoast SEO plugin v21.7 - https://yoast.com/wordpress/plugins/seo/ -->
<title>Una Jirafa en el balcón - Espectáculos</title>
<meta name="description" content="Lidia Muñoz es una jubilada que vive en Barcelona desde 1978. Lidia se vio forzada a exiliarse de Argentina después de que la dictadura militar que gobernaba el país en esos años, intentó secuestrarla y hacerla desaparecer. Embarazada de su única hija, Valeria, logró huir con destino a España." />
<meta name="robots" content="index, follow, max-snippet:-1, max-image-preview:large, max-video-preview:-1" />
<link rel="canonical" href="https://sodre.gub.uy/espectaculos/una-jirafa-en-el-balcon-2/" />
<meta property="og:locale" content="es_ES" />
<meta property="og:type" content="article" />
<meta property="og:title" content="Una Jirafa en el balcón - Espectáculos" />
<meta property="og:description" content="Lidia Muñoz es una jubilada que vive en Barcelona desde 1978. Lidia se vio forzada a exiliarse de Argentina después de que la dictadura militar que gobernaba el país en esos años, intentó secuestrarla y hacerla desaparecer. Embarazada de su única hija, Valeria, logró huir con destino a España." />
<meta property="og:url" content="https://sodre.gub.uy/espectaculos/una-jirafa-en-el-balcon-2/" />
<meta property="og:site_name" content="Espectáculos" />
<meta name="twitter:card" content="summary_large_image" />
<meta name="twitter:label1" content="Tiempo de lectura" />
	<meta name="twitter:data1" content="1 minuto" />
<script type="application/ld+json" class="yoast-schema-graph">{"@context":"https://schema.org","@graph":[{"@type":"WebPage","@id":"https://sodre.gub.uy/espectaculos/una-jirafa-en-el-balcon-2/","url":"https://sodre.gub.uy/espectaculos/una-jirafa-en-el-balcon-2/","name":"Una Jirafa en el balcón - Espectáculos","isPartOf":{"@id":"https://sodre.gub.uy/espectaculos/#website"},"datePublished":"2024-10-10T14:15:12+00:00","dateModified":"2024-10-10T14:15:12+00:00","description":"Lidia Muñoz es una jubilada que vive en Barcelona desde 1978. Lidia se vio forzada a exiliarse de Argentina después de que la dictadura militar que gobernaba el país en esos años, intentó secuestrarla y hacerla desaparecer. Embarazada de su única hija, Valeria, logró huir con destino a España.","inLanguage":"es","potentialAction":[{"@type":"ReadAction","target":["https://sodre.gub.uy/espectaculos/una-jirafa-en-el-balcon-2/"]}]},{"@type":"WebSite","@id":"https://sodre.gub.uy/espectaculos/#website","url":"https://sodre.gub.uy/espectaculos/","name":"Espectáculos","description":"Servicio Oficial de Difusión, Representaciones y Espectáculos","publisher":{"@id":"https://sodre.gub.uy/espectaculos/#organization"},"potentialAction":[{"@type":"SearchAction","target":{"@type":"EntryPoint","urlTemplate":"https://sodre.gub.uy/espectaculos/?s={search_term_string}"},"query-input":"required name=search_term_string"}],"inLanguage":"es"},{"@type":"Organization","@id":"https://sodre.gub.uy/espectaculos/#organization","name":"Espectáculos","url":"https://sodre.gub.uy/espectaculos/","logo":{"@type":"ImageObject","inLanguage":"es","@id":"https://sodre.gub.uy/espectaculos/#/schema/logo/image/","url":"https://sodre.gub.uy/espectaculos/wp-content/uploads/sites/2/2023/12/logo-sodre-black.svg","contentUrl":"https://sodre.gub.uy/espectaculos/wp-content/uploads/sites/2/2023/12/logo-sodre-black.svg","caption":"Espectáculos"},"image":{"@id":"https://sodre.gub.uy/espectaculos/#/schema/logo/image/"}}]}</script>
<!-- / Yoast SEO plugin. -->

Una Jirafa en el balcón - Espectáculos

Lidia Muñoz es una jubilada que vive en Barcelona desde 1978. Lidia se vio forzada a exiliarse de Argentina después de que la dictadura militar que gobernaba el país en esos años, intentó secuestrarla y hacerla desaparecer. Embarazada de su única hija, Valeria, logró huir con destino a España.

Espectáculos

Servicio Oficial de Difusión, Representaciones y Espectáculos
