{"id":6277,"date":"2024-10-03T14:42:09","date_gmt":"2024-10-03T17:42:09","guid":{"rendered":"https:\/\/sodre.gub.uy\/espectaculos\/?post_type=espectaculo&#038;p=6277"},"modified":"2024-10-03T14:42:09","modified_gmt":"2024-10-03T17:42:09","slug":"pierrot-el-loco","status":"publish","type":"espectaculo","link":"https:\/\/sodre.gub.uy\/espectaculos\/pierrot-el-loco\/","title":{"rendered":"Pierrot, el loco"},"content":{"rendered":"<div class=\"wpb-content-wrapper\"><p>[vc_section el_class=\u00bbcontent&#8211;espectaculo\u00bb][vc_row el_class=\u00bbcyg&#8211;descripcion\u00bb][vc_column][vc_column_text]Ferdinand Griffon, alias \u2018Pierrot\u2019, huye de Par\u00eds con Marianne, la ni\u00f1era que ha contratado su esposa. La pareja se dirige al sur de Francia, pero el viaje se torna muy peligroso cuando una banda de g\u00e1ngsters con los que Marianne est\u00e1 implicada, les va pisando los talones.<\/p>\n<p>Estreno:\u00a0 18\/03\/1968 (Cine Eliseo).[\/vc_column_text][vc_empty_space height=\u00bb30px\u00bb el_class=\u00bbcyg&#8211;espacio-30&#8243;][\/vc_column][\/vc_row][vc_row el_class=\u00bbcyg&#8211;ficha\u00bb][vc_column width=\u00bb1\/2&#8243;][vc_row_inner][vc_column_inner][vc_column_text]<strong>Ficha Art\u00edstica:<\/strong><\/p>\n<p><b>Direcci\u00f3n: <\/b>Jean-Luc Godard<\/p>\n<p><b>Int\u00e9rpretes: <\/b>Jean-Paul Belmondo, Anna Karina, Dirk Sanders, Jean-Pierre L\u00e9aud, Raymond Devos, Grazziella Galvani, Laszl\u00f3 Sz\u00e1b\u00f3, Samuel Fuller[\/vc_column_text][vc_empty_space height=\u00bb10&#8243; el_class=\u00bbcyg&#8211;espacio-10&#8243;][\/vc_column_inner][\/vc_row_inner][vc_row_inner][vc_column_inner][vc_empty_space height=\u00bb10&#8243; el_class=\u00bbcyg&#8211;espacio-10&#8243;][\/vc_column_inner][\/vc_row_inner][\/vc_column][vc_column width=\u00bb1\/2&#8243;][vc_row_inner][vc_column_inner][vc_empty_space height=\u00bb10&#8243; el_class=\u00bbcyg&#8211;espacio-10&#8243;][\/vc_column_inner][\/vc_row_inner][vc_row_inner][vc_column_inner][vc_empty_space height=\u00bb10&#8243; el_class=\u00bbcyg&#8211;espacio-10&#8243;][\/vc_column_inner][\/vc_row_inner][\/vc_column][\/vc_row][vc_row][vc_column][vc_empty_space height=\u00bb10px\u00bb][\/vc_column][\/vc_row][\/vc_section]<\/p>\n<\/div>","protected":false},"excerpt":{"rendered":"<p>Uno de los grandes cl\u00e1sicos del cine franc\u00e9s.<\/p>\n","protected":false},"menu_order":0,"template":"","format":"standard","cuerpo-estable":[43],"etiqueta-espectaculo":[],"lugar":[17],"sala-espacio":[36],"acf":[],"yoast_head":"<!-- This site is optimized with the Yoast SEO plugin v21.7 - https:\/\/yoast.com\/wordpress\/plugins\/seo\/ -->\n<title>Pierrot, el loco - Espect\u00e1culos<\/title>\n<meta name=\"description\" content=\"Direcci\u00f3n: Jean-Luc GodardInt\u00e9rpretes: Jean-Paul Belmondo, Anna Karina, Dirk Sanders, Jean-Pierre L\u00e9aud, Raymond Devos, Grazziella Galvani, Laszl\u00f3 Sz\u00e1b\u00f3, Samuel Fuller\" \/>\n<meta name=\"robots\" content=\"index, follow, max-snippet:-1, max-image-preview:large, max-video-preview:-1\" \/>\n<link rel=\"canonical\" href=\"https:\/\/sodre.gub.uy\/espectaculos\/pierrot-el-loco\/\" \/>\n<meta property=\"og:locale\" content=\"es_ES\" \/>\n<meta property=\"og:type\" content=\"article\" \/>\n<meta property=\"og:title\" content=\"Pierrot, el loco - Espect\u00e1culos\" \/>\n<meta property=\"og:description\" content=\"Direcci\u00f3n: Jean-Luc GodardInt\u00e9rpretes: Jean-Paul Belmondo, Anna Karina, Dirk Sanders, Jean-Pierre L\u00e9aud, Raymond Devos, Grazziella Galvani, Laszl\u00f3 Sz\u00e1b\u00f3, Samuel Fuller\" \/>\n<meta property=\"og:url\" content=\"https:\/\/sodre.gub.uy\/espectaculos\/pierrot-el-loco\/\" \/>\n<meta property=\"og:site_name\" content=\"Espect\u00e1culos\" \/>\n<meta name=\"twitter:card\" content=\"summary_large_image\" \/>\n<meta name=\"twitter:label1\" content=\"Tiempo de lectura\" \/>\n\t<meta name=\"twitter:data1\" content=\"1 minuto\" \/>\n<script type=\"application\/ld+json\" class=\"yoast-schema-graph\">{\"@context\":\"https:\/\/schema.org\",\"@graph\":[{\"@type\":\"WebPage\",\"@id\":\"https:\/\/sodre.gub.uy\/espectaculos\/pierrot-el-loco\/\",\"url\":\"https:\/\/sodre.gub.uy\/espectaculos\/pierrot-el-loco\/\",\"name\":\"Pierrot, el loco - Espect\u00e1culos\",\"isPartOf\":{\"@id\":\"https:\/\/sodre.gub.uy\/espectaculos\/#website\"},\"datePublished\":\"2024-10-03T17:42:09+00:00\",\"dateModified\":\"2024-10-03T17:42:09+00:00\",\"description\":\"Direcci\u00f3n: Jean-Luc GodardInt\u00e9rpretes: Jean-Paul Belmondo, Anna Karina, Dirk Sanders, Jean-Pierre L\u00e9aud, Raymond Devos, Grazziella Galvani, Laszl\u00f3 Sz\u00e1b\u00f3, Samuel Fuller\",\"inLanguage\":\"es\",\"potentialAction\":[{\"@type\":\"ReadAction\",\"target\":[\"https:\/\/sodre.gub.uy\/espectaculos\/pierrot-el-loco\/\"]}]},{\"@type\":\"WebSite\",\"@id\":\"https:\/\/sodre.gub.uy\/espectaculos\/#website\",\"url\":\"https:\/\/sodre.gub.uy\/espectaculos\/\",\"name\":\"Espect\u00e1culos\",\"description\":\"Servicio Oficial de Difusi\u00f3n, Representaciones y Espect\u00e1culos\",\"publisher\":{\"@id\":\"https:\/\/sodre.gub.uy\/espectaculos\/#organization\"},\"potentialAction\":[{\"@type\":\"SearchAction\",\"target\":{\"@type\":\"EntryPoint\",\"urlTemplate\":\"https:\/\/sodre.gub.uy\/espectaculos\/?s={search_term_string}\"},\"query-input\":\"required name=search_term_string\"}],\"inLanguage\":\"es\"},{\"@type\":\"Organization\",\"@id\":\"https:\/\/sodre.gub.uy\/espectaculos\/#organization\",\"name\":\"Espect\u00e1culos\",\"url\":\"https:\/\/sodre.gub.uy\/espectaculos\/\",\"logo\":{\"@type\":\"ImageObject\",\"inLanguage\":\"es\",\"@id\":\"https:\/\/sodre.gub.uy\/espectaculos\/#\/schema\/logo\/image\/\",\"url\":\"https:\/\/sodre.gub.uy\/espectaculos\/wp-content\/uploads\/sites\/2\/2023\/12\/logo-sodre-black.svg\",\"contentUrl\":\"https:\/\/sodre.gub.uy\/espectaculos\/wp-content\/uploads\/sites\/2\/2023\/12\/logo-sodre-black.svg\",\"caption\":\"Espect\u00e1culos\"},\"image\":{\"@id\":\"https:\/\/sodre.gub.uy\/espectaculos\/#\/schema\/logo\/image\/\"}}]}<\/script>\n<!-- \/ Yoast SEO plugin. -->","yoast_head_json":{"title":"Pierrot, el loco - Espect\u00e1culos","description":"Direcci\u00f3n: Jean-Luc GodardInt\u00e9rpretes: Jean-Paul Belmondo, Anna Karina, Dirk Sanders, Jean-Pierre L\u00e9aud, Raymond Devos, Grazziella Galvani, Laszl\u00f3 Sz\u00e1b\u00f3, Samuel Fuller","robots":{"index":"index","follow":"follow","max-snippet":"max-snippet:-1","max-image-preview":"max-image-preview:large","max-video-preview":"max-video-preview:-1"},"canonical":"https:\/\/sodre.gub.uy\/espectaculos\/pierrot-el-loco\/","og_locale":"es_ES","og_type":"article","og_title":"Pierrot, el loco - Espect\u00e1culos","og_description":"Direcci\u00f3n: Jean-Luc GodardInt\u00e9rpretes: Jean-Paul Belmondo, Anna Karina, Dirk Sanders, Jean-Pierre L\u00e9aud, Raymond Devos, Grazziella Galvani, Laszl\u00f3 Sz\u00e1b\u00f3, Samuel Fuller","og_url":"https:\/\/sodre.gub.uy\/espectaculos\/pierrot-el-loco\/","og_site_name":"Espect\u00e1culos","twitter_card":"summary_large_image","twitter_misc":{"Tiempo de lectura":"1 minuto"},"schema":{"@context":"https:\/\/schema.org","@graph":[{"@type":"WebPage","@id":"https:\/\/sodre.gub.uy\/espectaculos\/pierrot-el-loco\/","url":"https:\/\/sodre.gub.uy\/espectaculos\/pierrot-el-loco\/","name":"Pierrot, el loco - Espect\u00e1culos","isPartOf":{"@id":"https:\/\/sodre.gub.uy\/espectaculos\/#website"},"datePublished":"2024-10-03T17:42:09+00:00","dateModified":"2024-10-03T17:42:09+00:00","description":"Direcci\u00f3n: Jean-Luc GodardInt\u00e9rpretes: Jean-Paul Belmondo, Anna Karina, Dirk Sanders, Jean-Pierre L\u00e9aud, Raymond Devos, Grazziella Galvani, Laszl\u00f3 Sz\u00e1b\u00f3, Samuel Fuller","inLanguage":"es","potentialAction":[{"@type":"ReadAction","target":["https:\/\/sodre.gub.uy\/espectaculos\/pierrot-el-loco\/"]}]},{"@type":"WebSite","@id":"https:\/\/sodre.gub.uy\/espectaculos\/#website","url":"https:\/\/sodre.gub.uy\/espectaculos\/","name":"Espect\u00e1culos","description":"Servicio Oficial de Difusi\u00f3n, Representaciones y Espect\u00e1culos","publisher":{"@id":"https:\/\/sodre.gub.uy\/espectaculos\/#organization"},"potentialAction":[{"@type":"SearchAction","target":{"@type":"EntryPoint","urlTemplate":"https:\/\/sodre.gub.uy\/espectaculos\/?s={search_term_string}"},"query-input":"required name=search_term_string"}],"inLanguage":"es"},{"@type":"Organization","@id":"https:\/\/sodre.gub.uy\/espectaculos\/#organization","name":"Espect\u00e1culos","url":"https:\/\/sodre.gub.uy\/espectaculos\/","logo":{"@type":"ImageObject","inLanguage":"es","@id":"https:\/\/sodre.gub.uy\/espectaculos\/#\/schema\/logo\/image\/","url":"https:\/\/sodre.gub.uy\/espectaculos\/wp-content\/uploads\/sites\/2\/2023\/12\/logo-sodre-black.svg","contentUrl":"https:\/\/sodre.gub.uy\/espectaculos\/wp-content\/uploads\/sites\/2\/2023\/12\/logo-sodre-black.svg","caption":"Espect\u00e1culos"},"image":{"@id":"https:\/\/sodre.gub.uy\/espectaculos\/#\/schema\/logo\/image\/"}}]}},"_links":{"self":[{"href":"https:\/\/sodre.gub.uy\/espectaculos\/wp-json\/wp\/v2\/espectaculo\/6277"}],"collection":[{"href":"https:\/\/sodre.gub.uy\/espectaculos\/wp-json\/wp\/v2\/espectaculo"}],"about":[{"href":"https:\/\/sodre.gub.uy\/espectaculos\/wp-json\/wp\/v2\/types\/espectaculo"}],"version-history":[{"count":1,"href":"https:\/\/sodre.gub.uy\/espectaculos\/wp-json\/wp\/v2\/espectaculo\/6277\/revisions"}],"predecessor-version":[{"id":6279,"href":"https:\/\/sodre.gub.uy\/espectaculos\/wp-json\/wp\/v2\/espectaculo\/6277\/revisions\/6279"}],"wp:attachment":[{"href":"https:\/\/sodre.gub.uy\/espectaculos\/wp-json\/wp\/v2\/media?parent=6277"}],"wp:term":[{"taxonomy":"cuerpo-estable","embeddable":true,"href":"https:\/\/sodre.gub.uy\/espectaculos\/wp-json\/wp\/v2\/cuerpo-estable?post=6277"},{"taxonomy":"etiqueta-espectaculo","embeddable":true,"href":"https:\/\/sodre.gub.uy\/espectaculos\/wp-json\/wp\/v2\/etiqueta-espectaculo?post=6277"},{"taxonomy":"lugar","embeddable":true,"href":"https:\/\/sodre.gub.uy\/espectaculos\/wp-json\/wp\/v2\/lugar?post=6277"},{"taxonomy":"sala-espacio","embeddable":true,"href":"https:\/\/sodre.gub.uy\/espectaculos\/wp-json\/wp\/v2\/sala-espacio?post=6277"}],"curies":[{"name":"wp","href":"https:\/\/api.w.org\/{rel}","templated":true}]}}

<div class="wpb-content-wrapper"><p>[vc_section el_class=»content&#8211;espectaculo»][vc_row el_class=»cyg&#8211;descripcion»][vc_column][vc_column_text]Ferdinand Griffon, alias ‘Pierrot’, huye de París con Marianne, la niñera que ha contratado su esposa. La pareja se dirige al sur de Francia, pero el viaje se torna muy peligroso cuando una banda de gángsters con los que Marianne está implicada, les va pisando los talones.</p>
<p>Estreno:  18/03/1968 (Cine Eliseo).[/vc_column_text][vc_empty_space height=»30px» el_class=»cyg&#8211;espacio-30&#8243;][/vc_column][/vc_row][vc_row el_class=»cyg&#8211;ficha»][vc_column width=»1/2&#8243;][vc_row_inner][vc_column_inner][vc_column_text]<strong>Ficha Artística:</strong></p>
<p><b>Dirección: </b>Jean-Luc Godard</p>
<p><b>Intérpretes: </b>Jean-Paul Belmondo, Anna Karina, Dirk Sanders, Jean-Pierre Léaud, Raymond Devos, Grazziella Galvani, Laszló Szábó, Samuel Fuller[/vc_column_text][vc_empty_space height=»10&#8243; el_class=»cyg&#8211;espacio-10&#8243;][/vc_column_inner][/vc_row_inner][vc_row_inner][vc_column_inner][vc_empty_space height=»10&#8243; el_class=»cyg&#8211;espacio-10&#8243;][/vc_column_inner][/vc_row_inner][/vc_column][vc_column width=»1/2&#8243;][vc_row_inner][vc_column_inner][vc_empty_space height=»10&#8243; el_class=»cyg&#8211;espacio-10&#8243;][/vc_column_inner][/vc_row_inner][vc_row_inner][vc_column_inner][vc_empty_space height=»10&#8243; el_class=»cyg&#8211;espacio-10&#8243;][/vc_column_inner][/vc_row_inner][/vc_column][/vc_row][vc_row][vc_column][vc_empty_space height=»10px»][/vc_column][/vc_row][/vc_section]</p>
</div>

<p>Uno de los grandes clásicos del cine francés.</p>

<!-- This site is optimized with the Yoast SEO plugin v21.7 - https://yoast.com/wordpress/plugins/seo/ -->
<title>Pierrot, el loco - Espectáculos</title>
<meta name="description" content="Dirección: Jean-Luc GodardIntérpretes: Jean-Paul Belmondo, Anna Karina, Dirk Sanders, Jean-Pierre Léaud, Raymond Devos, Grazziella Galvani, Laszló Szábó, Samuel Fuller" />
<meta name="robots" content="index, follow, max-snippet:-1, max-image-preview:large, max-video-preview:-1" />
<link rel="canonical" href="https://sodre.gub.uy/espectaculos/pierrot-el-loco/" />
<meta property="og:locale" content="es_ES" />
<meta property="og:type" content="article" />
<meta property="og:title" content="Pierrot, el loco - Espectáculos" />
<meta property="og:description" content="Dirección: Jean-Luc GodardIntérpretes: Jean-Paul Belmondo, Anna Karina, Dirk Sanders, Jean-Pierre Léaud, Raymond Devos, Grazziella Galvani, Laszló Szábó, Samuel Fuller" />
<meta property="og:url" content="https://sodre.gub.uy/espectaculos/pierrot-el-loco/" />
<meta property="og:site_name" content="Espectáculos" />
<meta name="twitter:card" content="summary_large_image" />
<meta name="twitter:label1" content="Tiempo de lectura" />
	<meta name="twitter:data1" content="1 minuto" />
<script type="application/ld+json" class="yoast-schema-graph">{"@context":"https://schema.org","@graph":[{"@type":"WebPage","@id":"https://sodre.gub.uy/espectaculos/pierrot-el-loco/","url":"https://sodre.gub.uy/espectaculos/pierrot-el-loco/","name":"Pierrot, el loco - Espectáculos","isPartOf":{"@id":"https://sodre.gub.uy/espectaculos/#website"},"datePublished":"2024-10-03T17:42:09+00:00","dateModified":"2024-10-03T17:42:09+00:00","description":"Dirección: Jean-Luc GodardIntérpretes: Jean-Paul Belmondo, Anna Karina, Dirk Sanders, Jean-Pierre Léaud, Raymond Devos, Grazziella Galvani, Laszló Szábó, Samuel Fuller","inLanguage":"es","potentialAction":[{"@type":"ReadAction","target":["https://sodre.gub.uy/espectaculos/pierrot-el-loco/"]}]},{"@type":"WebSite","@id":"https://sodre.gub.uy/espectaculos/#website","url":"https://sodre.gub.uy/espectaculos/","name":"Espectáculos","description":"Servicio Oficial de Difusión, Representaciones y Espectáculos","publisher":{"@id":"https://sodre.gub.uy/espectaculos/#organization"},"potentialAction":[{"@type":"SearchAction","target":{"@type":"EntryPoint","urlTemplate":"https://sodre.gub.uy/espectaculos/?s={search_term_string}"},"query-input":"required name=search_term_string"}],"inLanguage":"es"},{"@type":"Organization","@id":"https://sodre.gub.uy/espectaculos/#organization","name":"Espectáculos","url":"https://sodre.gub.uy/espectaculos/","logo":{"@type":"ImageObject","inLanguage":"es","@id":"https://sodre.gub.uy/espectaculos/#/schema/logo/image/","url":"https://sodre.gub.uy/espectaculos/wp-content/uploads/sites/2/2023/12/logo-sodre-black.svg","contentUrl":"https://sodre.gub.uy/espectaculos/wp-content/uploads/sites/2/2023/12/logo-sodre-black.svg","caption":"Espectáculos"},"image":{"@id":"https://sodre.gub.uy/espectaculos/#/schema/logo/image/"}}]}</script>
<!-- / Yoast SEO plugin. -->

Pierrot, el loco - Espectáculos

Dirección: Jean-Luc GodardIntérpretes: Jean-Paul Belmondo, Anna Karina, Dirk Sanders, Jean-Pierre Léaud, Raymond Devos, Grazziella Galvani, Laszló Szábó, Samuel Fuller

Espectáculos

Servicio Oficial de Difusión, Representaciones y Espectáculos
