{"id":6198,"date":"2024-09-23T11:29:39","date_gmt":"2024-09-23T14:29:39","guid":{"rendered":"https:\/\/sodre.gub.uy\/espectaculos\/?post_type=espectaculo&#038;p=6198"},"modified":"2024-10-01T14:05:15","modified_gmt":"2024-10-01T17:05:15","slug":"pax-in-lucem-5","status":"publish","type":"espectaculo","link":"https:\/\/sodre.gub.uy\/espectaculos\/pax-in-lucem-5\/","title":{"rendered":"Pax in Lucem"},"content":{"rendered":"<div class=\"wpb-content-wrapper\"><p>[vc_section el_class=\u00bbcontent&#8211;espectaculo\u00bb][vc_row el_class=\u00bbcyg&#8211;descripcion\u00bb][vc_column][vc_column_text]El filme revive la \u00e9pica vida del pintor de la mano de sus bisnietos, Alejandro D\u00edaz y Jimena Perera, quienes se embarcan en la restauraci\u00f3n de la ic\u00f3nica obra de Torres Garc\u00eda, Pax in Lucem, tras la aparici\u00f3n de fragmentos en una caja en los s\u00f3tanos del Museo Nacional de Artes Visuales de Montevideo. El emblem\u00e1tico mural se daba por perdido desde 1974, cuando un feroz incendio en el Museo de Arte Moderno (MAM) de R\u00edo de Janeiro quem\u00f3 una retrospectiva de 73 obras del artista que se expon\u00eda con motivo de la celebraci\u00f3n de su centenario.[\/vc_column_text][vc_empty_space height=\u00bb30px\u00bb el_class=\u00bbcyg&#8211;espacio-30&#8243;][\/vc_column][\/vc_row][vc_row el_class=\u00bbcyg&#8211;ficha\u00bb][vc_column width=\u00bb1\/2&#8243;][vc_row_inner][vc_column_inner][vc_column_text]<strong>Ficha Art\u00edstica:<\/strong><\/p>\n<p><b>Direcci\u00f3n<\/b>: Emiliano Mazza De Luca<\/p>\n<p><b>Uruguay-Espa\u00f1a, 2024, 95 min<\/b>[\/vc_column_text][vc_empty_space height=\u00bb10&#8243; el_class=\u00bbcyg&#8211;espacio-10&#8243;][\/vc_column_inner][\/vc_row_inner][vc_row_inner][vc_column_inner][vc_empty_space height=\u00bb10&#8243; el_class=\u00bbcyg&#8211;espacio-10&#8243;][\/vc_column_inner][\/vc_row_inner][\/vc_column][vc_column width=\u00bb1\/2&#8243;][vc_row_inner][vc_column_inner][vc_empty_space height=\u00bb10&#8243; el_class=\u00bbcyg&#8211;espacio-10&#8243;][\/vc_column_inner][\/vc_row_inner][vc_row_inner][vc_column_inner][vc_empty_space height=\u00bb10&#8243; el_class=\u00bbcyg&#8211;espacio-10&#8243;][\/vc_column_inner][\/vc_row_inner][\/vc_column][\/vc_row][vc_row][vc_column][vc_empty_space height=\u00bb10px\u00bb][vc_column_text]<strong>Edad recomendada: <\/strong>Todo p\u00fablico[\/vc_column_text][\/vc_column][\/vc_row][\/vc_section]<\/p>\n<\/div>","protected":false},"excerpt":{"rendered":"<p>El filme revive la \u00e9pica vida del pintor de la mano de sus bisnietos, Alejandro D\u00edaz y Jimena Perera, quienes se embarcan en la restauraci\u00f3n de la ic\u00f3nica obra de Torres Garc\u00eda, Pax in Lucem.<\/p>\n","protected":false},"menu_order":0,"template":"","format":"standard","cuerpo-estable":[42],"etiqueta-espectaculo":[],"lugar":[17],"sala-espacio":[36],"acf":[],"yoast_head":"<!-- This site is optimized with the Yoast SEO plugin v21.7 - https:\/\/yoast.com\/wordpress\/plugins\/seo\/ -->\n<title>Pax in Lucem - Espect\u00e1culos<\/title>\n<meta name=\"description\" content=\"El filme revive la \u00e9pica vida del pintor de la mano de sus bisnietos, Alejandro D\u00edaz y Jimena Perera, quienes se embarcan en la restauraci\u00f3n de la ic\u00f3nica obra de Torres Garc\u00eda, Pax in Lucem\" \/>\n<meta name=\"robots\" content=\"index, follow, max-snippet:-1, max-image-preview:large, max-video-preview:-1\" \/>\n<link rel=\"canonical\" href=\"https:\/\/sodre.gub.uy\/espectaculos\/pax-in-lucem-5\/\" \/>\n<meta property=\"og:locale\" content=\"es_ES\" \/>\n<meta property=\"og:type\" content=\"article\" \/>\n<meta property=\"og:title\" content=\"Pax in Lucem - Espect\u00e1culos\" \/>\n<meta property=\"og:description\" content=\"El filme revive la \u00e9pica vida del pintor de la mano de sus bisnietos, Alejandro D\u00edaz y Jimena Perera, quienes se embarcan en la restauraci\u00f3n de la ic\u00f3nica obra de Torres Garc\u00eda, Pax in Lucem\" \/>\n<meta property=\"og:url\" content=\"https:\/\/sodre.gub.uy\/espectaculos\/pax-in-lucem-5\/\" \/>\n<meta property=\"og:site_name\" content=\"Espect\u00e1culos\" \/>\n<meta property=\"article:modified_time\" content=\"2024-10-01T17:05:15+00:00\" \/>\n<meta name=\"twitter:card\" content=\"summary_large_image\" \/>\n<meta name=\"twitter:label1\" content=\"Tiempo de lectura\" \/>\n\t<meta name=\"twitter:data1\" content=\"1 minuto\" \/>\n<script type=\"application\/ld+json\" class=\"yoast-schema-graph\">{\"@context\":\"https:\/\/schema.org\",\"@graph\":[{\"@type\":\"WebPage\",\"@id\":\"https:\/\/sodre.gub.uy\/espectaculos\/pax-in-lucem-5\/\",\"url\":\"https:\/\/sodre.gub.uy\/espectaculos\/pax-in-lucem-5\/\",\"name\":\"Pax in Lucem - Espect\u00e1culos\",\"isPartOf\":{\"@id\":\"https:\/\/sodre.gub.uy\/espectaculos\/#website\"},\"datePublished\":\"2024-09-23T14:29:39+00:00\",\"dateModified\":\"2024-10-01T17:05:15+00:00\",\"description\":\"El filme revive la \u00e9pica vida del pintor de la mano de sus bisnietos, Alejandro D\u00edaz y Jimena Perera, quienes se embarcan en la restauraci\u00f3n de la ic\u00f3nica obra de Torres Garc\u00eda, Pax in Lucem\",\"inLanguage\":\"es\",\"potentialAction\":[{\"@type\":\"ReadAction\",\"target\":[\"https:\/\/sodre.gub.uy\/espectaculos\/pax-in-lucem-5\/\"]}]},{\"@type\":\"WebSite\",\"@id\":\"https:\/\/sodre.gub.uy\/espectaculos\/#website\",\"url\":\"https:\/\/sodre.gub.uy\/espectaculos\/\",\"name\":\"Espect\u00e1culos\",\"description\":\"Servicio Oficial de Difusi\u00f3n, Representaciones y Espect\u00e1culos\",\"publisher\":{\"@id\":\"https:\/\/sodre.gub.uy\/espectaculos\/#organization\"},\"potentialAction\":[{\"@type\":\"SearchAction\",\"target\":{\"@type\":\"EntryPoint\",\"urlTemplate\":\"https:\/\/sodre.gub.uy\/espectaculos\/?s={search_term_string}\"},\"query-input\":\"required name=search_term_string\"}],\"inLanguage\":\"es\"},{\"@type\":\"Organization\",\"@id\":\"https:\/\/sodre.gub.uy\/espectaculos\/#organization\",\"name\":\"Espect\u00e1culos\",\"url\":\"https:\/\/sodre.gub.uy\/espectaculos\/\",\"logo\":{\"@type\":\"ImageObject\",\"inLanguage\":\"es\",\"@id\":\"https:\/\/sodre.gub.uy\/espectaculos\/#\/schema\/logo\/image\/\",\"url\":\"https:\/\/sodre.gub.uy\/espectaculos\/wp-content\/uploads\/sites\/2\/2023\/12\/logo-sodre-black.svg\",\"contentUrl\":\"https:\/\/sodre.gub.uy\/espectaculos\/wp-content\/uploads\/sites\/2\/2023\/12\/logo-sodre-black.svg\",\"caption\":\"Espect\u00e1culos\"},\"image\":{\"@id\":\"https:\/\/sodre.gub.uy\/espectaculos\/#\/schema\/logo\/image\/\"}}]}<\/script>\n<!-- \/ Yoast SEO plugin. -->","yoast_head_json":{"title":"Pax in Lucem - Espect\u00e1culos","description":"El filme revive la \u00e9pica vida del pintor de la mano de sus bisnietos, Alejandro D\u00edaz y Jimena Perera, quienes se embarcan en la restauraci\u00f3n de la ic\u00f3nica obra de Torres Garc\u00eda, Pax in Lucem","robots":{"index":"index","follow":"follow","max-snippet":"max-snippet:-1","max-image-preview":"max-image-preview:large","max-video-preview":"max-video-preview:-1"},"canonical":"https:\/\/sodre.gub.uy\/espectaculos\/pax-in-lucem-5\/","og_locale":"es_ES","og_type":"article","og_title":"Pax in Lucem - Espect\u00e1culos","og_description":"El filme revive la \u00e9pica vida del pintor de la mano de sus bisnietos, Alejandro D\u00edaz y Jimena Perera, quienes se embarcan en la restauraci\u00f3n de la ic\u00f3nica obra de Torres Garc\u00eda, Pax in Lucem","og_url":"https:\/\/sodre.gub.uy\/espectaculos\/pax-in-lucem-5\/","og_site_name":"Espect\u00e1culos","article_modified_time":"2024-10-01T17:05:15+00:00","twitter_card":"summary_large_image","twitter_misc":{"Tiempo de lectura":"1 minuto"},"schema":{"@context":"https:\/\/schema.org","@graph":[{"@type":"WebPage","@id":"https:\/\/sodre.gub.uy\/espectaculos\/pax-in-lucem-5\/","url":"https:\/\/sodre.gub.uy\/espectaculos\/pax-in-lucem-5\/","name":"Pax in Lucem - Espect\u00e1culos","isPartOf":{"@id":"https:\/\/sodre.gub.uy\/espectaculos\/#website"},"datePublished":"2024-09-23T14:29:39+00:00","dateModified":"2024-10-01T17:05:15+00:00","description":"El filme revive la \u00e9pica vida del pintor de la mano de sus bisnietos, Alejandro D\u00edaz y Jimena Perera, quienes se embarcan en la restauraci\u00f3n de la ic\u00f3nica obra de Torres Garc\u00eda, Pax in Lucem","inLanguage":"es","potentialAction":[{"@type":"ReadAction","target":["https:\/\/sodre.gub.uy\/espectaculos\/pax-in-lucem-5\/"]}]},{"@type":"WebSite","@id":"https:\/\/sodre.gub.uy\/espectaculos\/#website","url":"https:\/\/sodre.gub.uy\/espectaculos\/","name":"Espect\u00e1culos","description":"Servicio Oficial de Difusi\u00f3n, Representaciones y Espect\u00e1culos","publisher":{"@id":"https:\/\/sodre.gub.uy\/espectaculos\/#organization"},"potentialAction":[{"@type":"SearchAction","target":{"@type":"EntryPoint","urlTemplate":"https:\/\/sodre.gub.uy\/espectaculos\/?s={search_term_string}"},"query-input":"required name=search_term_string"}],"inLanguage":"es"},{"@type":"Organization","@id":"https:\/\/sodre.gub.uy\/espectaculos\/#organization","name":"Espect\u00e1culos","url":"https:\/\/sodre.gub.uy\/espectaculos\/","logo":{"@type":"ImageObject","inLanguage":"es","@id":"https:\/\/sodre.gub.uy\/espectaculos\/#\/schema\/logo\/image\/","url":"https:\/\/sodre.gub.uy\/espectaculos\/wp-content\/uploads\/sites\/2\/2023\/12\/logo-sodre-black.svg","contentUrl":"https:\/\/sodre.gub.uy\/espectaculos\/wp-content\/uploads\/sites\/2\/2023\/12\/logo-sodre-black.svg","caption":"Espect\u00e1culos"},"image":{"@id":"https:\/\/sodre.gub.uy\/espectaculos\/#\/schema\/logo\/image\/"}}]}},"_links":{"self":[{"href":"https:\/\/sodre.gub.uy\/espectaculos\/wp-json\/wp\/v2\/espectaculo\/6198"}],"collection":[{"href":"https:\/\/sodre.gub.uy\/espectaculos\/wp-json\/wp\/v2\/espectaculo"}],"about":[{"href":"https:\/\/sodre.gub.uy\/espectaculos\/wp-json\/wp\/v2\/types\/espectaculo"}],"version-history":[{"count":1,"href":"https:\/\/sodre.gub.uy\/espectaculos\/wp-json\/wp\/v2\/espectaculo\/6198\/revisions"}],"predecessor-version":[{"id":6199,"href":"https:\/\/sodre.gub.uy\/espectaculos\/wp-json\/wp\/v2\/espectaculo\/6198\/revisions\/6199"}],"wp:attachment":[{"href":"https:\/\/sodre.gub.uy\/espectaculos\/wp-json\/wp\/v2\/media?parent=6198"}],"wp:term":[{"taxonomy":"cuerpo-estable","embeddable":true,"href":"https:\/\/sodre.gub.uy\/espectaculos\/wp-json\/wp\/v2\/cuerpo-estable?post=6198"},{"taxonomy":"etiqueta-espectaculo","embeddable":true,"href":"https:\/\/sodre.gub.uy\/espectaculos\/wp-json\/wp\/v2\/etiqueta-espectaculo?post=6198"},{"taxonomy":"lugar","embeddable":true,"href":"https:\/\/sodre.gub.uy\/espectaculos\/wp-json\/wp\/v2\/lugar?post=6198"},{"taxonomy":"sala-espacio","embeddable":true,"href":"https:\/\/sodre.gub.uy\/espectaculos\/wp-json\/wp\/v2\/sala-espacio?post=6198"}],"curies":[{"name":"wp","href":"https:\/\/api.w.org\/{rel}","templated":true}]}}

<div class="wpb-content-wrapper"><p>[vc_section el_class=»content&#8211;espectaculo»][vc_row el_class=»cyg&#8211;descripcion»][vc_column][vc_column_text]El filme revive la épica vida del pintor de la mano de sus bisnietos, Alejandro Díaz y Jimena Perera, quienes se embarcan en la restauración de la icónica obra de Torres García, Pax in Lucem, tras la aparición de fragmentos en una caja en los sótanos del Museo Nacional de Artes Visuales de Montevideo. El emblemático mural se daba por perdido desde 1974, cuando un feroz incendio en el Museo de Arte Moderno (MAM) de Río de Janeiro quemó una retrospectiva de 73 obras del artista que se exponía con motivo de la celebración de su centenario.[/vc_column_text][vc_empty_space height=»30px» el_class=»cyg&#8211;espacio-30&#8243;][/vc_column][/vc_row][vc_row el_class=»cyg&#8211;ficha»][vc_column width=»1/2&#8243;][vc_row_inner][vc_column_inner][vc_column_text]<strong>Ficha Artística:</strong></p>
<p><b>Dirección</b>: Emiliano Mazza De Luca</p>
<p><b>Uruguay-España, 2024, 95 min</b>[/vc_column_text][vc_empty_space height=»10&#8243; el_class=»cyg&#8211;espacio-10&#8243;][/vc_column_inner][/vc_row_inner][vc_row_inner][vc_column_inner][vc_empty_space height=»10&#8243; el_class=»cyg&#8211;espacio-10&#8243;][/vc_column_inner][/vc_row_inner][/vc_column][vc_column width=»1/2&#8243;][vc_row_inner][vc_column_inner][vc_empty_space height=»10&#8243; el_class=»cyg&#8211;espacio-10&#8243;][/vc_column_inner][/vc_row_inner][vc_row_inner][vc_column_inner][vc_empty_space height=»10&#8243; el_class=»cyg&#8211;espacio-10&#8243;][/vc_column_inner][/vc_row_inner][/vc_column][/vc_row][vc_row][vc_column][vc_empty_space height=»10px»][vc_column_text]<strong>Edad recomendada: </strong>Todo público[/vc_column_text][/vc_column][/vc_row][/vc_section]</p>
</div>

<p>El filme revive la épica vida del pintor de la mano de sus bisnietos, Alejandro Díaz y Jimena Perera, quienes se embarcan en la restauración de la icónica obra de Torres García, Pax in Lucem.</p>

<!-- This site is optimized with the Yoast SEO plugin v21.7 - https://yoast.com/wordpress/plugins/seo/ -->
<title>Pax in Lucem - Espectáculos</title>
<meta name="description" content="El filme revive la épica vida del pintor de la mano de sus bisnietos, Alejandro Díaz y Jimena Perera, quienes se embarcan en la restauración de la icónica obra de Torres García, Pax in Lucem" />
<meta name="robots" content="index, follow, max-snippet:-1, max-image-preview:large, max-video-preview:-1" />
<link rel="canonical" href="https://sodre.gub.uy/espectaculos/pax-in-lucem-5/" />
<meta property="og:locale" content="es_ES" />
<meta property="og:type" content="article" />
<meta property="og:title" content="Pax in Lucem - Espectáculos" />
<meta property="og:description" content="El filme revive la épica vida del pintor de la mano de sus bisnietos, Alejandro Díaz y Jimena Perera, quienes se embarcan en la restauración de la icónica obra de Torres García, Pax in Lucem" />
<meta property="og:url" content="https://sodre.gub.uy/espectaculos/pax-in-lucem-5/" />
<meta property="og:site_name" content="Espectáculos" />
<meta property="article:modified_time" content="2024-10-01T17:05:15+00:00" />
<meta name="twitter:card" content="summary_large_image" />
<meta name="twitter:label1" content="Tiempo de lectura" />
	<meta name="twitter:data1" content="1 minuto" />
<script type="application/ld+json" class="yoast-schema-graph">{"@context":"https://schema.org","@graph":[{"@type":"WebPage","@id":"https://sodre.gub.uy/espectaculos/pax-in-lucem-5/","url":"https://sodre.gub.uy/espectaculos/pax-in-lucem-5/","name":"Pax in Lucem - Espectáculos","isPartOf":{"@id":"https://sodre.gub.uy/espectaculos/#website"},"datePublished":"2024-09-23T14:29:39+00:00","dateModified":"2024-10-01T17:05:15+00:00","description":"El filme revive la épica vida del pintor de la mano de sus bisnietos, Alejandro Díaz y Jimena Perera, quienes se embarcan en la restauración de la icónica obra de Torres García, Pax in Lucem","inLanguage":"es","potentialAction":[{"@type":"ReadAction","target":["https://sodre.gub.uy/espectaculos/pax-in-lucem-5/"]}]},{"@type":"WebSite","@id":"https://sodre.gub.uy/espectaculos/#website","url":"https://sodre.gub.uy/espectaculos/","name":"Espectáculos","description":"Servicio Oficial de Difusión, Representaciones y Espectáculos","publisher":{"@id":"https://sodre.gub.uy/espectaculos/#organization"},"potentialAction":[{"@type":"SearchAction","target":{"@type":"EntryPoint","urlTemplate":"https://sodre.gub.uy/espectaculos/?s={search_term_string}"},"query-input":"required name=search_term_string"}],"inLanguage":"es"},{"@type":"Organization","@id":"https://sodre.gub.uy/espectaculos/#organization","name":"Espectáculos","url":"https://sodre.gub.uy/espectaculos/","logo":{"@type":"ImageObject","inLanguage":"es","@id":"https://sodre.gub.uy/espectaculos/#/schema/logo/image/","url":"https://sodre.gub.uy/espectaculos/wp-content/uploads/sites/2/2023/12/logo-sodre-black.svg","contentUrl":"https://sodre.gub.uy/espectaculos/wp-content/uploads/sites/2/2023/12/logo-sodre-black.svg","caption":"Espectáculos"},"image":{"@id":"https://sodre.gub.uy/espectaculos/#/schema/logo/image/"}}]}</script>
<!-- / Yoast SEO plugin. -->

Pax in Lucem - Espectáculos

El filme revive la épica vida del pintor de la mano de sus bisnietos, Alejandro Díaz y Jimena Perera, quienes se embarcan en la restauración de la icónica obra de Torres García, Pax in Lucem

Espectáculos

Servicio Oficial de Difusión, Representaciones y Espectáculos
