{"id":5531,"date":"2024-07-22T11:09:28","date_gmt":"2024-07-22T14:09:28","guid":{"rendered":"https:\/\/sodre.gub.uy\/espectaculos\/?post_type=espectaculo&#038;p=5531"},"modified":"2024-08-23T11:50:02","modified_gmt":"2024-08-23T14:50:02","slug":"opera-don-pasquale","status":"publish","type":"espectaculo","link":"https:\/\/sodre.gub.uy\/espectaculos\/opera-don-pasquale\/","title":{"rendered":"\u00d3pera Don Pasquale"},"content":{"rendered":"<div class=\"wpb-content-wrapper\"><p>[vc_section el_class=\u00bbcontent&#8211;espectaculo\u00bb][vc_row el_class=\u00bbcyg&#8211;descripcion\u00bb][vc_column][vc_column_text]Montaje integral de la \u00f3pera \u201cDon Pasquale\u201d de Gaetano Donizetti. Producci\u00f3n \u00d3pera J\u00f3ven.<\/p>\n<p>Solistas, coro y orquesta. M\u00e1s de 40 artistas en escena.<\/p>\n<p>&nbsp;<\/p>\n<p>Don Pasquale es la obra m\u00e1s redonda y perfecta de Donizetti. Cuenta con un libreto excelentemente construido y con cuatro personajes bien definidos. Adem\u00e1s, una de las cumbres, por no decir la \u00faltima, de la \u00f3pera buffa italiana del siglo XIX, en la que se equilibran los aspectos c\u00f3micos con los serios o sentimentales, dando como resultado una totalidad que es mucho m\u00e1s que la suma de sus partes. La m\u00fasica, burbujeante, fresca y espont\u00e1nea, se ve perfilada por una riqueza r\u00edtmica bastante ins\u00f3lita en la m\u00fasica de Donizetti. Desde la buena obertura, basada en temas de la obra, hasta el rond\u00f3 final, se suceden los n\u00fameros cargados de inspiraci\u00f3n. Las tres intervenciones solistas de Ernesto \u2013entre las que se incluye la antol\u00f3gica serenata\u2013; los d\u00faos de Norina y Malatesta, y de \u00abSofronia\u00bb y Pasquale, desbordantes de gracia; el d\u00fao del doctor y el anciano, uno de os iconos del g\u00e9nero buffo; el estupendo coro de los criados, \u00a0los conjuntos repletos de adrenalina; el bonito preludio con solo de trompeta, y la orquestaci\u00f3n graciosa y funcional, componen no s\u00f3lo una obra definitiva en el haber de su creador, sino tambi\u00e9n m\u00e1xima contribuci\u00f3n al g\u00e9nero oper\u00edstico<\/p>\n<p>&nbsp;<\/p>\n<p><strong>Argumento<\/strong><\/p>\n<p>Don Pasquale es un anciano rico cuyo \u00fanico heredero es su sobrino Ernesto. Quiere que Ernesto se case con una rica y noble dama pero el joven se niega porque est\u00e1 enamorado de Norina, una viuda joven y simp\u00e1tica, pero humilde.<br \/>\nDon Pasquale decide desheredar a Ernesto por no acceder a sus deseos y opta por casarse \u00e9l mismo. A tal efecto pide al doctor Malatesta que le consiga una esposa adecuada. \u00c9ste, que es amigo de Ernesto, urde un plan para ayudar a los dos j\u00f3venes. El doctor propone a Don Pasquale que se case con su hermana Sofronia, doncella bella y pura, reci\u00e9n salida del convento. Don Pasquale acepta de buena gana y echa de casa a Ernesto. Sofronia en realidad no existe sino que ser\u00e1 la propia Norina quien, siguiendo el plan urdido por Malatesta, enga\u00f1ar\u00e1 a Don Pasquale para que se arrepienta de su decisi\u00f3n, acoja de nuevo a su sobrino Ernesto y acceda a su matrimonio.[\/vc_column_text][vc_empty_space height=\u00bb30px\u00bb el_class=\u00bbcyg&#8211;espacio-30&#8243;][\/vc_column][\/vc_row][vc_row el_class=\u00bbcyg&#8211;ficha\u00bb][vc_column width=\u00bb1\/2&#8243;][vc_row_inner][vc_column_inner][vc_column_text]<strong>Ficha art\u00edstica:<\/strong><\/p>\n<p><strong>Direcci\u00f3n:<\/strong> Maestro Esteban Louise[\/vc_column_text][vc_empty_space height=\u00bb10&#8243; el_class=\u00bbcyg&#8211;espacio-10&#8243;][\/vc_column_inner][\/vc_row_inner][vc_row_inner][vc_column_inner][vc_column_text]<strong>Puesta en escena:<\/strong> Nicol\u00e1s Zecchi[\/vc_column_text][vc_empty_space height=\u00bb10&#8243; el_class=\u00bbcyg&#8211;espacio-10&#8243;][\/vc_column_inner][\/vc_row_inner][\/vc_column][vc_column width=\u00bb1\/2&#8243;][vc_row_inner][vc_column_inner][vc_column_text]<strong>Elencos:<\/strong><\/p>\n<p><strong>Don Pasquale:<\/strong> Gustavo Balbella (27 y 29) \/ Nicol\u00e1s Zecchi (28 y 30)<\/p>\n<p><strong>Norina:<\/strong> Ma. Jos\u00e9 Badano (27 y 29) \/ Luc\u00eda del Verd\u00fan Pintos (28 y 30)<\/p>\n<p><strong>Malatesta:<\/strong> Emiliano Vidal (27 y 29) \/ Fabi\u00e1n Milkewitz (28 y 30)<\/p>\n<p><strong>Ernesto:<\/strong> Juan Pablo Levrero (27 y 29) \/ Carlos Lema (28 y 30)<\/p>\n<p><strong>Notario:<\/strong> Rafael Hern\u00e1ndez[\/vc_column_text][vc_empty_space height=\u00bb10&#8243; el_class=\u00bbcyg&#8211;espacio-10&#8243;][\/vc_column_inner][\/vc_row_inner][vc_row_inner][vc_column_inner][vc_empty_space height=\u00bb10&#8243; el_class=\u00bbcyg&#8211;espacio-10&#8243;][\/vc_column_inner][\/vc_row_inner][\/vc_column][\/vc_row][vc_row][vc_column][vc_empty_space height=\u00bb52px\u00bb][vc_column_text]<strong>Duraci\u00f3n:<\/strong> 2 h[\/vc_column_text][vc_column_text]Sobretitulado al espa\u00f1ol[\/vc_column_text][vc_column_text]<strong>Edad recomendada:<\/strong> +18[\/vc_column_text][\/vc_column][\/vc_row][\/vc_section]<\/p>\n<\/div>","protected":false},"excerpt":{"rendered":"<p>Una desopilante comedia de enredos<\/p>\n","protected":false},"menu_order":0,"template":"","format":"standard","cuerpo-estable":[29],"etiqueta-espectaculo":[39],"lugar":[16],"sala-espacio":[31],"acf":[],"yoast_head":"<!-- This site is optimized with the Yoast SEO plugin v21.7 - https:\/\/yoast.com\/wordpress\/plugins\/seo\/ -->\n<title>\u00d3pera Don Pasquale - Espect\u00e1culos<\/title>\n<meta name=\"robots\" content=\"index, follow, max-snippet:-1, max-image-preview:large, max-video-preview:-1\" \/>\n<link rel=\"canonical\" href=\"https:\/\/sodre.gub.uy\/espectaculos\/opera-don-pasquale\/\" \/>\n<meta property=\"og:locale\" content=\"es_ES\" \/>\n<meta property=\"og:type\" content=\"article\" \/>\n<meta property=\"og:title\" content=\"\u00d3pera Don Pasquale - Espect\u00e1culos\" \/>\n<meta property=\"og:description\" content=\"Una desopilante comedia de enredos\" \/>\n<meta property=\"og:url\" content=\"https:\/\/sodre.gub.uy\/espectaculos\/opera-don-pasquale\/\" \/>\n<meta property=\"og:site_name\" content=\"Espect\u00e1culos\" \/>\n<meta property=\"article:modified_time\" content=\"2024-08-23T14:50:02+00:00\" \/>\n<meta name=\"twitter:card\" content=\"summary_large_image\" \/>\n<meta name=\"twitter:label1\" content=\"Tiempo de lectura\" \/>\n\t<meta name=\"twitter:data1\" content=\"3 minutos\" \/>\n<script type=\"application\/ld+json\" class=\"yoast-schema-graph\">{\"@context\":\"https:\/\/schema.org\",\"@graph\":[{\"@type\":\"WebPage\",\"@id\":\"https:\/\/sodre.gub.uy\/espectaculos\/opera-don-pasquale\/\",\"url\":\"https:\/\/sodre.gub.uy\/espectaculos\/opera-don-pasquale\/\",\"name\":\"\u00d3pera Don Pasquale - Espect\u00e1culos\",\"isPartOf\":{\"@id\":\"https:\/\/sodre.gub.uy\/espectaculos\/#website\"},\"datePublished\":\"2024-07-22T14:09:28+00:00\",\"dateModified\":\"2024-08-23T14:50:02+00:00\",\"inLanguage\":\"es\",\"potentialAction\":[{\"@type\":\"ReadAction\",\"target\":[\"https:\/\/sodre.gub.uy\/espectaculos\/opera-don-pasquale\/\"]}]},{\"@type\":\"WebSite\",\"@id\":\"https:\/\/sodre.gub.uy\/espectaculos\/#website\",\"url\":\"https:\/\/sodre.gub.uy\/espectaculos\/\",\"name\":\"Espect\u00e1culos\",\"description\":\"Servicio Oficial de Difusi\u00f3n, Representaciones y Espect\u00e1culos\",\"publisher\":{\"@id\":\"https:\/\/sodre.gub.uy\/espectaculos\/#organization\"},\"potentialAction\":[{\"@type\":\"SearchAction\",\"target\":{\"@type\":\"EntryPoint\",\"urlTemplate\":\"https:\/\/sodre.gub.uy\/espectaculos\/?s={search_term_string}\"},\"query-input\":\"required name=search_term_string\"}],\"inLanguage\":\"es\"},{\"@type\":\"Organization\",\"@id\":\"https:\/\/sodre.gub.uy\/espectaculos\/#organization\",\"name\":\"Espect\u00e1culos\",\"url\":\"https:\/\/sodre.gub.uy\/espectaculos\/\",\"logo\":{\"@type\":\"ImageObject\",\"inLanguage\":\"es\",\"@id\":\"https:\/\/sodre.gub.uy\/espectaculos\/#\/schema\/logo\/image\/\",\"url\":\"https:\/\/sodre.gub.uy\/espectaculos\/wp-content\/uploads\/sites\/2\/2023\/12\/logo-sodre-black.svg\",\"contentUrl\":\"https:\/\/sodre.gub.uy\/espectaculos\/wp-content\/uploads\/sites\/2\/2023\/12\/logo-sodre-black.svg\",\"caption\":\"Espect\u00e1culos\"},\"image\":{\"@id\":\"https:\/\/sodre.gub.uy\/espectaculos\/#\/schema\/logo\/image\/\"}}]}<\/script>\n<!-- \/ Yoast SEO plugin. -->","yoast_head_json":{"title":"\u00d3pera Don Pasquale - Espect\u00e1culos","robots":{"index":"index","follow":"follow","max-snippet":"max-snippet:-1","max-image-preview":"max-image-preview:large","max-video-preview":"max-video-preview:-1"},"canonical":"https:\/\/sodre.gub.uy\/espectaculos\/opera-don-pasquale\/","og_locale":"es_ES","og_type":"article","og_title":"\u00d3pera Don Pasquale - Espect\u00e1culos","og_description":"Una desopilante comedia de enredos","og_url":"https:\/\/sodre.gub.uy\/espectaculos\/opera-don-pasquale\/","og_site_name":"Espect\u00e1culos","article_modified_time":"2024-08-23T14:50:02+00:00","twitter_card":"summary_large_image","twitter_misc":{"Tiempo de lectura":"3 minutos"},"schema":{"@context":"https:\/\/schema.org","@graph":[{"@type":"WebPage","@id":"https:\/\/sodre.gub.uy\/espectaculos\/opera-don-pasquale\/","url":"https:\/\/sodre.gub.uy\/espectaculos\/opera-don-pasquale\/","name":"\u00d3pera Don Pasquale - Espect\u00e1culos","isPartOf":{"@id":"https:\/\/sodre.gub.uy\/espectaculos\/#website"},"datePublished":"2024-07-22T14:09:28+00:00","dateModified":"2024-08-23T14:50:02+00:00","inLanguage":"es","potentialAction":[{"@type":"ReadAction","target":["https:\/\/sodre.gub.uy\/espectaculos\/opera-don-pasquale\/"]}]},{"@type":"WebSite","@id":"https:\/\/sodre.gub.uy\/espectaculos\/#website","url":"https:\/\/sodre.gub.uy\/espectaculos\/","name":"Espect\u00e1culos","description":"Servicio Oficial de Difusi\u00f3n, Representaciones y Espect\u00e1culos","publisher":{"@id":"https:\/\/sodre.gub.uy\/espectaculos\/#organization"},"potentialAction":[{"@type":"SearchAction","target":{"@type":"EntryPoint","urlTemplate":"https:\/\/sodre.gub.uy\/espectaculos\/?s={search_term_string}"},"query-input":"required name=search_term_string"}],"inLanguage":"es"},{"@type":"Organization","@id":"https:\/\/sodre.gub.uy\/espectaculos\/#organization","name":"Espect\u00e1culos","url":"https:\/\/sodre.gub.uy\/espectaculos\/","logo":{"@type":"ImageObject","inLanguage":"es","@id":"https:\/\/sodre.gub.uy\/espectaculos\/#\/schema\/logo\/image\/","url":"https:\/\/sodre.gub.uy\/espectaculos\/wp-content\/uploads\/sites\/2\/2023\/12\/logo-sodre-black.svg","contentUrl":"https:\/\/sodre.gub.uy\/espectaculos\/wp-content\/uploads\/sites\/2\/2023\/12\/logo-sodre-black.svg","caption":"Espect\u00e1culos"},"image":{"@id":"https:\/\/sodre.gub.uy\/espectaculos\/#\/schema\/logo\/image\/"}}]}},"_links":{"self":[{"href":"https:\/\/sodre.gub.uy\/espectaculos\/wp-json\/wp\/v2\/espectaculo\/5531"}],"collection":[{"href":"https:\/\/sodre.gub.uy\/espectaculos\/wp-json\/wp\/v2\/espectaculo"}],"about":[{"href":"https:\/\/sodre.gub.uy\/espectaculos\/wp-json\/wp\/v2\/types\/espectaculo"}],"version-history":[{"count":8,"href":"https:\/\/sodre.gub.uy\/espectaculos\/wp-json\/wp\/v2\/espectaculo\/5531\/revisions"}],"predecessor-version":[{"id":5882,"href":"https:\/\/sodre.gub.uy\/espectaculos\/wp-json\/wp\/v2\/espectaculo\/5531\/revisions\/5882"}],"wp:attachment":[{"href":"https:\/\/sodre.gub.uy\/espectaculos\/wp-json\/wp\/v2\/media?parent=5531"}],"wp:term":[{"taxonomy":"cuerpo-estable","embeddable":true,"href":"https:\/\/sodre.gub.uy\/espectaculos\/wp-json\/wp\/v2\/cuerpo-estable?post=5531"},{"taxonomy":"etiqueta-espectaculo","embeddable":true,"href":"https:\/\/sodre.gub.uy\/espectaculos\/wp-json\/wp\/v2\/etiqueta-espectaculo?post=5531"},{"taxonomy":"lugar","embeddable":true,"href":"https:\/\/sodre.gub.uy\/espectaculos\/wp-json\/wp\/v2\/lugar?post=5531"},{"taxonomy":"sala-espacio","embeddable":true,"href":"https:\/\/sodre.gub.uy\/espectaculos\/wp-json\/wp\/v2\/sala-espacio?post=5531"}],"curies":[{"name":"wp","href":"https:\/\/api.w.org\/{rel}","templated":true}]}}

Ópera Don Pasquale

<div class="wpb-content-wrapper"><p>[vc_section el_class=»content&#8211;espectaculo»][vc_row el_class=»cyg&#8211;descripcion»][vc_column][vc_column_text]Montaje integral de la ópera “Don Pasquale” de Gaetano Donizetti. Producción Ópera Jóven.</p>
<p>Solistas, coro y orquesta. Más de 40 artistas en escena.</p>
<p>&nbsp;</p>
<p>Don Pasquale es la obra más redonda y perfecta de Donizetti. Cuenta con un libreto excelentemente construido y con cuatro personajes bien definidos. Además, una de las cumbres, por no decir la última, de la ópera buffa italiana del siglo XIX, en la que se equilibran los aspectos cómicos con los serios o sentimentales, dando como resultado una totalidad que es mucho más que la suma de sus partes. La música, burbujeante, fresca y espontánea, se ve perfilada por una riqueza rítmica bastante insólita en la música de Donizetti. Desde la buena obertura, basada en temas de la obra, hasta el rondó final, se suceden los números cargados de inspiración. Las tres intervenciones solistas de Ernesto –entre las que se incluye la antológica serenata–; los dúos de Norina y Malatesta, y de «Sofronia» y Pasquale, desbordantes de gracia; el dúo del doctor y el anciano, uno de os iconos del género buffo; el estupendo coro de los criados,  los conjuntos repletos de adrenalina; el bonito preludio con solo de trompeta, y la orquestación graciosa y funcional, componen no sólo una obra definitiva en el haber de su creador, sino también máxima contribución al género operístico</p>
<p>&nbsp;</p>
<p><strong>Argumento</strong></p>
<p>Don Pasquale es un anciano rico cuyo único heredero es su sobrino Ernesto. Quiere que Ernesto se case con una rica y noble dama pero el joven se niega porque está enamorado de Norina, una viuda joven y simpática, pero humilde.<br />
Don Pasquale decide desheredar a Ernesto por no acceder a sus deseos y opta por casarse él mismo. A tal efecto pide al doctor Malatesta que le consiga una esposa adecuada. Éste, que es amigo de Ernesto, urde un plan para ayudar a los dos jóvenes. El doctor propone a Don Pasquale que se case con su hermana Sofronia, doncella bella y pura, recién salida del convento. Don Pasquale acepta de buena gana y echa de casa a Ernesto. Sofronia en realidad no existe sino que será la propia Norina quien, siguiendo el plan urdido por Malatesta, engañará a Don Pasquale para que se arrepienta de su decisión, acoja de nuevo a su sobrino Ernesto y acceda a su matrimonio.[/vc_column_text][vc_empty_space height=»30px» el_class=»cyg&#8211;espacio-30&#8243;][/vc_column][/vc_row][vc_row el_class=»cyg&#8211;ficha»][vc_column width=»1/2&#8243;][vc_row_inner][vc_column_inner][vc_column_text]<strong>Ficha artística:</strong></p>
<p><strong>Dirección:</strong> Maestro Esteban Louise[/vc_column_text][vc_empty_space height=»10&#8243; el_class=»cyg&#8211;espacio-10&#8243;][/vc_column_inner][/vc_row_inner][vc_row_inner][vc_column_inner][vc_column_text]<strong>Puesta en escena:</strong> Nicolás Zecchi[/vc_column_text][vc_empty_space height=»10&#8243; el_class=»cyg&#8211;espacio-10&#8243;][/vc_column_inner][/vc_row_inner][/vc_column][vc_column width=»1/2&#8243;][vc_row_inner][vc_column_inner][vc_column_text]<strong>Elencos:</strong></p>
<p><strong>Don Pasquale:</strong> Gustavo Balbella (27 y 29) / Nicolás Zecchi (28 y 30)</p>
<p><strong>Norina:</strong> Ma. José Badano (27 y 29) / Lucía del Verdún Pintos (28 y 30)</p>
<p><strong>Malatesta:</strong> Emiliano Vidal (27 y 29) / Fabián Milkewitz (28 y 30)</p>
<p><strong>Ernesto:</strong> Juan Pablo Levrero (27 y 29) / Carlos Lema (28 y 30)</p>
<p><strong>Notario:</strong> Rafael Hernández[/vc_column_text][vc_empty_space height=»10&#8243; el_class=»cyg&#8211;espacio-10&#8243;][/vc_column_inner][/vc_row_inner][vc_row_inner][vc_column_inner][vc_empty_space height=»10&#8243; el_class=»cyg&#8211;espacio-10&#8243;][/vc_column_inner][/vc_row_inner][/vc_column][/vc_row][vc_row][vc_column][vc_empty_space height=»52px»][vc_column_text]<strong>Duración:</strong> 2 h[/vc_column_text][vc_column_text]Sobretitulado al español[/vc_column_text][vc_column_text]<strong>Edad recomendada:</strong> +18[/vc_column_text][/vc_column][/vc_row][/vc_section]</p>
</div>

<!-- This site is optimized with the Yoast SEO plugin v21.7 - https://yoast.com/wordpress/plugins/seo/ -->
<title>Ópera Don Pasquale - Espectáculos</title>
<meta name="robots" content="index, follow, max-snippet:-1, max-image-preview:large, max-video-preview:-1" />
<link rel="canonical" href="https://sodre.gub.uy/espectaculos/opera-don-pasquale/" />
<meta property="og:locale" content="es_ES" />
<meta property="og:type" content="article" />
<meta property="og:title" content="Ópera Don Pasquale - Espectáculos" />
<meta property="og:description" content="Una desopilante comedia de enredos" />
<meta property="og:url" content="https://sodre.gub.uy/espectaculos/opera-don-pasquale/" />
<meta property="og:site_name" content="Espectáculos" />
<meta property="article:modified_time" content="2024-08-23T14:50:02+00:00" />
<meta name="twitter:card" content="summary_large_image" />
<meta name="twitter:label1" content="Tiempo de lectura" />
	<meta name="twitter:data1" content="3 minutos" />
<script type="application/ld+json" class="yoast-schema-graph">{"@context":"https://schema.org","@graph":[{"@type":"WebPage","@id":"https://sodre.gub.uy/espectaculos/opera-don-pasquale/","url":"https://sodre.gub.uy/espectaculos/opera-don-pasquale/","name":"Ópera Don Pasquale - Espectáculos","isPartOf":{"@id":"https://sodre.gub.uy/espectaculos/#website"},"datePublished":"2024-07-22T14:09:28+00:00","dateModified":"2024-08-23T14:50:02+00:00","inLanguage":"es","potentialAction":[{"@type":"ReadAction","target":["https://sodre.gub.uy/espectaculos/opera-don-pasquale/"]}]},{"@type":"WebSite","@id":"https://sodre.gub.uy/espectaculos/#website","url":"https://sodre.gub.uy/espectaculos/","name":"Espectáculos","description":"Servicio Oficial de Difusión, Representaciones y Espectáculos","publisher":{"@id":"https://sodre.gub.uy/espectaculos/#organization"},"potentialAction":[{"@type":"SearchAction","target":{"@type":"EntryPoint","urlTemplate":"https://sodre.gub.uy/espectaculos/?s={search_term_string}"},"query-input":"required name=search_term_string"}],"inLanguage":"es"},{"@type":"Organization","@id":"https://sodre.gub.uy/espectaculos/#organization","name":"Espectáculos","url":"https://sodre.gub.uy/espectaculos/","logo":{"@type":"ImageObject","inLanguage":"es","@id":"https://sodre.gub.uy/espectaculos/#/schema/logo/image/","url":"https://sodre.gub.uy/espectaculos/wp-content/uploads/sites/2/2023/12/logo-sodre-black.svg","contentUrl":"https://sodre.gub.uy/espectaculos/wp-content/uploads/sites/2/2023/12/logo-sodre-black.svg","caption":"Espectáculos"},"image":{"@id":"https://sodre.gub.uy/espectaculos/#/schema/logo/image/"}}]}</script>
<!-- / Yoast SEO plugin. -->

Ópera Don Pasquale - Espectáculos

Espectáculos

Servicio Oficial de Difusión, Representaciones y Espectáculos
