{"id":457,"date":"2023-11-21T09:53:45","date_gmt":"2023-11-21T12:53:45","guid":{"rendered":"https:\/\/sodre.gub.uy\/espectaculos\/?post_type=espectaculo&#038;p=457"},"modified":"2024-12-02T10:46:21","modified_gmt":"2024-12-02T13:46:21","slug":"gala-de-ano-nuevo","status":"publish","type":"espectaculo","link":"https:\/\/sodre.gub.uy\/espectaculos\/gala-de-ano-nuevo\/","title":{"rendered":"Gala de A\u00f1o Nuevo"},"content":{"rendered":"<div class=\"wpb-content-wrapper\"><p>[vc_section el_class=\u00bbcontent&#8211;espectaculo\u00bb][vc_row el_class=\u00bbcyg&#8211;descripcion\u00bb][vc_column][vc_column_text]La gala de A\u00f1o Nuevo es, quiz\u00e1s, la presentaci\u00f3n m\u00e1s esperada por los integrantes y el equipo de la Orquesta Juvenil por el regocijo que implica el esfuerzo realizado, por la esperanza y alegr\u00eda ante los nuevos desaf\u00edos y la oportunidad de celebrarlos junto a nuestro p\u00fablico, quienes, al interactuar con los artistas, se convierten en parte activa de esta celebraci\u00f3n.<\/p>\n<p><strong>Programa<\/strong><\/p>\n<ul>\n<li>R. Strauss \/ As\u00ed Habl\u00f3 Zaratustra<\/li>\n<li>P. Tchaikovsky \/ Vals de las Flores (Coreograf\u00eda)<\/li>\n<li>J. Strauss \/ Polka Pizzicato<\/li>\n<li>J. Strauss \/ El Danubio Azul<\/li>\n<li>J. Strauss \/ Polka Tritsch Tratsch<\/li>\n<li>F. Lehar \/ Vals de la Viuda Alegre (Canto)<\/li>\n<li>A. Copland \/ Fanfarria para un Hombre Com\u00fan<\/li>\n<li>D. Shostakovich \/ Obertura Festiva<\/li>\n<li>J. Offenbach \/ Can Can (Coreograf\u00eda)<\/li>\n<li>J. Williams \/ Fanfarria Ol\u00edmpica<\/li>\n<li>A. Khachaturian \/ Vals Mascarada &#8211; Danza de los Sables (Coreograf\u00eda)<\/li>\n<\/ul>\n<p>[\/vc_column_text][vc_empty_space height=\u00bb30px\u00bb el_class=\u00bbcyg&#8211;espacio-30&#8243;][\/vc_column][\/vc_row][vc_row el_class=\u00bbcyg&#8211;ficha\u00bb][vc_column width=\u00bb1\/2&#8243;][vc_row_inner][vc_column_inner][vc_column_text]<strong>Direcci\u00f3n:<\/strong> Ariel Britos[\/vc_column_text][vc_empty_space height=\u00bb10&#8243; el_class=\u00bbcyg&#8211;espacio-10&#8243;][\/vc_column_inner][\/vc_row_inner][\/vc_column][vc_column width=\u00bb1\/2&#8243;][\/vc_column][\/vc_row][\/vc_section]<\/p>\n<\/div>","protected":false},"excerpt":{"rendered":"<p>La Orquesta Juvenil cierra el a\u00f1o con su cl\u00e1sica Gala de A\u00f1o Nuevo<\/p>\n","protected":false},"menu_order":0,"template":"","format":"standard","cuerpo-estable":[27],"etiqueta-espectaculo":[],"lugar":[16],"sala-espacio":[30],"acf":[],"yoast_head":"<!-- This site is optimized with the Yoast SEO plugin v21.7 - https:\/\/yoast.com\/wordpress\/plugins\/seo\/ -->\n<title>Gala de A\u00f1o Nuevo - Espect\u00e1culos<\/title>\n<meta name=\"robots\" content=\"index, follow, max-snippet:-1, max-image-preview:large, max-video-preview:-1\" \/>\n<link rel=\"canonical\" href=\"https:\/\/sodre.gub.uy\/espectaculos\/gala-de-ano-nuevo\/\" \/>\n<meta property=\"og:locale\" content=\"es_ES\" \/>\n<meta property=\"og:type\" content=\"article\" \/>\n<meta property=\"og:title\" content=\"Gala de A\u00f1o Nuevo - Espect\u00e1culos\" \/>\n<meta property=\"og:description\" content=\"La Orquesta Juvenil cierra el a\u00f1o con su cl\u00e1sica Gala de A\u00f1o Nuevo\" \/>\n<meta property=\"og:url\" content=\"https:\/\/sodre.gub.uy\/espectaculos\/gala-de-ano-nuevo\/\" \/>\n<meta property=\"og:site_name\" content=\"Espect\u00e1culos\" \/>\n<meta property=\"article:modified_time\" content=\"2024-12-02T13:46:21+00:00\" \/>\n<meta name=\"twitter:card\" content=\"summary_large_image\" \/>\n<meta name=\"twitter:label1\" content=\"Tiempo de lectura\" \/>\n\t<meta name=\"twitter:data1\" content=\"1 minuto\" \/>\n<script type=\"application\/ld+json\" class=\"yoast-schema-graph\">{\"@context\":\"https:\/\/schema.org\",\"@graph\":[{\"@type\":\"WebPage\",\"@id\":\"https:\/\/sodre.gub.uy\/espectaculos\/gala-de-ano-nuevo\/\",\"url\":\"https:\/\/sodre.gub.uy\/espectaculos\/gala-de-ano-nuevo\/\",\"name\":\"Gala de A\u00f1o Nuevo - Espect\u00e1culos\",\"isPartOf\":{\"@id\":\"https:\/\/sodre.gub.uy\/espectaculos\/#website\"},\"datePublished\":\"2023-11-21T12:53:45+00:00\",\"dateModified\":\"2024-12-02T13:46:21+00:00\",\"inLanguage\":\"es\",\"potentialAction\":[{\"@type\":\"ReadAction\",\"target\":[\"https:\/\/sodre.gub.uy\/espectaculos\/gala-de-ano-nuevo\/\"]}]},{\"@type\":\"WebSite\",\"@id\":\"https:\/\/sodre.gub.uy\/espectaculos\/#website\",\"url\":\"https:\/\/sodre.gub.uy\/espectaculos\/\",\"name\":\"Espect\u00e1culos\",\"description\":\"Servicio Oficial de Difusi\u00f3n, Representaciones y Espect\u00e1culos\",\"publisher\":{\"@id\":\"https:\/\/sodre.gub.uy\/espectaculos\/#organization\"},\"potentialAction\":[{\"@type\":\"SearchAction\",\"target\":{\"@type\":\"EntryPoint\",\"urlTemplate\":\"https:\/\/sodre.gub.uy\/espectaculos\/?s={search_term_string}\"},\"query-input\":\"required name=search_term_string\"}],\"inLanguage\":\"es\"},{\"@type\":\"Organization\",\"@id\":\"https:\/\/sodre.gub.uy\/espectaculos\/#organization\",\"name\":\"Espect\u00e1culos\",\"url\":\"https:\/\/sodre.gub.uy\/espectaculos\/\",\"logo\":{\"@type\":\"ImageObject\",\"inLanguage\":\"es\",\"@id\":\"https:\/\/sodre.gub.uy\/espectaculos\/#\/schema\/logo\/image\/\",\"url\":\"https:\/\/sodre.gub.uy\/espectaculos\/wp-content\/uploads\/sites\/2\/2023\/12\/logo-sodre-black.svg\",\"contentUrl\":\"https:\/\/sodre.gub.uy\/espectaculos\/wp-content\/uploads\/sites\/2\/2023\/12\/logo-sodre-black.svg\",\"caption\":\"Espect\u00e1culos\"},\"image\":{\"@id\":\"https:\/\/sodre.gub.uy\/espectaculos\/#\/schema\/logo\/image\/\"}}]}<\/script>\n<!-- \/ Yoast SEO plugin. -->","yoast_head_json":{"title":"Gala de A\u00f1o Nuevo - Espect\u00e1culos","robots":{"index":"index","follow":"follow","max-snippet":"max-snippet:-1","max-image-preview":"max-image-preview:large","max-video-preview":"max-video-preview:-1"},"canonical":"https:\/\/sodre.gub.uy\/espectaculos\/gala-de-ano-nuevo\/","og_locale":"es_ES","og_type":"article","og_title":"Gala de A\u00f1o Nuevo - Espect\u00e1culos","og_description":"La Orquesta Juvenil cierra el a\u00f1o con su cl\u00e1sica Gala de A\u00f1o Nuevo","og_url":"https:\/\/sodre.gub.uy\/espectaculos\/gala-de-ano-nuevo\/","og_site_name":"Espect\u00e1culos","article_modified_time":"2024-12-02T13:46:21+00:00","twitter_card":"summary_large_image","twitter_misc":{"Tiempo de lectura":"1 minuto"},"schema":{"@context":"https:\/\/schema.org","@graph":[{"@type":"WebPage","@id":"https:\/\/sodre.gub.uy\/espectaculos\/gala-de-ano-nuevo\/","url":"https:\/\/sodre.gub.uy\/espectaculos\/gala-de-ano-nuevo\/","name":"Gala de A\u00f1o Nuevo - Espect\u00e1culos","isPartOf":{"@id":"https:\/\/sodre.gub.uy\/espectaculos\/#website"},"datePublished":"2023-11-21T12:53:45+00:00","dateModified":"2024-12-02T13:46:21+00:00","inLanguage":"es","potentialAction":[{"@type":"ReadAction","target":["https:\/\/sodre.gub.uy\/espectaculos\/gala-de-ano-nuevo\/"]}]},{"@type":"WebSite","@id":"https:\/\/sodre.gub.uy\/espectaculos\/#website","url":"https:\/\/sodre.gub.uy\/espectaculos\/","name":"Espect\u00e1culos","description":"Servicio Oficial de Difusi\u00f3n, Representaciones y Espect\u00e1culos","publisher":{"@id":"https:\/\/sodre.gub.uy\/espectaculos\/#organization"},"potentialAction":[{"@type":"SearchAction","target":{"@type":"EntryPoint","urlTemplate":"https:\/\/sodre.gub.uy\/espectaculos\/?s={search_term_string}"},"query-input":"required name=search_term_string"}],"inLanguage":"es"},{"@type":"Organization","@id":"https:\/\/sodre.gub.uy\/espectaculos\/#organization","name":"Espect\u00e1culos","url":"https:\/\/sodre.gub.uy\/espectaculos\/","logo":{"@type":"ImageObject","inLanguage":"es","@id":"https:\/\/sodre.gub.uy\/espectaculos\/#\/schema\/logo\/image\/","url":"https:\/\/sodre.gub.uy\/espectaculos\/wp-content\/uploads\/sites\/2\/2023\/12\/logo-sodre-black.svg","contentUrl":"https:\/\/sodre.gub.uy\/espectaculos\/wp-content\/uploads\/sites\/2\/2023\/12\/logo-sodre-black.svg","caption":"Espect\u00e1culos"},"image":{"@id":"https:\/\/sodre.gub.uy\/espectaculos\/#\/schema\/logo\/image\/"}}]}},"_links":{"self":[{"href":"https:\/\/sodre.gub.uy\/espectaculos\/wp-json\/wp\/v2\/espectaculo\/457"}],"collection":[{"href":"https:\/\/sodre.gub.uy\/espectaculos\/wp-json\/wp\/v2\/espectaculo"}],"about":[{"href":"https:\/\/sodre.gub.uy\/espectaculos\/wp-json\/wp\/v2\/types\/espectaculo"}],"version-history":[{"count":7,"href":"https:\/\/sodre.gub.uy\/espectaculos\/wp-json\/wp\/v2\/espectaculo\/457\/revisions"}],"predecessor-version":[{"id":6681,"href":"https:\/\/sodre.gub.uy\/espectaculos\/wp-json\/wp\/v2\/espectaculo\/457\/revisions\/6681"}],"wp:attachment":[{"href":"https:\/\/sodre.gub.uy\/espectaculos\/wp-json\/wp\/v2\/media?parent=457"}],"wp:term":[{"taxonomy":"cuerpo-estable","embeddable":true,"href":"https:\/\/sodre.gub.uy\/espectaculos\/wp-json\/wp\/v2\/cuerpo-estable?post=457"},{"taxonomy":"etiqueta-espectaculo","embeddable":true,"href":"https:\/\/sodre.gub.uy\/espectaculos\/wp-json\/wp\/v2\/etiqueta-espectaculo?post=457"},{"taxonomy":"lugar","embeddable":true,"href":"https:\/\/sodre.gub.uy\/espectaculos\/wp-json\/wp\/v2\/lugar?post=457"},{"taxonomy":"sala-espacio","embeddable":true,"href":"https:\/\/sodre.gub.uy\/espectaculos\/wp-json\/wp\/v2\/sala-espacio?post=457"}],"curies":[{"name":"wp","href":"https:\/\/api.w.org\/{rel}","templated":true}]}}

Gala de Año Nuevo

<div class="wpb-content-wrapper"><p>[vc_section el_class=»content&#8211;espectaculo»][vc_row el_class=»cyg&#8211;descripcion»][vc_column][vc_column_text]La gala de Año Nuevo es, quizás, la presentación más esperada por los integrantes y el equipo de la Orquesta Juvenil por el regocijo que implica el esfuerzo realizado, por la esperanza y alegría ante los nuevos desafíos y la oportunidad de celebrarlos junto a nuestro público, quienes, al interactuar con los artistas, se convierten en parte activa de esta celebración.</p>
<p><strong>Programa</strong></p>
<ul>
<li>R. Strauss / Así Habló Zaratustra</li>
<li>P. Tchaikovsky / Vals de las Flores (Coreografía)</li>
<li>J. Strauss / Polka Pizzicato</li>
<li>J. Strauss / El Danubio Azul</li>
<li>J. Strauss / Polka Tritsch Tratsch</li>
<li>F. Lehar / Vals de la Viuda Alegre (Canto)</li>
<li>A. Copland / Fanfarria para un Hombre Común</li>
<li>D. Shostakovich / Obertura Festiva</li>
<li>J. Offenbach / Can Can (Coreografía)</li>
<li>J. Williams / Fanfarria Olímpica</li>
<li>A. Khachaturian / Vals Mascarada &#8211; Danza de los Sables (Coreografía)</li>
</ul>
<p>[/vc_column_text][vc_empty_space height=»30px» el_class=»cyg&#8211;espacio-30&#8243;][/vc_column][/vc_row][vc_row el_class=»cyg&#8211;ficha»][vc_column width=»1/2&#8243;][vc_row_inner][vc_column_inner][vc_column_text]<strong>Dirección:</strong> Ariel Britos[/vc_column_text][vc_empty_space height=»10&#8243; el_class=»cyg&#8211;espacio-10&#8243;][/vc_column_inner][/vc_row_inner][/vc_column][vc_column width=»1/2&#8243;][/vc_column][/vc_row][/vc_section]</p>
</div>

<p>La Orquesta Juvenil cierra el año con su clásica Gala de Año Nuevo</p>

<!-- This site is optimized with the Yoast SEO plugin v21.7 - https://yoast.com/wordpress/plugins/seo/ -->
<title>Gala de Año Nuevo - Espectáculos</title>
<meta name="robots" content="index, follow, max-snippet:-1, max-image-preview:large, max-video-preview:-1" />
<link rel="canonical" href="https://sodre.gub.uy/espectaculos/gala-de-ano-nuevo/" />
<meta property="og:locale" content="es_ES" />
<meta property="og:type" content="article" />
<meta property="og:title" content="Gala de Año Nuevo - Espectáculos" />
<meta property="og:description" content="La Orquesta Juvenil cierra el año con su clásica Gala de Año Nuevo" />
<meta property="og:url" content="https://sodre.gub.uy/espectaculos/gala-de-ano-nuevo/" />
<meta property="og:site_name" content="Espectáculos" />
<meta property="article:modified_time" content="2024-12-02T13:46:21+00:00" />
<meta name="twitter:card" content="summary_large_image" />
<meta name="twitter:label1" content="Tiempo de lectura" />
	<meta name="twitter:data1" content="1 minuto" />
<script type="application/ld+json" class="yoast-schema-graph">{"@context":"https://schema.org","@graph":[{"@type":"WebPage","@id":"https://sodre.gub.uy/espectaculos/gala-de-ano-nuevo/","url":"https://sodre.gub.uy/espectaculos/gala-de-ano-nuevo/","name":"Gala de Año Nuevo - Espectáculos","isPartOf":{"@id":"https://sodre.gub.uy/espectaculos/#website"},"datePublished":"2023-11-21T12:53:45+00:00","dateModified":"2024-12-02T13:46:21+00:00","inLanguage":"es","potentialAction":[{"@type":"ReadAction","target":["https://sodre.gub.uy/espectaculos/gala-de-ano-nuevo/"]}]},{"@type":"WebSite","@id":"https://sodre.gub.uy/espectaculos/#website","url":"https://sodre.gub.uy/espectaculos/","name":"Espectáculos","description":"Servicio Oficial de Difusión, Representaciones y Espectáculos","publisher":{"@id":"https://sodre.gub.uy/espectaculos/#organization"},"potentialAction":[{"@type":"SearchAction","target":{"@type":"EntryPoint","urlTemplate":"https://sodre.gub.uy/espectaculos/?s={search_term_string}"},"query-input":"required name=search_term_string"}],"inLanguage":"es"},{"@type":"Organization","@id":"https://sodre.gub.uy/espectaculos/#organization","name":"Espectáculos","url":"https://sodre.gub.uy/espectaculos/","logo":{"@type":"ImageObject","inLanguage":"es","@id":"https://sodre.gub.uy/espectaculos/#/schema/logo/image/","url":"https://sodre.gub.uy/espectaculos/wp-content/uploads/sites/2/2023/12/logo-sodre-black.svg","contentUrl":"https://sodre.gub.uy/espectaculos/wp-content/uploads/sites/2/2023/12/logo-sodre-black.svg","caption":"Espectáculos"},"image":{"@id":"https://sodre.gub.uy/espectaculos/#/schema/logo/image/"}}]}</script>
<!-- / Yoast SEO plugin. -->

Gala de Año Nuevo - Espectáculos

La Orquesta Juvenil cierra el año con su clásica Gala de Año Nuevo

Espectáculos

Servicio Oficial de Difusión, Representaciones y Espectáculos
