{"id":428,"date":"2023-11-20T16:48:19","date_gmt":"2023-11-20T19:48:19","guid":{"rendered":"https:\/\/sodre.gub.uy\/espectaculos\/?post_type=espectaculo&#038;p=428"},"modified":"2024-09-03T11:42:39","modified_gmt":"2024-09-03T14:42:39","slug":"ludwig-van","status":"publish","type":"espectaculo","link":"https:\/\/sodre.gub.uy\/espectaculos\/ludwig-van\/","title":{"rendered":"Ludwig van, con Alfredo Perl"},"content":{"rendered":"<div class=\"wpb-content-wrapper\"><p>[vc_section el_class=\u00bbcontent&#8211;espectaculo\u00bb][vc_row el_class=\u00bbcyg&#8211;descripcion\u00bb][vc_column][vc_column_text]<\/p>\n<p dir=\"ltr\">Beethoven es considerado uno de los pilares del repertorio sinf\u00f3nico, ya que sus sinfon\u00edas marcaron un antes y un despu\u00e9s en este g\u00e9nero, llegando a personas de diversas formaciones culturales.<\/p>\n<p dir=\"ltr\">Se distingue por su energ\u00eda y su manejo de extremos din\u00e1micos, desde pasajes de gran intensidad hasta momentos de gran sutileza. Su m\u00fasica, a menudo comparada con el suspenso de Hitchcock, crea expectativas que culminan en potentes explosiones sonoras. Aunque dram\u00e1tico, Beethoven tambi\u00e9n introduce elementos de humor en sus composiciones.<\/p>\n<p>La Orquesta interpreta la alegre y brillante Cuarta Sinfon\u00eda, una pieza menos conocida, pero igualmente fascinante. Juega con el oyente al iniciar con un tono sombr\u00edo que se transforma en un vibrante festival de luz y movimiento, desafiando las expectativas iniciales y revelando una sinfon\u00eda llena de vida. Se dice que Beethoven la compuso en un arrebato de inspiraci\u00f3n, posiblemente influenciado por un amor no correspondido.<\/p>\n<p>En esta noche tambi\u00e9n se puede escuchar el Concierto para piano n.\u00b0 5 <em>El emperador<\/em>, que no solo refleja el car\u00e1cter grandioso caracter\u00edstico de Beethoven, sino que tambi\u00e9n incluye un movimiento lento de profunda introspecci\u00f3n. Aqu\u00ed se cuenta con la destacada participaci\u00f3n del renombrado pianista chileno, Alfredo Perl, en calidad de solista invitado, quien es un gran especialista del compositor.<\/p>\n<p>&nbsp;<\/p>\n<p dir=\"ltr\"><strong><span style=\"color: #000000\">Programa<\/span><\/strong><\/p>\n<p><strong>Ludwig van Beethoven<\/strong> (Bonn, 1770 \u2013 Viena, 1827)<br \/>\n<strong>Sinfon\u00eda N.\u00ba4 en Si bemol mayor, Op. 60<\/strong><\/p>\n<ol style=\"list-style-type: upper-roman\">\n<li dir=\"ltr\">Adagio \u2013 Allegro vivace<\/li>\n<li dir=\"ltr\">Adagio<\/li>\n<li dir=\"ltr\">Allegro vivace<\/li>\n<li dir=\"ltr\">Allegro ma non troppo<\/li>\n<\/ol>\n<p>&nbsp;<\/p>\n<p>INTERVALO DE 15 MINUTOS<\/p>\n<p><strong>Ludwig van Beethoven<\/strong><br \/>\n<strong>Concierto para piano N.\u00ba5 en Mi bemol mayor, Op. 73, \u00abEl Emperador\u00bb<\/strong><\/p>\n<ol style=\"list-style-type: upper-roman\">\n<li>Allegro<\/li>\n<li>Adagio un poco mosso<\/li>\n<li>Rondo: Allegro<\/li>\n<\/ol>\n<p>ALFREDO PERL[\/vc_column_text][vc_empty_space height=\u00bb30px\u00bb el_class=\u00bbcyg&#8211;espacio-30&#8243;][\/vc_column][\/vc_row][vc_row el_class=\u00bbcyg&#8211;ficha\u00bb][vc_column width=\u00bb1\/2&#8243;][vc_row_inner][vc_column_inner][vc_column_text]<strong>Direcci\u00f3n:<\/strong> Nicolas Rauss[\/vc_column_text][vc_empty_space height=\u00bb10&#8243; el_class=\u00bbcyg&#8211;espacio-10&#8243;][\/vc_column_inner][\/vc_row_inner][vc_row_inner][vc_column_inner][vc_column_text]<strong>Solista:<\/strong> Alfredo Perl, piano[\/vc_column_text][vc_empty_space height=\u00bb50&#8243; el_class=\u00bbcyg&#8211;espacio-10&#8243;][\/vc_column_inner][\/vc_row_inner][\/vc_column][vc_column width=\u00bb1\/2&#8243;][\/vc_column][\/vc_row][\/vc_section][vc_row][vc_column][vc_column_text]<strong>Edad recomendada:<\/strong> A partir de 4 a\u00f1os.[\/vc_column_text][\/vc_column][\/vc_row][vc_row][vc_column][vc_empty_space height=\u00bb52px\u00bb][\/vc_column][\/vc_row][vc_row][vc_column width=\u00bb1\/2&#8243;][vc_column_text]<strong><span style=\"font-size: 10pt\">Medios de pago BROU:<\/span><\/strong><\/p>\n<p><span style=\"font-size: 10pt\">20 % de descuento abonando con tarjetas de cr\u00e9dito Visa y Mastercard Recompensa, y tarjetas de d\u00e9bito Visa y Mastercard D\u00e9bito Recompensa del Banco.<\/span><\/p>\n<p><span style=\"font-size: 10pt\">50 %\u00a0 de descuento para las tarjetas Black y Visa Platinum del Banco para todas las obras.<\/span><\/p>\n<p><span style=\"font-size: 10pt\">Tope del descuento: $1000 (por cuenta y por mes).<\/span>[\/vc_column_text][\/vc_column][vc_column width=\u00bb1\/2&#8243;][\/vc_column][\/vc_row]<\/p>\n<\/div>","protected":false},"excerpt":{"rendered":"<p>Programa dedicado enteramente a la m\u00fasica de uno de los compositores m\u00e1s importantes de todos los tiempos<\/p>\n","protected":false},"menu_order":0,"template":"","format":"standard","cuerpo-estable":[23],"etiqueta-espectaculo":[],"lugar":[16],"sala-espacio":[30],"acf":[],"yoast_head":"<!-- This site is optimized with the Yoast SEO plugin v21.7 - https:\/\/yoast.com\/wordpress\/plugins\/seo\/ -->\n<title>Ludwig van, con Alfredo Perl - Espect\u00e1culos<\/title>\n<meta name=\"robots\" content=\"index, follow, max-snippet:-1, max-image-preview:large, max-video-preview:-1\" \/>\n<link rel=\"canonical\" href=\"https:\/\/sodre.gub.uy\/espectaculos\/ludwig-van\/\" \/>\n<meta property=\"og:locale\" content=\"es_ES\" \/>\n<meta property=\"og:type\" content=\"article\" \/>\n<meta property=\"og:title\" content=\"Ludwig van, con Alfredo Perl - Espect\u00e1culos\" \/>\n<meta property=\"og:description\" content=\"Programa dedicado enteramente a la m\u00fasica de uno de los compositores m\u00e1s importantes de todos los tiempos\" \/>\n<meta property=\"og:url\" content=\"https:\/\/sodre.gub.uy\/espectaculos\/ludwig-van\/\" \/>\n<meta property=\"og:site_name\" content=\"Espect\u00e1culos\" \/>\n<meta property=\"article:modified_time\" content=\"2024-09-03T14:42:39+00:00\" \/>\n<meta name=\"twitter:card\" content=\"summary_large_image\" \/>\n<meta name=\"twitter:label1\" content=\"Tiempo de lectura\" \/>\n\t<meta name=\"twitter:data1\" content=\"2 minutos\" \/>\n<script type=\"application\/ld+json\" class=\"yoast-schema-graph\">{\"@context\":\"https:\/\/schema.org\",\"@graph\":[{\"@type\":\"WebPage\",\"@id\":\"https:\/\/sodre.gub.uy\/espectaculos\/ludwig-van\/\",\"url\":\"https:\/\/sodre.gub.uy\/espectaculos\/ludwig-van\/\",\"name\":\"Ludwig van, con Alfredo Perl - Espect\u00e1culos\",\"isPartOf\":{\"@id\":\"https:\/\/sodre.gub.uy\/espectaculos\/#website\"},\"datePublished\":\"2023-11-20T19:48:19+00:00\",\"dateModified\":\"2024-09-03T14:42:39+00:00\",\"inLanguage\":\"es\",\"potentialAction\":[{\"@type\":\"ReadAction\",\"target\":[\"https:\/\/sodre.gub.uy\/espectaculos\/ludwig-van\/\"]}]},{\"@type\":\"WebSite\",\"@id\":\"https:\/\/sodre.gub.uy\/espectaculos\/#website\",\"url\":\"https:\/\/sodre.gub.uy\/espectaculos\/\",\"name\":\"Espect\u00e1culos\",\"description\":\"Servicio Oficial de Difusi\u00f3n, Representaciones y Espect\u00e1culos\",\"publisher\":{\"@id\":\"https:\/\/sodre.gub.uy\/espectaculos\/#organization\"},\"potentialAction\":[{\"@type\":\"SearchAction\",\"target\":{\"@type\":\"EntryPoint\",\"urlTemplate\":\"https:\/\/sodre.gub.uy\/espectaculos\/?s={search_term_string}\"},\"query-input\":\"required name=search_term_string\"}],\"inLanguage\":\"es\"},{\"@type\":\"Organization\",\"@id\":\"https:\/\/sodre.gub.uy\/espectaculos\/#organization\",\"name\":\"Espect\u00e1culos\",\"url\":\"https:\/\/sodre.gub.uy\/espectaculos\/\",\"logo\":{\"@type\":\"ImageObject\",\"inLanguage\":\"es\",\"@id\":\"https:\/\/sodre.gub.uy\/espectaculos\/#\/schema\/logo\/image\/\",\"url\":\"https:\/\/sodre.gub.uy\/espectaculos\/wp-content\/uploads\/sites\/2\/2023\/12\/logo-sodre-black.svg\",\"contentUrl\":\"https:\/\/sodre.gub.uy\/espectaculos\/wp-content\/uploads\/sites\/2\/2023\/12\/logo-sodre-black.svg\",\"caption\":\"Espect\u00e1culos\"},\"image\":{\"@id\":\"https:\/\/sodre.gub.uy\/espectaculos\/#\/schema\/logo\/image\/\"}}]}<\/script>\n<!-- \/ Yoast SEO plugin. -->","yoast_head_json":{"title":"Ludwig van, con Alfredo Perl - Espect\u00e1culos","robots":{"index":"index","follow":"follow","max-snippet":"max-snippet:-1","max-image-preview":"max-image-preview:large","max-video-preview":"max-video-preview:-1"},"canonical":"https:\/\/sodre.gub.uy\/espectaculos\/ludwig-van\/","og_locale":"es_ES","og_type":"article","og_title":"Ludwig van, con Alfredo Perl - Espect\u00e1culos","og_description":"Programa dedicado enteramente a la m\u00fasica de uno de los compositores m\u00e1s importantes de todos los tiempos","og_url":"https:\/\/sodre.gub.uy\/espectaculos\/ludwig-van\/","og_site_name":"Espect\u00e1culos","article_modified_time":"2024-09-03T14:42:39+00:00","twitter_card":"summary_large_image","twitter_misc":{"Tiempo de lectura":"2 minutos"},"schema":{"@context":"https:\/\/schema.org","@graph":[{"@type":"WebPage","@id":"https:\/\/sodre.gub.uy\/espectaculos\/ludwig-van\/","url":"https:\/\/sodre.gub.uy\/espectaculos\/ludwig-van\/","name":"Ludwig van, con Alfredo Perl - Espect\u00e1culos","isPartOf":{"@id":"https:\/\/sodre.gub.uy\/espectaculos\/#website"},"datePublished":"2023-11-20T19:48:19+00:00","dateModified":"2024-09-03T14:42:39+00:00","inLanguage":"es","potentialAction":[{"@type":"ReadAction","target":["https:\/\/sodre.gub.uy\/espectaculos\/ludwig-van\/"]}]},{"@type":"WebSite","@id":"https:\/\/sodre.gub.uy\/espectaculos\/#website","url":"https:\/\/sodre.gub.uy\/espectaculos\/","name":"Espect\u00e1culos","description":"Servicio Oficial de Difusi\u00f3n, Representaciones y Espect\u00e1culos","publisher":{"@id":"https:\/\/sodre.gub.uy\/espectaculos\/#organization"},"potentialAction":[{"@type":"SearchAction","target":{"@type":"EntryPoint","urlTemplate":"https:\/\/sodre.gub.uy\/espectaculos\/?s={search_term_string}"},"query-input":"required name=search_term_string"}],"inLanguage":"es"},{"@type":"Organization","@id":"https:\/\/sodre.gub.uy\/espectaculos\/#organization","name":"Espect\u00e1culos","url":"https:\/\/sodre.gub.uy\/espectaculos\/","logo":{"@type":"ImageObject","inLanguage":"es","@id":"https:\/\/sodre.gub.uy\/espectaculos\/#\/schema\/logo\/image\/","url":"https:\/\/sodre.gub.uy\/espectaculos\/wp-content\/uploads\/sites\/2\/2023\/12\/logo-sodre-black.svg","contentUrl":"https:\/\/sodre.gub.uy\/espectaculos\/wp-content\/uploads\/sites\/2\/2023\/12\/logo-sodre-black.svg","caption":"Espect\u00e1culos"},"image":{"@id":"https:\/\/sodre.gub.uy\/espectaculos\/#\/schema\/logo\/image\/"}}]}},"_links":{"self":[{"href":"https:\/\/sodre.gub.uy\/espectaculos\/wp-json\/wp\/v2\/espectaculo\/428"}],"collection":[{"href":"https:\/\/sodre.gub.uy\/espectaculos\/wp-json\/wp\/v2\/espectaculo"}],"about":[{"href":"https:\/\/sodre.gub.uy\/espectaculos\/wp-json\/wp\/v2\/types\/espectaculo"}],"version-history":[{"count":20,"href":"https:\/\/sodre.gub.uy\/espectaculos\/wp-json\/wp\/v2\/espectaculo\/428\/revisions"}],"predecessor-version":[{"id":5975,"href":"https:\/\/sodre.gub.uy\/espectaculos\/wp-json\/wp\/v2\/espectaculo\/428\/revisions\/5975"}],"wp:attachment":[{"href":"https:\/\/sodre.gub.uy\/espectaculos\/wp-json\/wp\/v2\/media?parent=428"}],"wp:term":[{"taxonomy":"cuerpo-estable","embeddable":true,"href":"https:\/\/sodre.gub.uy\/espectaculos\/wp-json\/wp\/v2\/cuerpo-estable?post=428"},{"taxonomy":"etiqueta-espectaculo","embeddable":true,"href":"https:\/\/sodre.gub.uy\/espectaculos\/wp-json\/wp\/v2\/etiqueta-espectaculo?post=428"},{"taxonomy":"lugar","embeddable":true,"href":"https:\/\/sodre.gub.uy\/espectaculos\/wp-json\/wp\/v2\/lugar?post=428"},{"taxonomy":"sala-espacio","embeddable":true,"href":"https:\/\/sodre.gub.uy\/espectaculos\/wp-json\/wp\/v2\/sala-espacio?post=428"}],"curies":[{"name":"wp","href":"https:\/\/api.w.org\/{rel}","templated":true}]}}

<div class="wpb-content-wrapper"><p>[vc_section el_class=»content&#8211;espectaculo»][vc_row el_class=»cyg&#8211;descripcion»][vc_column][vc_column_text]</p>
<p dir="ltr">Beethoven es considerado uno de los pilares del repertorio sinfónico, ya que sus sinfonías marcaron un antes y un después en este género, llegando a personas de diversas formaciones culturales.</p>
<p dir="ltr">Se distingue por su energía y su manejo de extremos dinámicos, desde pasajes de gran intensidad hasta momentos de gran sutileza. Su música, a menudo comparada con el suspenso de Hitchcock, crea expectativas que culminan en potentes explosiones sonoras. Aunque dramático, Beethoven también introduce elementos de humor en sus composiciones.</p>
<p>La Orquesta interpreta la alegre y brillante Cuarta Sinfonía, una pieza menos conocida, pero igualmente fascinante. Juega con el oyente al iniciar con un tono sombrío que se transforma en un vibrante festival de luz y movimiento, desafiando las expectativas iniciales y revelando una sinfonía llena de vida. Se dice que Beethoven la compuso en un arrebato de inspiración, posiblemente influenciado por un amor no correspondido.</p>
<p>En esta noche también se puede escuchar el Concierto para piano n.° 5 <em>El emperador</em>, que no solo refleja el carácter grandioso característico de Beethoven, sino que también incluye un movimiento lento de profunda introspección. Aquí se cuenta con la destacada participación del renombrado pianista chileno, Alfredo Perl, en calidad de solista invitado, quien es un gran especialista del compositor.</p>
<p>&nbsp;</p>
<p dir="ltr"><strong><span style="color: #000000">Programa</span></strong></p>
<p><strong>Ludwig van Beethoven</strong> (Bonn, 1770 – Viena, 1827)<br />
<strong>Sinfonía N.º4 en Si bemol mayor, Op. 60</strong></p>
<ol style="list-style-type: upper-roman">
<li dir="ltr">Adagio – Allegro vivace</li>
<li dir="ltr">Adagio</li>
<li dir="ltr">Allegro vivace</li>
<li dir="ltr">Allegro ma non troppo</li>
</ol>
<p>&nbsp;</p>
<p>INTERVALO DE 15 MINUTOS</p>
<p><strong>Ludwig van Beethoven</strong><br />
<strong>Concierto para piano N.º5 en Mi bemol mayor, Op. 73, «El Emperador»</strong></p>
<ol style="list-style-type: upper-roman">
<li>Allegro</li>
<li>Adagio un poco mosso</li>
<li>Rondo: Allegro</li>
</ol>
<p>ALFREDO PERL[/vc_column_text][vc_empty_space height=»30px» el_class=»cyg&#8211;espacio-30&#8243;][/vc_column][/vc_row][vc_row el_class=»cyg&#8211;ficha»][vc_column width=»1/2&#8243;][vc_row_inner][vc_column_inner][vc_column_text]<strong>Dirección:</strong> Nicolas Rauss[/vc_column_text][vc_empty_space height=»10&#8243; el_class=»cyg&#8211;espacio-10&#8243;][/vc_column_inner][/vc_row_inner][vc_row_inner][vc_column_inner][vc_column_text]<strong>Solista:</strong> Alfredo Perl, piano[/vc_column_text][vc_empty_space height=»50&#8243; el_class=»cyg&#8211;espacio-10&#8243;][/vc_column_inner][/vc_row_inner][/vc_column][vc_column width=»1/2&#8243;][/vc_column][/vc_row][/vc_section][vc_row][vc_column][vc_column_text]<strong>Edad recomendada:</strong> A partir de 4 años.[/vc_column_text][/vc_column][/vc_row][vc_row][vc_column][vc_empty_space height=»52px»][/vc_column][/vc_row][vc_row][vc_column width=»1/2&#8243;][vc_column_text]<strong><span style="font-size: 10pt">Medios de pago BROU:</span></strong></p>
<p><span style="font-size: 10pt">20 % de descuento abonando con tarjetas de crédito Visa y Mastercard Recompensa, y tarjetas de débito Visa y Mastercard Débito Recompensa del Banco.</span></p>
<p><span style="font-size: 10pt">50 %  de descuento para las tarjetas Black y Visa Platinum del Banco para todas las obras.</span></p>
<p><span style="font-size: 10pt">Tope del descuento: $1000 (por cuenta y por mes).</span>[/vc_column_text][/vc_column][vc_column width=»1/2&#8243;][/vc_column][/vc_row]</p>
</div>

<p>Programa dedicado enteramente a la música de uno de los compositores más importantes de todos los tiempos</p>

<!-- This site is optimized with the Yoast SEO plugin v21.7 - https://yoast.com/wordpress/plugins/seo/ -->
<title>Ludwig van, con Alfredo Perl - Espectáculos</title>
<meta name="robots" content="index, follow, max-snippet:-1, max-image-preview:large, max-video-preview:-1" />
<link rel="canonical" href="https://sodre.gub.uy/espectaculos/ludwig-van/" />
<meta property="og:locale" content="es_ES" />
<meta property="og:type" content="article" />
<meta property="og:title" content="Ludwig van, con Alfredo Perl - Espectáculos" />
<meta property="og:description" content="Programa dedicado enteramente a la música de uno de los compositores más importantes de todos los tiempos" />
<meta property="og:url" content="https://sodre.gub.uy/espectaculos/ludwig-van/" />
<meta property="og:site_name" content="Espectáculos" />
<meta property="article:modified_time" content="2024-09-03T14:42:39+00:00" />
<meta name="twitter:card" content="summary_large_image" />
<meta name="twitter:label1" content="Tiempo de lectura" />
	<meta name="twitter:data1" content="2 minutos" />
<script type="application/ld+json" class="yoast-schema-graph">{"@context":"https://schema.org","@graph":[{"@type":"WebPage","@id":"https://sodre.gub.uy/espectaculos/ludwig-van/","url":"https://sodre.gub.uy/espectaculos/ludwig-van/","name":"Ludwig van, con Alfredo Perl - Espectáculos","isPartOf":{"@id":"https://sodre.gub.uy/espectaculos/#website"},"datePublished":"2023-11-20T19:48:19+00:00","dateModified":"2024-09-03T14:42:39+00:00","inLanguage":"es","potentialAction":[{"@type":"ReadAction","target":["https://sodre.gub.uy/espectaculos/ludwig-van/"]}]},{"@type":"WebSite","@id":"https://sodre.gub.uy/espectaculos/#website","url":"https://sodre.gub.uy/espectaculos/","name":"Espectáculos","description":"Servicio Oficial de Difusión, Representaciones y Espectáculos","publisher":{"@id":"https://sodre.gub.uy/espectaculos/#organization"},"potentialAction":[{"@type":"SearchAction","target":{"@type":"EntryPoint","urlTemplate":"https://sodre.gub.uy/espectaculos/?s={search_term_string}"},"query-input":"required name=search_term_string"}],"inLanguage":"es"},{"@type":"Organization","@id":"https://sodre.gub.uy/espectaculos/#organization","name":"Espectáculos","url":"https://sodre.gub.uy/espectaculos/","logo":{"@type":"ImageObject","inLanguage":"es","@id":"https://sodre.gub.uy/espectaculos/#/schema/logo/image/","url":"https://sodre.gub.uy/espectaculos/wp-content/uploads/sites/2/2023/12/logo-sodre-black.svg","contentUrl":"https://sodre.gub.uy/espectaculos/wp-content/uploads/sites/2/2023/12/logo-sodre-black.svg","caption":"Espectáculos"},"image":{"@id":"https://sodre.gub.uy/espectaculos/#/schema/logo/image/"}}]}</script>
<!-- / Yoast SEO plugin. -->

Ludwig van, con Alfredo Perl - Espectáculos

Programa dedicado enteramente a la música de uno de los compositores más importantes de todos los tiempos

Espectáculos

Servicio Oficial de Difusión, Representaciones y Espectáculos
