{"id":4236,"date":"2024-04-18T13:51:36","date_gmt":"2024-04-18T16:51:36","guid":{"rendered":"https:\/\/sodre.gub.uy\/espectaculos\/?post_type=espectaculo&#038;p=4236"},"modified":"2024-04-18T13:51:36","modified_gmt":"2024-04-18T16:51:36","slug":"un-pajaro-azul-3","status":"publish","type":"espectaculo","link":"https:\/\/sodre.gub.uy\/espectaculos\/un-pajaro-azul-3\/","title":{"rendered":"Un p\u00e1jaro azul"},"content":{"rendered":"<div class=\"wpb-content-wrapper\"><p>[vc_section el_class=\u00bbcontent&#8211;espectaculo\u00bb][vc_row el_class=\u00bbcyg&#8211;descripcion\u00bb][vc_column][vc_column_text]<span style=\"font-style: normal;text-indent: 0px;text-transform: none;text-decoration: none;color: #333333;font-family: georgia, palatino, serif;font-size: 12pt;font-weight: 300;letter-spacing: 0.5px;text-align: left;background-color: #ffffff;float: none\">Javier y Valeria hace a\u00f1os buscan tener un hijo que no llega. Un d\u00eda aparece Camila, una compa\u00f1era de trabajo de Javier, para contarle que est\u00e1 embarazada de \u00e9l. Javier queda atrapado en un conflicto que pone a prueba sus valores, su sentido de la responsabilidad y que con el paso de los d\u00edas, dinamita su existencia y su vida de pareja.<\/span>[\/vc_column_text][vc_empty_space height=\u00bb30px\u00bb el_class=\u00bbcyg&#8211;espacio-30&#8243;][\/vc_column][\/vc_row][vc_row el_class=\u00bbcyg&#8211;ficha\u00bb][vc_column width=\u00bb1\/2&#8243;][vc_row_inner][vc_column_inner][vc_column_text]<strong>Ficha Art\u00edstica:<\/strong><\/p>\n<p style=\"font-style: normal;text-indent: 0px;text-transform: none;text-decoration: none;color: #000000;font-size: 14px;font-family: 'Open Sans', sans-serif;font-weight: 300;margin-top: 0px;margin-bottom: 20px;letter-spacing: 0.5px;text-align: left\"><span style=\"font-family: georgia, palatino, serif;font-size: 12pt;color: #333333\"><b style=\"font-weight: bolder\">Direcci\u00f3n:<\/b><span class=\"Apple-converted-space\">\u00a0<\/span>Ariel Rotter<\/span><\/p>\n<p style=\"font-style: normal;text-indent: 0px;text-transform: none;text-decoration: none;color: #000000;font-size: 14px;font-family: 'Open Sans', sans-serif;font-weight: 300;margin-top: 0px;margin-bottom: 20px;letter-spacing: 0.5px;text-align: left\"><span style=\"font-family: georgia, palatino, serif;font-size: 12pt;color: #333333\"><b style=\"font-weight: bolder\">Int\u00e9rpretes:<\/b><span class=\"Apple-converted-space\">\u00a0<\/span>Alfonso Tort y Julieta Zylberberg<\/span><\/p>\n<p style=\"font-style: normal;text-indent: 0px;text-transform: none;text-decoration: none;color: #000000;font-size: 14px;font-family: 'Open Sans', sans-serif;font-weight: 300;margin-top: 0px;margin-bottom: 20px;letter-spacing: 0.5px;text-align: left\"><span style=\"font-family: georgia, palatino, serif;font-size: 12pt;color: #333333\"><b style=\"font-weight: bolder\">Argentina &#8211; Uruguay, 2023, 97 min<\/b><\/span><\/p>\n<p>[\/vc_column_text][vc_empty_space height=\u00bb10&#8243; el_class=\u00bbcyg&#8211;espacio-10&#8243;][\/vc_column_inner][\/vc_row_inner][vc_row_inner][vc_column_inner][vc_empty_space height=\u00bb10&#8243; el_class=\u00bbcyg&#8211;espacio-10&#8243;][\/vc_column_inner][\/vc_row_inner][\/vc_column][vc_column width=\u00bb1\/2&#8243;][vc_row_inner][vc_column_inner][vc_empty_space height=\u00bb10&#8243; el_class=\u00bbcyg&#8211;espacio-10&#8243;][\/vc_column_inner][\/vc_row_inner][vc_row_inner][vc_column_inner][vc_empty_space height=\u00bb10&#8243; el_class=\u00bbcyg&#8211;espacio-10&#8243;][\/vc_column_inner][\/vc_row_inner][\/vc_column][\/vc_row][vc_row][vc_column][vc_empty_space height=\u00bb10px\u00bb][vc_column_text]<strong>Edad recomendada: <\/strong>Apta a todo p\u00fablico[\/vc_column_text][\/vc_column][\/vc_row][\/vc_section]<\/p>\n<\/div>","protected":false},"excerpt":{"rendered":"<p>Javier y Valeria hace a\u00f1os buscan tener un hijo que no llega.<\/p>\n","protected":false},"menu_order":0,"template":"","format":"standard","cuerpo-estable":[42],"etiqueta-espectaculo":[],"lugar":[17],"sala-espacio":[36],"acf":[],"yoast_head":"<!-- This site is optimized with the Yoast SEO plugin v21.7 - https:\/\/yoast.com\/wordpress\/plugins\/seo\/ -->\n<title>Un p\u00e1jaro azul - Espect\u00e1culos<\/title>\n<meta name=\"description\" content=\"Javier y Valeria hace a\u00f1os buscan tener un hijo que no llega. Un d\u00eda aparece Camila, una compa\u00f1era de trabajo de Javier, para contarle que est\u00e1 embarazada de \u00e9l. Javier queda atrapado en un conflicto que pone a prueba sus valores, su sentido de la responsabilidad y que con el paso de los d\u00edas, dinamita su existencia y su vida de pareja.\" \/>\n<meta name=\"robots\" content=\"index, follow, max-snippet:-1, max-image-preview:large, max-video-preview:-1\" \/>\n<link rel=\"canonical\" href=\"https:\/\/sodre.gub.uy\/espectaculos\/un-pajaro-azul-3\/\" \/>\n<meta property=\"og:locale\" content=\"es_ES\" \/>\n<meta property=\"og:type\" content=\"article\" \/>\n<meta property=\"og:title\" content=\"Un p\u00e1jaro azul - Espect\u00e1culos\" \/>\n<meta property=\"og:description\" content=\"Javier y Valeria hace a\u00f1os buscan tener un hijo que no llega. Un d\u00eda aparece Camila, una compa\u00f1era de trabajo de Javier, para contarle que est\u00e1 embarazada de \u00e9l. Javier queda atrapado en un conflicto que pone a prueba sus valores, su sentido de la responsabilidad y que con el paso de los d\u00edas, dinamita su existencia y su vida de pareja.\" \/>\n<meta property=\"og:url\" content=\"https:\/\/sodre.gub.uy\/espectaculos\/un-pajaro-azul-3\/\" \/>\n<meta property=\"og:site_name\" content=\"Espect\u00e1culos\" \/>\n<meta name=\"twitter:card\" content=\"summary_large_image\" \/>\n<meta name=\"twitter:label1\" content=\"Tiempo de lectura\" \/>\n\t<meta name=\"twitter:data1\" content=\"1 minuto\" \/>\n<script type=\"application\/ld+json\" class=\"yoast-schema-graph\">{\"@context\":\"https:\/\/schema.org\",\"@graph\":[{\"@type\":\"WebPage\",\"@id\":\"https:\/\/sodre.gub.uy\/espectaculos\/un-pajaro-azul-3\/\",\"url\":\"https:\/\/sodre.gub.uy\/espectaculos\/un-pajaro-azul-3\/\",\"name\":\"Un p\u00e1jaro azul - Espect\u00e1culos\",\"isPartOf\":{\"@id\":\"https:\/\/sodre.gub.uy\/espectaculos\/#website\"},\"datePublished\":\"2024-04-18T16:51:36+00:00\",\"dateModified\":\"2024-04-18T16:51:36+00:00\",\"description\":\"Javier y Valeria hace a\u00f1os buscan tener un hijo que no llega. Un d\u00eda aparece Camila, una compa\u00f1era de trabajo de Javier, para contarle que est\u00e1 embarazada de \u00e9l. Javier queda atrapado en un conflicto que pone a prueba sus valores, su sentido de la responsabilidad y que con el paso de los d\u00edas, dinamita su existencia y su vida de pareja.\",\"inLanguage\":\"es\",\"potentialAction\":[{\"@type\":\"ReadAction\",\"target\":[\"https:\/\/sodre.gub.uy\/espectaculos\/un-pajaro-azul-3\/\"]}]},{\"@type\":\"WebSite\",\"@id\":\"https:\/\/sodre.gub.uy\/espectaculos\/#website\",\"url\":\"https:\/\/sodre.gub.uy\/espectaculos\/\",\"name\":\"Espect\u00e1culos\",\"description\":\"Servicio Oficial de Difusi\u00f3n, Representaciones y Espect\u00e1culos\",\"publisher\":{\"@id\":\"https:\/\/sodre.gub.uy\/espectaculos\/#organization\"},\"potentialAction\":[{\"@type\":\"SearchAction\",\"target\":{\"@type\":\"EntryPoint\",\"urlTemplate\":\"https:\/\/sodre.gub.uy\/espectaculos\/?s={search_term_string}\"},\"query-input\":\"required name=search_term_string\"}],\"inLanguage\":\"es\"},{\"@type\":\"Organization\",\"@id\":\"https:\/\/sodre.gub.uy\/espectaculos\/#organization\",\"name\":\"Espect\u00e1culos\",\"url\":\"https:\/\/sodre.gub.uy\/espectaculos\/\",\"logo\":{\"@type\":\"ImageObject\",\"inLanguage\":\"es\",\"@id\":\"https:\/\/sodre.gub.uy\/espectaculos\/#\/schema\/logo\/image\/\",\"url\":\"https:\/\/sodre.gub.uy\/espectaculos\/wp-content\/uploads\/sites\/2\/2023\/12\/logo-sodre-black.svg\",\"contentUrl\":\"https:\/\/sodre.gub.uy\/espectaculos\/wp-content\/uploads\/sites\/2\/2023\/12\/logo-sodre-black.svg\",\"caption\":\"Espect\u00e1culos\"},\"image\":{\"@id\":\"https:\/\/sodre.gub.uy\/espectaculos\/#\/schema\/logo\/image\/\"}}]}<\/script>\n<!-- \/ Yoast SEO plugin. -->","yoast_head_json":{"title":"Un p\u00e1jaro azul - Espect\u00e1culos","description":"Javier y Valeria hace a\u00f1os buscan tener un hijo que no llega. Un d\u00eda aparece Camila, una compa\u00f1era de trabajo de Javier, para contarle que est\u00e1 embarazada de \u00e9l. Javier queda atrapado en un conflicto que pone a prueba sus valores, su sentido de la responsabilidad y que con el paso de los d\u00edas, dinamita su existencia y su vida de pareja.","robots":{"index":"index","follow":"follow","max-snippet":"max-snippet:-1","max-image-preview":"max-image-preview:large","max-video-preview":"max-video-preview:-1"},"canonical":"https:\/\/sodre.gub.uy\/espectaculos\/un-pajaro-azul-3\/","og_locale":"es_ES","og_type":"article","og_title":"Un p\u00e1jaro azul - Espect\u00e1culos","og_description":"Javier y Valeria hace a\u00f1os buscan tener un hijo que no llega. Un d\u00eda aparece Camila, una compa\u00f1era de trabajo de Javier, para contarle que est\u00e1 embarazada de \u00e9l. Javier queda atrapado en un conflicto que pone a prueba sus valores, su sentido de la responsabilidad y que con el paso de los d\u00edas, dinamita su existencia y su vida de pareja.","og_url":"https:\/\/sodre.gub.uy\/espectaculos\/un-pajaro-azul-3\/","og_site_name":"Espect\u00e1culos","twitter_card":"summary_large_image","twitter_misc":{"Tiempo de lectura":"1 minuto"},"schema":{"@context":"https:\/\/schema.org","@graph":[{"@type":"WebPage","@id":"https:\/\/sodre.gub.uy\/espectaculos\/un-pajaro-azul-3\/","url":"https:\/\/sodre.gub.uy\/espectaculos\/un-pajaro-azul-3\/","name":"Un p\u00e1jaro azul - Espect\u00e1culos","isPartOf":{"@id":"https:\/\/sodre.gub.uy\/espectaculos\/#website"},"datePublished":"2024-04-18T16:51:36+00:00","dateModified":"2024-04-18T16:51:36+00:00","description":"Javier y Valeria hace a\u00f1os buscan tener un hijo que no llega. Un d\u00eda aparece Camila, una compa\u00f1era de trabajo de Javier, para contarle que est\u00e1 embarazada de \u00e9l. Javier queda atrapado en un conflicto que pone a prueba sus valores, su sentido de la responsabilidad y que con el paso de los d\u00edas, dinamita su existencia y su vida de pareja.","inLanguage":"es","potentialAction":[{"@type":"ReadAction","target":["https:\/\/sodre.gub.uy\/espectaculos\/un-pajaro-azul-3\/"]}]},{"@type":"WebSite","@id":"https:\/\/sodre.gub.uy\/espectaculos\/#website","url":"https:\/\/sodre.gub.uy\/espectaculos\/","name":"Espect\u00e1culos","description":"Servicio Oficial de Difusi\u00f3n, Representaciones y Espect\u00e1culos","publisher":{"@id":"https:\/\/sodre.gub.uy\/espectaculos\/#organization"},"potentialAction":[{"@type":"SearchAction","target":{"@type":"EntryPoint","urlTemplate":"https:\/\/sodre.gub.uy\/espectaculos\/?s={search_term_string}"},"query-input":"required name=search_term_string"}],"inLanguage":"es"},{"@type":"Organization","@id":"https:\/\/sodre.gub.uy\/espectaculos\/#organization","name":"Espect\u00e1culos","url":"https:\/\/sodre.gub.uy\/espectaculos\/","logo":{"@type":"ImageObject","inLanguage":"es","@id":"https:\/\/sodre.gub.uy\/espectaculos\/#\/schema\/logo\/image\/","url":"https:\/\/sodre.gub.uy\/espectaculos\/wp-content\/uploads\/sites\/2\/2023\/12\/logo-sodre-black.svg","contentUrl":"https:\/\/sodre.gub.uy\/espectaculos\/wp-content\/uploads\/sites\/2\/2023\/12\/logo-sodre-black.svg","caption":"Espect\u00e1culos"},"image":{"@id":"https:\/\/sodre.gub.uy\/espectaculos\/#\/schema\/logo\/image\/"}}]}},"_links":{"self":[{"href":"https:\/\/sodre.gub.uy\/espectaculos\/wp-json\/wp\/v2\/espectaculo\/4236"}],"collection":[{"href":"https:\/\/sodre.gub.uy\/espectaculos\/wp-json\/wp\/v2\/espectaculo"}],"about":[{"href":"https:\/\/sodre.gub.uy\/espectaculos\/wp-json\/wp\/v2\/types\/espectaculo"}],"version-history":[{"count":1,"href":"https:\/\/sodre.gub.uy\/espectaculos\/wp-json\/wp\/v2\/espectaculo\/4236\/revisions"}],"predecessor-version":[{"id":4237,"href":"https:\/\/sodre.gub.uy\/espectaculos\/wp-json\/wp\/v2\/espectaculo\/4236\/revisions\/4237"}],"wp:attachment":[{"href":"https:\/\/sodre.gub.uy\/espectaculos\/wp-json\/wp\/v2\/media?parent=4236"}],"wp:term":[{"taxonomy":"cuerpo-estable","embeddable":true,"href":"https:\/\/sodre.gub.uy\/espectaculos\/wp-json\/wp\/v2\/cuerpo-estable?post=4236"},{"taxonomy":"etiqueta-espectaculo","embeddable":true,"href":"https:\/\/sodre.gub.uy\/espectaculos\/wp-json\/wp\/v2\/etiqueta-espectaculo?post=4236"},{"taxonomy":"lugar","embeddable":true,"href":"https:\/\/sodre.gub.uy\/espectaculos\/wp-json\/wp\/v2\/lugar?post=4236"},{"taxonomy":"sala-espacio","embeddable":true,"href":"https:\/\/sodre.gub.uy\/espectaculos\/wp-json\/wp\/v2\/sala-espacio?post=4236"}],"curies":[{"name":"wp","href":"https:\/\/api.w.org\/{rel}","templated":true}]}}

Un pájaro azul

<div class="wpb-content-wrapper"><p>[vc_section el_class=»content&#8211;espectaculo»][vc_row el_class=»cyg&#8211;descripcion»][vc_column][vc_column_text]<span style="font-style: normal;text-indent: 0px;text-transform: none;text-decoration: none;color: #333333;font-family: georgia, palatino, serif;font-size: 12pt;font-weight: 300;letter-spacing: 0.5px;text-align: left;background-color: #ffffff;float: none">Javier y Valeria hace años buscan tener un hijo que no llega. Un día aparece Camila, una compañera de trabajo de Javier, para contarle que está embarazada de él. Javier queda atrapado en un conflicto que pone a prueba sus valores, su sentido de la responsabilidad y que con el paso de los días, dinamita su existencia y su vida de pareja.</span>[/vc_column_text][vc_empty_space height=»30px» el_class=»cyg&#8211;espacio-30&#8243;][/vc_column][/vc_row][vc_row el_class=»cyg&#8211;ficha»][vc_column width=»1/2&#8243;][vc_row_inner][vc_column_inner][vc_column_text]<strong>Ficha Artística:</strong></p>
<p style="font-style: normal;text-indent: 0px;text-transform: none;text-decoration: none;color: #000000;font-size: 14px;font-family: 'Open Sans', sans-serif;font-weight: 300;margin-top: 0px;margin-bottom: 20px;letter-spacing: 0.5px;text-align: left"><span style="font-family: georgia, palatino, serif;font-size: 12pt;color: #333333"><b style="font-weight: bolder">Dirección:</b><span class="Apple-converted-space"> </span>Ariel Rotter</span></p>
<p style="font-style: normal;text-indent: 0px;text-transform: none;text-decoration: none;color: #000000;font-size: 14px;font-family: 'Open Sans', sans-serif;font-weight: 300;margin-top: 0px;margin-bottom: 20px;letter-spacing: 0.5px;text-align: left"><span style="font-family: georgia, palatino, serif;font-size: 12pt;color: #333333"><b style="font-weight: bolder">Intérpretes:</b><span class="Apple-converted-space"> </span>Alfonso Tort y Julieta Zylberberg</span></p>
<p style="font-style: normal;text-indent: 0px;text-transform: none;text-decoration: none;color: #000000;font-size: 14px;font-family: 'Open Sans', sans-serif;font-weight: 300;margin-top: 0px;margin-bottom: 20px;letter-spacing: 0.5px;text-align: left"><span style="font-family: georgia, palatino, serif;font-size: 12pt;color: #333333"><b style="font-weight: bolder">Argentina &#8211; Uruguay, 2023, 97 min</b></span></p>
<p>[/vc_column_text][vc_empty_space height=»10&#8243; el_class=»cyg&#8211;espacio-10&#8243;][/vc_column_inner][/vc_row_inner][vc_row_inner][vc_column_inner][vc_empty_space height=»10&#8243; el_class=»cyg&#8211;espacio-10&#8243;][/vc_column_inner][/vc_row_inner][/vc_column][vc_column width=»1/2&#8243;][vc_row_inner][vc_column_inner][vc_empty_space height=»10&#8243; el_class=»cyg&#8211;espacio-10&#8243;][/vc_column_inner][/vc_row_inner][vc_row_inner][vc_column_inner][vc_empty_space height=»10&#8243; el_class=»cyg&#8211;espacio-10&#8243;][/vc_column_inner][/vc_row_inner][/vc_column][/vc_row][vc_row][vc_column][vc_empty_space height=»10px»][vc_column_text]<strong>Edad recomendada: </strong>Apta a todo público[/vc_column_text][/vc_column][/vc_row][/vc_section]</p>
</div>

<p>Javier y Valeria hace años buscan tener un hijo que no llega.</p>

<!-- This site is optimized with the Yoast SEO plugin v21.7 - https://yoast.com/wordpress/plugins/seo/ -->
<title>Un pájaro azul - Espectáculos</title>
<meta name="description" content="Javier y Valeria hace años buscan tener un hijo que no llega. Un día aparece Camila, una compañera de trabajo de Javier, para contarle que está embarazada de él. Javier queda atrapado en un conflicto que pone a prueba sus valores, su sentido de la responsabilidad y que con el paso de los días, dinamita su existencia y su vida de pareja." />
<meta name="robots" content="index, follow, max-snippet:-1, max-image-preview:large, max-video-preview:-1" />
<link rel="canonical" href="https://sodre.gub.uy/espectaculos/un-pajaro-azul-3/" />
<meta property="og:locale" content="es_ES" />
<meta property="og:type" content="article" />
<meta property="og:title" content="Un pájaro azul - Espectáculos" />
<meta property="og:description" content="Javier y Valeria hace años buscan tener un hijo que no llega. Un día aparece Camila, una compañera de trabajo de Javier, para contarle que está embarazada de él. Javier queda atrapado en un conflicto que pone a prueba sus valores, su sentido de la responsabilidad y que con el paso de los días, dinamita su existencia y su vida de pareja." />
<meta property="og:url" content="https://sodre.gub.uy/espectaculos/un-pajaro-azul-3/" />
<meta property="og:site_name" content="Espectáculos" />
<meta name="twitter:card" content="summary_large_image" />
<meta name="twitter:label1" content="Tiempo de lectura" />
	<meta name="twitter:data1" content="1 minuto" />
<script type="application/ld+json" class="yoast-schema-graph">{"@context":"https://schema.org","@graph":[{"@type":"WebPage","@id":"https://sodre.gub.uy/espectaculos/un-pajaro-azul-3/","url":"https://sodre.gub.uy/espectaculos/un-pajaro-azul-3/","name":"Un pájaro azul - Espectáculos","isPartOf":{"@id":"https://sodre.gub.uy/espectaculos/#website"},"datePublished":"2024-04-18T16:51:36+00:00","dateModified":"2024-04-18T16:51:36+00:00","description":"Javier y Valeria hace años buscan tener un hijo que no llega. Un día aparece Camila, una compañera de trabajo de Javier, para contarle que está embarazada de él. Javier queda atrapado en un conflicto que pone a prueba sus valores, su sentido de la responsabilidad y que con el paso de los días, dinamita su existencia y su vida de pareja.","inLanguage":"es","potentialAction":[{"@type":"ReadAction","target":["https://sodre.gub.uy/espectaculos/un-pajaro-azul-3/"]}]},{"@type":"WebSite","@id":"https://sodre.gub.uy/espectaculos/#website","url":"https://sodre.gub.uy/espectaculos/","name":"Espectáculos","description":"Servicio Oficial de Difusión, Representaciones y Espectáculos","publisher":{"@id":"https://sodre.gub.uy/espectaculos/#organization"},"potentialAction":[{"@type":"SearchAction","target":{"@type":"EntryPoint","urlTemplate":"https://sodre.gub.uy/espectaculos/?s={search_term_string}"},"query-input":"required name=search_term_string"}],"inLanguage":"es"},{"@type":"Organization","@id":"https://sodre.gub.uy/espectaculos/#organization","name":"Espectáculos","url":"https://sodre.gub.uy/espectaculos/","logo":{"@type":"ImageObject","inLanguage":"es","@id":"https://sodre.gub.uy/espectaculos/#/schema/logo/image/","url":"https://sodre.gub.uy/espectaculos/wp-content/uploads/sites/2/2023/12/logo-sodre-black.svg","contentUrl":"https://sodre.gub.uy/espectaculos/wp-content/uploads/sites/2/2023/12/logo-sodre-black.svg","caption":"Espectáculos"},"image":{"@id":"https://sodre.gub.uy/espectaculos/#/schema/logo/image/"}}]}</script>
<!-- / Yoast SEO plugin. -->

Un pájaro azul - Espectáculos

Javier y Valeria hace años buscan tener un hijo que no llega. Un día aparece Camila, una compañera de trabajo de Javier, para contarle que está embarazada de él. Javier queda atrapado en un conflicto que pone a prueba sus valores, su sentido de la responsabilidad y que con el paso de los días, dinamita su existencia y su vida de pareja.

Espectáculos

Servicio Oficial de Difusión, Representaciones y Espectáculos
