{"id":4037,"date":"2023-07-20T14:32:02","date_gmt":"2023-07-20T17:32:02","guid":{"rendered":"https:\/\/sodre.gub.uy\/espectaculos\/el-ultimo-molino\/"},"modified":"2023-07-20T14:32:02","modified_gmt":"2023-07-20T17:32:02","slug":"el-ultimo-molino","status":"publish","type":"espectaculo","link":"https:\/\/sodre.gub.uy\/espectaculos\/el-ultimo-molino\/","title":{"rendered":"El \u00faltimo molino"},"content":{"rendered":"<div class=\"wpb-content-wrapper\"><p>[vc_section el_class=\u00bbcontent&#8211;espectaculo evento-auditorio-nelly-goitino\u00bb][vc_row el_class=\u00bbcyg&#8211;descripcion\u00bb]<br \/>\n\t\t\t\t\t[vc_column]<br \/>\n\t\t\t\t\t\t[vc_column_text]<\/p>\n<section>\n<p>\u201cEl \u00faltimo molino\u201d De Walter Acosta. Ha sido descrita por el autor como \u201cuna celebraci\u00f3n de Cervantes\u201d, personaje que encarna el propio Acosta a sus 88 a\u00f1os a partir de una lectura profunda de la obra y vida del \u201cManco de Lepanto\u201d. Viejo y achacoso, Cervantes sufre ocasionales arrebatos de locura senil que le convierten fugazmente en Don Quijote, hijo de su ingenio. El retrato a\u00fana la conmovedora fragilidad del personaje en el crep\u00fasculo de su vida y la restallante plenitud de su pensamiento en nuestros d\u00edas<\/p>\n<p>\u00a0<\/p>\n<p style=\"text-align: center;\"><span style=\"font-size: 18pt;\"><strong><a href=\"https:\/\/tickantel.com.uy\/inicio\/espectaculo\/40014278\/espectaculo\/El%20\u00faltimo%20molino?2\" target=\"_blank\" rel=\"noopener noreferrer\">COMPRAR ENTRADA<\/a><\/strong><\/span><\/p>\n<\/section>\n<p>\t\t\t\t\t\t[\/vc_column_text]<br \/>\n\t\t\t\t\t\t[vc_empty_space height=\u00bb30px\u00bb el_class=\u00bbcyg&#8211;espacio-30&#8243;]<br \/>\n\t\t\t\t\t[\/vc_column]<br \/>\n\t\t\t\t[\/vc_row][vc_row el_class=\u00bbcyg&#8211;ficha\u00bb]<br \/>\n\t\t\t\t\t[vc_column]<br \/>\n\t\t\t\t\t[vc_column_text]<\/p>\n<section><\/section>\n<p>\t\t\t\t\t[\/vc_column_text]<br \/>\n\t\t\t\t\t[\/vc_column]<br \/>\n\t\t\t\t[\/vc_row][\/vc_section]<\/p>\n<\/div>","protected":false},"excerpt":{"rendered":"<p>[vc_section el_class=\u00bbcontent&#8211;espectaculo evento-auditorio-nelly-goitino\u00bb][vc_row el_class=\u00bbcyg&#8211;descripcion\u00bb] [vc_column] [vc_column_text] \u201cEl \u00faltimo molino\u201d De Walter Acosta. Ha sido descrita por el autor como \u201cuna celebraci\u00f3n de Cervantes\u201d, personaje que encarna el propio Acosta a sus 88 a\u00f1os a partir de una lectura profunda de la obra y vida del \u201cManco de Lepanto\u201d. Viejo y achacoso, Cervantes sufre ocasionales arrebatos [&hellip;]<\/p>\n","protected":false},"menu_order":0,"template":"","format":"standard","cuerpo-estable":[],"etiqueta-espectaculo":[],"lugar":[18],"sala-espacio":[],"acf":[],"yoast_head":"<!-- This site is optimized with the Yoast SEO plugin v21.7 - https:\/\/yoast.com\/wordpress\/plugins\/seo\/ -->\n<title>El \u00faltimo molino - Espect\u00e1culos<\/title>\n<meta name=\"robots\" content=\"index, follow, max-snippet:-1, max-image-preview:large, max-video-preview:-1\" \/>\n<link rel=\"canonical\" href=\"https:\/\/sodre.gub.uy\/espectaculos\/el-ultimo-molino\/\" \/>\n<meta property=\"og:locale\" content=\"es_ES\" \/>\n<meta property=\"og:type\" content=\"article\" \/>\n<meta property=\"og:title\" content=\"El \u00faltimo molino - Espect\u00e1culos\" \/>\n<meta property=\"og:description\" content=\"[vc_section el_class=\u00bbcontent&#8211;espectaculo evento-auditorio-nelly-goitino\u00bb][vc_row el_class=\u00bbcyg&#8211;descripcion\u00bb] [vc_column] [vc_column_text] \u201cEl \u00faltimo molino\u201d De Walter Acosta. Ha sido descrita por el autor como \u201cuna celebraci\u00f3n de Cervantes\u201d, personaje que encarna el propio Acosta a sus 88 a\u00f1os a partir de una lectura profunda de la obra y vida del \u201cManco de Lepanto\u201d. Viejo y achacoso, Cervantes sufre ocasionales arrebatos [&hellip;]\" \/>\n<meta property=\"og:url\" content=\"https:\/\/sodre.gub.uy\/espectaculos\/el-ultimo-molino\/\" \/>\n<meta property=\"og:site_name\" content=\"Espect\u00e1culos\" \/>\n<meta name=\"twitter:card\" content=\"summary_large_image\" \/>\n<meta name=\"twitter:label1\" content=\"Tiempo de lectura\" \/>\n\t<meta name=\"twitter:data1\" content=\"1 minuto\" \/>\n<script type=\"application\/ld+json\" class=\"yoast-schema-graph\">{\"@context\":\"https:\/\/schema.org\",\"@graph\":[{\"@type\":\"WebPage\",\"@id\":\"https:\/\/sodre.gub.uy\/espectaculos\/el-ultimo-molino\/\",\"url\":\"https:\/\/sodre.gub.uy\/espectaculos\/el-ultimo-molino\/\",\"name\":\"El \u00faltimo molino - Espect\u00e1culos\",\"isPartOf\":{\"@id\":\"https:\/\/sodre.gub.uy\/espectaculos\/#website\"},\"datePublished\":\"2023-07-20T17:32:02+00:00\",\"dateModified\":\"2023-07-20T17:32:02+00:00\",\"inLanguage\":\"es\",\"potentialAction\":[{\"@type\":\"ReadAction\",\"target\":[\"https:\/\/sodre.gub.uy\/espectaculos\/el-ultimo-molino\/\"]}]},{\"@type\":\"WebSite\",\"@id\":\"https:\/\/sodre.gub.uy\/espectaculos\/#website\",\"url\":\"https:\/\/sodre.gub.uy\/espectaculos\/\",\"name\":\"Espect\u00e1culos\",\"description\":\"Servicio Oficial de Difusi\u00f3n, Representaciones y Espect\u00e1culos\",\"publisher\":{\"@id\":\"https:\/\/sodre.gub.uy\/espectaculos\/#organization\"},\"potentialAction\":[{\"@type\":\"SearchAction\",\"target\":{\"@type\":\"EntryPoint\",\"urlTemplate\":\"https:\/\/sodre.gub.uy\/espectaculos\/?s={search_term_string}\"},\"query-input\":\"required name=search_term_string\"}],\"inLanguage\":\"es\"},{\"@type\":\"Organization\",\"@id\":\"https:\/\/sodre.gub.uy\/espectaculos\/#organization\",\"name\":\"Espect\u00e1culos\",\"url\":\"https:\/\/sodre.gub.uy\/espectaculos\/\",\"logo\":{\"@type\":\"ImageObject\",\"inLanguage\":\"es\",\"@id\":\"https:\/\/sodre.gub.uy\/espectaculos\/#\/schema\/logo\/image\/\",\"url\":\"https:\/\/sodre.gub.uy\/espectaculos\/wp-content\/uploads\/sites\/2\/2023\/12\/logo-sodre-black.svg\",\"contentUrl\":\"https:\/\/sodre.gub.uy\/espectaculos\/wp-content\/uploads\/sites\/2\/2023\/12\/logo-sodre-black.svg\",\"caption\":\"Espect\u00e1culos\"},\"image\":{\"@id\":\"https:\/\/sodre.gub.uy\/espectaculos\/#\/schema\/logo\/image\/\"}}]}<\/script>\n<!-- \/ Yoast SEO plugin. -->","yoast_head_json":{"title":"El \u00faltimo molino - Espect\u00e1culos","robots":{"index":"index","follow":"follow","max-snippet":"max-snippet:-1","max-image-preview":"max-image-preview:large","max-video-preview":"max-video-preview:-1"},"canonical":"https:\/\/sodre.gub.uy\/espectaculos\/el-ultimo-molino\/","og_locale":"es_ES","og_type":"article","og_title":"El \u00faltimo molino - Espect\u00e1culos","og_description":"[vc_section el_class=\u00bbcontent&#8211;espectaculo evento-auditorio-nelly-goitino\u00bb][vc_row el_class=\u00bbcyg&#8211;descripcion\u00bb] [vc_column] [vc_column_text] \u201cEl \u00faltimo molino\u201d De Walter Acosta. Ha sido descrita por el autor como \u201cuna celebraci\u00f3n de Cervantes\u201d, personaje que encarna el propio Acosta a sus 88 a\u00f1os a partir de una lectura profunda de la obra y vida del \u201cManco de Lepanto\u201d. Viejo y achacoso, Cervantes sufre ocasionales arrebatos [&hellip;]","og_url":"https:\/\/sodre.gub.uy\/espectaculos\/el-ultimo-molino\/","og_site_name":"Espect\u00e1culos","twitter_card":"summary_large_image","twitter_misc":{"Tiempo de lectura":"1 minuto"},"schema":{"@context":"https:\/\/schema.org","@graph":[{"@type":"WebPage","@id":"https:\/\/sodre.gub.uy\/espectaculos\/el-ultimo-molino\/","url":"https:\/\/sodre.gub.uy\/espectaculos\/el-ultimo-molino\/","name":"El \u00faltimo molino - Espect\u00e1culos","isPartOf":{"@id":"https:\/\/sodre.gub.uy\/espectaculos\/#website"},"datePublished":"2023-07-20T17:32:02+00:00","dateModified":"2023-07-20T17:32:02+00:00","inLanguage":"es","potentialAction":[{"@type":"ReadAction","target":["https:\/\/sodre.gub.uy\/espectaculos\/el-ultimo-molino\/"]}]},{"@type":"WebSite","@id":"https:\/\/sodre.gub.uy\/espectaculos\/#website","url":"https:\/\/sodre.gub.uy\/espectaculos\/","name":"Espect\u00e1culos","description":"Servicio Oficial de Difusi\u00f3n, Representaciones y Espect\u00e1culos","publisher":{"@id":"https:\/\/sodre.gub.uy\/espectaculos\/#organization"},"potentialAction":[{"@type":"SearchAction","target":{"@type":"EntryPoint","urlTemplate":"https:\/\/sodre.gub.uy\/espectaculos\/?s={search_term_string}"},"query-input":"required name=search_term_string"}],"inLanguage":"es"},{"@type":"Organization","@id":"https:\/\/sodre.gub.uy\/espectaculos\/#organization","name":"Espect\u00e1culos","url":"https:\/\/sodre.gub.uy\/espectaculos\/","logo":{"@type":"ImageObject","inLanguage":"es","@id":"https:\/\/sodre.gub.uy\/espectaculos\/#\/schema\/logo\/image\/","url":"https:\/\/sodre.gub.uy\/espectaculos\/wp-content\/uploads\/sites\/2\/2023\/12\/logo-sodre-black.svg","contentUrl":"https:\/\/sodre.gub.uy\/espectaculos\/wp-content\/uploads\/sites\/2\/2023\/12\/logo-sodre-black.svg","caption":"Espect\u00e1culos"},"image":{"@id":"https:\/\/sodre.gub.uy\/espectaculos\/#\/schema\/logo\/image\/"}}]}},"_links":{"self":[{"href":"https:\/\/sodre.gub.uy\/espectaculos\/wp-json\/wp\/v2\/espectaculo\/4037"}],"collection":[{"href":"https:\/\/sodre.gub.uy\/espectaculos\/wp-json\/wp\/v2\/espectaculo"}],"about":[{"href":"https:\/\/sodre.gub.uy\/espectaculos\/wp-json\/wp\/v2\/types\/espectaculo"}],"version-history":[{"count":0,"href":"https:\/\/sodre.gub.uy\/espectaculos\/wp-json\/wp\/v2\/espectaculo\/4037\/revisions"}],"wp:attachment":[{"href":"https:\/\/sodre.gub.uy\/espectaculos\/wp-json\/wp\/v2\/media?parent=4037"}],"wp:term":[{"taxonomy":"cuerpo-estable","embeddable":true,"href":"https:\/\/sodre.gub.uy\/espectaculos\/wp-json\/wp\/v2\/cuerpo-estable?post=4037"},{"taxonomy":"etiqueta-espectaculo","embeddable":true,"href":"https:\/\/sodre.gub.uy\/espectaculos\/wp-json\/wp\/v2\/etiqueta-espectaculo?post=4037"},{"taxonomy":"lugar","embeddable":true,"href":"https:\/\/sodre.gub.uy\/espectaculos\/wp-json\/wp\/v2\/lugar?post=4037"},{"taxonomy":"sala-espacio","embeddable":true,"href":"https:\/\/sodre.gub.uy\/espectaculos\/wp-json\/wp\/v2\/sala-espacio?post=4037"}],"curies":[{"name":"wp","href":"https:\/\/api.w.org\/{rel}","templated":true}]}}

El último molino

<div class="wpb-content-wrapper"><p>[vc_section el_class=»content&#8211;espectaculo evento-auditorio-nelly-goitino»][vc_row el_class=»cyg&#8211;descripcion»]<br />
					[vc_column]<br />
						[vc_column_text]</p>
<section>
<p>“El último molino” De Walter Acosta. Ha sido descrita por el autor como “una celebración de Cervantes”, personaje que encarna el propio Acosta a sus 88 años a partir de una lectura profunda de la obra y vida del “Manco de Lepanto”. Viejo y achacoso, Cervantes sufre ocasionales arrebatos de locura senil que le convierten fugazmente en Don Quijote, hijo de su ingenio. El retrato aúna la conmovedora fragilidad del personaje en el crepúsculo de su vida y la restallante plenitud de su pensamiento en nuestros días</p>
<p> </p>
<p style="text-align: center;"><span style="font-size: 18pt;"><strong><a href="https://tickantel.com.uy/inicio/espectaculo/40014278/espectaculo/El%20último%20molino?2" target="_blank" rel="noopener noreferrer">COMPRAR ENTRADA</a></strong></span></p>
</section>
<p>						[/vc_column_text]<br />
						[vc_empty_space height=»30px» el_class=»cyg&#8211;espacio-30&#8243;]<br />
					[/vc_column]<br />
				[/vc_row][vc_row el_class=»cyg&#8211;ficha»]<br />
					[vc_column]<br />
					[vc_column_text]</p>
<section></section>
<p>					[/vc_column_text]<br />
					[/vc_column]<br />
				[/vc_row][/vc_section]</p>
</div>

<p>[vc_section el_class=»content&#8211;espectaculo evento-auditorio-nelly-goitino»][vc_row el_class=»cyg&#8211;descripcion»] [vc_column] [vc_column_text] “El último molino” De Walter Acosta. Ha sido descrita por el autor como “una celebración de Cervantes”, personaje que encarna el propio Acosta a sus 88 años a partir de una lectura profunda de la obra y vida del “Manco de Lepanto”. Viejo y achacoso, Cervantes sufre ocasionales arrebatos [&hellip;]</p>

<!-- This site is optimized with the Yoast SEO plugin v21.7 - https://yoast.com/wordpress/plugins/seo/ -->
<title>El último molino - Espectáculos</title>
<meta name="robots" content="index, follow, max-snippet:-1, max-image-preview:large, max-video-preview:-1" />
<link rel="canonical" href="https://sodre.gub.uy/espectaculos/el-ultimo-molino/" />
<meta property="og:locale" content="es_ES" />
<meta property="og:type" content="article" />
<meta property="og:title" content="El último molino - Espectáculos" />
<meta property="og:description" content="[vc_section el_class=»content&#8211;espectaculo evento-auditorio-nelly-goitino»][vc_row el_class=»cyg&#8211;descripcion»] [vc_column] [vc_column_text] “El último molino” De Walter Acosta. Ha sido descrita por el autor como “una celebración de Cervantes”, personaje que encarna el propio Acosta a sus 88 años a partir de una lectura profunda de la obra y vida del “Manco de Lepanto”. Viejo y achacoso, Cervantes sufre ocasionales arrebatos [&hellip;]" />
<meta property="og:url" content="https://sodre.gub.uy/espectaculos/el-ultimo-molino/" />
<meta property="og:site_name" content="Espectáculos" />
<meta name="twitter:card" content="summary_large_image" />
<meta name="twitter:label1" content="Tiempo de lectura" />
	<meta name="twitter:data1" content="1 minuto" />
<script type="application/ld+json" class="yoast-schema-graph">{"@context":"https://schema.org","@graph":[{"@type":"WebPage","@id":"https://sodre.gub.uy/espectaculos/el-ultimo-molino/","url":"https://sodre.gub.uy/espectaculos/el-ultimo-molino/","name":"El último molino - Espectáculos","isPartOf":{"@id":"https://sodre.gub.uy/espectaculos/#website"},"datePublished":"2023-07-20T17:32:02+00:00","dateModified":"2023-07-20T17:32:02+00:00","inLanguage":"es","potentialAction":[{"@type":"ReadAction","target":["https://sodre.gub.uy/espectaculos/el-ultimo-molino/"]}]},{"@type":"WebSite","@id":"https://sodre.gub.uy/espectaculos/#website","url":"https://sodre.gub.uy/espectaculos/","name":"Espectáculos","description":"Servicio Oficial de Difusión, Representaciones y Espectáculos","publisher":{"@id":"https://sodre.gub.uy/espectaculos/#organization"},"potentialAction":[{"@type":"SearchAction","target":{"@type":"EntryPoint","urlTemplate":"https://sodre.gub.uy/espectaculos/?s={search_term_string}"},"query-input":"required name=search_term_string"}],"inLanguage":"es"},{"@type":"Organization","@id":"https://sodre.gub.uy/espectaculos/#organization","name":"Espectáculos","url":"https://sodre.gub.uy/espectaculos/","logo":{"@type":"ImageObject","inLanguage":"es","@id":"https://sodre.gub.uy/espectaculos/#/schema/logo/image/","url":"https://sodre.gub.uy/espectaculos/wp-content/uploads/sites/2/2023/12/logo-sodre-black.svg","contentUrl":"https://sodre.gub.uy/espectaculos/wp-content/uploads/sites/2/2023/12/logo-sodre-black.svg","caption":"Espectáculos"},"image":{"@id":"https://sodre.gub.uy/espectaculos/#/schema/logo/image/"}}]}</script>
<!-- / Yoast SEO plugin. -->

El último molino - Espectáculos

[vc_section el_class=»content&#8211;espectaculo evento-auditorio-nelly-goitino»][vc_row el_class=»cyg&#8211;descripcion»] [vc_column] [vc_column_text] “El último molino” De Walter Acosta. Ha sido descrita por el autor como “una celebración de Cervantes”, personaje que encarna el propio Acosta a sus 88 años a partir de una lectura profunda de la obra y vida del “Manco de Lepanto”. Viejo y achacoso, Cervantes sufre ocasionales arrebatos [&hellip;]

Espectáculos

Servicio Oficial de Difusión, Representaciones y Espectáculos
