{"id":3958,"date":"2023-04-19T16:14:39","date_gmt":"2023-04-19T19:14:39","guid":{"rendered":"https:\/\/sodre.gub.uy\/espectaculos\/latinoamerica-al-piano\/"},"modified":"2023-04-19T16:14:39","modified_gmt":"2023-04-19T19:14:39","slug":"latinoamerica-al-piano","status":"publish","type":"espectaculo","link":"https:\/\/sodre.gub.uy\/espectaculos\/latinoamerica-al-piano\/","title":{"rendered":"Latinoam\u00e9rica al piano"},"content":{"rendered":"<div class=\"wpb-content-wrapper\"><p>[vc_section el_class=\u00bbcontent&#8211;espectaculo evento-auditorio-nelly-goitino\u00bb][vc_row el_class=\u00bbcyg&#8211;descripcion\u00bb]<br \/>\n\t\t\t\t\t[vc_column]<br \/>\n\t\t\t\t\t\t[vc_column_text]<\/p>\n<section>\n<p>El programa propuesto para este concierto est\u00e1 integrado por obras de compositores latinoamericanos para piano solo. Durante su interpretaci\u00f3n se proyectar\u00e1n im\u00e1genes de dibujos del artista Nando Rera inspirados en las sonoridades de cada pieza. Las proyecciones tambi\u00e9n incluir\u00e1n un breve texto introductorio a cada pieza donde se comentar\u00e1n aspectos relevantes de los respectivos compositores y su obra.<\/p>\n<p>Modesta Bor (Venezuela, 1926-1998) \u00abCuatro fugas para piano\u00bb (10&#8242;) Alfonso Leng (Chile, 1884-1974) \u00abDoloras\u00bb (9&#8217;30) Armando Montiel Olvera (M\u00e9xico, 1916-1984) \u00abCuatro danzas mexicanas\u00bb (8&#8217;30) Beatriz Lockhart (Uruguay, 1944-2015) \u00abEl Emigrante\u00bb (5&#8217;30) Ignacio Cervantes (Cuba, 1847-1905) selecci\u00f3n de \u00abDanzas cubanas\u00bb (6&#8242;) Interrumpida \/ Te quiero tanto \/ Los tres golpes Francisco Mignone (Brasil, 1897-1986) selecci\u00f3n de \u00abValsas da esquina\u00bb (6&#8217;30) N\u00ba 1: Soturno e seresteiro N\u00ba 8: Tempo de valsa caipira Alberto Ginastera (Argentina, 1916-1983) \u00abDanzas argentinas\u00bb (9&#8242;) I &#8211; Danza del viejo boyero II &#8211; Danza de la moza donosa III &#8211; Danza del gaucho matrero<\/p>\n<p>Duraci\u00f3n total estimada del concierto: 55&#8242;<\/p>\n<p>\u00a0<\/p>\n<p style=\"text-align: center;\"><span style=\"font-size: 14pt;\"><strong><a href=\"https:\/\/tickantel.com.uy\/inicio\/espectaculo\/40012947\/espectaculo\/TMC%20-%20Ciclo%20Nibya%20Mari\u00f1o?3\" target=\"_blank\" rel=\"noopener noreferrer\">COMPRAR ENTRADA<\/a><\/strong><\/span><\/p>\n<\/section>\n<p>\t\t\t\t\t\t[\/vc_column_text]<br \/>\n\t\t\t\t\t\t[vc_empty_space height=\u00bb30px\u00bb el_class=\u00bbcyg&#8211;espacio-30&#8243;]<br \/>\n\t\t\t\t\t[\/vc_column]<br \/>\n\t\t\t\t[\/vc_row][vc_row el_class=\u00bbcyg&#8211;ficha\u00bb]<br \/>\n\t\t\t\t\t[vc_column]<br \/>\n\t\t\t\t\t[vc_column_text]<\/p>\n<section><\/section>\n<p>\t\t\t\t\t[\/vc_column_text]<br \/>\n\t\t\t\t\t[\/vc_column]<br \/>\n\t\t\t\t[\/vc_row][\/vc_section]<\/p>\n<\/div>","protected":false},"excerpt":{"rendered":"<p>[vc_section el_class=\u00bbcontent&#8211;espectaculo evento-auditorio-nelly-goitino\u00bb][vc_row el_class=\u00bbcyg&#8211;descripcion\u00bb] [vc_column] [vc_column_text] El programa propuesto para este concierto est\u00e1 integrado por obras de compositores latinoamericanos para piano solo. Durante su interpretaci\u00f3n se proyectar\u00e1n im\u00e1genes de dibujos del artista Nando Rera inspirados en las sonoridades de cada pieza. Las proyecciones tambi\u00e9n incluir\u00e1n un breve texto introductorio a cada pieza donde se comentar\u00e1n [&hellip;]<\/p>\n","protected":false},"menu_order":0,"template":"","format":"standard","cuerpo-estable":[],"etiqueta-espectaculo":[],"lugar":[17],"sala-espacio":[35],"acf":[],"yoast_head":"<!-- This site is optimized with the Yoast SEO plugin v21.7 - https:\/\/yoast.com\/wordpress\/plugins\/seo\/ -->\n<title>Latinoam\u00e9rica al piano - Espect\u00e1culos<\/title>\n<meta name=\"robots\" content=\"index, follow, max-snippet:-1, max-image-preview:large, max-video-preview:-1\" \/>\n<link rel=\"canonical\" href=\"https:\/\/sodre.gub.uy\/espectaculos\/latinoamerica-al-piano\/\" \/>\n<meta property=\"og:locale\" content=\"es_ES\" \/>\n<meta property=\"og:type\" content=\"article\" \/>\n<meta property=\"og:title\" content=\"Latinoam\u00e9rica al piano - Espect\u00e1culos\" \/>\n<meta property=\"og:description\" content=\"[vc_section el_class=\u00bbcontent&#8211;espectaculo evento-auditorio-nelly-goitino\u00bb][vc_row el_class=\u00bbcyg&#8211;descripcion\u00bb] [vc_column] [vc_column_text] El programa propuesto para este concierto est\u00e1 integrado por obras de compositores latinoamericanos para piano solo. Durante su interpretaci\u00f3n se proyectar\u00e1n im\u00e1genes de dibujos del artista Nando Rera inspirados en las sonoridades de cada pieza. Las proyecciones tambi\u00e9n incluir\u00e1n un breve texto introductorio a cada pieza donde se comentar\u00e1n [&hellip;]\" \/>\n<meta property=\"og:url\" content=\"https:\/\/sodre.gub.uy\/espectaculos\/latinoamerica-al-piano\/\" \/>\n<meta property=\"og:site_name\" content=\"Espect\u00e1culos\" \/>\n<meta name=\"twitter:card\" content=\"summary_large_image\" \/>\n<meta name=\"twitter:label1\" content=\"Tiempo de lectura\" \/>\n\t<meta name=\"twitter:data1\" content=\"1 minuto\" \/>\n<script type=\"application\/ld+json\" class=\"yoast-schema-graph\">{\"@context\":\"https:\/\/schema.org\",\"@graph\":[{\"@type\":\"WebPage\",\"@id\":\"https:\/\/sodre.gub.uy\/espectaculos\/latinoamerica-al-piano\/\",\"url\":\"https:\/\/sodre.gub.uy\/espectaculos\/latinoamerica-al-piano\/\",\"name\":\"Latinoam\u00e9rica al piano - Espect\u00e1culos\",\"isPartOf\":{\"@id\":\"https:\/\/sodre.gub.uy\/espectaculos\/#website\"},\"datePublished\":\"2023-04-19T19:14:39+00:00\",\"dateModified\":\"2023-04-19T19:14:39+00:00\",\"inLanguage\":\"es\",\"potentialAction\":[{\"@type\":\"ReadAction\",\"target\":[\"https:\/\/sodre.gub.uy\/espectaculos\/latinoamerica-al-piano\/\"]}]},{\"@type\":\"WebSite\",\"@id\":\"https:\/\/sodre.gub.uy\/espectaculos\/#website\",\"url\":\"https:\/\/sodre.gub.uy\/espectaculos\/\",\"name\":\"Espect\u00e1culos\",\"description\":\"Servicio Oficial de Difusi\u00f3n, Representaciones y Espect\u00e1culos\",\"publisher\":{\"@id\":\"https:\/\/sodre.gub.uy\/espectaculos\/#organization\"},\"potentialAction\":[{\"@type\":\"SearchAction\",\"target\":{\"@type\":\"EntryPoint\",\"urlTemplate\":\"https:\/\/sodre.gub.uy\/espectaculos\/?s={search_term_string}\"},\"query-input\":\"required name=search_term_string\"}],\"inLanguage\":\"es\"},{\"@type\":\"Organization\",\"@id\":\"https:\/\/sodre.gub.uy\/espectaculos\/#organization\",\"name\":\"Espect\u00e1culos\",\"url\":\"https:\/\/sodre.gub.uy\/espectaculos\/\",\"logo\":{\"@type\":\"ImageObject\",\"inLanguage\":\"es\",\"@id\":\"https:\/\/sodre.gub.uy\/espectaculos\/#\/schema\/logo\/image\/\",\"url\":\"https:\/\/sodre.gub.uy\/espectaculos\/wp-content\/uploads\/sites\/2\/2023\/12\/logo-sodre-black.svg\",\"contentUrl\":\"https:\/\/sodre.gub.uy\/espectaculos\/wp-content\/uploads\/sites\/2\/2023\/12\/logo-sodre-black.svg\",\"caption\":\"Espect\u00e1culos\"},\"image\":{\"@id\":\"https:\/\/sodre.gub.uy\/espectaculos\/#\/schema\/logo\/image\/\"}}]}<\/script>\n<!-- \/ Yoast SEO plugin. -->","yoast_head_json":{"title":"Latinoam\u00e9rica al piano - Espect\u00e1culos","robots":{"index":"index","follow":"follow","max-snippet":"max-snippet:-1","max-image-preview":"max-image-preview:large","max-video-preview":"max-video-preview:-1"},"canonical":"https:\/\/sodre.gub.uy\/espectaculos\/latinoamerica-al-piano\/","og_locale":"es_ES","og_type":"article","og_title":"Latinoam\u00e9rica al piano - Espect\u00e1culos","og_description":"[vc_section el_class=\u00bbcontent&#8211;espectaculo evento-auditorio-nelly-goitino\u00bb][vc_row el_class=\u00bbcyg&#8211;descripcion\u00bb] [vc_column] [vc_column_text] El programa propuesto para este concierto est\u00e1 integrado por obras de compositores latinoamericanos para piano solo. Durante su interpretaci\u00f3n se proyectar\u00e1n im\u00e1genes de dibujos del artista Nando Rera inspirados en las sonoridades de cada pieza. Las proyecciones tambi\u00e9n incluir\u00e1n un breve texto introductorio a cada pieza donde se comentar\u00e1n [&hellip;]","og_url":"https:\/\/sodre.gub.uy\/espectaculos\/latinoamerica-al-piano\/","og_site_name":"Espect\u00e1culos","twitter_card":"summary_large_image","twitter_misc":{"Tiempo de lectura":"1 minuto"},"schema":{"@context":"https:\/\/schema.org","@graph":[{"@type":"WebPage","@id":"https:\/\/sodre.gub.uy\/espectaculos\/latinoamerica-al-piano\/","url":"https:\/\/sodre.gub.uy\/espectaculos\/latinoamerica-al-piano\/","name":"Latinoam\u00e9rica al piano - Espect\u00e1culos","isPartOf":{"@id":"https:\/\/sodre.gub.uy\/espectaculos\/#website"},"datePublished":"2023-04-19T19:14:39+00:00","dateModified":"2023-04-19T19:14:39+00:00","inLanguage":"es","potentialAction":[{"@type":"ReadAction","target":["https:\/\/sodre.gub.uy\/espectaculos\/latinoamerica-al-piano\/"]}]},{"@type":"WebSite","@id":"https:\/\/sodre.gub.uy\/espectaculos\/#website","url":"https:\/\/sodre.gub.uy\/espectaculos\/","name":"Espect\u00e1culos","description":"Servicio Oficial de Difusi\u00f3n, Representaciones y Espect\u00e1culos","publisher":{"@id":"https:\/\/sodre.gub.uy\/espectaculos\/#organization"},"potentialAction":[{"@type":"SearchAction","target":{"@type":"EntryPoint","urlTemplate":"https:\/\/sodre.gub.uy\/espectaculos\/?s={search_term_string}"},"query-input":"required name=search_term_string"}],"inLanguage":"es"},{"@type":"Organization","@id":"https:\/\/sodre.gub.uy\/espectaculos\/#organization","name":"Espect\u00e1culos","url":"https:\/\/sodre.gub.uy\/espectaculos\/","logo":{"@type":"ImageObject","inLanguage":"es","@id":"https:\/\/sodre.gub.uy\/espectaculos\/#\/schema\/logo\/image\/","url":"https:\/\/sodre.gub.uy\/espectaculos\/wp-content\/uploads\/sites\/2\/2023\/12\/logo-sodre-black.svg","contentUrl":"https:\/\/sodre.gub.uy\/espectaculos\/wp-content\/uploads\/sites\/2\/2023\/12\/logo-sodre-black.svg","caption":"Espect\u00e1culos"},"image":{"@id":"https:\/\/sodre.gub.uy\/espectaculos\/#\/schema\/logo\/image\/"}}]}},"_links":{"self":[{"href":"https:\/\/sodre.gub.uy\/espectaculos\/wp-json\/wp\/v2\/espectaculo\/3958"}],"collection":[{"href":"https:\/\/sodre.gub.uy\/espectaculos\/wp-json\/wp\/v2\/espectaculo"}],"about":[{"href":"https:\/\/sodre.gub.uy\/espectaculos\/wp-json\/wp\/v2\/types\/espectaculo"}],"version-history":[{"count":0,"href":"https:\/\/sodre.gub.uy\/espectaculos\/wp-json\/wp\/v2\/espectaculo\/3958\/revisions"}],"wp:attachment":[{"href":"https:\/\/sodre.gub.uy\/espectaculos\/wp-json\/wp\/v2\/media?parent=3958"}],"wp:term":[{"taxonomy":"cuerpo-estable","embeddable":true,"href":"https:\/\/sodre.gub.uy\/espectaculos\/wp-json\/wp\/v2\/cuerpo-estable?post=3958"},{"taxonomy":"etiqueta-espectaculo","embeddable":true,"href":"https:\/\/sodre.gub.uy\/espectaculos\/wp-json\/wp\/v2\/etiqueta-espectaculo?post=3958"},{"taxonomy":"lugar","embeddable":true,"href":"https:\/\/sodre.gub.uy\/espectaculos\/wp-json\/wp\/v2\/lugar?post=3958"},{"taxonomy":"sala-espacio","embeddable":true,"href":"https:\/\/sodre.gub.uy\/espectaculos\/wp-json\/wp\/v2\/sala-espacio?post=3958"}],"curies":[{"name":"wp","href":"https:\/\/api.w.org\/{rel}","templated":true}]}}

Latinoamérica al piano

<div class="wpb-content-wrapper"><p>[vc_section el_class=»content&#8211;espectaculo evento-auditorio-nelly-goitino»][vc_row el_class=»cyg&#8211;descripcion»]<br />
					[vc_column]<br />
						[vc_column_text]</p>
<section>
<p>El programa propuesto para este concierto está integrado por obras de compositores latinoamericanos para piano solo. Durante su interpretación se proyectarán imágenes de dibujos del artista Nando Rera inspirados en las sonoridades de cada pieza. Las proyecciones también incluirán un breve texto introductorio a cada pieza donde se comentarán aspectos relevantes de los respectivos compositores y su obra.</p>
<p>Modesta Bor (Venezuela, 1926-1998) «Cuatro fugas para piano» (10&#8242;) Alfonso Leng (Chile, 1884-1974) «Doloras» (9&#8217;30) Armando Montiel Olvera (México, 1916-1984) «Cuatro danzas mexicanas» (8&#8217;30) Beatriz Lockhart (Uruguay, 1944-2015) «El Emigrante» (5&#8217;30) Ignacio Cervantes (Cuba, 1847-1905) selección de «Danzas cubanas» (6&#8242;) Interrumpida / Te quiero tanto / Los tres golpes Francisco Mignone (Brasil, 1897-1986) selección de «Valsas da esquina» (6&#8217;30) Nº 1: Soturno e seresteiro Nº 8: Tempo de valsa caipira Alberto Ginastera (Argentina, 1916-1983) «Danzas argentinas» (9&#8242;) I &#8211; Danza del viejo boyero II &#8211; Danza de la moza donosa III &#8211; Danza del gaucho matrero</p>
<p>Duración total estimada del concierto: 55&#8242;</p>
<p> </p>
<p style="text-align: center;"><span style="font-size: 14pt;"><strong><a href="https://tickantel.com.uy/inicio/espectaculo/40012947/espectaculo/TMC%20-%20Ciclo%20Nibya%20Mariño?3" target="_blank" rel="noopener noreferrer">COMPRAR ENTRADA</a></strong></span></p>
</section>
<p>						[/vc_column_text]<br />
						[vc_empty_space height=»30px» el_class=»cyg&#8211;espacio-30&#8243;]<br />
					[/vc_column]<br />
				[/vc_row][vc_row el_class=»cyg&#8211;ficha»]<br />
					[vc_column]<br />
					[vc_column_text]</p>
<section></section>
<p>					[/vc_column_text]<br />
					[/vc_column]<br />
				[/vc_row][/vc_section]</p>
</div>

<p>[vc_section el_class=»content&#8211;espectaculo evento-auditorio-nelly-goitino»][vc_row el_class=»cyg&#8211;descripcion»] [vc_column] [vc_column_text] El programa propuesto para este concierto está integrado por obras de compositores latinoamericanos para piano solo. Durante su interpretación se proyectarán imágenes de dibujos del artista Nando Rera inspirados en las sonoridades de cada pieza. Las proyecciones también incluirán un breve texto introductorio a cada pieza donde se comentarán [&hellip;]</p>

<!-- This site is optimized with the Yoast SEO plugin v21.7 - https://yoast.com/wordpress/plugins/seo/ -->
<title>Latinoamérica al piano - Espectáculos</title>
<meta name="robots" content="index, follow, max-snippet:-1, max-image-preview:large, max-video-preview:-1" />
<link rel="canonical" href="https://sodre.gub.uy/espectaculos/latinoamerica-al-piano/" />
<meta property="og:locale" content="es_ES" />
<meta property="og:type" content="article" />
<meta property="og:title" content="Latinoamérica al piano - Espectáculos" />
<meta property="og:description" content="[vc_section el_class=»content&#8211;espectaculo evento-auditorio-nelly-goitino»][vc_row el_class=»cyg&#8211;descripcion»] [vc_column] [vc_column_text] El programa propuesto para este concierto está integrado por obras de compositores latinoamericanos para piano solo. Durante su interpretación se proyectarán imágenes de dibujos del artista Nando Rera inspirados en las sonoridades de cada pieza. Las proyecciones también incluirán un breve texto introductorio a cada pieza donde se comentarán [&hellip;]" />
<meta property="og:url" content="https://sodre.gub.uy/espectaculos/latinoamerica-al-piano/" />
<meta property="og:site_name" content="Espectáculos" />
<meta name="twitter:card" content="summary_large_image" />
<meta name="twitter:label1" content="Tiempo de lectura" />
	<meta name="twitter:data1" content="1 minuto" />
<script type="application/ld+json" class="yoast-schema-graph">{"@context":"https://schema.org","@graph":[{"@type":"WebPage","@id":"https://sodre.gub.uy/espectaculos/latinoamerica-al-piano/","url":"https://sodre.gub.uy/espectaculos/latinoamerica-al-piano/","name":"Latinoamérica al piano - Espectáculos","isPartOf":{"@id":"https://sodre.gub.uy/espectaculos/#website"},"datePublished":"2023-04-19T19:14:39+00:00","dateModified":"2023-04-19T19:14:39+00:00","inLanguage":"es","potentialAction":[{"@type":"ReadAction","target":["https://sodre.gub.uy/espectaculos/latinoamerica-al-piano/"]}]},{"@type":"WebSite","@id":"https://sodre.gub.uy/espectaculos/#website","url":"https://sodre.gub.uy/espectaculos/","name":"Espectáculos","description":"Servicio Oficial de Difusión, Representaciones y Espectáculos","publisher":{"@id":"https://sodre.gub.uy/espectaculos/#organization"},"potentialAction":[{"@type":"SearchAction","target":{"@type":"EntryPoint","urlTemplate":"https://sodre.gub.uy/espectaculos/?s={search_term_string}"},"query-input":"required name=search_term_string"}],"inLanguage":"es"},{"@type":"Organization","@id":"https://sodre.gub.uy/espectaculos/#organization","name":"Espectáculos","url":"https://sodre.gub.uy/espectaculos/","logo":{"@type":"ImageObject","inLanguage":"es","@id":"https://sodre.gub.uy/espectaculos/#/schema/logo/image/","url":"https://sodre.gub.uy/espectaculos/wp-content/uploads/sites/2/2023/12/logo-sodre-black.svg","contentUrl":"https://sodre.gub.uy/espectaculos/wp-content/uploads/sites/2/2023/12/logo-sodre-black.svg","caption":"Espectáculos"},"image":{"@id":"https://sodre.gub.uy/espectaculos/#/schema/logo/image/"}}]}</script>
<!-- / Yoast SEO plugin. -->

Latinoamérica al piano - Espectáculos

[vc_section el_class=»content&#8211;espectaculo evento-auditorio-nelly-goitino»][vc_row el_class=»cyg&#8211;descripcion»] [vc_column] [vc_column_text] El programa propuesto para este concierto está integrado por obras de compositores latinoamericanos para piano solo. Durante su interpretación se proyectarán imágenes de dibujos del artista Nando Rera inspirados en las sonoridades de cada pieza. Las proyecciones también incluirán un breve texto introductorio a cada pieza donde se comentarán [&hellip;]

Espectáculos

Servicio Oficial de Difusión, Representaciones y Espectáculos
