{"id":3952,"date":"2023-04-04T17:34:08","date_gmt":"2023-04-04T20:34:08","guid":{"rendered":"https:\/\/sodre.gub.uy\/espectaculos\/entre-a-grabar-carnaval-2023\/"},"modified":"2023-04-04T17:34:08","modified_gmt":"2023-04-04T20:34:08","slug":"entre-a-grabar-carnaval-2023","status":"publish","type":"espectaculo","link":"https:\/\/sodre.gub.uy\/espectaculos\/entre-a-grabar-carnaval-2023\/","title":{"rendered":"Entre a grabar \u2013 Carnaval 2023"},"content":{"rendered":"<div class=\"wpb-content-wrapper\"><p>[vc_section el_class=\u00bbcontent&#8211;espectaculo evento-auditorio-nelly-goitino\u00bb][vc_row el_class=\u00bbcyg&#8211;descripcion\u00bb]<br \/>\n\t\t\t\t\t[vc_column]<br \/>\n\t\t\t\t\t\t[vc_column_text]<\/p>\n<section>\n<p>La Comparsa Valores Ansina graba en vivo \u201cENTRE\u201d, su espect\u00e1culo del Carnaval 2023. Una propuesta diferente, un espect\u00e1culo dedicado especialmente a las infancias y tambi\u00e9n para todas las personas. Porque ENTRE una cosa y otra, hay infinitas posibilidades, m\u00faltiples historias, versiones y visiones. En Valorandia hay \u00abuna\u00bb historia que Valores elige contar. Valores apuesta a amplificar el p\u00fablico al que llega el carnaval y habla sobre la identidad de g\u00e9nero porque es un tema que tiene que ver con c\u00f3mo concebimos el mundo que queremos habitar. Una vez m\u00e1s una propuesta diferente, arriesgada, que contin\u00faa la l\u00ednea rupturista que asumi\u00f3 la comparsa desde su llegada al concurso oficial. Con los textos de Jimena M\u00e1rquez y las m\u00fasicas de Jorge Damseaux, el conjunto nos introduce en \u201cValorandia\u201d, donde se desarrolla un cuento infantil en c\u00f3digo de candombe.<\/p>\n<p>\u00a0<\/p>\n<p style=\"text-align: center;\"><span style=\"font-size: 14pt;\"><strong><a href=\"https:\/\/tickantel.com.uy\/inicio\/espectaculo\/40013718\/espectaculo\/Entre%20a%20grabar%20\u2013%20Carnaval%202023?1\" target=\"_blank\" rel=\"noopener noreferrer\">COMPRAR ENTRADA<\/a><\/strong><\/span><\/p>\n<\/section>\n<p>\t\t\t\t\t\t[\/vc_column_text]<br \/>\n\t\t\t\t\t\t[vc_empty_space height=\u00bb30px\u00bb el_class=\u00bbcyg&#8211;espacio-30&#8243;]<br \/>\n\t\t\t\t\t[\/vc_column]<br \/>\n\t\t\t\t[\/vc_row][vc_row el_class=\u00bbcyg&#8211;ficha\u00bb]<br \/>\n\t\t\t\t\t[vc_column]<br \/>\n\t\t\t\t\t[vc_column_text]<\/p>\n<section><\/section>\n<p>\t\t\t\t\t[\/vc_column_text]<br \/>\n\t\t\t\t\t[\/vc_column]<br \/>\n\t\t\t\t[\/vc_row][\/vc_section]<\/p>\n<\/div>","protected":false},"excerpt":{"rendered":"<p>[vc_section el_class=\u00bbcontent&#8211;espectaculo evento-auditorio-nelly-goitino\u00bb][vc_row el_class=\u00bbcyg&#8211;descripcion\u00bb] [vc_column] [vc_column_text] La Comparsa Valores Ansina graba en vivo \u201cENTRE\u201d, su espect\u00e1culo del Carnaval 2023. Una propuesta diferente, un espect\u00e1culo dedicado especialmente a las infancias y tambi\u00e9n para todas las personas. Porque ENTRE una cosa y otra, hay infinitas posibilidades, m\u00faltiples historias, versiones y visiones. En Valorandia hay \u00abuna\u00bb historia que [&hellip;]<\/p>\n","protected":false},"menu_order":0,"template":"","format":"standard","cuerpo-estable":[],"etiqueta-espectaculo":[],"lugar":[17],"sala-espacio":[35],"acf":[],"yoast_head":"<!-- This site is optimized with the Yoast SEO plugin v21.7 - https:\/\/yoast.com\/wordpress\/plugins\/seo\/ -->\n<title>Entre a grabar \u2013 Carnaval 2023 - Espect\u00e1culos<\/title>\n<meta name=\"robots\" content=\"index, follow, max-snippet:-1, max-image-preview:large, max-video-preview:-1\" \/>\n<link rel=\"canonical\" href=\"https:\/\/sodre.gub.uy\/espectaculos\/entre-a-grabar-carnaval-2023\/\" \/>\n<meta property=\"og:locale\" content=\"es_ES\" \/>\n<meta property=\"og:type\" content=\"article\" \/>\n<meta property=\"og:title\" content=\"Entre a grabar \u2013 Carnaval 2023 - Espect\u00e1culos\" \/>\n<meta property=\"og:description\" content=\"[vc_section el_class=\u00bbcontent&#8211;espectaculo evento-auditorio-nelly-goitino\u00bb][vc_row el_class=\u00bbcyg&#8211;descripcion\u00bb] [vc_column] [vc_column_text] La Comparsa Valores Ansina graba en vivo \u201cENTRE\u201d, su espect\u00e1culo del Carnaval 2023. Una propuesta diferente, un espect\u00e1culo dedicado especialmente a las infancias y tambi\u00e9n para todas las personas. Porque ENTRE una cosa y otra, hay infinitas posibilidades, m\u00faltiples historias, versiones y visiones. En Valorandia hay \u00abuna\u00bb historia que [&hellip;]\" \/>\n<meta property=\"og:url\" content=\"https:\/\/sodre.gub.uy\/espectaculos\/entre-a-grabar-carnaval-2023\/\" \/>\n<meta property=\"og:site_name\" content=\"Espect\u00e1culos\" \/>\n<meta name=\"twitter:card\" content=\"summary_large_image\" \/>\n<meta name=\"twitter:label1\" content=\"Tiempo de lectura\" \/>\n\t<meta name=\"twitter:data1\" content=\"1 minuto\" \/>\n<script type=\"application\/ld+json\" class=\"yoast-schema-graph\">{\"@context\":\"https:\/\/schema.org\",\"@graph\":[{\"@type\":\"WebPage\",\"@id\":\"https:\/\/sodre.gub.uy\/espectaculos\/entre-a-grabar-carnaval-2023\/\",\"url\":\"https:\/\/sodre.gub.uy\/espectaculos\/entre-a-grabar-carnaval-2023\/\",\"name\":\"Entre a grabar \u2013 Carnaval 2023 - Espect\u00e1culos\",\"isPartOf\":{\"@id\":\"https:\/\/sodre.gub.uy\/espectaculos\/#website\"},\"datePublished\":\"2023-04-04T20:34:08+00:00\",\"dateModified\":\"2023-04-04T20:34:08+00:00\",\"inLanguage\":\"es\",\"potentialAction\":[{\"@type\":\"ReadAction\",\"target\":[\"https:\/\/sodre.gub.uy\/espectaculos\/entre-a-grabar-carnaval-2023\/\"]}]},{\"@type\":\"WebSite\",\"@id\":\"https:\/\/sodre.gub.uy\/espectaculos\/#website\",\"url\":\"https:\/\/sodre.gub.uy\/espectaculos\/\",\"name\":\"Espect\u00e1culos\",\"description\":\"Servicio Oficial de Difusi\u00f3n, Representaciones y Espect\u00e1culos\",\"publisher\":{\"@id\":\"https:\/\/sodre.gub.uy\/espectaculos\/#organization\"},\"potentialAction\":[{\"@type\":\"SearchAction\",\"target\":{\"@type\":\"EntryPoint\",\"urlTemplate\":\"https:\/\/sodre.gub.uy\/espectaculos\/?s={search_term_string}\"},\"query-input\":\"required name=search_term_string\"}],\"inLanguage\":\"es\"},{\"@type\":\"Organization\",\"@id\":\"https:\/\/sodre.gub.uy\/espectaculos\/#organization\",\"name\":\"Espect\u00e1culos\",\"url\":\"https:\/\/sodre.gub.uy\/espectaculos\/\",\"logo\":{\"@type\":\"ImageObject\",\"inLanguage\":\"es\",\"@id\":\"https:\/\/sodre.gub.uy\/espectaculos\/#\/schema\/logo\/image\/\",\"url\":\"https:\/\/sodre.gub.uy\/espectaculos\/wp-content\/uploads\/sites\/2\/2023\/12\/logo-sodre-black.svg\",\"contentUrl\":\"https:\/\/sodre.gub.uy\/espectaculos\/wp-content\/uploads\/sites\/2\/2023\/12\/logo-sodre-black.svg\",\"caption\":\"Espect\u00e1culos\"},\"image\":{\"@id\":\"https:\/\/sodre.gub.uy\/espectaculos\/#\/schema\/logo\/image\/\"}}]}<\/script>\n<!-- \/ Yoast SEO plugin. -->","yoast_head_json":{"title":"Entre a grabar \u2013 Carnaval 2023 - Espect\u00e1culos","robots":{"index":"index","follow":"follow","max-snippet":"max-snippet:-1","max-image-preview":"max-image-preview:large","max-video-preview":"max-video-preview:-1"},"canonical":"https:\/\/sodre.gub.uy\/espectaculos\/entre-a-grabar-carnaval-2023\/","og_locale":"es_ES","og_type":"article","og_title":"Entre a grabar \u2013 Carnaval 2023 - Espect\u00e1culos","og_description":"[vc_section el_class=\u00bbcontent&#8211;espectaculo evento-auditorio-nelly-goitino\u00bb][vc_row el_class=\u00bbcyg&#8211;descripcion\u00bb] [vc_column] [vc_column_text] La Comparsa Valores Ansina graba en vivo \u201cENTRE\u201d, su espect\u00e1culo del Carnaval 2023. Una propuesta diferente, un espect\u00e1culo dedicado especialmente a las infancias y tambi\u00e9n para todas las personas. Porque ENTRE una cosa y otra, hay infinitas posibilidades, m\u00faltiples historias, versiones y visiones. En Valorandia hay \u00abuna\u00bb historia que [&hellip;]","og_url":"https:\/\/sodre.gub.uy\/espectaculos\/entre-a-grabar-carnaval-2023\/","og_site_name":"Espect\u00e1culos","twitter_card":"summary_large_image","twitter_misc":{"Tiempo de lectura":"1 minuto"},"schema":{"@context":"https:\/\/schema.org","@graph":[{"@type":"WebPage","@id":"https:\/\/sodre.gub.uy\/espectaculos\/entre-a-grabar-carnaval-2023\/","url":"https:\/\/sodre.gub.uy\/espectaculos\/entre-a-grabar-carnaval-2023\/","name":"Entre a grabar \u2013 Carnaval 2023 - Espect\u00e1culos","isPartOf":{"@id":"https:\/\/sodre.gub.uy\/espectaculos\/#website"},"datePublished":"2023-04-04T20:34:08+00:00","dateModified":"2023-04-04T20:34:08+00:00","inLanguage":"es","potentialAction":[{"@type":"ReadAction","target":["https:\/\/sodre.gub.uy\/espectaculos\/entre-a-grabar-carnaval-2023\/"]}]},{"@type":"WebSite","@id":"https:\/\/sodre.gub.uy\/espectaculos\/#website","url":"https:\/\/sodre.gub.uy\/espectaculos\/","name":"Espect\u00e1culos","description":"Servicio Oficial de Difusi\u00f3n, Representaciones y Espect\u00e1culos","publisher":{"@id":"https:\/\/sodre.gub.uy\/espectaculos\/#organization"},"potentialAction":[{"@type":"SearchAction","target":{"@type":"EntryPoint","urlTemplate":"https:\/\/sodre.gub.uy\/espectaculos\/?s={search_term_string}"},"query-input":"required name=search_term_string"}],"inLanguage":"es"},{"@type":"Organization","@id":"https:\/\/sodre.gub.uy\/espectaculos\/#organization","name":"Espect\u00e1culos","url":"https:\/\/sodre.gub.uy\/espectaculos\/","logo":{"@type":"ImageObject","inLanguage":"es","@id":"https:\/\/sodre.gub.uy\/espectaculos\/#\/schema\/logo\/image\/","url":"https:\/\/sodre.gub.uy\/espectaculos\/wp-content\/uploads\/sites\/2\/2023\/12\/logo-sodre-black.svg","contentUrl":"https:\/\/sodre.gub.uy\/espectaculos\/wp-content\/uploads\/sites\/2\/2023\/12\/logo-sodre-black.svg","caption":"Espect\u00e1culos"},"image":{"@id":"https:\/\/sodre.gub.uy\/espectaculos\/#\/schema\/logo\/image\/"}}]}},"_links":{"self":[{"href":"https:\/\/sodre.gub.uy\/espectaculos\/wp-json\/wp\/v2\/espectaculo\/3952"}],"collection":[{"href":"https:\/\/sodre.gub.uy\/espectaculos\/wp-json\/wp\/v2\/espectaculo"}],"about":[{"href":"https:\/\/sodre.gub.uy\/espectaculos\/wp-json\/wp\/v2\/types\/espectaculo"}],"version-history":[{"count":0,"href":"https:\/\/sodre.gub.uy\/espectaculos\/wp-json\/wp\/v2\/espectaculo\/3952\/revisions"}],"wp:attachment":[{"href":"https:\/\/sodre.gub.uy\/espectaculos\/wp-json\/wp\/v2\/media?parent=3952"}],"wp:term":[{"taxonomy":"cuerpo-estable","embeddable":true,"href":"https:\/\/sodre.gub.uy\/espectaculos\/wp-json\/wp\/v2\/cuerpo-estable?post=3952"},{"taxonomy":"etiqueta-espectaculo","embeddable":true,"href":"https:\/\/sodre.gub.uy\/espectaculos\/wp-json\/wp\/v2\/etiqueta-espectaculo?post=3952"},{"taxonomy":"lugar","embeddable":true,"href":"https:\/\/sodre.gub.uy\/espectaculos\/wp-json\/wp\/v2\/lugar?post=3952"},{"taxonomy":"sala-espacio","embeddable":true,"href":"https:\/\/sodre.gub.uy\/espectaculos\/wp-json\/wp\/v2\/sala-espacio?post=3952"}],"curies":[{"name":"wp","href":"https:\/\/api.w.org\/{rel}","templated":true}]}}

<div class="wpb-content-wrapper"><p>[vc_section el_class=»content&#8211;espectaculo evento-auditorio-nelly-goitino»][vc_row el_class=»cyg&#8211;descripcion»]<br />
					[vc_column]<br />
						[vc_column_text]</p>
<section>
<p>La Comparsa Valores Ansina graba en vivo “ENTRE”, su espectáculo del Carnaval 2023. Una propuesta diferente, un espectáculo dedicado especialmente a las infancias y también para todas las personas. Porque ENTRE una cosa y otra, hay infinitas posibilidades, múltiples historias, versiones y visiones. En Valorandia hay «una» historia que Valores elige contar. Valores apuesta a amplificar el público al que llega el carnaval y habla sobre la identidad de género porque es un tema que tiene que ver con cómo concebimos el mundo que queremos habitar. Una vez más una propuesta diferente, arriesgada, que continúa la línea rupturista que asumió la comparsa desde su llegada al concurso oficial. Con los textos de Jimena Márquez y las músicas de Jorge Damseaux, el conjunto nos introduce en “Valorandia”, donde se desarrolla un cuento infantil en código de candombe.</p>
<p> </p>
<p style="text-align: center;"><span style="font-size: 14pt;"><strong><a href="https://tickantel.com.uy/inicio/espectaculo/40013718/espectaculo/Entre%20a%20grabar%20–%20Carnaval%202023?1" target="_blank" rel="noopener noreferrer">COMPRAR ENTRADA</a></strong></span></p>
</section>
<p>						[/vc_column_text]<br />
						[vc_empty_space height=»30px» el_class=»cyg&#8211;espacio-30&#8243;]<br />
					[/vc_column]<br />
				[/vc_row][vc_row el_class=»cyg&#8211;ficha»]<br />
					[vc_column]<br />
					[vc_column_text]</p>
<section></section>
<p>					[/vc_column_text]<br />
					[/vc_column]<br />
				[/vc_row][/vc_section]</p>
</div>

<p>[vc_section el_class=»content&#8211;espectaculo evento-auditorio-nelly-goitino»][vc_row el_class=»cyg&#8211;descripcion»] [vc_column] [vc_column_text] La Comparsa Valores Ansina graba en vivo “ENTRE”, su espectáculo del Carnaval 2023. Una propuesta diferente, un espectáculo dedicado especialmente a las infancias y también para todas las personas. Porque ENTRE una cosa y otra, hay infinitas posibilidades, múltiples historias, versiones y visiones. En Valorandia hay «una» historia que [&hellip;]</p>

<!-- This site is optimized with the Yoast SEO plugin v21.7 - https://yoast.com/wordpress/plugins/seo/ -->
<title>Entre a grabar – Carnaval 2023 - Espectáculos</title>
<meta name="robots" content="index, follow, max-snippet:-1, max-image-preview:large, max-video-preview:-1" />
<link rel="canonical" href="https://sodre.gub.uy/espectaculos/entre-a-grabar-carnaval-2023/" />
<meta property="og:locale" content="es_ES" />
<meta property="og:type" content="article" />
<meta property="og:title" content="Entre a grabar – Carnaval 2023 - Espectáculos" />
<meta property="og:description" content="[vc_section el_class=»content&#8211;espectaculo evento-auditorio-nelly-goitino»][vc_row el_class=»cyg&#8211;descripcion»] [vc_column] [vc_column_text] La Comparsa Valores Ansina graba en vivo “ENTRE”, su espectáculo del Carnaval 2023. Una propuesta diferente, un espectáculo dedicado especialmente a las infancias y también para todas las personas. Porque ENTRE una cosa y otra, hay infinitas posibilidades, múltiples historias, versiones y visiones. En Valorandia hay «una» historia que [&hellip;]" />
<meta property="og:url" content="https://sodre.gub.uy/espectaculos/entre-a-grabar-carnaval-2023/" />
<meta property="og:site_name" content="Espectáculos" />
<meta name="twitter:card" content="summary_large_image" />
<meta name="twitter:label1" content="Tiempo de lectura" />
	<meta name="twitter:data1" content="1 minuto" />
<script type="application/ld+json" class="yoast-schema-graph">{"@context":"https://schema.org","@graph":[{"@type":"WebPage","@id":"https://sodre.gub.uy/espectaculos/entre-a-grabar-carnaval-2023/","url":"https://sodre.gub.uy/espectaculos/entre-a-grabar-carnaval-2023/","name":"Entre a grabar – Carnaval 2023 - Espectáculos","isPartOf":{"@id":"https://sodre.gub.uy/espectaculos/#website"},"datePublished":"2023-04-04T20:34:08+00:00","dateModified":"2023-04-04T20:34:08+00:00","inLanguage":"es","potentialAction":[{"@type":"ReadAction","target":["https://sodre.gub.uy/espectaculos/entre-a-grabar-carnaval-2023/"]}]},{"@type":"WebSite","@id":"https://sodre.gub.uy/espectaculos/#website","url":"https://sodre.gub.uy/espectaculos/","name":"Espectáculos","description":"Servicio Oficial de Difusión, Representaciones y Espectáculos","publisher":{"@id":"https://sodre.gub.uy/espectaculos/#organization"},"potentialAction":[{"@type":"SearchAction","target":{"@type":"EntryPoint","urlTemplate":"https://sodre.gub.uy/espectaculos/?s={search_term_string}"},"query-input":"required name=search_term_string"}],"inLanguage":"es"},{"@type":"Organization","@id":"https://sodre.gub.uy/espectaculos/#organization","name":"Espectáculos","url":"https://sodre.gub.uy/espectaculos/","logo":{"@type":"ImageObject","inLanguage":"es","@id":"https://sodre.gub.uy/espectaculos/#/schema/logo/image/","url":"https://sodre.gub.uy/espectaculos/wp-content/uploads/sites/2/2023/12/logo-sodre-black.svg","contentUrl":"https://sodre.gub.uy/espectaculos/wp-content/uploads/sites/2/2023/12/logo-sodre-black.svg","caption":"Espectáculos"},"image":{"@id":"https://sodre.gub.uy/espectaculos/#/schema/logo/image/"}}]}</script>
<!-- / Yoast SEO plugin. -->

Entre a grabar – Carnaval 2023 - Espectáculos

[vc_section el_class=»content&#8211;espectaculo evento-auditorio-nelly-goitino»][vc_row el_class=»cyg&#8211;descripcion»] [vc_column] [vc_column_text] La Comparsa Valores Ansina graba en vivo “ENTRE”, su espectáculo del Carnaval 2023. Una propuesta diferente, un espectáculo dedicado especialmente a las infancias y también para todas las personas. Porque ENTRE una cosa y otra, hay infinitas posibilidades, múltiples historias, versiones y visiones. En Valorandia hay «una» historia que [&hellip;]

Espectáculos

Servicio Oficial de Difusión, Representaciones y Espectáculos
