{"id":3867,"date":"2022-10-17T15:51:20","date_gmt":"2022-10-17T18:51:20","guid":{"rendered":"https:\/\/sodre.gub.uy\/espectaculos\/grupo-puerto-montt-espectaculo\/"},"modified":"2022-10-17T15:51:20","modified_gmt":"2022-10-17T18:51:20","slug":"grupo-puerto-montt-espectaculo","status":"publish","type":"espectaculo","link":"https:\/\/sodre.gub.uy\/espectaculos\/grupo-puerto-montt-espectaculo\/","title":{"rendered":"Grupo Puerto Montt"},"content":{"rendered":"<div class=\"wpb-content-wrapper\"><p>[vc_section el_class=\u00bbcontent&#8211;espectaculo evento-auditorio-nelly-goitino\u00bb][vc_row el_class=\u00bbcyg&#8211;descripcion\u00bb]<br \/>\n\t\t\t\t\t[vc_column]<br \/>\n\t\t\t\t\t\t[vc_column_text]<\/p>\n<section>\n<p>PUERTO MONTT Tributo homenaje a Eduardo Franco y Los Iracundos plantea un recorrido audiovisual a trav\u00e9s de las m\u00e1s recordadas canciones de la banda. Con una puesta en escena que recrea en vivo la \u00e9poca de oro de Eduardo Franco y Los Iracundos. Momentos llenos de nostalgia y el mejor recuerdo, la emoci\u00f3n y aquella alegr\u00eda y diversi\u00f3n que sab\u00eda transmitir aquel grupo de Paysand\u00fa. Ellos son: Liber Hourquebi\u00e9 en voz, Roberto Harrison Bosco en guitarra, Fernando Micucci en bater\u00eda, Agust\u00edn Budandjian 1\u00aa guitarra, Daniel Damiano en teclados y Ernesto Ar\u00e9valo en bajo.<\/p>\n<p>Menores de 5 a\u00f1os acompa\u00f1ados por sus responsables no pagan.<\/p>\n<p>\u00a0<\/p>\n<p style=\"text-align: center;\"><span style=\"font-size: 14pt;\"><strong><a href=\"https:\/\/tickantel.com.uy\/inicio\/espectaculo\/40012694\/espectaculo\/Grupo%20Puerto%20Montt?1\" target=\"_blank\" rel=\"noopener noreferrer\">COMPRAR ENTRADA<\/a><\/strong><\/span><\/p>\n<p>\u00a0<\/p>\n<\/section>\n<p>\t\t\t\t\t\t[\/vc_column_text]<br \/>\n\t\t\t\t\t\t[vc_empty_space height=\u00bb30px\u00bb el_class=\u00bbcyg&#8211;espacio-30&#8243;]<br \/>\n\t\t\t\t\t[\/vc_column]<br \/>\n\t\t\t\t[\/vc_row][vc_row el_class=\u00bbcyg&#8211;ficha\u00bb]<br \/>\n\t\t\t\t\t[vc_column]<br \/>\n\t\t\t\t\t[vc_column_text]<\/p>\n<section><\/section>\n<p>\t\t\t\t\t[\/vc_column_text]<br \/>\n\t\t\t\t\t[\/vc_column]<br \/>\n\t\t\t\t[\/vc_row][\/vc_section]<\/p>\n<\/div>","protected":false},"excerpt":{"rendered":"<p>[vc_section el_class=\u00bbcontent&#8211;espectaculo evento-auditorio-nelly-goitino\u00bb][vc_row el_class=\u00bbcyg&#8211;descripcion\u00bb] [vc_column] [vc_column_text] PUERTO MONTT Tributo homenaje a Eduardo Franco y Los Iracundos plantea un recorrido audiovisual a trav\u00e9s de las m\u00e1s recordadas canciones de la banda. Con una puesta en escena que recrea en vivo la \u00e9poca de oro de Eduardo Franco y Los Iracundos. Momentos llenos de nostalgia y el [&hellip;]<\/p>\n","protected":false},"menu_order":0,"template":"","format":"standard","cuerpo-estable":[],"etiqueta-espectaculo":[],"lugar":[17],"sala-espacio":[35],"acf":[],"yoast_head":"<!-- This site is optimized with the Yoast SEO plugin v21.7 - https:\/\/yoast.com\/wordpress\/plugins\/seo\/ -->\n<title>Grupo Puerto Montt - Espect\u00e1culos<\/title>\n<meta name=\"robots\" content=\"index, follow, max-snippet:-1, max-image-preview:large, max-video-preview:-1\" \/>\n<link rel=\"canonical\" href=\"https:\/\/sodre.gub.uy\/espectaculos\/grupo-puerto-montt-espectaculo\/\" \/>\n<meta property=\"og:locale\" content=\"es_ES\" \/>\n<meta property=\"og:type\" content=\"article\" \/>\n<meta property=\"og:title\" content=\"Grupo Puerto Montt - Espect\u00e1culos\" \/>\n<meta property=\"og:description\" content=\"[vc_section el_class=\u00bbcontent&#8211;espectaculo evento-auditorio-nelly-goitino\u00bb][vc_row el_class=\u00bbcyg&#8211;descripcion\u00bb] [vc_column] [vc_column_text] PUERTO MONTT Tributo homenaje a Eduardo Franco y Los Iracundos plantea un recorrido audiovisual a trav\u00e9s de las m\u00e1s recordadas canciones de la banda. Con una puesta en escena que recrea en vivo la \u00e9poca de oro de Eduardo Franco y Los Iracundos. Momentos llenos de nostalgia y el [&hellip;]\" \/>\n<meta property=\"og:url\" content=\"https:\/\/sodre.gub.uy\/espectaculos\/grupo-puerto-montt-espectaculo\/\" \/>\n<meta property=\"og:site_name\" content=\"Espect\u00e1culos\" \/>\n<meta name=\"twitter:card\" content=\"summary_large_image\" \/>\n<meta name=\"twitter:label1\" content=\"Tiempo de lectura\" \/>\n\t<meta name=\"twitter:data1\" content=\"1 minuto\" \/>\n<script type=\"application\/ld+json\" class=\"yoast-schema-graph\">{\"@context\":\"https:\/\/schema.org\",\"@graph\":[{\"@type\":\"WebPage\",\"@id\":\"https:\/\/sodre.gub.uy\/espectaculos\/grupo-puerto-montt-espectaculo\/\",\"url\":\"https:\/\/sodre.gub.uy\/espectaculos\/grupo-puerto-montt-espectaculo\/\",\"name\":\"Grupo Puerto Montt - Espect\u00e1culos\",\"isPartOf\":{\"@id\":\"https:\/\/sodre.gub.uy\/espectaculos\/#website\"},\"datePublished\":\"2022-10-17T18:51:20+00:00\",\"dateModified\":\"2022-10-17T18:51:20+00:00\",\"inLanguage\":\"es\",\"potentialAction\":[{\"@type\":\"ReadAction\",\"target\":[\"https:\/\/sodre.gub.uy\/espectaculos\/grupo-puerto-montt-espectaculo\/\"]}]},{\"@type\":\"WebSite\",\"@id\":\"https:\/\/sodre.gub.uy\/espectaculos\/#website\",\"url\":\"https:\/\/sodre.gub.uy\/espectaculos\/\",\"name\":\"Espect\u00e1culos\",\"description\":\"Servicio Oficial de Difusi\u00f3n, Representaciones y Espect\u00e1culos\",\"publisher\":{\"@id\":\"https:\/\/sodre.gub.uy\/espectaculos\/#organization\"},\"potentialAction\":[{\"@type\":\"SearchAction\",\"target\":{\"@type\":\"EntryPoint\",\"urlTemplate\":\"https:\/\/sodre.gub.uy\/espectaculos\/?s={search_term_string}\"},\"query-input\":\"required name=search_term_string\"}],\"inLanguage\":\"es\"},{\"@type\":\"Organization\",\"@id\":\"https:\/\/sodre.gub.uy\/espectaculos\/#organization\",\"name\":\"Espect\u00e1culos\",\"url\":\"https:\/\/sodre.gub.uy\/espectaculos\/\",\"logo\":{\"@type\":\"ImageObject\",\"inLanguage\":\"es\",\"@id\":\"https:\/\/sodre.gub.uy\/espectaculos\/#\/schema\/logo\/image\/\",\"url\":\"https:\/\/sodre.gub.uy\/espectaculos\/wp-content\/uploads\/sites\/2\/2023\/12\/logo-sodre-black.svg\",\"contentUrl\":\"https:\/\/sodre.gub.uy\/espectaculos\/wp-content\/uploads\/sites\/2\/2023\/12\/logo-sodre-black.svg\",\"caption\":\"Espect\u00e1culos\"},\"image\":{\"@id\":\"https:\/\/sodre.gub.uy\/espectaculos\/#\/schema\/logo\/image\/\"}}]}<\/script>\n<!-- \/ Yoast SEO plugin. -->","yoast_head_json":{"title":"Grupo Puerto Montt - Espect\u00e1culos","robots":{"index":"index","follow":"follow","max-snippet":"max-snippet:-1","max-image-preview":"max-image-preview:large","max-video-preview":"max-video-preview:-1"},"canonical":"https:\/\/sodre.gub.uy\/espectaculos\/grupo-puerto-montt-espectaculo\/","og_locale":"es_ES","og_type":"article","og_title":"Grupo Puerto Montt - Espect\u00e1culos","og_description":"[vc_section el_class=\u00bbcontent&#8211;espectaculo evento-auditorio-nelly-goitino\u00bb][vc_row el_class=\u00bbcyg&#8211;descripcion\u00bb] [vc_column] [vc_column_text] PUERTO MONTT Tributo homenaje a Eduardo Franco y Los Iracundos plantea un recorrido audiovisual a trav\u00e9s de las m\u00e1s recordadas canciones de la banda. Con una puesta en escena que recrea en vivo la \u00e9poca de oro de Eduardo Franco y Los Iracundos. Momentos llenos de nostalgia y el [&hellip;]","og_url":"https:\/\/sodre.gub.uy\/espectaculos\/grupo-puerto-montt-espectaculo\/","og_site_name":"Espect\u00e1culos","twitter_card":"summary_large_image","twitter_misc":{"Tiempo de lectura":"1 minuto"},"schema":{"@context":"https:\/\/schema.org","@graph":[{"@type":"WebPage","@id":"https:\/\/sodre.gub.uy\/espectaculos\/grupo-puerto-montt-espectaculo\/","url":"https:\/\/sodre.gub.uy\/espectaculos\/grupo-puerto-montt-espectaculo\/","name":"Grupo Puerto Montt - Espect\u00e1culos","isPartOf":{"@id":"https:\/\/sodre.gub.uy\/espectaculos\/#website"},"datePublished":"2022-10-17T18:51:20+00:00","dateModified":"2022-10-17T18:51:20+00:00","inLanguage":"es","potentialAction":[{"@type":"ReadAction","target":["https:\/\/sodre.gub.uy\/espectaculos\/grupo-puerto-montt-espectaculo\/"]}]},{"@type":"WebSite","@id":"https:\/\/sodre.gub.uy\/espectaculos\/#website","url":"https:\/\/sodre.gub.uy\/espectaculos\/","name":"Espect\u00e1culos","description":"Servicio Oficial de Difusi\u00f3n, Representaciones y Espect\u00e1culos","publisher":{"@id":"https:\/\/sodre.gub.uy\/espectaculos\/#organization"},"potentialAction":[{"@type":"SearchAction","target":{"@type":"EntryPoint","urlTemplate":"https:\/\/sodre.gub.uy\/espectaculos\/?s={search_term_string}"},"query-input":"required name=search_term_string"}],"inLanguage":"es"},{"@type":"Organization","@id":"https:\/\/sodre.gub.uy\/espectaculos\/#organization","name":"Espect\u00e1culos","url":"https:\/\/sodre.gub.uy\/espectaculos\/","logo":{"@type":"ImageObject","inLanguage":"es","@id":"https:\/\/sodre.gub.uy\/espectaculos\/#\/schema\/logo\/image\/","url":"https:\/\/sodre.gub.uy\/espectaculos\/wp-content\/uploads\/sites\/2\/2023\/12\/logo-sodre-black.svg","contentUrl":"https:\/\/sodre.gub.uy\/espectaculos\/wp-content\/uploads\/sites\/2\/2023\/12\/logo-sodre-black.svg","caption":"Espect\u00e1culos"},"image":{"@id":"https:\/\/sodre.gub.uy\/espectaculos\/#\/schema\/logo\/image\/"}}]}},"_links":{"self":[{"href":"https:\/\/sodre.gub.uy\/espectaculos\/wp-json\/wp\/v2\/espectaculo\/3867"}],"collection":[{"href":"https:\/\/sodre.gub.uy\/espectaculos\/wp-json\/wp\/v2\/espectaculo"}],"about":[{"href":"https:\/\/sodre.gub.uy\/espectaculos\/wp-json\/wp\/v2\/types\/espectaculo"}],"version-history":[{"count":0,"href":"https:\/\/sodre.gub.uy\/espectaculos\/wp-json\/wp\/v2\/espectaculo\/3867\/revisions"}],"wp:attachment":[{"href":"https:\/\/sodre.gub.uy\/espectaculos\/wp-json\/wp\/v2\/media?parent=3867"}],"wp:term":[{"taxonomy":"cuerpo-estable","embeddable":true,"href":"https:\/\/sodre.gub.uy\/espectaculos\/wp-json\/wp\/v2\/cuerpo-estable?post=3867"},{"taxonomy":"etiqueta-espectaculo","embeddable":true,"href":"https:\/\/sodre.gub.uy\/espectaculos\/wp-json\/wp\/v2\/etiqueta-espectaculo?post=3867"},{"taxonomy":"lugar","embeddable":true,"href":"https:\/\/sodre.gub.uy\/espectaculos\/wp-json\/wp\/v2\/lugar?post=3867"},{"taxonomy":"sala-espacio","embeddable":true,"href":"https:\/\/sodre.gub.uy\/espectaculos\/wp-json\/wp\/v2\/sala-espacio?post=3867"}],"curies":[{"name":"wp","href":"https:\/\/api.w.org\/{rel}","templated":true}]}}

<div class="wpb-content-wrapper"><p>[vc_section el_class=»content&#8211;espectaculo evento-auditorio-nelly-goitino»][vc_row el_class=»cyg&#8211;descripcion»]<br />
					[vc_column]<br />
						[vc_column_text]</p>
<section>
<p>PUERTO MONTT Tributo homenaje a Eduardo Franco y Los Iracundos plantea un recorrido audiovisual a través de las más recordadas canciones de la banda. Con una puesta en escena que recrea en vivo la época de oro de Eduardo Franco y Los Iracundos. Momentos llenos de nostalgia y el mejor recuerdo, la emoción y aquella alegría y diversión que sabía transmitir aquel grupo de Paysandú. Ellos son: Liber Hourquebié en voz, Roberto Harrison Bosco en guitarra, Fernando Micucci en batería, Agustín Budandjian 1ª guitarra, Daniel Damiano en teclados y Ernesto Arévalo en bajo.</p>
<p>Menores de 5 años acompañados por sus responsables no pagan.</p>
<p> </p>
<p style="text-align: center;"><span style="font-size: 14pt;"><strong><a href="https://tickantel.com.uy/inicio/espectaculo/40012694/espectaculo/Grupo%20Puerto%20Montt?1" target="_blank" rel="noopener noreferrer">COMPRAR ENTRADA</a></strong></span></p>
<p> </p>
</section>
<p>						[/vc_column_text]<br />
						[vc_empty_space height=»30px» el_class=»cyg&#8211;espacio-30&#8243;]<br />
					[/vc_column]<br />
				[/vc_row][vc_row el_class=»cyg&#8211;ficha»]<br />
					[vc_column]<br />
					[vc_column_text]</p>
<section></section>
<p>					[/vc_column_text]<br />
					[/vc_column]<br />
				[/vc_row][/vc_section]</p>
</div>

<p>[vc_section el_class=»content&#8211;espectaculo evento-auditorio-nelly-goitino»][vc_row el_class=»cyg&#8211;descripcion»] [vc_column] [vc_column_text] PUERTO MONTT Tributo homenaje a Eduardo Franco y Los Iracundos plantea un recorrido audiovisual a través de las más recordadas canciones de la banda. Con una puesta en escena que recrea en vivo la época de oro de Eduardo Franco y Los Iracundos. Momentos llenos de nostalgia y el [&hellip;]</p>

<!-- This site is optimized with the Yoast SEO plugin v21.7 - https://yoast.com/wordpress/plugins/seo/ -->
<title>Grupo Puerto Montt - Espectáculos</title>
<meta name="robots" content="index, follow, max-snippet:-1, max-image-preview:large, max-video-preview:-1" />
<link rel="canonical" href="https://sodre.gub.uy/espectaculos/grupo-puerto-montt-espectaculo/" />
<meta property="og:locale" content="es_ES" />
<meta property="og:type" content="article" />
<meta property="og:title" content="Grupo Puerto Montt - Espectáculos" />
<meta property="og:description" content="[vc_section el_class=»content&#8211;espectaculo evento-auditorio-nelly-goitino»][vc_row el_class=»cyg&#8211;descripcion»] [vc_column] [vc_column_text] PUERTO MONTT Tributo homenaje a Eduardo Franco y Los Iracundos plantea un recorrido audiovisual a través de las más recordadas canciones de la banda. Con una puesta en escena que recrea en vivo la época de oro de Eduardo Franco y Los Iracundos. Momentos llenos de nostalgia y el [&hellip;]" />
<meta property="og:url" content="https://sodre.gub.uy/espectaculos/grupo-puerto-montt-espectaculo/" />
<meta property="og:site_name" content="Espectáculos" />
<meta name="twitter:card" content="summary_large_image" />
<meta name="twitter:label1" content="Tiempo de lectura" />
	<meta name="twitter:data1" content="1 minuto" />
<script type="application/ld+json" class="yoast-schema-graph">{"@context":"https://schema.org","@graph":[{"@type":"WebPage","@id":"https://sodre.gub.uy/espectaculos/grupo-puerto-montt-espectaculo/","url":"https://sodre.gub.uy/espectaculos/grupo-puerto-montt-espectaculo/","name":"Grupo Puerto Montt - Espectáculos","isPartOf":{"@id":"https://sodre.gub.uy/espectaculos/#website"},"datePublished":"2022-10-17T18:51:20+00:00","dateModified":"2022-10-17T18:51:20+00:00","inLanguage":"es","potentialAction":[{"@type":"ReadAction","target":["https://sodre.gub.uy/espectaculos/grupo-puerto-montt-espectaculo/"]}]},{"@type":"WebSite","@id":"https://sodre.gub.uy/espectaculos/#website","url":"https://sodre.gub.uy/espectaculos/","name":"Espectáculos","description":"Servicio Oficial de Difusión, Representaciones y Espectáculos","publisher":{"@id":"https://sodre.gub.uy/espectaculos/#organization"},"potentialAction":[{"@type":"SearchAction","target":{"@type":"EntryPoint","urlTemplate":"https://sodre.gub.uy/espectaculos/?s={search_term_string}"},"query-input":"required name=search_term_string"}],"inLanguage":"es"},{"@type":"Organization","@id":"https://sodre.gub.uy/espectaculos/#organization","name":"Espectáculos","url":"https://sodre.gub.uy/espectaculos/","logo":{"@type":"ImageObject","inLanguage":"es","@id":"https://sodre.gub.uy/espectaculos/#/schema/logo/image/","url":"https://sodre.gub.uy/espectaculos/wp-content/uploads/sites/2/2023/12/logo-sodre-black.svg","contentUrl":"https://sodre.gub.uy/espectaculos/wp-content/uploads/sites/2/2023/12/logo-sodre-black.svg","caption":"Espectáculos"},"image":{"@id":"https://sodre.gub.uy/espectaculos/#/schema/logo/image/"}}]}</script>
<!-- / Yoast SEO plugin. -->

Grupo Puerto Montt - Espectáculos

[vc_section el_class=»content&#8211;espectaculo evento-auditorio-nelly-goitino»][vc_row el_class=»cyg&#8211;descripcion»] [vc_column] [vc_column_text] PUERTO MONTT Tributo homenaje a Eduardo Franco y Los Iracundos plantea un recorrido audiovisual a través de las más recordadas canciones de la banda. Con una puesta en escena que recrea en vivo la época de oro de Eduardo Franco y Los Iracundos. Momentos llenos de nostalgia y el [&hellip;]

Espectáculos

Servicio Oficial de Difusión, Representaciones y Espectáculos
