{"id":3864,"date":"2022-10-17T14:51:16","date_gmt":"2022-10-17T17:51:16","guid":{"rendered":"https:\/\/sodre.gub.uy\/espectaculos\/jose-lorca\/"},"modified":"2022-10-17T14:51:16","modified_gmt":"2022-10-17T17:51:16","slug":"jose-lorca","status":"publish","type":"espectaculo","link":"https:\/\/sodre.gub.uy\/espectaculos\/jose-lorca\/","title":{"rendered":"Jos\u00e9 Lorca \/ CANCELACI\u00d3N"},"content":{"rendered":"<div class=\"wpb-content-wrapper\"><p>[vc_section el_class=\u00bbcontent&#8211;espectaculo evento-auditorio-nelly-goitino\u00bb][vc_row el_class=\u00bbcyg&#8211;descripcion\u00bb]<br \/>\n\t\t\t\t\t[vc_column]<br \/>\n\t\t\t\t\t\t[vc_column_text]<\/p>\n<section>\n<div class=\"tab-content\">\n<div id=\"tab-informacion\" class=\"tab-pane fade active show\">\n<p>CANCELACI\u00d3N del concierto de LORCA Tour2022 previsto para el d\u00eda de ma\u00f1ana, viernes 18 de noviembre en el Auditorio Nelly Goiti\u00f1o, por razones de fuerza mayor.\u00a0 <\/p>\n<p>Las compras en efectivo se devolver\u00e1n en efectivo, en boleter\u00eda del Auditorio Nelly Goiti\u00f1o, el plazo es <strong>desde el viernes 18 de noviembre hasta el viernes 25de noviembre inclusive <\/strong>, las compras web, cr\u00e9dito y\/o d\u00e9bito se devolver\u00e1n de forma autom\u00e1tica por parte de Tickantel.<\/p>\n<p>El horario de boleter\u00eda es de lunes a domingo de 15 a 21 h.<\/p>\n<p>\u00a0<\/p>\n<p>El cantautor Madrile\u00f1o Jos\u00e9 Lorca regresa a Uruguay. En su cuarta visita. Con su Gira Marat\u00f3n 2022. Celebrando sus 25 a\u00f1os de carrera solista. Con su cl\u00e1sico repertorio Pop Rock y el estreno de su nueva producci\u00f3n. Estar\u00e1 acompa\u00f1ado en esta ocasi\u00f3n por m\u00fasicos de alta calidad de nuestro pa\u00eds.<\/p>\n<p>\u00a0<\/p>\n<p style=\"text-align: center;\"><span style=\"font-size: 14pt;\"><strong><a href=\"https:\/\/tickantel.com.uy\/inicio\/espectaculo\/40012316\/espectaculo\/Jos\u00e9%20Lorca?2\" target=\"_blank\" rel=\"noopener noreferrer\">COMPRAR ENTRADA<\/a><\/strong><\/span><\/p>\n<\/div>\n<\/div>\n<\/section>\n<p>\t\t\t\t\t\t[\/vc_column_text]<br \/>\n\t\t\t\t\t\t[vc_empty_space height=\u00bb30px\u00bb el_class=\u00bbcyg&#8211;espacio-30&#8243;]<br \/>\n\t\t\t\t\t[\/vc_column]<br \/>\n\t\t\t\t[\/vc_row][vc_row el_class=\u00bbcyg&#8211;ficha\u00bb]<br \/>\n\t\t\t\t\t[vc_column]<br \/>\n\t\t\t\t\t[vc_column_text]<\/p>\n<section><\/section>\n<p>\t\t\t\t\t[\/vc_column_text]<br \/>\n\t\t\t\t\t[\/vc_column]<br \/>\n\t\t\t\t[\/vc_row][\/vc_section]<\/p>\n<\/div>","protected":false},"excerpt":{"rendered":"<p>[vc_section el_class=\u00bbcontent&#8211;espectaculo evento-auditorio-nelly-goitino\u00bb][vc_row el_class=\u00bbcyg&#8211;descripcion\u00bb] [vc_column] [vc_column_text] CANCELACI\u00d3N del concierto de LORCA Tour2022 previsto para el d\u00eda de ma\u00f1ana, viernes 18 de noviembre en el Auditorio Nelly Goiti\u00f1o, por razones de fuerza mayor.\u00a0 Las compras en efectivo se devolver\u00e1n en efectivo, en boleter\u00eda del Auditorio Nelly Goiti\u00f1o, el plazo es desde el viernes 18 de noviembre [&hellip;]<\/p>\n","protected":false},"menu_order":0,"template":"","format":"standard","cuerpo-estable":[],"etiqueta-espectaculo":[],"lugar":[17],"sala-espacio":[35],"acf":[],"yoast_head":"<!-- This site is optimized with the Yoast SEO plugin v21.7 - https:\/\/yoast.com\/wordpress\/plugins\/seo\/ -->\n<title>Jos\u00e9 Lorca \/ CANCELACI\u00d3N - Espect\u00e1culos<\/title>\n<meta name=\"robots\" content=\"index, follow, max-snippet:-1, max-image-preview:large, max-video-preview:-1\" \/>\n<link rel=\"canonical\" href=\"https:\/\/sodre.gub.uy\/espectaculos\/jose-lorca\/\" \/>\n<meta property=\"og:locale\" content=\"es_ES\" \/>\n<meta property=\"og:type\" content=\"article\" \/>\n<meta property=\"og:title\" content=\"Jos\u00e9 Lorca \/ CANCELACI\u00d3N - Espect\u00e1culos\" \/>\n<meta property=\"og:description\" content=\"[vc_section el_class=\u00bbcontent&#8211;espectaculo evento-auditorio-nelly-goitino\u00bb][vc_row el_class=\u00bbcyg&#8211;descripcion\u00bb] [vc_column] [vc_column_text] CANCELACI\u00d3N del concierto de LORCA Tour2022 previsto para el d\u00eda de ma\u00f1ana, viernes 18 de noviembre en el Auditorio Nelly Goiti\u00f1o, por razones de fuerza mayor.\u00a0 Las compras en efectivo se devolver\u00e1n en efectivo, en boleter\u00eda del Auditorio Nelly Goiti\u00f1o, el plazo es desde el viernes 18 de noviembre [&hellip;]\" \/>\n<meta property=\"og:url\" content=\"https:\/\/sodre.gub.uy\/espectaculos\/jose-lorca\/\" \/>\n<meta property=\"og:site_name\" content=\"Espect\u00e1culos\" \/>\n<meta name=\"twitter:card\" content=\"summary_large_image\" \/>\n<meta name=\"twitter:label1\" content=\"Tiempo de lectura\" \/>\n\t<meta name=\"twitter:data1\" content=\"1 minuto\" \/>\n<script type=\"application\/ld+json\" class=\"yoast-schema-graph\">{\"@context\":\"https:\/\/schema.org\",\"@graph\":[{\"@type\":\"WebPage\",\"@id\":\"https:\/\/sodre.gub.uy\/espectaculos\/jose-lorca\/\",\"url\":\"https:\/\/sodre.gub.uy\/espectaculos\/jose-lorca\/\",\"name\":\"Jos\u00e9 Lorca \/ CANCELACI\u00d3N - Espect\u00e1culos\",\"isPartOf\":{\"@id\":\"https:\/\/sodre.gub.uy\/espectaculos\/#website\"},\"datePublished\":\"2022-10-17T17:51:16+00:00\",\"dateModified\":\"2022-10-17T17:51:16+00:00\",\"inLanguage\":\"es\",\"potentialAction\":[{\"@type\":\"ReadAction\",\"target\":[\"https:\/\/sodre.gub.uy\/espectaculos\/jose-lorca\/\"]}]},{\"@type\":\"WebSite\",\"@id\":\"https:\/\/sodre.gub.uy\/espectaculos\/#website\",\"url\":\"https:\/\/sodre.gub.uy\/espectaculos\/\",\"name\":\"Espect\u00e1culos\",\"description\":\"Servicio Oficial de Difusi\u00f3n, Representaciones y Espect\u00e1culos\",\"publisher\":{\"@id\":\"https:\/\/sodre.gub.uy\/espectaculos\/#organization\"},\"potentialAction\":[{\"@type\":\"SearchAction\",\"target\":{\"@type\":\"EntryPoint\",\"urlTemplate\":\"https:\/\/sodre.gub.uy\/espectaculos\/?s={search_term_string}\"},\"query-input\":\"required name=search_term_string\"}],\"inLanguage\":\"es\"},{\"@type\":\"Organization\",\"@id\":\"https:\/\/sodre.gub.uy\/espectaculos\/#organization\",\"name\":\"Espect\u00e1culos\",\"url\":\"https:\/\/sodre.gub.uy\/espectaculos\/\",\"logo\":{\"@type\":\"ImageObject\",\"inLanguage\":\"es\",\"@id\":\"https:\/\/sodre.gub.uy\/espectaculos\/#\/schema\/logo\/image\/\",\"url\":\"https:\/\/sodre.gub.uy\/espectaculos\/wp-content\/uploads\/sites\/2\/2023\/12\/logo-sodre-black.svg\",\"contentUrl\":\"https:\/\/sodre.gub.uy\/espectaculos\/wp-content\/uploads\/sites\/2\/2023\/12\/logo-sodre-black.svg\",\"caption\":\"Espect\u00e1culos\"},\"image\":{\"@id\":\"https:\/\/sodre.gub.uy\/espectaculos\/#\/schema\/logo\/image\/\"}}]}<\/script>\n<!-- \/ Yoast SEO plugin. -->","yoast_head_json":{"title":"Jos\u00e9 Lorca \/ CANCELACI\u00d3N - Espect\u00e1culos","robots":{"index":"index","follow":"follow","max-snippet":"max-snippet:-1","max-image-preview":"max-image-preview:large","max-video-preview":"max-video-preview:-1"},"canonical":"https:\/\/sodre.gub.uy\/espectaculos\/jose-lorca\/","og_locale":"es_ES","og_type":"article","og_title":"Jos\u00e9 Lorca \/ CANCELACI\u00d3N - Espect\u00e1culos","og_description":"[vc_section el_class=\u00bbcontent&#8211;espectaculo evento-auditorio-nelly-goitino\u00bb][vc_row el_class=\u00bbcyg&#8211;descripcion\u00bb] [vc_column] [vc_column_text] CANCELACI\u00d3N del concierto de LORCA Tour2022 previsto para el d\u00eda de ma\u00f1ana, viernes 18 de noviembre en el Auditorio Nelly Goiti\u00f1o, por razones de fuerza mayor.\u00a0 Las compras en efectivo se devolver\u00e1n en efectivo, en boleter\u00eda del Auditorio Nelly Goiti\u00f1o, el plazo es desde el viernes 18 de noviembre [&hellip;]","og_url":"https:\/\/sodre.gub.uy\/espectaculos\/jose-lorca\/","og_site_name":"Espect\u00e1culos","twitter_card":"summary_large_image","twitter_misc":{"Tiempo de lectura":"1 minuto"},"schema":{"@context":"https:\/\/schema.org","@graph":[{"@type":"WebPage","@id":"https:\/\/sodre.gub.uy\/espectaculos\/jose-lorca\/","url":"https:\/\/sodre.gub.uy\/espectaculos\/jose-lorca\/","name":"Jos\u00e9 Lorca \/ CANCELACI\u00d3N - Espect\u00e1culos","isPartOf":{"@id":"https:\/\/sodre.gub.uy\/espectaculos\/#website"},"datePublished":"2022-10-17T17:51:16+00:00","dateModified":"2022-10-17T17:51:16+00:00","inLanguage":"es","potentialAction":[{"@type":"ReadAction","target":["https:\/\/sodre.gub.uy\/espectaculos\/jose-lorca\/"]}]},{"@type":"WebSite","@id":"https:\/\/sodre.gub.uy\/espectaculos\/#website","url":"https:\/\/sodre.gub.uy\/espectaculos\/","name":"Espect\u00e1culos","description":"Servicio Oficial de Difusi\u00f3n, Representaciones y Espect\u00e1culos","publisher":{"@id":"https:\/\/sodre.gub.uy\/espectaculos\/#organization"},"potentialAction":[{"@type":"SearchAction","target":{"@type":"EntryPoint","urlTemplate":"https:\/\/sodre.gub.uy\/espectaculos\/?s={search_term_string}"},"query-input":"required name=search_term_string"}],"inLanguage":"es"},{"@type":"Organization","@id":"https:\/\/sodre.gub.uy\/espectaculos\/#organization","name":"Espect\u00e1culos","url":"https:\/\/sodre.gub.uy\/espectaculos\/","logo":{"@type":"ImageObject","inLanguage":"es","@id":"https:\/\/sodre.gub.uy\/espectaculos\/#\/schema\/logo\/image\/","url":"https:\/\/sodre.gub.uy\/espectaculos\/wp-content\/uploads\/sites\/2\/2023\/12\/logo-sodre-black.svg","contentUrl":"https:\/\/sodre.gub.uy\/espectaculos\/wp-content\/uploads\/sites\/2\/2023\/12\/logo-sodre-black.svg","caption":"Espect\u00e1culos"},"image":{"@id":"https:\/\/sodre.gub.uy\/espectaculos\/#\/schema\/logo\/image\/"}}]}},"_links":{"self":[{"href":"https:\/\/sodre.gub.uy\/espectaculos\/wp-json\/wp\/v2\/espectaculo\/3864"}],"collection":[{"href":"https:\/\/sodre.gub.uy\/espectaculos\/wp-json\/wp\/v2\/espectaculo"}],"about":[{"href":"https:\/\/sodre.gub.uy\/espectaculos\/wp-json\/wp\/v2\/types\/espectaculo"}],"version-history":[{"count":0,"href":"https:\/\/sodre.gub.uy\/espectaculos\/wp-json\/wp\/v2\/espectaculo\/3864\/revisions"}],"wp:attachment":[{"href":"https:\/\/sodre.gub.uy\/espectaculos\/wp-json\/wp\/v2\/media?parent=3864"}],"wp:term":[{"taxonomy":"cuerpo-estable","embeddable":true,"href":"https:\/\/sodre.gub.uy\/espectaculos\/wp-json\/wp\/v2\/cuerpo-estable?post=3864"},{"taxonomy":"etiqueta-espectaculo","embeddable":true,"href":"https:\/\/sodre.gub.uy\/espectaculos\/wp-json\/wp\/v2\/etiqueta-espectaculo?post=3864"},{"taxonomy":"lugar","embeddable":true,"href":"https:\/\/sodre.gub.uy\/espectaculos\/wp-json\/wp\/v2\/lugar?post=3864"},{"taxonomy":"sala-espacio","embeddable":true,"href":"https:\/\/sodre.gub.uy\/espectaculos\/wp-json\/wp\/v2\/sala-espacio?post=3864"}],"curies":[{"name":"wp","href":"https:\/\/api.w.org\/{rel}","templated":true}]}}

José Lorca / CANCELACIÓN

<div class="wpb-content-wrapper"><p>[vc_section el_class=»content&#8211;espectaculo evento-auditorio-nelly-goitino»][vc_row el_class=»cyg&#8211;descripcion»]<br />
					[vc_column]<br />
						[vc_column_text]</p>
<section>
<div class="tab-content">
<div id="tab-informacion" class="tab-pane fade active show">
<p>CANCELACIÓN del concierto de LORCA Tour2022 previsto para el día de mañana, viernes 18 de noviembre en el Auditorio Nelly Goitiño, por razones de fuerza mayor.  </p>
<p>Las compras en efectivo se devolverán en efectivo, en boletería del Auditorio Nelly Goitiño, el plazo es <strong>desde el viernes 18 de noviembre hasta el viernes 25de noviembre inclusive </strong>, las compras web, crédito y/o débito se devolverán de forma automática por parte de Tickantel.</p>
<p>El horario de boletería es de lunes a domingo de 15 a 21 h.</p>
<p> </p>
<p>El cantautor Madrileño José Lorca regresa a Uruguay. En su cuarta visita. Con su Gira Maratón 2022. Celebrando sus 25 años de carrera solista. Con su clásico repertorio Pop Rock y el estreno de su nueva producción. Estará acompañado en esta ocasión por músicos de alta calidad de nuestro país.</p>
<p> </p>
<p style="text-align: center;"><span style="font-size: 14pt;"><strong><a href="https://tickantel.com.uy/inicio/espectaculo/40012316/espectaculo/José%20Lorca?2" target="_blank" rel="noopener noreferrer">COMPRAR ENTRADA</a></strong></span></p>
</div>
</div>
</section>
<p>						[/vc_column_text]<br />
						[vc_empty_space height=»30px» el_class=»cyg&#8211;espacio-30&#8243;]<br />
					[/vc_column]<br />
				[/vc_row][vc_row el_class=»cyg&#8211;ficha»]<br />
					[vc_column]<br />
					[vc_column_text]</p>
<section></section>
<p>					[/vc_column_text]<br />
					[/vc_column]<br />
				[/vc_row][/vc_section]</p>
</div>

<p>[vc_section el_class=»content&#8211;espectaculo evento-auditorio-nelly-goitino»][vc_row el_class=»cyg&#8211;descripcion»] [vc_column] [vc_column_text] CANCELACIÓN del concierto de LORCA Tour2022 previsto para el día de mañana, viernes 18 de noviembre en el Auditorio Nelly Goitiño, por razones de fuerza mayor.  Las compras en efectivo se devolverán en efectivo, en boletería del Auditorio Nelly Goitiño, el plazo es desde el viernes 18 de noviembre [&hellip;]</p>

<!-- This site is optimized with the Yoast SEO plugin v21.7 - https://yoast.com/wordpress/plugins/seo/ -->
<title>José Lorca / CANCELACIÓN - Espectáculos</title>
<meta name="robots" content="index, follow, max-snippet:-1, max-image-preview:large, max-video-preview:-1" />
<link rel="canonical" href="https://sodre.gub.uy/espectaculos/jose-lorca/" />
<meta property="og:locale" content="es_ES" />
<meta property="og:type" content="article" />
<meta property="og:title" content="José Lorca / CANCELACIÓN - Espectáculos" />
<meta property="og:description" content="[vc_section el_class=»content&#8211;espectaculo evento-auditorio-nelly-goitino»][vc_row el_class=»cyg&#8211;descripcion»] [vc_column] [vc_column_text] CANCELACIÓN del concierto de LORCA Tour2022 previsto para el día de mañana, viernes 18 de noviembre en el Auditorio Nelly Goitiño, por razones de fuerza mayor.  Las compras en efectivo se devolverán en efectivo, en boletería del Auditorio Nelly Goitiño, el plazo es desde el viernes 18 de noviembre [&hellip;]" />
<meta property="og:url" content="https://sodre.gub.uy/espectaculos/jose-lorca/" />
<meta property="og:site_name" content="Espectáculos" />
<meta name="twitter:card" content="summary_large_image" />
<meta name="twitter:label1" content="Tiempo de lectura" />
	<meta name="twitter:data1" content="1 minuto" />
<script type="application/ld+json" class="yoast-schema-graph">{"@context":"https://schema.org","@graph":[{"@type":"WebPage","@id":"https://sodre.gub.uy/espectaculos/jose-lorca/","url":"https://sodre.gub.uy/espectaculos/jose-lorca/","name":"José Lorca / CANCELACIÓN - Espectáculos","isPartOf":{"@id":"https://sodre.gub.uy/espectaculos/#website"},"datePublished":"2022-10-17T17:51:16+00:00","dateModified":"2022-10-17T17:51:16+00:00","inLanguage":"es","potentialAction":[{"@type":"ReadAction","target":["https://sodre.gub.uy/espectaculos/jose-lorca/"]}]},{"@type":"WebSite","@id":"https://sodre.gub.uy/espectaculos/#website","url":"https://sodre.gub.uy/espectaculos/","name":"Espectáculos","description":"Servicio Oficial de Difusión, Representaciones y Espectáculos","publisher":{"@id":"https://sodre.gub.uy/espectaculos/#organization"},"potentialAction":[{"@type":"SearchAction","target":{"@type":"EntryPoint","urlTemplate":"https://sodre.gub.uy/espectaculos/?s={search_term_string}"},"query-input":"required name=search_term_string"}],"inLanguage":"es"},{"@type":"Organization","@id":"https://sodre.gub.uy/espectaculos/#organization","name":"Espectáculos","url":"https://sodre.gub.uy/espectaculos/","logo":{"@type":"ImageObject","inLanguage":"es","@id":"https://sodre.gub.uy/espectaculos/#/schema/logo/image/","url":"https://sodre.gub.uy/espectaculos/wp-content/uploads/sites/2/2023/12/logo-sodre-black.svg","contentUrl":"https://sodre.gub.uy/espectaculos/wp-content/uploads/sites/2/2023/12/logo-sodre-black.svg","caption":"Espectáculos"},"image":{"@id":"https://sodre.gub.uy/espectaculos/#/schema/logo/image/"}}]}</script>
<!-- / Yoast SEO plugin. -->

José Lorca / CANCELACIÓN - Espectáculos

[vc_section el_class=»content&#8211;espectaculo evento-auditorio-nelly-goitino»][vc_row el_class=»cyg&#8211;descripcion»] [vc_column] [vc_column_text] CANCELACIÓN del concierto de LORCA Tour2022 previsto para el día de mañana, viernes 18 de noviembre en el Auditorio Nelly Goitiño, por razones de fuerza mayor.  Las compras en efectivo se devolverán en efectivo, en boletería del Auditorio Nelly Goitiño, el plazo es desde el viernes 18 de noviembre [&hellip;]

Espectáculos

Servicio Oficial de Difusión, Representaciones y Espectáculos
