{"id":3825,"date":"2022-09-08T19:19:58","date_gmt":"2022-09-08T22:19:58","guid":{"rendered":"https:\/\/sodre.gub.uy\/espectaculos\/bandoneonas\/"},"modified":"2022-09-08T19:19:58","modified_gmt":"2022-09-08T22:19:58","slug":"bandoneonas","status":"publish","type":"espectaculo","link":"https:\/\/sodre.gub.uy\/espectaculos\/bandoneonas\/","title":{"rendered":"Bandoneonas"},"content":{"rendered":"<div class=\"wpb-content-wrapper\"><p>[vc_section el_class=\u00bbcontent&#8211;espectaculo evento-auditorio-nelly-goitino\u00bb][vc_row el_class=\u00bbcyg&#8211;descripcion\u00bb]<br \/>\n\t\t\t\t\t[vc_column]<br \/>\n\t\t\t\t\t\t[vc_column_text]<\/p>\n<section>\n<p>\u00a0<\/p>\n<p><b>Programa<\/b><\/p>\n<p>Che Bandone\u00f3n <b>Anibal Troilo<\/b><\/p>\n<p>Los Mareados <b>Juan Carlos Cobi\u00e1n<\/b><\/p>\n<p>Volver <b>Carlos Gardel<\/b><\/p>\n<p>Por una cabeza <b>Carlos Gardel<\/b><\/p>\n<p>El d\u00eda que me quieras <b>Carlos Gardel<\/b><\/p>\n<p>La Enmascarada <b>Paquita Bernardo<\/b><\/p>\n<p>Corralera <b>Anselmo Aieta<\/b><\/p>\n<p>Griseta <b>Enrique Delfino<\/b><\/p>\n<p>Pa\u2019 que bailen los muchachos <b>Anibal Troilo<\/b><\/p>\n<p>La \u00faltima curda <b>Anibal Troilo<\/b><\/p>\n<p>La Cumparsita <b>Gerardo Matos Rodr\u00edguez<\/b><\/p>\n<p>Libertango <b>Astor Piazzolla<\/b><\/p>\n<p>La Pu\u00f1alada <b>Pint\u00edn Castellanos<\/b><\/p>\n<p>\u00a0<\/p>\n<p>Integrantes <b>Abril Farolini, Sandra Gonz\u00e1lez, Alejandra Genta<\/b><\/p>\n<\/section>\n<p>\t\t\t\t\t\t[\/vc_column_text]<br \/>\n\t\t\t\t\t\t[vc_empty_space height=\u00bb30px\u00bb el_class=\u00bbcyg&#8211;espacio-30&#8243;]<br \/>\n\t\t\t\t\t[\/vc_column]<br \/>\n\t\t\t\t[\/vc_row][vc_row el_class=\u00bbcyg&#8211;ficha\u00bb]<br \/>\n\t\t\t\t\t[vc_column]<br \/>\n\t\t\t\t\t[vc_column_text]<\/p>\n<section><\/section>\n<p>\t\t\t\t\t[\/vc_column_text]<br \/>\n\t\t\t\t\t[\/vc_column]<br \/>\n\t\t\t\t[\/vc_row][\/vc_section]<\/p>\n<\/div>","protected":false},"excerpt":{"rendered":"<p>[vc_section el_class=\u00bbcontent&#8211;espectaculo evento-auditorio-nelly-goitino\u00bb][vc_row el_class=\u00bbcyg&#8211;descripcion\u00bb] [vc_column] [vc_column_text] \u00a0 Programa Che Bandone\u00f3n Anibal Troilo Los Mareados Juan Carlos Cobi\u00e1n Volver Carlos Gardel Por una cabeza Carlos Gardel El d\u00eda que me quieras Carlos Gardel La Enmascarada Paquita Bernardo Corralera Anselmo Aieta Griseta Enrique Delfino Pa\u2019 que bailen los muchachos Anibal Troilo La \u00faltima curda Anibal Troilo La [&hellip;]<\/p>\n","protected":false},"menu_order":0,"template":"","format":"standard","cuerpo-estable":[],"etiqueta-espectaculo":[],"lugar":[18],"sala-espacio":[],"acf":[],"yoast_head":"<!-- This site is optimized with the Yoast SEO plugin v21.7 - https:\/\/yoast.com\/wordpress\/plugins\/seo\/ -->\n<title>Bandoneonas - Espect\u00e1culos<\/title>\n<meta name=\"robots\" content=\"index, follow, max-snippet:-1, max-image-preview:large, max-video-preview:-1\" \/>\n<link rel=\"canonical\" href=\"https:\/\/sodre.gub.uy\/espectaculos\/bandoneonas\/\" \/>\n<meta property=\"og:locale\" content=\"es_ES\" \/>\n<meta property=\"og:type\" content=\"article\" \/>\n<meta property=\"og:title\" content=\"Bandoneonas - Espect\u00e1culos\" \/>\n<meta property=\"og:description\" content=\"[vc_section el_class=\u00bbcontent&#8211;espectaculo evento-auditorio-nelly-goitino\u00bb][vc_row el_class=\u00bbcyg&#8211;descripcion\u00bb] [vc_column] [vc_column_text] \u00a0 Programa Che Bandone\u00f3n Anibal Troilo Los Mareados Juan Carlos Cobi\u00e1n Volver Carlos Gardel Por una cabeza Carlos Gardel El d\u00eda que me quieras Carlos Gardel La Enmascarada Paquita Bernardo Corralera Anselmo Aieta Griseta Enrique Delfino Pa\u2019 que bailen los muchachos Anibal Troilo La \u00faltima curda Anibal Troilo La [&hellip;]\" \/>\n<meta property=\"og:url\" content=\"https:\/\/sodre.gub.uy\/espectaculos\/bandoneonas\/\" \/>\n<meta property=\"og:site_name\" content=\"Espect\u00e1culos\" \/>\n<meta name=\"twitter:card\" content=\"summary_large_image\" \/>\n<meta name=\"twitter:label1\" content=\"Tiempo de lectura\" \/>\n\t<meta name=\"twitter:data1\" content=\"1 minuto\" \/>\n<script type=\"application\/ld+json\" class=\"yoast-schema-graph\">{\"@context\":\"https:\/\/schema.org\",\"@graph\":[{\"@type\":\"WebPage\",\"@id\":\"https:\/\/sodre.gub.uy\/espectaculos\/bandoneonas\/\",\"url\":\"https:\/\/sodre.gub.uy\/espectaculos\/bandoneonas\/\",\"name\":\"Bandoneonas - Espect\u00e1culos\",\"isPartOf\":{\"@id\":\"https:\/\/sodre.gub.uy\/espectaculos\/#website\"},\"datePublished\":\"2022-09-08T22:19:58+00:00\",\"dateModified\":\"2022-09-08T22:19:58+00:00\",\"inLanguage\":\"es\",\"potentialAction\":[{\"@type\":\"ReadAction\",\"target\":[\"https:\/\/sodre.gub.uy\/espectaculos\/bandoneonas\/\"]}]},{\"@type\":\"WebSite\",\"@id\":\"https:\/\/sodre.gub.uy\/espectaculos\/#website\",\"url\":\"https:\/\/sodre.gub.uy\/espectaculos\/\",\"name\":\"Espect\u00e1culos\",\"description\":\"Servicio Oficial de Difusi\u00f3n, Representaciones y Espect\u00e1culos\",\"publisher\":{\"@id\":\"https:\/\/sodre.gub.uy\/espectaculos\/#organization\"},\"potentialAction\":[{\"@type\":\"SearchAction\",\"target\":{\"@type\":\"EntryPoint\",\"urlTemplate\":\"https:\/\/sodre.gub.uy\/espectaculos\/?s={search_term_string}\"},\"query-input\":\"required name=search_term_string\"}],\"inLanguage\":\"es\"},{\"@type\":\"Organization\",\"@id\":\"https:\/\/sodre.gub.uy\/espectaculos\/#organization\",\"name\":\"Espect\u00e1culos\",\"url\":\"https:\/\/sodre.gub.uy\/espectaculos\/\",\"logo\":{\"@type\":\"ImageObject\",\"inLanguage\":\"es\",\"@id\":\"https:\/\/sodre.gub.uy\/espectaculos\/#\/schema\/logo\/image\/\",\"url\":\"https:\/\/sodre.gub.uy\/espectaculos\/wp-content\/uploads\/sites\/2\/2023\/12\/logo-sodre-black.svg\",\"contentUrl\":\"https:\/\/sodre.gub.uy\/espectaculos\/wp-content\/uploads\/sites\/2\/2023\/12\/logo-sodre-black.svg\",\"caption\":\"Espect\u00e1culos\"},\"image\":{\"@id\":\"https:\/\/sodre.gub.uy\/espectaculos\/#\/schema\/logo\/image\/\"}}]}<\/script>\n<!-- \/ Yoast SEO plugin. -->","yoast_head_json":{"title":"Bandoneonas - Espect\u00e1culos","robots":{"index":"index","follow":"follow","max-snippet":"max-snippet:-1","max-image-preview":"max-image-preview:large","max-video-preview":"max-video-preview:-1"},"canonical":"https:\/\/sodre.gub.uy\/espectaculos\/bandoneonas\/","og_locale":"es_ES","og_type":"article","og_title":"Bandoneonas - Espect\u00e1culos","og_description":"[vc_section el_class=\u00bbcontent&#8211;espectaculo evento-auditorio-nelly-goitino\u00bb][vc_row el_class=\u00bbcyg&#8211;descripcion\u00bb] [vc_column] [vc_column_text] \u00a0 Programa Che Bandone\u00f3n Anibal Troilo Los Mareados Juan Carlos Cobi\u00e1n Volver Carlos Gardel Por una cabeza Carlos Gardel El d\u00eda que me quieras Carlos Gardel La Enmascarada Paquita Bernardo Corralera Anselmo Aieta Griseta Enrique Delfino Pa\u2019 que bailen los muchachos Anibal Troilo La \u00faltima curda Anibal Troilo La [&hellip;]","og_url":"https:\/\/sodre.gub.uy\/espectaculos\/bandoneonas\/","og_site_name":"Espect\u00e1culos","twitter_card":"summary_large_image","twitter_misc":{"Tiempo de lectura":"1 minuto"},"schema":{"@context":"https:\/\/schema.org","@graph":[{"@type":"WebPage","@id":"https:\/\/sodre.gub.uy\/espectaculos\/bandoneonas\/","url":"https:\/\/sodre.gub.uy\/espectaculos\/bandoneonas\/","name":"Bandoneonas - Espect\u00e1culos","isPartOf":{"@id":"https:\/\/sodre.gub.uy\/espectaculos\/#website"},"datePublished":"2022-09-08T22:19:58+00:00","dateModified":"2022-09-08T22:19:58+00:00","inLanguage":"es","potentialAction":[{"@type":"ReadAction","target":["https:\/\/sodre.gub.uy\/espectaculos\/bandoneonas\/"]}]},{"@type":"WebSite","@id":"https:\/\/sodre.gub.uy\/espectaculos\/#website","url":"https:\/\/sodre.gub.uy\/espectaculos\/","name":"Espect\u00e1culos","description":"Servicio Oficial de Difusi\u00f3n, Representaciones y Espect\u00e1culos","publisher":{"@id":"https:\/\/sodre.gub.uy\/espectaculos\/#organization"},"potentialAction":[{"@type":"SearchAction","target":{"@type":"EntryPoint","urlTemplate":"https:\/\/sodre.gub.uy\/espectaculos\/?s={search_term_string}"},"query-input":"required name=search_term_string"}],"inLanguage":"es"},{"@type":"Organization","@id":"https:\/\/sodre.gub.uy\/espectaculos\/#organization","name":"Espect\u00e1culos","url":"https:\/\/sodre.gub.uy\/espectaculos\/","logo":{"@type":"ImageObject","inLanguage":"es","@id":"https:\/\/sodre.gub.uy\/espectaculos\/#\/schema\/logo\/image\/","url":"https:\/\/sodre.gub.uy\/espectaculos\/wp-content\/uploads\/sites\/2\/2023\/12\/logo-sodre-black.svg","contentUrl":"https:\/\/sodre.gub.uy\/espectaculos\/wp-content\/uploads\/sites\/2\/2023\/12\/logo-sodre-black.svg","caption":"Espect\u00e1culos"},"image":{"@id":"https:\/\/sodre.gub.uy\/espectaculos\/#\/schema\/logo\/image\/"}}]}},"_links":{"self":[{"href":"https:\/\/sodre.gub.uy\/espectaculos\/wp-json\/wp\/v2\/espectaculo\/3825"}],"collection":[{"href":"https:\/\/sodre.gub.uy\/espectaculos\/wp-json\/wp\/v2\/espectaculo"}],"about":[{"href":"https:\/\/sodre.gub.uy\/espectaculos\/wp-json\/wp\/v2\/types\/espectaculo"}],"version-history":[{"count":0,"href":"https:\/\/sodre.gub.uy\/espectaculos\/wp-json\/wp\/v2\/espectaculo\/3825\/revisions"}],"wp:attachment":[{"href":"https:\/\/sodre.gub.uy\/espectaculos\/wp-json\/wp\/v2\/media?parent=3825"}],"wp:term":[{"taxonomy":"cuerpo-estable","embeddable":true,"href":"https:\/\/sodre.gub.uy\/espectaculos\/wp-json\/wp\/v2\/cuerpo-estable?post=3825"},{"taxonomy":"etiqueta-espectaculo","embeddable":true,"href":"https:\/\/sodre.gub.uy\/espectaculos\/wp-json\/wp\/v2\/etiqueta-espectaculo?post=3825"},{"taxonomy":"lugar","embeddable":true,"href":"https:\/\/sodre.gub.uy\/espectaculos\/wp-json\/wp\/v2\/lugar?post=3825"},{"taxonomy":"sala-espacio","embeddable":true,"href":"https:\/\/sodre.gub.uy\/espectaculos\/wp-json\/wp\/v2\/sala-espacio?post=3825"}],"curies":[{"name":"wp","href":"https:\/\/api.w.org\/{rel}","templated":true}]}}

<div class="wpb-content-wrapper"><p>[vc_section el_class=»content&#8211;espectaculo evento-auditorio-nelly-goitino»][vc_row el_class=»cyg&#8211;descripcion»]<br />
					[vc_column]<br />
						[vc_column_text]</p>
<section>
<p> </p>
<p><b>Programa</b></p>
<p>Che Bandoneón <b>Anibal Troilo</b></p>
<p>Los Mareados <b>Juan Carlos Cobián</b></p>
<p>Volver <b>Carlos Gardel</b></p>
<p>Por una cabeza <b>Carlos Gardel</b></p>
<p>El día que me quieras <b>Carlos Gardel</b></p>
<p>La Enmascarada <b>Paquita Bernardo</b></p>
<p>Corralera <b>Anselmo Aieta</b></p>
<p>Griseta <b>Enrique Delfino</b></p>
<p>Pa’ que bailen los muchachos <b>Anibal Troilo</b></p>
<p>La última curda <b>Anibal Troilo</b></p>
<p>La Cumparsita <b>Gerardo Matos Rodríguez</b></p>
<p>Libertango <b>Astor Piazzolla</b></p>
<p>La Puñalada <b>Pintín Castellanos</b></p>
<p> </p>
<p>Integrantes <b>Abril Farolini, Sandra González, Alejandra Genta</b></p>
</section>
<p>						[/vc_column_text]<br />
						[vc_empty_space height=»30px» el_class=»cyg&#8211;espacio-30&#8243;]<br />
					[/vc_column]<br />
				[/vc_row][vc_row el_class=»cyg&#8211;ficha»]<br />
					[vc_column]<br />
					[vc_column_text]</p>
<section></section>
<p>					[/vc_column_text]<br />
					[/vc_column]<br />
				[/vc_row][/vc_section]</p>
</div>

<p>[vc_section el_class=»content&#8211;espectaculo evento-auditorio-nelly-goitino»][vc_row el_class=»cyg&#8211;descripcion»] [vc_column] [vc_column_text]   Programa Che Bandoneón Anibal Troilo Los Mareados Juan Carlos Cobián Volver Carlos Gardel Por una cabeza Carlos Gardel El día que me quieras Carlos Gardel La Enmascarada Paquita Bernardo Corralera Anselmo Aieta Griseta Enrique Delfino Pa’ que bailen los muchachos Anibal Troilo La última curda Anibal Troilo La [&hellip;]</p>

<!-- This site is optimized with the Yoast SEO plugin v21.7 - https://yoast.com/wordpress/plugins/seo/ -->
<title>Bandoneonas - Espectáculos</title>
<meta name="robots" content="index, follow, max-snippet:-1, max-image-preview:large, max-video-preview:-1" />
<link rel="canonical" href="https://sodre.gub.uy/espectaculos/bandoneonas/" />
<meta property="og:locale" content="es_ES" />
<meta property="og:type" content="article" />
<meta property="og:title" content="Bandoneonas - Espectáculos" />
<meta property="og:description" content="[vc_section el_class=»content&#8211;espectaculo evento-auditorio-nelly-goitino»][vc_row el_class=»cyg&#8211;descripcion»] [vc_column] [vc_column_text]   Programa Che Bandoneón Anibal Troilo Los Mareados Juan Carlos Cobián Volver Carlos Gardel Por una cabeza Carlos Gardel El día que me quieras Carlos Gardel La Enmascarada Paquita Bernardo Corralera Anselmo Aieta Griseta Enrique Delfino Pa’ que bailen los muchachos Anibal Troilo La última curda Anibal Troilo La [&hellip;]" />
<meta property="og:url" content="https://sodre.gub.uy/espectaculos/bandoneonas/" />
<meta property="og:site_name" content="Espectáculos" />
<meta name="twitter:card" content="summary_large_image" />
<meta name="twitter:label1" content="Tiempo de lectura" />
	<meta name="twitter:data1" content="1 minuto" />
<script type="application/ld+json" class="yoast-schema-graph">{"@context":"https://schema.org","@graph":[{"@type":"WebPage","@id":"https://sodre.gub.uy/espectaculos/bandoneonas/","url":"https://sodre.gub.uy/espectaculos/bandoneonas/","name":"Bandoneonas - Espectáculos","isPartOf":{"@id":"https://sodre.gub.uy/espectaculos/#website"},"datePublished":"2022-09-08T22:19:58+00:00","dateModified":"2022-09-08T22:19:58+00:00","inLanguage":"es","potentialAction":[{"@type":"ReadAction","target":["https://sodre.gub.uy/espectaculos/bandoneonas/"]}]},{"@type":"WebSite","@id":"https://sodre.gub.uy/espectaculos/#website","url":"https://sodre.gub.uy/espectaculos/","name":"Espectáculos","description":"Servicio Oficial de Difusión, Representaciones y Espectáculos","publisher":{"@id":"https://sodre.gub.uy/espectaculos/#organization"},"potentialAction":[{"@type":"SearchAction","target":{"@type":"EntryPoint","urlTemplate":"https://sodre.gub.uy/espectaculos/?s={search_term_string}"},"query-input":"required name=search_term_string"}],"inLanguage":"es"},{"@type":"Organization","@id":"https://sodre.gub.uy/espectaculos/#organization","name":"Espectáculos","url":"https://sodre.gub.uy/espectaculos/","logo":{"@type":"ImageObject","inLanguage":"es","@id":"https://sodre.gub.uy/espectaculos/#/schema/logo/image/","url":"https://sodre.gub.uy/espectaculos/wp-content/uploads/sites/2/2023/12/logo-sodre-black.svg","contentUrl":"https://sodre.gub.uy/espectaculos/wp-content/uploads/sites/2/2023/12/logo-sodre-black.svg","caption":"Espectáculos"},"image":{"@id":"https://sodre.gub.uy/espectaculos/#/schema/logo/image/"}}]}</script>
<!-- / Yoast SEO plugin. -->

Bandoneonas - Espectáculos

[vc_section el_class=»content&#8211;espectaculo evento-auditorio-nelly-goitino»][vc_row el_class=»cyg&#8211;descripcion»] [vc_column] [vc_column_text]   Programa Che Bandoneón Anibal Troilo Los Mareados Juan Carlos Cobián Volver Carlos Gardel Por una cabeza Carlos Gardel El día que me quieras Carlos Gardel La Enmascarada Paquita Bernardo Corralera Anselmo Aieta Griseta Enrique Delfino Pa’ que bailen los muchachos Anibal Troilo La última curda Anibal Troilo La [&hellip;]

Espectáculos

Servicio Oficial de Difusión, Representaciones y Espectáculos
