{"id":3732,"date":"2022-05-12T17:16:35","date_gmt":"2022-05-12T20:16:35","guid":{"rendered":"https:\/\/sodre.gub.uy\/espectaculos\/gala-de-ballet\/"},"modified":"2022-05-12T17:16:35","modified_gmt":"2022-05-12T20:16:35","slug":"gala-de-ballet","status":"publish","type":"espectaculo","link":"https:\/\/sodre.gub.uy\/espectaculos\/gala-de-ballet\/","title":{"rendered":"Gala de Ballet"},"content":{"rendered":"<div class=\"wpb-content-wrapper\"><p>[vc_section el_class=\u00bbcontent&#8211;espectaculo evento-auditorio-nelly-goitino\u00bb][vc_row el_class=\u00bbcyg&#8211;descripcion\u00bb]<br \/>\n\t\t\t\t\t[vc_column]<br \/>\n\t\t\t\t\t\t[vc_column_text]<\/p>\n<section>\n<p><span style=\"font-weight: 400;\">La Escuela de Formaci\u00f3n Art\u00edstica del Sodre estrena la primer temporada de su Ballet Cl\u00e1sico Juvenil con una Gala de Ballet compuesta de tres Piezas bajo la Direcci\u00f3n Art\u00edstica de Rossana Borghetti y Ana Claudia Villamil:<\/span><\/p>\n<p>\u00a0<\/p>\n<p><span style=\"font-size: 14pt;\"><b>Elementos\u00a0<\/b><\/span><\/p>\n<p><span style=\"font-weight: 400;\">Coreograf\u00eda: Ignacio Lombrado<\/span><\/p>\n<p><span style=\"font-weight: 400;\">M\u00fasica: Franz Joseph Haydn<\/span><\/p>\n<p><span style=\"font-weight: 400;\">\u201c La ense\u00f1anza del agua que nunca para, fluye y siempre encuentra su camino . La fuerza del fuego que se mueve r\u00e1pido y poderoso. La levedad del aire, majestuosa como una brisa ma\u00f1anera . La pesadez de la tierra, compacta, imponente y segura.\u201d<\/span><\/p>\n<p>\u00a0<\/p>\n<p><span style=\"font-size: 14pt;\"><b>La Copla<\/b><\/span><\/p>\n<p><span style=\"font-weight: 400;\">Guion y Coreograf\u00eda: Domingo Vera<\/span><\/p>\n<p><span style=\"font-weight: 400;\">Cantaora: Lozano<\/span><\/p>\n<p><span style=\"font-weight: 400;\">M\u00fasica: Joaqu\u00edn Rodrigo<\/span><\/p>\n<p><span style=\"font-weight: 400;\">Maestros Repositores: Mar\u00eda Noel Bonino, Sergio Muzzio, Sofia Sajac.<\/span><\/p>\n<p>\u00a0<\/p>\n<p><i><span style=\"font-weight: 400;\">Estas mujeres solas<\/span><\/i><\/p>\n<p><i><span style=\"font-weight: 400;\">A solas con su dolor,<\/span><\/i><\/p>\n<p><i><span style=\"font-weight: 400;\">Y en su dolor de estar solas<\/span><\/i><\/p>\n<p><i><span style=\"font-weight: 400;\">Se han quedado sin amor<\/span><\/i><\/p>\n<p><span style=\"font-weight: 400;\"><br \/><\/span><span style=\"font-weight: 400;\">El dolor:\u00a0<\/span><\/p>\n<p><span style=\"font-weight: 400;\">Las solas:<\/span><\/p>\n<p><span style=\"font-weight: 400;\">La mujer:<\/span><\/p>\n<p><span style=\"font-weight: 400;\">El hombre:<\/span><\/p>\n<p>\u00a0<\/p>\n<p><i><span style=\"font-weight: 400;\">Este fragmento pertenece al ballet Canto Hondo a Espa\u00f1a (Domingo Vera)<\/span><\/i><\/p>\n<p><b><br \/><span style=\"font-size: 14pt;\">Vibraciones<\/span>\u00a0<\/b><\/p>\n<p><span style=\"font-weight: 400;\">Coreograf\u00eda: Vanesa Fleitas y Sergio Muzzio<\/span><\/p>\n<p><span style=\"font-weight: 400;\">M\u00fasica: Carl Jenkins, Wim Mertens, Camille Saint-Sa\u00ebns y Sergei Rachmaninoff.<\/span><\/p>\n<p>\u00a0<\/p>\n<p><span style=\"font-weight: 400;\">Es una pieza que utiliza la t\u00e9cnica del ballet cl\u00e1sico como base, sumando el efecto de la m\u00fasica, los colores, las sensaciones y din\u00e1micas. Un Ballet grupal que va desde la delicadeza en los pas de deux, la fuerza y potencia en la variaci\u00f3n de los hombres y la precisi\u00f3n y liviandad en los solos femeninos. Consolidando de esta manera la uni\u00f3n de la musicalidad, el brillo y la t\u00e9cnica en la danza final.\u00a0\u00a0<\/span><\/p>\n<p><br style=\"font-weight: 400;\" \/><br style=\"font-weight: 400;\" \/><\/p>\n<p style=\"text-align: center;\"><span style=\"font-size: 18pt;\"><strong><a href=\"https:\/\/tickantel.com.uy\/inicio\/espectaculo\/40011458\/espectaculo\/Gala%20de%20Ballet?5\" target=\"_blank\" rel=\"noopener noreferrer\">COMPRAR ENTRADA<\/a><\/strong><\/span><\/p>\n<\/section>\n<p>\t\t\t\t\t\t[\/vc_column_text]<br \/>\n\t\t\t\t\t\t[vc_empty_space height=\u00bb30px\u00bb el_class=\u00bbcyg&#8211;espacio-30&#8243;]<br \/>\n\t\t\t\t\t[\/vc_column]<br \/>\n\t\t\t\t[\/vc_row][vc_row el_class=\u00bbcyg&#8211;ficha\u00bb]<br \/>\n\t\t\t\t\t[vc_column]<br \/>\n\t\t\t\t\t[vc_column_text]<\/p>\n<section><\/section>\n<p>\t\t\t\t\t[\/vc_column_text]<br \/>\n\t\t\t\t\t[\/vc_column]<br \/>\n\t\t\t\t[\/vc_row][\/vc_section]<\/p>\n<\/div>","protected":false},"excerpt":{"rendered":"<p>[vc_section el_class=\u00bbcontent&#8211;espectaculo evento-auditorio-nelly-goitino\u00bb][vc_row el_class=\u00bbcyg&#8211;descripcion\u00bb] [vc_column] [vc_column_text] La Escuela de Formaci\u00f3n Art\u00edstica del Sodre estrena la primer temporada de su Ballet Cl\u00e1sico Juvenil con una Gala de Ballet compuesta de tres Piezas bajo la Direcci\u00f3n Art\u00edstica de Rossana Borghetti y Ana Claudia Villamil: \u00a0 Elementos\u00a0 Coreograf\u00eda: Ignacio Lombrado M\u00fasica: Franz Joseph Haydn \u201c La ense\u00f1anza del [&hellip;]<\/p>\n","protected":false},"menu_order":0,"template":"","format":"standard","cuerpo-estable":[],"etiqueta-espectaculo":[],"lugar":[17],"sala-espacio":[35],"acf":[],"yoast_head":"<!-- This site is optimized with the Yoast SEO plugin v21.7 - https:\/\/yoast.com\/wordpress\/plugins\/seo\/ -->\n<title>Gala de Ballet - Espect\u00e1culos<\/title>\n<meta name=\"robots\" content=\"index, follow, max-snippet:-1, max-image-preview:large, max-video-preview:-1\" \/>\n<link rel=\"canonical\" href=\"https:\/\/sodre.gub.uy\/espectaculos\/gala-de-ballet\/\" \/>\n<meta property=\"og:locale\" content=\"es_ES\" \/>\n<meta property=\"og:type\" content=\"article\" \/>\n<meta property=\"og:title\" content=\"Gala de Ballet - Espect\u00e1culos\" \/>\n<meta property=\"og:description\" content=\"[vc_section el_class=\u00bbcontent&#8211;espectaculo evento-auditorio-nelly-goitino\u00bb][vc_row el_class=\u00bbcyg&#8211;descripcion\u00bb] [vc_column] [vc_column_text] La Escuela de Formaci\u00f3n Art\u00edstica del Sodre estrena la primer temporada de su Ballet Cl\u00e1sico Juvenil con una Gala de Ballet compuesta de tres Piezas bajo la Direcci\u00f3n Art\u00edstica de Rossana Borghetti y Ana Claudia Villamil: \u00a0 Elementos\u00a0 Coreograf\u00eda: Ignacio Lombrado M\u00fasica: Franz Joseph Haydn \u201c La ense\u00f1anza del [&hellip;]\" \/>\n<meta property=\"og:url\" content=\"https:\/\/sodre.gub.uy\/espectaculos\/gala-de-ballet\/\" \/>\n<meta property=\"og:site_name\" content=\"Espect\u00e1culos\" \/>\n<meta name=\"twitter:card\" content=\"summary_large_image\" \/>\n<meta name=\"twitter:label1\" content=\"Tiempo de lectura\" \/>\n\t<meta name=\"twitter:data1\" content=\"2 minutos\" \/>\n<script type=\"application\/ld+json\" class=\"yoast-schema-graph\">{\"@context\":\"https:\/\/schema.org\",\"@graph\":[{\"@type\":\"WebPage\",\"@id\":\"https:\/\/sodre.gub.uy\/espectaculos\/gala-de-ballet\/\",\"url\":\"https:\/\/sodre.gub.uy\/espectaculos\/gala-de-ballet\/\",\"name\":\"Gala de Ballet - Espect\u00e1culos\",\"isPartOf\":{\"@id\":\"https:\/\/sodre.gub.uy\/espectaculos\/#website\"},\"datePublished\":\"2022-05-12T20:16:35+00:00\",\"dateModified\":\"2022-05-12T20:16:35+00:00\",\"inLanguage\":\"es\",\"potentialAction\":[{\"@type\":\"ReadAction\",\"target\":[\"https:\/\/sodre.gub.uy\/espectaculos\/gala-de-ballet\/\"]}]},{\"@type\":\"WebSite\",\"@id\":\"https:\/\/sodre.gub.uy\/espectaculos\/#website\",\"url\":\"https:\/\/sodre.gub.uy\/espectaculos\/\",\"name\":\"Espect\u00e1culos\",\"description\":\"Servicio Oficial de Difusi\u00f3n, Representaciones y Espect\u00e1culos\",\"publisher\":{\"@id\":\"https:\/\/sodre.gub.uy\/espectaculos\/#organization\"},\"potentialAction\":[{\"@type\":\"SearchAction\",\"target\":{\"@type\":\"EntryPoint\",\"urlTemplate\":\"https:\/\/sodre.gub.uy\/espectaculos\/?s={search_term_string}\"},\"query-input\":\"required name=search_term_string\"}],\"inLanguage\":\"es\"},{\"@type\":\"Organization\",\"@id\":\"https:\/\/sodre.gub.uy\/espectaculos\/#organization\",\"name\":\"Espect\u00e1culos\",\"url\":\"https:\/\/sodre.gub.uy\/espectaculos\/\",\"logo\":{\"@type\":\"ImageObject\",\"inLanguage\":\"es\",\"@id\":\"https:\/\/sodre.gub.uy\/espectaculos\/#\/schema\/logo\/image\/\",\"url\":\"https:\/\/sodre.gub.uy\/espectaculos\/wp-content\/uploads\/sites\/2\/2023\/12\/logo-sodre-black.svg\",\"contentUrl\":\"https:\/\/sodre.gub.uy\/espectaculos\/wp-content\/uploads\/sites\/2\/2023\/12\/logo-sodre-black.svg\",\"caption\":\"Espect\u00e1culos\"},\"image\":{\"@id\":\"https:\/\/sodre.gub.uy\/espectaculos\/#\/schema\/logo\/image\/\"}}]}<\/script>\n<!-- \/ Yoast SEO plugin. -->","yoast_head_json":{"title":"Gala de Ballet - Espect\u00e1culos","robots":{"index":"index","follow":"follow","max-snippet":"max-snippet:-1","max-image-preview":"max-image-preview:large","max-video-preview":"max-video-preview:-1"},"canonical":"https:\/\/sodre.gub.uy\/espectaculos\/gala-de-ballet\/","og_locale":"es_ES","og_type":"article","og_title":"Gala de Ballet - Espect\u00e1culos","og_description":"[vc_section el_class=\u00bbcontent&#8211;espectaculo evento-auditorio-nelly-goitino\u00bb][vc_row el_class=\u00bbcyg&#8211;descripcion\u00bb] [vc_column] [vc_column_text] La Escuela de Formaci\u00f3n Art\u00edstica del Sodre estrena la primer temporada de su Ballet Cl\u00e1sico Juvenil con una Gala de Ballet compuesta de tres Piezas bajo la Direcci\u00f3n Art\u00edstica de Rossana Borghetti y Ana Claudia Villamil: \u00a0 Elementos\u00a0 Coreograf\u00eda: Ignacio Lombrado M\u00fasica: Franz Joseph Haydn \u201c La ense\u00f1anza del [&hellip;]","og_url":"https:\/\/sodre.gub.uy\/espectaculos\/gala-de-ballet\/","og_site_name":"Espect\u00e1culos","twitter_card":"summary_large_image","twitter_misc":{"Tiempo de lectura":"2 minutos"},"schema":{"@context":"https:\/\/schema.org","@graph":[{"@type":"WebPage","@id":"https:\/\/sodre.gub.uy\/espectaculos\/gala-de-ballet\/","url":"https:\/\/sodre.gub.uy\/espectaculos\/gala-de-ballet\/","name":"Gala de Ballet - Espect\u00e1culos","isPartOf":{"@id":"https:\/\/sodre.gub.uy\/espectaculos\/#website"},"datePublished":"2022-05-12T20:16:35+00:00","dateModified":"2022-05-12T20:16:35+00:00","inLanguage":"es","potentialAction":[{"@type":"ReadAction","target":["https:\/\/sodre.gub.uy\/espectaculos\/gala-de-ballet\/"]}]},{"@type":"WebSite","@id":"https:\/\/sodre.gub.uy\/espectaculos\/#website","url":"https:\/\/sodre.gub.uy\/espectaculos\/","name":"Espect\u00e1culos","description":"Servicio Oficial de Difusi\u00f3n, Representaciones y Espect\u00e1culos","publisher":{"@id":"https:\/\/sodre.gub.uy\/espectaculos\/#organization"},"potentialAction":[{"@type":"SearchAction","target":{"@type":"EntryPoint","urlTemplate":"https:\/\/sodre.gub.uy\/espectaculos\/?s={search_term_string}"},"query-input":"required name=search_term_string"}],"inLanguage":"es"},{"@type":"Organization","@id":"https:\/\/sodre.gub.uy\/espectaculos\/#organization","name":"Espect\u00e1culos","url":"https:\/\/sodre.gub.uy\/espectaculos\/","logo":{"@type":"ImageObject","inLanguage":"es","@id":"https:\/\/sodre.gub.uy\/espectaculos\/#\/schema\/logo\/image\/","url":"https:\/\/sodre.gub.uy\/espectaculos\/wp-content\/uploads\/sites\/2\/2023\/12\/logo-sodre-black.svg","contentUrl":"https:\/\/sodre.gub.uy\/espectaculos\/wp-content\/uploads\/sites\/2\/2023\/12\/logo-sodre-black.svg","caption":"Espect\u00e1culos"},"image":{"@id":"https:\/\/sodre.gub.uy\/espectaculos\/#\/schema\/logo\/image\/"}}]}},"_links":{"self":[{"href":"https:\/\/sodre.gub.uy\/espectaculos\/wp-json\/wp\/v2\/espectaculo\/3732"}],"collection":[{"href":"https:\/\/sodre.gub.uy\/espectaculos\/wp-json\/wp\/v2\/espectaculo"}],"about":[{"href":"https:\/\/sodre.gub.uy\/espectaculos\/wp-json\/wp\/v2\/types\/espectaculo"}],"version-history":[{"count":0,"href":"https:\/\/sodre.gub.uy\/espectaculos\/wp-json\/wp\/v2\/espectaculo\/3732\/revisions"}],"wp:attachment":[{"href":"https:\/\/sodre.gub.uy\/espectaculos\/wp-json\/wp\/v2\/media?parent=3732"}],"wp:term":[{"taxonomy":"cuerpo-estable","embeddable":true,"href":"https:\/\/sodre.gub.uy\/espectaculos\/wp-json\/wp\/v2\/cuerpo-estable?post=3732"},{"taxonomy":"etiqueta-espectaculo","embeddable":true,"href":"https:\/\/sodre.gub.uy\/espectaculos\/wp-json\/wp\/v2\/etiqueta-espectaculo?post=3732"},{"taxonomy":"lugar","embeddable":true,"href":"https:\/\/sodre.gub.uy\/espectaculos\/wp-json\/wp\/v2\/lugar?post=3732"},{"taxonomy":"sala-espacio","embeddable":true,"href":"https:\/\/sodre.gub.uy\/espectaculos\/wp-json\/wp\/v2\/sala-espacio?post=3732"}],"curies":[{"name":"wp","href":"https:\/\/api.w.org\/{rel}","templated":true}]}}

<div class="wpb-content-wrapper"><p>[vc_section el_class=»content&#8211;espectaculo evento-auditorio-nelly-goitino»][vc_row el_class=»cyg&#8211;descripcion»]<br />
					[vc_column]<br />
						[vc_column_text]</p>
<section>
<p><span style="font-weight: 400;">La Escuela de Formación Artística del Sodre estrena la primer temporada de su Ballet Clásico Juvenil con una Gala de Ballet compuesta de tres Piezas bajo la Dirección Artística de Rossana Borghetti y Ana Claudia Villamil:</span></p>
<p> </p>
<p><span style="font-size: 14pt;"><b>Elementos </b></span></p>
<p><span style="font-weight: 400;">Coreografía: Ignacio Lombrado</span></p>
<p><span style="font-weight: 400;">Música: Franz Joseph Haydn</span></p>
<p><span style="font-weight: 400;">“ La enseñanza del agua que nunca para, fluye y siempre encuentra su camino . La fuerza del fuego que se mueve rápido y poderoso. La levedad del aire, majestuosa como una brisa mañanera . La pesadez de la tierra, compacta, imponente y segura.”</span></p>
<p> </p>
<p><span style="font-size: 14pt;"><b>La Copla</b></span></p>
<p><span style="font-weight: 400;">Guion y Coreografía: Domingo Vera</span></p>
<p><span style="font-weight: 400;">Cantaora: Lozano</span></p>
<p><span style="font-weight: 400;">Música: Joaquín Rodrigo</span></p>
<p><span style="font-weight: 400;">Maestros Repositores: María Noel Bonino, Sergio Muzzio, Sofia Sajac.</span></p>
<p> </p>
<p><i><span style="font-weight: 400;">Estas mujeres solas</span></i></p>
<p><i><span style="font-weight: 400;">A solas con su dolor,</span></i></p>
<p><i><span style="font-weight: 400;">Y en su dolor de estar solas</span></i></p>
<p><i><span style="font-weight: 400;">Se han quedado sin amor</span></i></p>
<p><span style="font-weight: 400;"><br /></span><span style="font-weight: 400;">El dolor: </span></p>
<p><span style="font-weight: 400;">Las solas:</span></p>
<p><span style="font-weight: 400;">La mujer:</span></p>
<p><span style="font-weight: 400;">El hombre:</span></p>
<p> </p>
<p><i><span style="font-weight: 400;">Este fragmento pertenece al ballet Canto Hondo a España (Domingo Vera)</span></i></p>
<p><b><br /><span style="font-size: 14pt;">Vibraciones</span> </b></p>
<p><span style="font-weight: 400;">Coreografía: Vanesa Fleitas y Sergio Muzzio</span></p>
<p><span style="font-weight: 400;">Música: Carl Jenkins, Wim Mertens, Camille Saint-Saëns y Sergei Rachmaninoff.</span></p>
<p> </p>
<p><span style="font-weight: 400;">Es una pieza que utiliza la técnica del ballet clásico como base, sumando el efecto de la música, los colores, las sensaciones y dinámicas. Un Ballet grupal que va desde la delicadeza en los pas de deux, la fuerza y potencia en la variación de los hombres y la precisión y liviandad en los solos femeninos. Consolidando de esta manera la unión de la musicalidad, el brillo y la técnica en la danza final.  </span></p>
<p><br style="font-weight: 400;" /><br style="font-weight: 400;" /></p>
<p style="text-align: center;"><span style="font-size: 18pt;"><strong><a href="https://tickantel.com.uy/inicio/espectaculo/40011458/espectaculo/Gala%20de%20Ballet?5" target="_blank" rel="noopener noreferrer">COMPRAR ENTRADA</a></strong></span></p>
</section>
<p>						[/vc_column_text]<br />
						[vc_empty_space height=»30px» el_class=»cyg&#8211;espacio-30&#8243;]<br />
					[/vc_column]<br />
				[/vc_row][vc_row el_class=»cyg&#8211;ficha»]<br />
					[vc_column]<br />
					[vc_column_text]</p>
<section></section>
<p>					[/vc_column_text]<br />
					[/vc_column]<br />
				[/vc_row][/vc_section]</p>
</div>

<p>[vc_section el_class=»content&#8211;espectaculo evento-auditorio-nelly-goitino»][vc_row el_class=»cyg&#8211;descripcion»] [vc_column] [vc_column_text] La Escuela de Formación Artística del Sodre estrena la primer temporada de su Ballet Clásico Juvenil con una Gala de Ballet compuesta de tres Piezas bajo la Dirección Artística de Rossana Borghetti y Ana Claudia Villamil:   Elementos  Coreografía: Ignacio Lombrado Música: Franz Joseph Haydn “ La enseñanza del [&hellip;]</p>

<!-- This site is optimized with the Yoast SEO plugin v21.7 - https://yoast.com/wordpress/plugins/seo/ -->
<title>Gala de Ballet - Espectáculos</title>
<meta name="robots" content="index, follow, max-snippet:-1, max-image-preview:large, max-video-preview:-1" />
<link rel="canonical" href="https://sodre.gub.uy/espectaculos/gala-de-ballet/" />
<meta property="og:locale" content="es_ES" />
<meta property="og:type" content="article" />
<meta property="og:title" content="Gala de Ballet - Espectáculos" />
<meta property="og:description" content="[vc_section el_class=»content&#8211;espectaculo evento-auditorio-nelly-goitino»][vc_row el_class=»cyg&#8211;descripcion»] [vc_column] [vc_column_text] La Escuela de Formación Artística del Sodre estrena la primer temporada de su Ballet Clásico Juvenil con una Gala de Ballet compuesta de tres Piezas bajo la Dirección Artística de Rossana Borghetti y Ana Claudia Villamil:   Elementos  Coreografía: Ignacio Lombrado Música: Franz Joseph Haydn “ La enseñanza del [&hellip;]" />
<meta property="og:url" content="https://sodre.gub.uy/espectaculos/gala-de-ballet/" />
<meta property="og:site_name" content="Espectáculos" />
<meta name="twitter:card" content="summary_large_image" />
<meta name="twitter:label1" content="Tiempo de lectura" />
	<meta name="twitter:data1" content="2 minutos" />
<script type="application/ld+json" class="yoast-schema-graph">{"@context":"https://schema.org","@graph":[{"@type":"WebPage","@id":"https://sodre.gub.uy/espectaculos/gala-de-ballet/","url":"https://sodre.gub.uy/espectaculos/gala-de-ballet/","name":"Gala de Ballet - Espectáculos","isPartOf":{"@id":"https://sodre.gub.uy/espectaculos/#website"},"datePublished":"2022-05-12T20:16:35+00:00","dateModified":"2022-05-12T20:16:35+00:00","inLanguage":"es","potentialAction":[{"@type":"ReadAction","target":["https://sodre.gub.uy/espectaculos/gala-de-ballet/"]}]},{"@type":"WebSite","@id":"https://sodre.gub.uy/espectaculos/#website","url":"https://sodre.gub.uy/espectaculos/","name":"Espectáculos","description":"Servicio Oficial de Difusión, Representaciones y Espectáculos","publisher":{"@id":"https://sodre.gub.uy/espectaculos/#organization"},"potentialAction":[{"@type":"SearchAction","target":{"@type":"EntryPoint","urlTemplate":"https://sodre.gub.uy/espectaculos/?s={search_term_string}"},"query-input":"required name=search_term_string"}],"inLanguage":"es"},{"@type":"Organization","@id":"https://sodre.gub.uy/espectaculos/#organization","name":"Espectáculos","url":"https://sodre.gub.uy/espectaculos/","logo":{"@type":"ImageObject","inLanguage":"es","@id":"https://sodre.gub.uy/espectaculos/#/schema/logo/image/","url":"https://sodre.gub.uy/espectaculos/wp-content/uploads/sites/2/2023/12/logo-sodre-black.svg","contentUrl":"https://sodre.gub.uy/espectaculos/wp-content/uploads/sites/2/2023/12/logo-sodre-black.svg","caption":"Espectáculos"},"image":{"@id":"https://sodre.gub.uy/espectaculos/#/schema/logo/image/"}}]}</script>
<!-- / Yoast SEO plugin. -->

Gala de Ballet - Espectáculos

[vc_section el_class=»content&#8211;espectaculo evento-auditorio-nelly-goitino»][vc_row el_class=»cyg&#8211;descripcion»] [vc_column] [vc_column_text] La Escuela de Formación Artística del Sodre estrena la primer temporada de su Ballet Clásico Juvenil con una Gala de Ballet compuesta de tres Piezas bajo la Dirección Artística de Rossana Borghetti y Ana Claudia Villamil:   Elementos  Coreografía: Ignacio Lombrado Música: Franz Joseph Haydn “ La enseñanza del [&hellip;]

Espectáculos

Servicio Oficial de Difusión, Representaciones y Espectáculos
