{"id":3651,"date":"2021-11-17T15:21:57","date_gmt":"2021-11-17T18:21:57","guid":{"rendered":"https:\/\/sodre.gub.uy\/espectaculos\/jovanka-y-leiza\/"},"modified":"2021-11-17T15:21:57","modified_gmt":"2021-11-17T18:21:57","slug":"jovanka-y-leiza","status":"publish","type":"espectaculo","link":"https:\/\/sodre.gub.uy\/espectaculos\/jovanka-y-leiza\/","title":{"rendered":"Jovanka y Leiza"},"content":{"rendered":"<div class=\"wpb-content-wrapper\"><p>[vc_section el_class=\u00bbcontent&#8211;espectaculo evento-auditorio-nelly-goitino\u00bb][vc_row el_class=\u00bbcyg&#8211;descripcion\u00bb]<br \/>\n\t\t\t\t\t[vc_column]<br \/>\n\t\t\t\t\t\t[vc_column_text]<\/p>\n<section>\n<p><span style=\"font-size: 14pt;\"><strong>Jovanka y Leiza de Tatiana Tom\u00e9.<\/strong><\/span><\/p>\n<p>Narra la historia de dos mujeres, una gitana la otra africana. Dos tiempos, dos historias que se cruzan en\u00a0Montevideo unidas por una misma circunstancia. Son mujeres vehementes y luchadoras, unidas por sus\u00a0ra\u00edces y sus danzas que las liberan. Es una historia de racismo, abuso, sentido de pertenencia, empatia y<br \/>amor. El destino las une, el Flamenco y el Candombe se encuentran<\/p>\n<p><strong>Adaptaci\u00f3n de gui\u00f3n:<\/strong> Lorena Bolinches, Lorena Mor\u00f3 y Tatiana Tom\u00e9<br \/><strong>Apoyo baile flamenco:<\/strong> Diego Ferreira<br \/><strong>Baile y actuaci\u00f3n:<\/strong> \u00c1ngela Alves y Tatiana Tom\u00e9<br \/><strong>M\u00fasicos:<\/strong> Alejandro Focco, Diego Asambuya, Gonzalo Franco, Manuel Villagr\u00e1n y Mauro Clavijo<br \/><strong>Vestuario:<\/strong> Sof\u00eda Sassi<br \/><strong>Escenograf\u00eda<\/strong>: Mat\u00edas Dopasso<br \/><strong>Iluminaci\u00f3n:<\/strong> Mart\u00edn Siri<br \/><strong>Sonido:<\/strong> Andr\u00e9s Almada<\/p>\n<p><span style=\"font-size: 14pt;\"><strong><a href=\"https:\/\/tickantel.com.uy\/inicio\/espectaculo\/40010434\/espectaculo\/Jovanka%20y%20Leiza?3\">COMPRAR ENTRADA<\/a><\/strong><\/span><\/p>\n<\/section>\n<p>\t\t\t\t\t\t[\/vc_column_text]<br \/>\n\t\t\t\t\t\t[vc_empty_space height=\u00bb30px\u00bb el_class=\u00bbcyg&#8211;espacio-30&#8243;]<br \/>\n\t\t\t\t\t[\/vc_column]<br \/>\n\t\t\t\t[\/vc_row][vc_row el_class=\u00bbcyg&#8211;ficha\u00bb]<br \/>\n\t\t\t\t\t[vc_column]<br \/>\n\t\t\t\t\t[vc_column_text]<\/p>\n<section><\/section>\n<p>\t\t\t\t\t[\/vc_column_text]<br \/>\n\t\t\t\t\t[\/vc_column]<br \/>\n\t\t\t\t[\/vc_row][\/vc_section]<\/p>\n<\/div>","protected":false},"excerpt":{"rendered":"<p>[vc_section el_class=\u00bbcontent&#8211;espectaculo evento-auditorio-nelly-goitino\u00bb][vc_row el_class=\u00bbcyg&#8211;descripcion\u00bb] [vc_column] [vc_column_text] Jovanka y Leiza de Tatiana Tom\u00e9. Narra la historia de dos mujeres, una gitana la otra africana. Dos tiempos, dos historias que se cruzan en\u00a0Montevideo unidas por una misma circunstancia. Son mujeres vehementes y luchadoras, unidas por sus\u00a0ra\u00edces y sus danzas que las liberan. Es una historia de racismo, [&hellip;]<\/p>\n","protected":false},"menu_order":0,"template":"","format":"standard","cuerpo-estable":[],"etiqueta-espectaculo":[],"lugar":[18],"sala-espacio":[],"acf":[],"yoast_head":"<!-- This site is optimized with the Yoast SEO plugin v21.7 - https:\/\/yoast.com\/wordpress\/plugins\/seo\/ -->\n<title>Jovanka y Leiza - Espect\u00e1culos<\/title>\n<meta name=\"robots\" content=\"index, follow, max-snippet:-1, max-image-preview:large, max-video-preview:-1\" \/>\n<link rel=\"canonical\" href=\"https:\/\/sodre.gub.uy\/espectaculos\/jovanka-y-leiza\/\" \/>\n<meta property=\"og:locale\" content=\"es_ES\" \/>\n<meta property=\"og:type\" content=\"article\" \/>\n<meta property=\"og:title\" content=\"Jovanka y Leiza - Espect\u00e1culos\" \/>\n<meta property=\"og:description\" content=\"[vc_section el_class=\u00bbcontent&#8211;espectaculo evento-auditorio-nelly-goitino\u00bb][vc_row el_class=\u00bbcyg&#8211;descripcion\u00bb] [vc_column] [vc_column_text] Jovanka y Leiza de Tatiana Tom\u00e9. Narra la historia de dos mujeres, una gitana la otra africana. Dos tiempos, dos historias que se cruzan en\u00a0Montevideo unidas por una misma circunstancia. Son mujeres vehementes y luchadoras, unidas por sus\u00a0ra\u00edces y sus danzas que las liberan. Es una historia de racismo, [&hellip;]\" \/>\n<meta property=\"og:url\" content=\"https:\/\/sodre.gub.uy\/espectaculos\/jovanka-y-leiza\/\" \/>\n<meta property=\"og:site_name\" content=\"Espect\u00e1culos\" \/>\n<meta name=\"twitter:card\" content=\"summary_large_image\" \/>\n<meta name=\"twitter:label1\" content=\"Tiempo de lectura\" \/>\n\t<meta name=\"twitter:data1\" content=\"1 minuto\" \/>\n<script type=\"application\/ld+json\" class=\"yoast-schema-graph\">{\"@context\":\"https:\/\/schema.org\",\"@graph\":[{\"@type\":\"WebPage\",\"@id\":\"https:\/\/sodre.gub.uy\/espectaculos\/jovanka-y-leiza\/\",\"url\":\"https:\/\/sodre.gub.uy\/espectaculos\/jovanka-y-leiza\/\",\"name\":\"Jovanka y Leiza - Espect\u00e1culos\",\"isPartOf\":{\"@id\":\"https:\/\/sodre.gub.uy\/espectaculos\/#website\"},\"datePublished\":\"2021-11-17T18:21:57+00:00\",\"dateModified\":\"2021-11-17T18:21:57+00:00\",\"inLanguage\":\"es\",\"potentialAction\":[{\"@type\":\"ReadAction\",\"target\":[\"https:\/\/sodre.gub.uy\/espectaculos\/jovanka-y-leiza\/\"]}]},{\"@type\":\"WebSite\",\"@id\":\"https:\/\/sodre.gub.uy\/espectaculos\/#website\",\"url\":\"https:\/\/sodre.gub.uy\/espectaculos\/\",\"name\":\"Espect\u00e1culos\",\"description\":\"Servicio Oficial de Difusi\u00f3n, Representaciones y Espect\u00e1culos\",\"publisher\":{\"@id\":\"https:\/\/sodre.gub.uy\/espectaculos\/#organization\"},\"potentialAction\":[{\"@type\":\"SearchAction\",\"target\":{\"@type\":\"EntryPoint\",\"urlTemplate\":\"https:\/\/sodre.gub.uy\/espectaculos\/?s={search_term_string}\"},\"query-input\":\"required name=search_term_string\"}],\"inLanguage\":\"es\"},{\"@type\":\"Organization\",\"@id\":\"https:\/\/sodre.gub.uy\/espectaculos\/#organization\",\"name\":\"Espect\u00e1culos\",\"url\":\"https:\/\/sodre.gub.uy\/espectaculos\/\",\"logo\":{\"@type\":\"ImageObject\",\"inLanguage\":\"es\",\"@id\":\"https:\/\/sodre.gub.uy\/espectaculos\/#\/schema\/logo\/image\/\",\"url\":\"https:\/\/sodre.gub.uy\/espectaculos\/wp-content\/uploads\/sites\/2\/2023\/12\/logo-sodre-black.svg\",\"contentUrl\":\"https:\/\/sodre.gub.uy\/espectaculos\/wp-content\/uploads\/sites\/2\/2023\/12\/logo-sodre-black.svg\",\"caption\":\"Espect\u00e1culos\"},\"image\":{\"@id\":\"https:\/\/sodre.gub.uy\/espectaculos\/#\/schema\/logo\/image\/\"}}]}<\/script>\n<!-- \/ Yoast SEO plugin. -->","yoast_head_json":{"title":"Jovanka y Leiza - Espect\u00e1culos","robots":{"index":"index","follow":"follow","max-snippet":"max-snippet:-1","max-image-preview":"max-image-preview:large","max-video-preview":"max-video-preview:-1"},"canonical":"https:\/\/sodre.gub.uy\/espectaculos\/jovanka-y-leiza\/","og_locale":"es_ES","og_type":"article","og_title":"Jovanka y Leiza - Espect\u00e1culos","og_description":"[vc_section el_class=\u00bbcontent&#8211;espectaculo evento-auditorio-nelly-goitino\u00bb][vc_row el_class=\u00bbcyg&#8211;descripcion\u00bb] [vc_column] [vc_column_text] Jovanka y Leiza de Tatiana Tom\u00e9. Narra la historia de dos mujeres, una gitana la otra africana. Dos tiempos, dos historias que se cruzan en\u00a0Montevideo unidas por una misma circunstancia. Son mujeres vehementes y luchadoras, unidas por sus\u00a0ra\u00edces y sus danzas que las liberan. Es una historia de racismo, [&hellip;]","og_url":"https:\/\/sodre.gub.uy\/espectaculos\/jovanka-y-leiza\/","og_site_name":"Espect\u00e1culos","twitter_card":"summary_large_image","twitter_misc":{"Tiempo de lectura":"1 minuto"},"schema":{"@context":"https:\/\/schema.org","@graph":[{"@type":"WebPage","@id":"https:\/\/sodre.gub.uy\/espectaculos\/jovanka-y-leiza\/","url":"https:\/\/sodre.gub.uy\/espectaculos\/jovanka-y-leiza\/","name":"Jovanka y Leiza - Espect\u00e1culos","isPartOf":{"@id":"https:\/\/sodre.gub.uy\/espectaculos\/#website"},"datePublished":"2021-11-17T18:21:57+00:00","dateModified":"2021-11-17T18:21:57+00:00","inLanguage":"es","potentialAction":[{"@type":"ReadAction","target":["https:\/\/sodre.gub.uy\/espectaculos\/jovanka-y-leiza\/"]}]},{"@type":"WebSite","@id":"https:\/\/sodre.gub.uy\/espectaculos\/#website","url":"https:\/\/sodre.gub.uy\/espectaculos\/","name":"Espect\u00e1culos","description":"Servicio Oficial de Difusi\u00f3n, Representaciones y Espect\u00e1culos","publisher":{"@id":"https:\/\/sodre.gub.uy\/espectaculos\/#organization"},"potentialAction":[{"@type":"SearchAction","target":{"@type":"EntryPoint","urlTemplate":"https:\/\/sodre.gub.uy\/espectaculos\/?s={search_term_string}"},"query-input":"required name=search_term_string"}],"inLanguage":"es"},{"@type":"Organization","@id":"https:\/\/sodre.gub.uy\/espectaculos\/#organization","name":"Espect\u00e1culos","url":"https:\/\/sodre.gub.uy\/espectaculos\/","logo":{"@type":"ImageObject","inLanguage":"es","@id":"https:\/\/sodre.gub.uy\/espectaculos\/#\/schema\/logo\/image\/","url":"https:\/\/sodre.gub.uy\/espectaculos\/wp-content\/uploads\/sites\/2\/2023\/12\/logo-sodre-black.svg","contentUrl":"https:\/\/sodre.gub.uy\/espectaculos\/wp-content\/uploads\/sites\/2\/2023\/12\/logo-sodre-black.svg","caption":"Espect\u00e1culos"},"image":{"@id":"https:\/\/sodre.gub.uy\/espectaculos\/#\/schema\/logo\/image\/"}}]}},"_links":{"self":[{"href":"https:\/\/sodre.gub.uy\/espectaculos\/wp-json\/wp\/v2\/espectaculo\/3651"}],"collection":[{"href":"https:\/\/sodre.gub.uy\/espectaculos\/wp-json\/wp\/v2\/espectaculo"}],"about":[{"href":"https:\/\/sodre.gub.uy\/espectaculos\/wp-json\/wp\/v2\/types\/espectaculo"}],"version-history":[{"count":0,"href":"https:\/\/sodre.gub.uy\/espectaculos\/wp-json\/wp\/v2\/espectaculo\/3651\/revisions"}],"wp:attachment":[{"href":"https:\/\/sodre.gub.uy\/espectaculos\/wp-json\/wp\/v2\/media?parent=3651"}],"wp:term":[{"taxonomy":"cuerpo-estable","embeddable":true,"href":"https:\/\/sodre.gub.uy\/espectaculos\/wp-json\/wp\/v2\/cuerpo-estable?post=3651"},{"taxonomy":"etiqueta-espectaculo","embeddable":true,"href":"https:\/\/sodre.gub.uy\/espectaculos\/wp-json\/wp\/v2\/etiqueta-espectaculo?post=3651"},{"taxonomy":"lugar","embeddable":true,"href":"https:\/\/sodre.gub.uy\/espectaculos\/wp-json\/wp\/v2\/lugar?post=3651"},{"taxonomy":"sala-espacio","embeddable":true,"href":"https:\/\/sodre.gub.uy\/espectaculos\/wp-json\/wp\/v2\/sala-espacio?post=3651"}],"curies":[{"name":"wp","href":"https:\/\/api.w.org\/{rel}","templated":true}]}}

<div class="wpb-content-wrapper"><p>[vc_section el_class=»content&#8211;espectaculo evento-auditorio-nelly-goitino»][vc_row el_class=»cyg&#8211;descripcion»]<br />
					[vc_column]<br />
						[vc_column_text]</p>
<section>
<p><span style="font-size: 14pt;"><strong>Jovanka y Leiza de Tatiana Tomé.</strong></span></p>
<p>Narra la historia de dos mujeres, una gitana la otra africana. Dos tiempos, dos historias que se cruzan en Montevideo unidas por una misma circunstancia. Son mujeres vehementes y luchadoras, unidas por sus raíces y sus danzas que las liberan. Es una historia de racismo, abuso, sentido de pertenencia, empatia y<br />amor. El destino las une, el Flamenco y el Candombe se encuentran</p>
<p><strong>Adaptación de guión:</strong> Lorena Bolinches, Lorena Moró y Tatiana Tomé<br /><strong>Apoyo baile flamenco:</strong> Diego Ferreira<br /><strong>Baile y actuación:</strong> Ángela Alves y Tatiana Tomé<br /><strong>Músicos:</strong> Alejandro Focco, Diego Asambuya, Gonzalo Franco, Manuel Villagrán y Mauro Clavijo<br /><strong>Vestuario:</strong> Sofía Sassi<br /><strong>Escenografía</strong>: Matías Dopasso<br /><strong>Iluminación:</strong> Martín Siri<br /><strong>Sonido:</strong> Andrés Almada</p>
<p><span style="font-size: 14pt;"><strong><a href="https://tickantel.com.uy/inicio/espectaculo/40010434/espectaculo/Jovanka%20y%20Leiza?3">COMPRAR ENTRADA</a></strong></span></p>
</section>
<p>						[/vc_column_text]<br />
						[vc_empty_space height=»30px» el_class=»cyg&#8211;espacio-30&#8243;]<br />
					[/vc_column]<br />
				[/vc_row][vc_row el_class=»cyg&#8211;ficha»]<br />
					[vc_column]<br />
					[vc_column_text]</p>
<section></section>
<p>					[/vc_column_text]<br />
					[/vc_column]<br />
				[/vc_row][/vc_section]</p>
</div>

<p>[vc_section el_class=»content&#8211;espectaculo evento-auditorio-nelly-goitino»][vc_row el_class=»cyg&#8211;descripcion»] [vc_column] [vc_column_text] Jovanka y Leiza de Tatiana Tomé. Narra la historia de dos mujeres, una gitana la otra africana. Dos tiempos, dos historias que se cruzan en Montevideo unidas por una misma circunstancia. Son mujeres vehementes y luchadoras, unidas por sus raíces y sus danzas que las liberan. Es una historia de racismo, [&hellip;]</p>

<!-- This site is optimized with the Yoast SEO plugin v21.7 - https://yoast.com/wordpress/plugins/seo/ -->
<title>Jovanka y Leiza - Espectáculos</title>
<meta name="robots" content="index, follow, max-snippet:-1, max-image-preview:large, max-video-preview:-1" />
<link rel="canonical" href="https://sodre.gub.uy/espectaculos/jovanka-y-leiza/" />
<meta property="og:locale" content="es_ES" />
<meta property="og:type" content="article" />
<meta property="og:title" content="Jovanka y Leiza - Espectáculos" />
<meta property="og:description" content="[vc_section el_class=»content&#8211;espectaculo evento-auditorio-nelly-goitino»][vc_row el_class=»cyg&#8211;descripcion»] [vc_column] [vc_column_text] Jovanka y Leiza de Tatiana Tomé. Narra la historia de dos mujeres, una gitana la otra africana. Dos tiempos, dos historias que se cruzan en Montevideo unidas por una misma circunstancia. Son mujeres vehementes y luchadoras, unidas por sus raíces y sus danzas que las liberan. Es una historia de racismo, [&hellip;]" />
<meta property="og:url" content="https://sodre.gub.uy/espectaculos/jovanka-y-leiza/" />
<meta property="og:site_name" content="Espectáculos" />
<meta name="twitter:card" content="summary_large_image" />
<meta name="twitter:label1" content="Tiempo de lectura" />
	<meta name="twitter:data1" content="1 minuto" />
<script type="application/ld+json" class="yoast-schema-graph">{"@context":"https://schema.org","@graph":[{"@type":"WebPage","@id":"https://sodre.gub.uy/espectaculos/jovanka-y-leiza/","url":"https://sodre.gub.uy/espectaculos/jovanka-y-leiza/","name":"Jovanka y Leiza - Espectáculos","isPartOf":{"@id":"https://sodre.gub.uy/espectaculos/#website"},"datePublished":"2021-11-17T18:21:57+00:00","dateModified":"2021-11-17T18:21:57+00:00","inLanguage":"es","potentialAction":[{"@type":"ReadAction","target":["https://sodre.gub.uy/espectaculos/jovanka-y-leiza/"]}]},{"@type":"WebSite","@id":"https://sodre.gub.uy/espectaculos/#website","url":"https://sodre.gub.uy/espectaculos/","name":"Espectáculos","description":"Servicio Oficial de Difusión, Representaciones y Espectáculos","publisher":{"@id":"https://sodre.gub.uy/espectaculos/#organization"},"potentialAction":[{"@type":"SearchAction","target":{"@type":"EntryPoint","urlTemplate":"https://sodre.gub.uy/espectaculos/?s={search_term_string}"},"query-input":"required name=search_term_string"}],"inLanguage":"es"},{"@type":"Organization","@id":"https://sodre.gub.uy/espectaculos/#organization","name":"Espectáculos","url":"https://sodre.gub.uy/espectaculos/","logo":{"@type":"ImageObject","inLanguage":"es","@id":"https://sodre.gub.uy/espectaculos/#/schema/logo/image/","url":"https://sodre.gub.uy/espectaculos/wp-content/uploads/sites/2/2023/12/logo-sodre-black.svg","contentUrl":"https://sodre.gub.uy/espectaculos/wp-content/uploads/sites/2/2023/12/logo-sodre-black.svg","caption":"Espectáculos"},"image":{"@id":"https://sodre.gub.uy/espectaculos/#/schema/logo/image/"}}]}</script>
<!-- / Yoast SEO plugin. -->

Jovanka y Leiza - Espectáculos

[vc_section el_class=»content&#8211;espectaculo evento-auditorio-nelly-goitino»][vc_row el_class=»cyg&#8211;descripcion»] [vc_column] [vc_column_text] Jovanka y Leiza de Tatiana Tomé. Narra la historia de dos mujeres, una gitana la otra africana. Dos tiempos, dos historias que se cruzan en Montevideo unidas por una misma circunstancia. Son mujeres vehementes y luchadoras, unidas por sus raíces y sus danzas que las liberan. Es una historia de racismo, [&hellip;]

Espectáculos

Servicio Oficial de Difusión, Representaciones y Espectáculos
