{"id":3617,"date":"2021-10-01T20:25:31","date_gmt":"2021-10-01T23:25:31","guid":{"rendered":"https:\/\/sodre.gub.uy\/espectaculos\/mo-vi\/"},"modified":"2021-10-01T20:25:31","modified_gmt":"2021-10-01T23:25:31","slug":"mo-vi","status":"publish","type":"espectaculo","link":"https:\/\/sodre.gub.uy\/espectaculos\/mo-vi\/","title":{"rendered":"MO.VI.DA"},"content":{"rendered":"<div class=\"wpb-content-wrapper\"><p>[vc_section el_class=\u00bbcontent&#8211;espectaculo evento-auditorio-nelly-goitino\u00bb][vc_row el_class=\u00bbcyg&#8211;descripcion\u00bb]<br \/>\n\t\t\t\t\t[vc_column]<br \/>\n\t\t\t\t\t\t[vc_column_text]<\/p>\n<section>\n<p>Viajeros Disco Pub, Shock management en artes esc\u00e9nicas y DJ Paola Dalto presentan MO.VI.DA Fest.<\/p>\n<p>MO.VI.DA es el primer festival concebido en formato show para difundir artistas de la escena queer\u00a0montevideana. Drag queens, transformistas, bailarines, cantantes, actores y performances junto a la Dj ser\u00e1n\u00a0protagonistas de este espect\u00e1culo.<\/p>\n<p>La MO.VI.DA Fest se organiza en tres ejes estructurales y complementarios: difusi\u00f3n de artistas queer,<br \/>reafirmar a Uruguay como destino friendly y visibilizar colectivos con acciones reales.<\/p>\n<p>El cometido de la producci\u00f3n es realizar donaciones, en esta oportunidad parte de lo recaudado se destinar\u00e1 al\u00a0Colectivo Trans Uruguay (CTU). CTU despliega innumerables acciones y emprendimientos entre ellos el reparto\u00a0de canastas en todo el pa\u00eds, creemos que en el Mes de la Diversidad es importante invitar a la reflexi\u00f3n para\u00a0pensar en qu\u00e9 forma actuamos como sociedad ante los m\u00e1s vulnerables.<\/p>\n<\/section>\n<p>\t\t\t\t\t\t[\/vc_column_text]<br \/>\n\t\t\t\t\t\t[vc_empty_space height=\u00bb30px\u00bb el_class=\u00bbcyg&#8211;espacio-30&#8243;]<br \/>\n\t\t\t\t\t[\/vc_column]<br \/>\n\t\t\t\t[\/vc_row][vc_row el_class=\u00bbcyg&#8211;ficha\u00bb]<br \/>\n\t\t\t\t\t[vc_column]<br \/>\n\t\t\t\t\t[vc_column_text]<\/p>\n<section><\/section>\n<p>\t\t\t\t\t[\/vc_column_text]<br \/>\n\t\t\t\t\t[\/vc_column]<br \/>\n\t\t\t\t[\/vc_row][\/vc_section]<\/p>\n<\/div>","protected":false},"excerpt":{"rendered":"<p>[vc_section el_class=\u00bbcontent&#8211;espectaculo evento-auditorio-nelly-goitino\u00bb][vc_row el_class=\u00bbcyg&#8211;descripcion\u00bb] [vc_column] [vc_column_text] Viajeros Disco Pub, Shock management en artes esc\u00e9nicas y DJ Paola Dalto presentan MO.VI.DA Fest. MO.VI.DA es el primer festival concebido en formato show para difundir artistas de la escena queer\u00a0montevideana. Drag queens, transformistas, bailarines, cantantes, actores y performances junto a la Dj ser\u00e1n\u00a0protagonistas de este espect\u00e1culo. La MO.VI.DA [&hellip;]<\/p>\n","protected":false},"menu_order":0,"template":"","format":"standard","cuerpo-estable":[],"etiqueta-espectaculo":[],"lugar":[17],"sala-espacio":[35],"acf":[],"yoast_head":"<!-- This site is optimized with the Yoast SEO plugin v21.7 - https:\/\/yoast.com\/wordpress\/plugins\/seo\/ -->\n<title>MO.VI.DA - Espect\u00e1culos<\/title>\n<meta name=\"robots\" content=\"index, follow, max-snippet:-1, max-image-preview:large, max-video-preview:-1\" \/>\n<link rel=\"canonical\" href=\"https:\/\/sodre.gub.uy\/espectaculos\/mo-vi\/\" \/>\n<meta property=\"og:locale\" content=\"es_ES\" \/>\n<meta property=\"og:type\" content=\"article\" \/>\n<meta property=\"og:title\" content=\"MO.VI.DA - Espect\u00e1culos\" \/>\n<meta property=\"og:description\" content=\"[vc_section el_class=\u00bbcontent&#8211;espectaculo evento-auditorio-nelly-goitino\u00bb][vc_row el_class=\u00bbcyg&#8211;descripcion\u00bb] [vc_column] [vc_column_text] Viajeros Disco Pub, Shock management en artes esc\u00e9nicas y DJ Paola Dalto presentan MO.VI.DA Fest. MO.VI.DA es el primer festival concebido en formato show para difundir artistas de la escena queer\u00a0montevideana. Drag queens, transformistas, bailarines, cantantes, actores y performances junto a la Dj ser\u00e1n\u00a0protagonistas de este espect\u00e1culo. La MO.VI.DA [&hellip;]\" \/>\n<meta property=\"og:url\" content=\"https:\/\/sodre.gub.uy\/espectaculos\/mo-vi\/\" \/>\n<meta property=\"og:site_name\" content=\"Espect\u00e1culos\" \/>\n<meta name=\"twitter:card\" content=\"summary_large_image\" \/>\n<meta name=\"twitter:label1\" content=\"Tiempo de lectura\" \/>\n\t<meta name=\"twitter:data1\" content=\"1 minuto\" \/>\n<script type=\"application\/ld+json\" class=\"yoast-schema-graph\">{\"@context\":\"https:\/\/schema.org\",\"@graph\":[{\"@type\":\"WebPage\",\"@id\":\"https:\/\/sodre.gub.uy\/espectaculos\/mo-vi\/\",\"url\":\"https:\/\/sodre.gub.uy\/espectaculos\/mo-vi\/\",\"name\":\"MO.VI.DA - Espect\u00e1culos\",\"isPartOf\":{\"@id\":\"https:\/\/sodre.gub.uy\/espectaculos\/#website\"},\"datePublished\":\"2021-10-01T23:25:31+00:00\",\"dateModified\":\"2021-10-01T23:25:31+00:00\",\"inLanguage\":\"es\",\"potentialAction\":[{\"@type\":\"ReadAction\",\"target\":[\"https:\/\/sodre.gub.uy\/espectaculos\/mo-vi\/\"]}]},{\"@type\":\"WebSite\",\"@id\":\"https:\/\/sodre.gub.uy\/espectaculos\/#website\",\"url\":\"https:\/\/sodre.gub.uy\/espectaculos\/\",\"name\":\"Espect\u00e1culos\",\"description\":\"Servicio Oficial de Difusi\u00f3n, Representaciones y Espect\u00e1culos\",\"publisher\":{\"@id\":\"https:\/\/sodre.gub.uy\/espectaculos\/#organization\"},\"potentialAction\":[{\"@type\":\"SearchAction\",\"target\":{\"@type\":\"EntryPoint\",\"urlTemplate\":\"https:\/\/sodre.gub.uy\/espectaculos\/?s={search_term_string}\"},\"query-input\":\"required name=search_term_string\"}],\"inLanguage\":\"es\"},{\"@type\":\"Organization\",\"@id\":\"https:\/\/sodre.gub.uy\/espectaculos\/#organization\",\"name\":\"Espect\u00e1culos\",\"url\":\"https:\/\/sodre.gub.uy\/espectaculos\/\",\"logo\":{\"@type\":\"ImageObject\",\"inLanguage\":\"es\",\"@id\":\"https:\/\/sodre.gub.uy\/espectaculos\/#\/schema\/logo\/image\/\",\"url\":\"https:\/\/sodre.gub.uy\/espectaculos\/wp-content\/uploads\/sites\/2\/2023\/12\/logo-sodre-black.svg\",\"contentUrl\":\"https:\/\/sodre.gub.uy\/espectaculos\/wp-content\/uploads\/sites\/2\/2023\/12\/logo-sodre-black.svg\",\"caption\":\"Espect\u00e1culos\"},\"image\":{\"@id\":\"https:\/\/sodre.gub.uy\/espectaculos\/#\/schema\/logo\/image\/\"}}]}<\/script>\n<!-- \/ Yoast SEO plugin. -->","yoast_head_json":{"title":"MO.VI.DA - Espect\u00e1culos","robots":{"index":"index","follow":"follow","max-snippet":"max-snippet:-1","max-image-preview":"max-image-preview:large","max-video-preview":"max-video-preview:-1"},"canonical":"https:\/\/sodre.gub.uy\/espectaculos\/mo-vi\/","og_locale":"es_ES","og_type":"article","og_title":"MO.VI.DA - Espect\u00e1culos","og_description":"[vc_section el_class=\u00bbcontent&#8211;espectaculo evento-auditorio-nelly-goitino\u00bb][vc_row el_class=\u00bbcyg&#8211;descripcion\u00bb] [vc_column] [vc_column_text] Viajeros Disco Pub, Shock management en artes esc\u00e9nicas y DJ Paola Dalto presentan MO.VI.DA Fest. MO.VI.DA es el primer festival concebido en formato show para difundir artistas de la escena queer\u00a0montevideana. Drag queens, transformistas, bailarines, cantantes, actores y performances junto a la Dj ser\u00e1n\u00a0protagonistas de este espect\u00e1culo. La MO.VI.DA [&hellip;]","og_url":"https:\/\/sodre.gub.uy\/espectaculos\/mo-vi\/","og_site_name":"Espect\u00e1culos","twitter_card":"summary_large_image","twitter_misc":{"Tiempo de lectura":"1 minuto"},"schema":{"@context":"https:\/\/schema.org","@graph":[{"@type":"WebPage","@id":"https:\/\/sodre.gub.uy\/espectaculos\/mo-vi\/","url":"https:\/\/sodre.gub.uy\/espectaculos\/mo-vi\/","name":"MO.VI.DA - Espect\u00e1culos","isPartOf":{"@id":"https:\/\/sodre.gub.uy\/espectaculos\/#website"},"datePublished":"2021-10-01T23:25:31+00:00","dateModified":"2021-10-01T23:25:31+00:00","inLanguage":"es","potentialAction":[{"@type":"ReadAction","target":["https:\/\/sodre.gub.uy\/espectaculos\/mo-vi\/"]}]},{"@type":"WebSite","@id":"https:\/\/sodre.gub.uy\/espectaculos\/#website","url":"https:\/\/sodre.gub.uy\/espectaculos\/","name":"Espect\u00e1culos","description":"Servicio Oficial de Difusi\u00f3n, Representaciones y Espect\u00e1culos","publisher":{"@id":"https:\/\/sodre.gub.uy\/espectaculos\/#organization"},"potentialAction":[{"@type":"SearchAction","target":{"@type":"EntryPoint","urlTemplate":"https:\/\/sodre.gub.uy\/espectaculos\/?s={search_term_string}"},"query-input":"required name=search_term_string"}],"inLanguage":"es"},{"@type":"Organization","@id":"https:\/\/sodre.gub.uy\/espectaculos\/#organization","name":"Espect\u00e1culos","url":"https:\/\/sodre.gub.uy\/espectaculos\/","logo":{"@type":"ImageObject","inLanguage":"es","@id":"https:\/\/sodre.gub.uy\/espectaculos\/#\/schema\/logo\/image\/","url":"https:\/\/sodre.gub.uy\/espectaculos\/wp-content\/uploads\/sites\/2\/2023\/12\/logo-sodre-black.svg","contentUrl":"https:\/\/sodre.gub.uy\/espectaculos\/wp-content\/uploads\/sites\/2\/2023\/12\/logo-sodre-black.svg","caption":"Espect\u00e1culos"},"image":{"@id":"https:\/\/sodre.gub.uy\/espectaculos\/#\/schema\/logo\/image\/"}}]}},"_links":{"self":[{"href":"https:\/\/sodre.gub.uy\/espectaculos\/wp-json\/wp\/v2\/espectaculo\/3617"}],"collection":[{"href":"https:\/\/sodre.gub.uy\/espectaculos\/wp-json\/wp\/v2\/espectaculo"}],"about":[{"href":"https:\/\/sodre.gub.uy\/espectaculos\/wp-json\/wp\/v2\/types\/espectaculo"}],"version-history":[{"count":0,"href":"https:\/\/sodre.gub.uy\/espectaculos\/wp-json\/wp\/v2\/espectaculo\/3617\/revisions"}],"wp:attachment":[{"href":"https:\/\/sodre.gub.uy\/espectaculos\/wp-json\/wp\/v2\/media?parent=3617"}],"wp:term":[{"taxonomy":"cuerpo-estable","embeddable":true,"href":"https:\/\/sodre.gub.uy\/espectaculos\/wp-json\/wp\/v2\/cuerpo-estable?post=3617"},{"taxonomy":"etiqueta-espectaculo","embeddable":true,"href":"https:\/\/sodre.gub.uy\/espectaculos\/wp-json\/wp\/v2\/etiqueta-espectaculo?post=3617"},{"taxonomy":"lugar","embeddable":true,"href":"https:\/\/sodre.gub.uy\/espectaculos\/wp-json\/wp\/v2\/lugar?post=3617"},{"taxonomy":"sala-espacio","embeddable":true,"href":"https:\/\/sodre.gub.uy\/espectaculos\/wp-json\/wp\/v2\/sala-espacio?post=3617"}],"curies":[{"name":"wp","href":"https:\/\/api.w.org\/{rel}","templated":true}]}}

<div class="wpb-content-wrapper"><p>[vc_section el_class=»content&#8211;espectaculo evento-auditorio-nelly-goitino»][vc_row el_class=»cyg&#8211;descripcion»]<br />
					[vc_column]<br />
						[vc_column_text]</p>
<section>
<p>Viajeros Disco Pub, Shock management en artes escénicas y DJ Paola Dalto presentan MO.VI.DA Fest.</p>
<p>MO.VI.DA es el primer festival concebido en formato show para difundir artistas de la escena queer montevideana. Drag queens, transformistas, bailarines, cantantes, actores y performances junto a la Dj serán protagonistas de este espectáculo.</p>
<p>La MO.VI.DA Fest se organiza en tres ejes estructurales y complementarios: difusión de artistas queer,<br />reafirmar a Uruguay como destino friendly y visibilizar colectivos con acciones reales.</p>
<p>El cometido de la producción es realizar donaciones, en esta oportunidad parte de lo recaudado se destinará al Colectivo Trans Uruguay (CTU). CTU despliega innumerables acciones y emprendimientos entre ellos el reparto de canastas en todo el país, creemos que en el Mes de la Diversidad es importante invitar a la reflexión para pensar en qué forma actuamos como sociedad ante los más vulnerables.</p>
</section>
<p>						[/vc_column_text]<br />
						[vc_empty_space height=»30px» el_class=»cyg&#8211;espacio-30&#8243;]<br />
					[/vc_column]<br />
				[/vc_row][vc_row el_class=»cyg&#8211;ficha»]<br />
					[vc_column]<br />
					[vc_column_text]</p>
<section></section>
<p>					[/vc_column_text]<br />
					[/vc_column]<br />
				[/vc_row][/vc_section]</p>
</div>

<p>[vc_section el_class=»content&#8211;espectaculo evento-auditorio-nelly-goitino»][vc_row el_class=»cyg&#8211;descripcion»] [vc_column] [vc_column_text] Viajeros Disco Pub, Shock management en artes escénicas y DJ Paola Dalto presentan MO.VI.DA Fest. MO.VI.DA es el primer festival concebido en formato show para difundir artistas de la escena queer montevideana. Drag queens, transformistas, bailarines, cantantes, actores y performances junto a la Dj serán protagonistas de este espectáculo. La MO.VI.DA [&hellip;]</p>

<!-- This site is optimized with the Yoast SEO plugin v21.7 - https://yoast.com/wordpress/plugins/seo/ -->
<title>MO.VI.DA - Espectáculos</title>
<meta name="robots" content="index, follow, max-snippet:-1, max-image-preview:large, max-video-preview:-1" />
<link rel="canonical" href="https://sodre.gub.uy/espectaculos/mo-vi/" />
<meta property="og:locale" content="es_ES" />
<meta property="og:type" content="article" />
<meta property="og:title" content="MO.VI.DA - Espectáculos" />
<meta property="og:description" content="[vc_section el_class=»content&#8211;espectaculo evento-auditorio-nelly-goitino»][vc_row el_class=»cyg&#8211;descripcion»] [vc_column] [vc_column_text] Viajeros Disco Pub, Shock management en artes escénicas y DJ Paola Dalto presentan MO.VI.DA Fest. MO.VI.DA es el primer festival concebido en formato show para difundir artistas de la escena queer montevideana. Drag queens, transformistas, bailarines, cantantes, actores y performances junto a la Dj serán protagonistas de este espectáculo. La MO.VI.DA [&hellip;]" />
<meta property="og:url" content="https://sodre.gub.uy/espectaculos/mo-vi/" />
<meta property="og:site_name" content="Espectáculos" />
<meta name="twitter:card" content="summary_large_image" />
<meta name="twitter:label1" content="Tiempo de lectura" />
	<meta name="twitter:data1" content="1 minuto" />
<script type="application/ld+json" class="yoast-schema-graph">{"@context":"https://schema.org","@graph":[{"@type":"WebPage","@id":"https://sodre.gub.uy/espectaculos/mo-vi/","url":"https://sodre.gub.uy/espectaculos/mo-vi/","name":"MO.VI.DA - Espectáculos","isPartOf":{"@id":"https://sodre.gub.uy/espectaculos/#website"},"datePublished":"2021-10-01T23:25:31+00:00","dateModified":"2021-10-01T23:25:31+00:00","inLanguage":"es","potentialAction":[{"@type":"ReadAction","target":["https://sodre.gub.uy/espectaculos/mo-vi/"]}]},{"@type":"WebSite","@id":"https://sodre.gub.uy/espectaculos/#website","url":"https://sodre.gub.uy/espectaculos/","name":"Espectáculos","description":"Servicio Oficial de Difusión, Representaciones y Espectáculos","publisher":{"@id":"https://sodre.gub.uy/espectaculos/#organization"},"potentialAction":[{"@type":"SearchAction","target":{"@type":"EntryPoint","urlTemplate":"https://sodre.gub.uy/espectaculos/?s={search_term_string}"},"query-input":"required name=search_term_string"}],"inLanguage":"es"},{"@type":"Organization","@id":"https://sodre.gub.uy/espectaculos/#organization","name":"Espectáculos","url":"https://sodre.gub.uy/espectaculos/","logo":{"@type":"ImageObject","inLanguage":"es","@id":"https://sodre.gub.uy/espectaculos/#/schema/logo/image/","url":"https://sodre.gub.uy/espectaculos/wp-content/uploads/sites/2/2023/12/logo-sodre-black.svg","contentUrl":"https://sodre.gub.uy/espectaculos/wp-content/uploads/sites/2/2023/12/logo-sodre-black.svg","caption":"Espectáculos"},"image":{"@id":"https://sodre.gub.uy/espectaculos/#/schema/logo/image/"}}]}</script>
<!-- / Yoast SEO plugin. -->

MO.VI.DA - Espectáculos

[vc_section el_class=»content&#8211;espectaculo evento-auditorio-nelly-goitino»][vc_row el_class=»cyg&#8211;descripcion»] [vc_column] [vc_column_text] Viajeros Disco Pub, Shock management en artes escénicas y DJ Paola Dalto presentan MO.VI.DA Fest. MO.VI.DA es el primer festival concebido en formato show para difundir artistas de la escena queer montevideana. Drag queens, transformistas, bailarines, cantantes, actores y performances junto a la Dj serán protagonistas de este espectáculo. La MO.VI.DA [&hellip;]

Espectáculos

Servicio Oficial de Difusión, Representaciones y Espectáculos
