{"id":3524,"date":"2021-03-22T17:35:33","date_gmt":"2021-03-22T20:35:33","guid":{"rendered":"https:\/\/sodre.gub.uy\/espectaculos\/85-aniversario-de-alfredo-zitarrosa\/"},"modified":"2021-03-22T17:35:33","modified_gmt":"2021-03-22T20:35:33","slug":"85-aniversario-de-alfredo-zitarrosa","status":"publish","type":"espectaculo","link":"https:\/\/sodre.gub.uy\/espectaculos\/85-aniversario-de-alfredo-zitarrosa\/","title":{"rendered":"85\u00ba aniversario de Alfredo Zitarrosa"},"content":{"rendered":"<div class=\"wpb-content-wrapper\"><p>[vc_section el_class=\u00bbcontent&#8211;espectaculo evento-auditorio-nelly-goitino\u00bb][vc_row el_class=\u00bbcyg&#8211;descripcion\u00bb]<br \/>\n\t\t\t\t\t[vc_column]<br \/>\n\t\t\t\t\t\t[vc_column_text]<\/p>\n<section>\n<p>Siguiendo las medidas anunciadas para evitar el incremento de contagios de Covid-19, todos los espect\u00e1culos y eventos con p\u00fablico programados en los Auditorios del Sodre quedan cancelados hasta el d\u00eda 12 de abril inclusive.<\/p>\n<p>En este momento estamos trabajando en el protocolo de devoluci\u00f3n de entradas y reprogramaci\u00f3n de espect\u00e1culos, el cual ser\u00e1 comunicado en los pr\u00f3ximos d\u00edas.<\/p>\n<p>Les mantendremos actualizados de las novedades a trav\u00e9s de nuestras redes sociales y web institucional.<\/p>\n<p>Por el bienestar y seguridad de todos, exhortamos a cumplir con las medidas y recomendaciones sanitarias dispuestas. Es el deseo de nuestros artistas, funcionarios y todo el equipo en general, reencontrarnos pronto con ustedes.<br \/>Agradecemos su comprensi\u00f3n.<\/p>\n<p>\u00a0<\/p>\n<p>_______________________________________________________<\/p>\n<p>\u00a0<\/p>\n<p>En 1976, tras la persecuci\u00f3n ideol\u00f3gica y prohibici\u00f3n de sus canciones, Alfredo Zitarrosa debe abandonar su pa\u00eds, inmerso en una sangrienta dictadura. Desde su vasto e in\u00e9dito material fillmico y sonoro en primera persona, la pel\u00edcula narra el dolor de vivir en el exilio en un mundo signado por la violencia; y dialoga con el presente donde su familia comienza a guardar y rescatar estos recuerdos y grabaciones in\u00e9ditas signados por el destierro de uno de los artistas m\u00e1s importantes del siglo XX.<\/p>\n<\/section>\n<p>\t\t\t\t\t\t[\/vc_column_text]<br \/>\n\t\t\t\t\t\t[vc_empty_space height=\u00bb30px\u00bb el_class=\u00bbcyg&#8211;espacio-30&#8243;]<br \/>\n\t\t\t\t\t[\/vc_column]<br \/>\n\t\t\t\t[\/vc_row][vc_row el_class=\u00bbcyg&#8211;ficha\u00bb]<br \/>\n\t\t\t\t\t[vc_column]<br \/>\n\t\t\t\t\t[vc_column_text]<\/p>\n<section><\/section>\n<p>\t\t\t\t\t[\/vc_column_text]<br \/>\n\t\t\t\t\t[\/vc_column]<br \/>\n\t\t\t\t[\/vc_row][vc_row][vc_column][vc_video link=\u00bbhttps:\/\/www.youtube.com\/watch?v=tCT64SmokrQ\u00bb][\/vc_column][\/vc_row][\/vc_section]<\/p>\n<\/div>","protected":false},"excerpt":{"rendered":"<p>[vc_section el_class=\u00bbcontent&#8211;espectaculo evento-auditorio-nelly-goitino\u00bb][vc_row el_class=\u00bbcyg&#8211;descripcion\u00bb] [vc_column] [vc_column_text] Siguiendo las medidas anunciadas para evitar el incremento de contagios de Covid-19, todos los espect\u00e1culos y eventos con p\u00fablico programados en los Auditorios del Sodre quedan cancelados hasta el d\u00eda 12 de abril inclusive. En este momento estamos trabajando en el protocolo de devoluci\u00f3n de entradas y reprogramaci\u00f3n de [&hellip;]<\/p>\n","protected":false},"menu_order":0,"template":"","format":"standard","cuerpo-estable":[],"etiqueta-espectaculo":[],"lugar":[17],"sala-espacio":[36],"acf":[],"yoast_head":"<!-- This site is optimized with the Yoast SEO plugin v21.7 - https:\/\/yoast.com\/wordpress\/plugins\/seo\/ -->\n<title>85\u00ba aniversario de Alfredo Zitarrosa - Espect\u00e1culos<\/title>\n<meta name=\"robots\" content=\"index, follow, max-snippet:-1, max-image-preview:large, max-video-preview:-1\" \/>\n<link rel=\"canonical\" href=\"https:\/\/sodre.gub.uy\/espectaculos\/85-aniversario-de-alfredo-zitarrosa\/\" \/>\n<meta property=\"og:locale\" content=\"es_ES\" \/>\n<meta property=\"og:type\" content=\"article\" \/>\n<meta property=\"og:title\" content=\"85\u00ba aniversario de Alfredo Zitarrosa - Espect\u00e1culos\" \/>\n<meta property=\"og:description\" content=\"[vc_section el_class=\u00bbcontent&#8211;espectaculo evento-auditorio-nelly-goitino\u00bb][vc_row el_class=\u00bbcyg&#8211;descripcion\u00bb] [vc_column] [vc_column_text] Siguiendo las medidas anunciadas para evitar el incremento de contagios de Covid-19, todos los espect\u00e1culos y eventos con p\u00fablico programados en los Auditorios del Sodre quedan cancelados hasta el d\u00eda 12 de abril inclusive. En este momento estamos trabajando en el protocolo de devoluci\u00f3n de entradas y reprogramaci\u00f3n de [&hellip;]\" \/>\n<meta property=\"og:url\" content=\"https:\/\/sodre.gub.uy\/espectaculos\/85-aniversario-de-alfredo-zitarrosa\/\" \/>\n<meta property=\"og:site_name\" content=\"Espect\u00e1culos\" \/>\n<meta name=\"twitter:card\" content=\"summary_large_image\" \/>\n<meta name=\"twitter:label1\" content=\"Tiempo de lectura\" \/>\n\t<meta name=\"twitter:data1\" content=\"1 minuto\" \/>\n<script type=\"application\/ld+json\" class=\"yoast-schema-graph\">{\"@context\":\"https:\/\/schema.org\",\"@graph\":[{\"@type\":\"WebPage\",\"@id\":\"https:\/\/sodre.gub.uy\/espectaculos\/85-aniversario-de-alfredo-zitarrosa\/\",\"url\":\"https:\/\/sodre.gub.uy\/espectaculos\/85-aniversario-de-alfredo-zitarrosa\/\",\"name\":\"85\u00ba aniversario de Alfredo Zitarrosa - Espect\u00e1culos\",\"isPartOf\":{\"@id\":\"https:\/\/sodre.gub.uy\/espectaculos\/#website\"},\"datePublished\":\"2021-03-22T20:35:33+00:00\",\"dateModified\":\"2021-03-22T20:35:33+00:00\",\"inLanguage\":\"es\",\"potentialAction\":[{\"@type\":\"ReadAction\",\"target\":[\"https:\/\/sodre.gub.uy\/espectaculos\/85-aniversario-de-alfredo-zitarrosa\/\"]}]},{\"@type\":\"WebSite\",\"@id\":\"https:\/\/sodre.gub.uy\/espectaculos\/#website\",\"url\":\"https:\/\/sodre.gub.uy\/espectaculos\/\",\"name\":\"Espect\u00e1culos\",\"description\":\"Servicio Oficial de Difusi\u00f3n, Representaciones y Espect\u00e1culos\",\"publisher\":{\"@id\":\"https:\/\/sodre.gub.uy\/espectaculos\/#organization\"},\"potentialAction\":[{\"@type\":\"SearchAction\",\"target\":{\"@type\":\"EntryPoint\",\"urlTemplate\":\"https:\/\/sodre.gub.uy\/espectaculos\/?s={search_term_string}\"},\"query-input\":\"required name=search_term_string\"}],\"inLanguage\":\"es\"},{\"@type\":\"Organization\",\"@id\":\"https:\/\/sodre.gub.uy\/espectaculos\/#organization\",\"name\":\"Espect\u00e1culos\",\"url\":\"https:\/\/sodre.gub.uy\/espectaculos\/\",\"logo\":{\"@type\":\"ImageObject\",\"inLanguage\":\"es\",\"@id\":\"https:\/\/sodre.gub.uy\/espectaculos\/#\/schema\/logo\/image\/\",\"url\":\"https:\/\/sodre.gub.uy\/espectaculos\/wp-content\/uploads\/sites\/2\/2023\/12\/logo-sodre-black.svg\",\"contentUrl\":\"https:\/\/sodre.gub.uy\/espectaculos\/wp-content\/uploads\/sites\/2\/2023\/12\/logo-sodre-black.svg\",\"caption\":\"Espect\u00e1culos\"},\"image\":{\"@id\":\"https:\/\/sodre.gub.uy\/espectaculos\/#\/schema\/logo\/image\/\"}}]}<\/script>\n<!-- \/ Yoast SEO plugin. -->","yoast_head_json":{"title":"85\u00ba aniversario de Alfredo Zitarrosa - Espect\u00e1culos","robots":{"index":"index","follow":"follow","max-snippet":"max-snippet:-1","max-image-preview":"max-image-preview:large","max-video-preview":"max-video-preview:-1"},"canonical":"https:\/\/sodre.gub.uy\/espectaculos\/85-aniversario-de-alfredo-zitarrosa\/","og_locale":"es_ES","og_type":"article","og_title":"85\u00ba aniversario de Alfredo Zitarrosa - Espect\u00e1culos","og_description":"[vc_section el_class=\u00bbcontent&#8211;espectaculo evento-auditorio-nelly-goitino\u00bb][vc_row el_class=\u00bbcyg&#8211;descripcion\u00bb] [vc_column] [vc_column_text] Siguiendo las medidas anunciadas para evitar el incremento de contagios de Covid-19, todos los espect\u00e1culos y eventos con p\u00fablico programados en los Auditorios del Sodre quedan cancelados hasta el d\u00eda 12 de abril inclusive. En este momento estamos trabajando en el protocolo de devoluci\u00f3n de entradas y reprogramaci\u00f3n de [&hellip;]","og_url":"https:\/\/sodre.gub.uy\/espectaculos\/85-aniversario-de-alfredo-zitarrosa\/","og_site_name":"Espect\u00e1culos","twitter_card":"summary_large_image","twitter_misc":{"Tiempo de lectura":"1 minuto"},"schema":{"@context":"https:\/\/schema.org","@graph":[{"@type":"WebPage","@id":"https:\/\/sodre.gub.uy\/espectaculos\/85-aniversario-de-alfredo-zitarrosa\/","url":"https:\/\/sodre.gub.uy\/espectaculos\/85-aniversario-de-alfredo-zitarrosa\/","name":"85\u00ba aniversario de Alfredo Zitarrosa - Espect\u00e1culos","isPartOf":{"@id":"https:\/\/sodre.gub.uy\/espectaculos\/#website"},"datePublished":"2021-03-22T20:35:33+00:00","dateModified":"2021-03-22T20:35:33+00:00","inLanguage":"es","potentialAction":[{"@type":"ReadAction","target":["https:\/\/sodre.gub.uy\/espectaculos\/85-aniversario-de-alfredo-zitarrosa\/"]}]},{"@type":"WebSite","@id":"https:\/\/sodre.gub.uy\/espectaculos\/#website","url":"https:\/\/sodre.gub.uy\/espectaculos\/","name":"Espect\u00e1culos","description":"Servicio Oficial de Difusi\u00f3n, Representaciones y Espect\u00e1culos","publisher":{"@id":"https:\/\/sodre.gub.uy\/espectaculos\/#organization"},"potentialAction":[{"@type":"SearchAction","target":{"@type":"EntryPoint","urlTemplate":"https:\/\/sodre.gub.uy\/espectaculos\/?s={search_term_string}"},"query-input":"required name=search_term_string"}],"inLanguage":"es"},{"@type":"Organization","@id":"https:\/\/sodre.gub.uy\/espectaculos\/#organization","name":"Espect\u00e1culos","url":"https:\/\/sodre.gub.uy\/espectaculos\/","logo":{"@type":"ImageObject","inLanguage":"es","@id":"https:\/\/sodre.gub.uy\/espectaculos\/#\/schema\/logo\/image\/","url":"https:\/\/sodre.gub.uy\/espectaculos\/wp-content\/uploads\/sites\/2\/2023\/12\/logo-sodre-black.svg","contentUrl":"https:\/\/sodre.gub.uy\/espectaculos\/wp-content\/uploads\/sites\/2\/2023\/12\/logo-sodre-black.svg","caption":"Espect\u00e1culos"},"image":{"@id":"https:\/\/sodre.gub.uy\/espectaculos\/#\/schema\/logo\/image\/"}}]}},"_links":{"self":[{"href":"https:\/\/sodre.gub.uy\/espectaculos\/wp-json\/wp\/v2\/espectaculo\/3524"}],"collection":[{"href":"https:\/\/sodre.gub.uy\/espectaculos\/wp-json\/wp\/v2\/espectaculo"}],"about":[{"href":"https:\/\/sodre.gub.uy\/espectaculos\/wp-json\/wp\/v2\/types\/espectaculo"}],"version-history":[{"count":0,"href":"https:\/\/sodre.gub.uy\/espectaculos\/wp-json\/wp\/v2\/espectaculo\/3524\/revisions"}],"wp:attachment":[{"href":"https:\/\/sodre.gub.uy\/espectaculos\/wp-json\/wp\/v2\/media?parent=3524"}],"wp:term":[{"taxonomy":"cuerpo-estable","embeddable":true,"href":"https:\/\/sodre.gub.uy\/espectaculos\/wp-json\/wp\/v2\/cuerpo-estable?post=3524"},{"taxonomy":"etiqueta-espectaculo","embeddable":true,"href":"https:\/\/sodre.gub.uy\/espectaculos\/wp-json\/wp\/v2\/etiqueta-espectaculo?post=3524"},{"taxonomy":"lugar","embeddable":true,"href":"https:\/\/sodre.gub.uy\/espectaculos\/wp-json\/wp\/v2\/lugar?post=3524"},{"taxonomy":"sala-espacio","embeddable":true,"href":"https:\/\/sodre.gub.uy\/espectaculos\/wp-json\/wp\/v2\/sala-espacio?post=3524"}],"curies":[{"name":"wp","href":"https:\/\/api.w.org\/{rel}","templated":true}]}}

85º aniversario de Alfredo Zitarrosa

<div class="wpb-content-wrapper"><p>[vc_section el_class=»content&#8211;espectaculo evento-auditorio-nelly-goitino»][vc_row el_class=»cyg&#8211;descripcion»]<br />
					[vc_column]<br />
						[vc_column_text]</p>
<section>
<p>Siguiendo las medidas anunciadas para evitar el incremento de contagios de Covid-19, todos los espectáculos y eventos con público programados en los Auditorios del Sodre quedan cancelados hasta el día 12 de abril inclusive.</p>
<p>En este momento estamos trabajando en el protocolo de devolución de entradas y reprogramación de espectáculos, el cual será comunicado en los próximos días.</p>
<p>Les mantendremos actualizados de las novedades a través de nuestras redes sociales y web institucional.</p>
<p>Por el bienestar y seguridad de todos, exhortamos a cumplir con las medidas y recomendaciones sanitarias dispuestas. Es el deseo de nuestros artistas, funcionarios y todo el equipo en general, reencontrarnos pronto con ustedes.<br />Agradecemos su comprensión.</p>
<p> </p>
<p>_______________________________________________________</p>
<p> </p>
<p>En 1976, tras la persecución ideológica y prohibición de sus canciones, Alfredo Zitarrosa debe abandonar su país, inmerso en una sangrienta dictadura. Desde su vasto e inédito material fillmico y sonoro en primera persona, la película narra el dolor de vivir en el exilio en un mundo signado por la violencia; y dialoga con el presente donde su familia comienza a guardar y rescatar estos recuerdos y grabaciones inéditas signados por el destierro de uno de los artistas más importantes del siglo XX.</p>
</section>
<p>						[/vc_column_text]<br />
						[vc_empty_space height=»30px» el_class=»cyg&#8211;espacio-30&#8243;]<br />
					[/vc_column]<br />
				[/vc_row][vc_row el_class=»cyg&#8211;ficha»]<br />
					[vc_column]<br />
					[vc_column_text]</p>
<section></section>
<p>					[/vc_column_text]<br />
					[/vc_column]<br />
				[/vc_row][vc_row][vc_column][vc_video link=»https://www.youtube.com/watch?v=tCT64SmokrQ»][/vc_column][/vc_row][/vc_section]</p>
</div>

<p>[vc_section el_class=»content&#8211;espectaculo evento-auditorio-nelly-goitino»][vc_row el_class=»cyg&#8211;descripcion»] [vc_column] [vc_column_text] Siguiendo las medidas anunciadas para evitar el incremento de contagios de Covid-19, todos los espectáculos y eventos con público programados en los Auditorios del Sodre quedan cancelados hasta el día 12 de abril inclusive. En este momento estamos trabajando en el protocolo de devolución de entradas y reprogramación de [&hellip;]</p>

<!-- This site is optimized with the Yoast SEO plugin v21.7 - https://yoast.com/wordpress/plugins/seo/ -->
<title>85º aniversario de Alfredo Zitarrosa - Espectáculos</title>
<meta name="robots" content="index, follow, max-snippet:-1, max-image-preview:large, max-video-preview:-1" />
<link rel="canonical" href="https://sodre.gub.uy/espectaculos/85-aniversario-de-alfredo-zitarrosa/" />
<meta property="og:locale" content="es_ES" />
<meta property="og:type" content="article" />
<meta property="og:title" content="85º aniversario de Alfredo Zitarrosa - Espectáculos" />
<meta property="og:description" content="[vc_section el_class=»content&#8211;espectaculo evento-auditorio-nelly-goitino»][vc_row el_class=»cyg&#8211;descripcion»] [vc_column] [vc_column_text] Siguiendo las medidas anunciadas para evitar el incremento de contagios de Covid-19, todos los espectáculos y eventos con público programados en los Auditorios del Sodre quedan cancelados hasta el día 12 de abril inclusive. En este momento estamos trabajando en el protocolo de devolución de entradas y reprogramación de [&hellip;]" />
<meta property="og:url" content="https://sodre.gub.uy/espectaculos/85-aniversario-de-alfredo-zitarrosa/" />
<meta property="og:site_name" content="Espectáculos" />
<meta name="twitter:card" content="summary_large_image" />
<meta name="twitter:label1" content="Tiempo de lectura" />
	<meta name="twitter:data1" content="1 minuto" />
<script type="application/ld+json" class="yoast-schema-graph">{"@context":"https://schema.org","@graph":[{"@type":"WebPage","@id":"https://sodre.gub.uy/espectaculos/85-aniversario-de-alfredo-zitarrosa/","url":"https://sodre.gub.uy/espectaculos/85-aniversario-de-alfredo-zitarrosa/","name":"85º aniversario de Alfredo Zitarrosa - Espectáculos","isPartOf":{"@id":"https://sodre.gub.uy/espectaculos/#website"},"datePublished":"2021-03-22T20:35:33+00:00","dateModified":"2021-03-22T20:35:33+00:00","inLanguage":"es","potentialAction":[{"@type":"ReadAction","target":["https://sodre.gub.uy/espectaculos/85-aniversario-de-alfredo-zitarrosa/"]}]},{"@type":"WebSite","@id":"https://sodre.gub.uy/espectaculos/#website","url":"https://sodre.gub.uy/espectaculos/","name":"Espectáculos","description":"Servicio Oficial de Difusión, Representaciones y Espectáculos","publisher":{"@id":"https://sodre.gub.uy/espectaculos/#organization"},"potentialAction":[{"@type":"SearchAction","target":{"@type":"EntryPoint","urlTemplate":"https://sodre.gub.uy/espectaculos/?s={search_term_string}"},"query-input":"required name=search_term_string"}],"inLanguage":"es"},{"@type":"Organization","@id":"https://sodre.gub.uy/espectaculos/#organization","name":"Espectáculos","url":"https://sodre.gub.uy/espectaculos/","logo":{"@type":"ImageObject","inLanguage":"es","@id":"https://sodre.gub.uy/espectaculos/#/schema/logo/image/","url":"https://sodre.gub.uy/espectaculos/wp-content/uploads/sites/2/2023/12/logo-sodre-black.svg","contentUrl":"https://sodre.gub.uy/espectaculos/wp-content/uploads/sites/2/2023/12/logo-sodre-black.svg","caption":"Espectáculos"},"image":{"@id":"https://sodre.gub.uy/espectaculos/#/schema/logo/image/"}}]}</script>
<!-- / Yoast SEO plugin. -->

85º aniversario de Alfredo Zitarrosa - Espectáculos

[vc_section el_class=»content&#8211;espectaculo evento-auditorio-nelly-goitino»][vc_row el_class=»cyg&#8211;descripcion»] [vc_column] [vc_column_text] Siguiendo las medidas anunciadas para evitar el incremento de contagios de Covid-19, todos los espectáculos y eventos con público programados en los Auditorios del Sodre quedan cancelados hasta el día 12 de abril inclusive. En este momento estamos trabajando en el protocolo de devolución de entradas y reprogramación de [&hellip;]

Espectáculos

Servicio Oficial de Difusión, Representaciones y Espectáculos
