{"id":3437,"date":"2020-12-08T13:06:33","date_gmt":"2020-12-08T16:06:33","guid":{"rendered":"https:\/\/sodre.gub.uy\/espectaculos\/el-cumple\/"},"modified":"2020-12-08T13:06:33","modified_gmt":"2020-12-08T16:06:33","slug":"el-cumple","status":"publish","type":"espectaculo","link":"https:\/\/sodre.gub.uy\/espectaculos\/el-cumple\/","title":{"rendered":"El cumple"},"content":{"rendered":"<div class=\"wpb-content-wrapper\"><p>[vc_section el_class=\u00bbcontent&#8211;espectaculo evento-auditorio-nelly-goitino\u00bb][vc_row el_class=\u00bbcyg&#8211;descripcion\u00bb]<br \/>\n\t\t\t\t\t[vc_column]<br \/>\n\t\t\t\t\t\t[vc_column_text]<\/p>\n<section>\n<p><em>Una pel\u00edcula de Carlos Morelli<\/em><\/p>\n<p><em>Alemania &#8211; 2020 \u2013 83 minutos<\/em><\/p>\n<p>Es el cumplea\u00f1os de Lukas de siete a\u00f1os. Sus padres, Matthias y Anna est\u00e1n separados en muy malos t\u00e9rminos pero organizan juntos una fiesta infantil con pi\u00f1ata y pastel. En la sala de estar los ni\u00f1os se divierten y lo destruyen todo, en la cocina los adultos discuten: Matthias, una vez m\u00e1s quiere cancelar el paseo de fin de semana con su hijo, pospone la prometida visita al zool\u00f3gico. Anna se indigna. La fiesta termina pero el siguiente problema es que nadie pasa a recoger al peque\u00f1o Julius y nadie sabe qui\u00e9n realmente es este ni\u00f1o. Anna le exige a Matthias que resuelva el problema de Julius, que lo regrese a su casa. Matthias s\u00f3lo quiere deshacerse del extra\u00f1o ni\u00f1o, pero todo se complica. Impulsado por su hasta ahora apagado instinto paternal, el padre se responsabiliza del indefenso Julius y sus ojos finalmente se abren para comprender las necesidades de su propio hijo Lukas<\/p>\n<p>\u00a0Con Finnlay Berger, Knut Berger, Kasimir Brause, Anna Bruggermann<\/p>\n<hr \/>\n<p>Viernes 11 de diciembre a las 20:00 hs y S\u00e1bado 12 de diciembre a las 17:00 hs<\/p>\n<\/section>\n<p>\t\t\t\t\t\t[\/vc_column_text]<br \/>\n\t\t\t\t\t\t[vc_empty_space height=\u00bb30px\u00bb el_class=\u00bbcyg&#8211;espacio-30&#8243;]<br \/>\n\t\t\t\t\t[\/vc_column]<br \/>\n\t\t\t\t[\/vc_row][vc_row el_class=\u00bbcyg&#8211;ficha\u00bb]<br \/>\n\t\t\t\t\t[vc_column]<br \/>\n\t\t\t\t\t[vc_column_text]<\/p>\n<section><\/section>\n<p>\t\t\t\t\t[\/vc_column_text]<br \/>\n\t\t\t\t\t[\/vc_column]<br \/>\n\t\t\t\t[\/vc_row][\/vc_section]<\/p>\n<\/div>","protected":false},"excerpt":{"rendered":"<p>[vc_section el_class=\u00bbcontent&#8211;espectaculo evento-auditorio-nelly-goitino\u00bb][vc_row el_class=\u00bbcyg&#8211;descripcion\u00bb] [vc_column] [vc_column_text] Una pel\u00edcula de Carlos Morelli Alemania &#8211; 2020 \u2013 83 minutos Es el cumplea\u00f1os de Lukas de siete a\u00f1os. Sus padres, Matthias y Anna est\u00e1n separados en muy malos t\u00e9rminos pero organizan juntos una fiesta infantil con pi\u00f1ata y pastel. En la sala de estar los ni\u00f1os se divierten [&hellip;]<\/p>\n","protected":false},"menu_order":0,"template":"","format":"standard","cuerpo-estable":[],"etiqueta-espectaculo":[],"lugar":[17],"sala-espacio":[36],"acf":[],"yoast_head":"<!-- This site is optimized with the Yoast SEO plugin v21.7 - https:\/\/yoast.com\/wordpress\/plugins\/seo\/ -->\n<title>El cumple - Espect\u00e1culos<\/title>\n<meta name=\"robots\" content=\"index, follow, max-snippet:-1, max-image-preview:large, max-video-preview:-1\" \/>\n<link rel=\"canonical\" href=\"https:\/\/sodre.gub.uy\/espectaculos\/el-cumple\/\" \/>\n<meta property=\"og:locale\" content=\"es_ES\" \/>\n<meta property=\"og:type\" content=\"article\" \/>\n<meta property=\"og:title\" content=\"El cumple - Espect\u00e1culos\" \/>\n<meta property=\"og:description\" content=\"[vc_section el_class=\u00bbcontent&#8211;espectaculo evento-auditorio-nelly-goitino\u00bb][vc_row el_class=\u00bbcyg&#8211;descripcion\u00bb] [vc_column] [vc_column_text] Una pel\u00edcula de Carlos Morelli Alemania &#8211; 2020 \u2013 83 minutos Es el cumplea\u00f1os de Lukas de siete a\u00f1os. Sus padres, Matthias y Anna est\u00e1n separados en muy malos t\u00e9rminos pero organizan juntos una fiesta infantil con pi\u00f1ata y pastel. En la sala de estar los ni\u00f1os se divierten [&hellip;]\" \/>\n<meta property=\"og:url\" content=\"https:\/\/sodre.gub.uy\/espectaculos\/el-cumple\/\" \/>\n<meta property=\"og:site_name\" content=\"Espect\u00e1culos\" \/>\n<meta name=\"twitter:card\" content=\"summary_large_image\" \/>\n<meta name=\"twitter:label1\" content=\"Tiempo de lectura\" \/>\n\t<meta name=\"twitter:data1\" content=\"1 minuto\" \/>\n<script type=\"application\/ld+json\" class=\"yoast-schema-graph\">{\"@context\":\"https:\/\/schema.org\",\"@graph\":[{\"@type\":\"WebPage\",\"@id\":\"https:\/\/sodre.gub.uy\/espectaculos\/el-cumple\/\",\"url\":\"https:\/\/sodre.gub.uy\/espectaculos\/el-cumple\/\",\"name\":\"El cumple - Espect\u00e1culos\",\"isPartOf\":{\"@id\":\"https:\/\/sodre.gub.uy\/espectaculos\/#website\"},\"datePublished\":\"2020-12-08T16:06:33+00:00\",\"dateModified\":\"2020-12-08T16:06:33+00:00\",\"inLanguage\":\"es\",\"potentialAction\":[{\"@type\":\"ReadAction\",\"target\":[\"https:\/\/sodre.gub.uy\/espectaculos\/el-cumple\/\"]}]},{\"@type\":\"WebSite\",\"@id\":\"https:\/\/sodre.gub.uy\/espectaculos\/#website\",\"url\":\"https:\/\/sodre.gub.uy\/espectaculos\/\",\"name\":\"Espect\u00e1culos\",\"description\":\"Servicio Oficial de Difusi\u00f3n, Representaciones y Espect\u00e1culos\",\"publisher\":{\"@id\":\"https:\/\/sodre.gub.uy\/espectaculos\/#organization\"},\"potentialAction\":[{\"@type\":\"SearchAction\",\"target\":{\"@type\":\"EntryPoint\",\"urlTemplate\":\"https:\/\/sodre.gub.uy\/espectaculos\/?s={search_term_string}\"},\"query-input\":\"required name=search_term_string\"}],\"inLanguage\":\"es\"},{\"@type\":\"Organization\",\"@id\":\"https:\/\/sodre.gub.uy\/espectaculos\/#organization\",\"name\":\"Espect\u00e1culos\",\"url\":\"https:\/\/sodre.gub.uy\/espectaculos\/\",\"logo\":{\"@type\":\"ImageObject\",\"inLanguage\":\"es\",\"@id\":\"https:\/\/sodre.gub.uy\/espectaculos\/#\/schema\/logo\/image\/\",\"url\":\"https:\/\/sodre.gub.uy\/espectaculos\/wp-content\/uploads\/sites\/2\/2023\/12\/logo-sodre-black.svg\",\"contentUrl\":\"https:\/\/sodre.gub.uy\/espectaculos\/wp-content\/uploads\/sites\/2\/2023\/12\/logo-sodre-black.svg\",\"caption\":\"Espect\u00e1culos\"},\"image\":{\"@id\":\"https:\/\/sodre.gub.uy\/espectaculos\/#\/schema\/logo\/image\/\"}}]}<\/script>\n<!-- \/ Yoast SEO plugin. -->","yoast_head_json":{"title":"El cumple - Espect\u00e1culos","robots":{"index":"index","follow":"follow","max-snippet":"max-snippet:-1","max-image-preview":"max-image-preview:large","max-video-preview":"max-video-preview:-1"},"canonical":"https:\/\/sodre.gub.uy\/espectaculos\/el-cumple\/","og_locale":"es_ES","og_type":"article","og_title":"El cumple - Espect\u00e1culos","og_description":"[vc_section el_class=\u00bbcontent&#8211;espectaculo evento-auditorio-nelly-goitino\u00bb][vc_row el_class=\u00bbcyg&#8211;descripcion\u00bb] [vc_column] [vc_column_text] Una pel\u00edcula de Carlos Morelli Alemania &#8211; 2020 \u2013 83 minutos Es el cumplea\u00f1os de Lukas de siete a\u00f1os. Sus padres, Matthias y Anna est\u00e1n separados en muy malos t\u00e9rminos pero organizan juntos una fiesta infantil con pi\u00f1ata y pastel. En la sala de estar los ni\u00f1os se divierten [&hellip;]","og_url":"https:\/\/sodre.gub.uy\/espectaculos\/el-cumple\/","og_site_name":"Espect\u00e1culos","twitter_card":"summary_large_image","twitter_misc":{"Tiempo de lectura":"1 minuto"},"schema":{"@context":"https:\/\/schema.org","@graph":[{"@type":"WebPage","@id":"https:\/\/sodre.gub.uy\/espectaculos\/el-cumple\/","url":"https:\/\/sodre.gub.uy\/espectaculos\/el-cumple\/","name":"El cumple - Espect\u00e1culos","isPartOf":{"@id":"https:\/\/sodre.gub.uy\/espectaculos\/#website"},"datePublished":"2020-12-08T16:06:33+00:00","dateModified":"2020-12-08T16:06:33+00:00","inLanguage":"es","potentialAction":[{"@type":"ReadAction","target":["https:\/\/sodre.gub.uy\/espectaculos\/el-cumple\/"]}]},{"@type":"WebSite","@id":"https:\/\/sodre.gub.uy\/espectaculos\/#website","url":"https:\/\/sodre.gub.uy\/espectaculos\/","name":"Espect\u00e1culos","description":"Servicio Oficial de Difusi\u00f3n, Representaciones y Espect\u00e1culos","publisher":{"@id":"https:\/\/sodre.gub.uy\/espectaculos\/#organization"},"potentialAction":[{"@type":"SearchAction","target":{"@type":"EntryPoint","urlTemplate":"https:\/\/sodre.gub.uy\/espectaculos\/?s={search_term_string}"},"query-input":"required name=search_term_string"}],"inLanguage":"es"},{"@type":"Organization","@id":"https:\/\/sodre.gub.uy\/espectaculos\/#organization","name":"Espect\u00e1culos","url":"https:\/\/sodre.gub.uy\/espectaculos\/","logo":{"@type":"ImageObject","inLanguage":"es","@id":"https:\/\/sodre.gub.uy\/espectaculos\/#\/schema\/logo\/image\/","url":"https:\/\/sodre.gub.uy\/espectaculos\/wp-content\/uploads\/sites\/2\/2023\/12\/logo-sodre-black.svg","contentUrl":"https:\/\/sodre.gub.uy\/espectaculos\/wp-content\/uploads\/sites\/2\/2023\/12\/logo-sodre-black.svg","caption":"Espect\u00e1culos"},"image":{"@id":"https:\/\/sodre.gub.uy\/espectaculos\/#\/schema\/logo\/image\/"}}]}},"_links":{"self":[{"href":"https:\/\/sodre.gub.uy\/espectaculos\/wp-json\/wp\/v2\/espectaculo\/3437"}],"collection":[{"href":"https:\/\/sodre.gub.uy\/espectaculos\/wp-json\/wp\/v2\/espectaculo"}],"about":[{"href":"https:\/\/sodre.gub.uy\/espectaculos\/wp-json\/wp\/v2\/types\/espectaculo"}],"version-history":[{"count":0,"href":"https:\/\/sodre.gub.uy\/espectaculos\/wp-json\/wp\/v2\/espectaculo\/3437\/revisions"}],"wp:attachment":[{"href":"https:\/\/sodre.gub.uy\/espectaculos\/wp-json\/wp\/v2\/media?parent=3437"}],"wp:term":[{"taxonomy":"cuerpo-estable","embeddable":true,"href":"https:\/\/sodre.gub.uy\/espectaculos\/wp-json\/wp\/v2\/cuerpo-estable?post=3437"},{"taxonomy":"etiqueta-espectaculo","embeddable":true,"href":"https:\/\/sodre.gub.uy\/espectaculos\/wp-json\/wp\/v2\/etiqueta-espectaculo?post=3437"},{"taxonomy":"lugar","embeddable":true,"href":"https:\/\/sodre.gub.uy\/espectaculos\/wp-json\/wp\/v2\/lugar?post=3437"},{"taxonomy":"sala-espacio","embeddable":true,"href":"https:\/\/sodre.gub.uy\/espectaculos\/wp-json\/wp\/v2\/sala-espacio?post=3437"}],"curies":[{"name":"wp","href":"https:\/\/api.w.org\/{rel}","templated":true}]}}

<div class="wpb-content-wrapper"><p>[vc_section el_class=»content&#8211;espectaculo evento-auditorio-nelly-goitino»][vc_row el_class=»cyg&#8211;descripcion»]<br />
					[vc_column]<br />
						[vc_column_text]</p>
<section>
<p><em>Una película de Carlos Morelli</em></p>
<p><em>Alemania &#8211; 2020 – 83 minutos</em></p>
<p>Es el cumpleaños de Lukas de siete años. Sus padres, Matthias y Anna están separados en muy malos términos pero organizan juntos una fiesta infantil con piñata y pastel. En la sala de estar los niños se divierten y lo destruyen todo, en la cocina los adultos discuten: Matthias, una vez más quiere cancelar el paseo de fin de semana con su hijo, pospone la prometida visita al zoológico. Anna se indigna. La fiesta termina pero el siguiente problema es que nadie pasa a recoger al pequeño Julius y nadie sabe quién realmente es este niño. Anna le exige a Matthias que resuelva el problema de Julius, que lo regrese a su casa. Matthias sólo quiere deshacerse del extraño niño, pero todo se complica. Impulsado por su hasta ahora apagado instinto paternal, el padre se responsabiliza del indefenso Julius y sus ojos finalmente se abren para comprender las necesidades de su propio hijo Lukas</p>
<p> Con Finnlay Berger, Knut Berger, Kasimir Brause, Anna Bruggermann</p>
<hr />
<p>Viernes 11 de diciembre a las 20:00 hs y Sábado 12 de diciembre a las 17:00 hs</p>
</section>
<p>						[/vc_column_text]<br />
						[vc_empty_space height=»30px» el_class=»cyg&#8211;espacio-30&#8243;]<br />
					[/vc_column]<br />
				[/vc_row][vc_row el_class=»cyg&#8211;ficha»]<br />
					[vc_column]<br />
					[vc_column_text]</p>
<section></section>
<p>					[/vc_column_text]<br />
					[/vc_column]<br />
				[/vc_row][/vc_section]</p>
</div>

<p>[vc_section el_class=»content&#8211;espectaculo evento-auditorio-nelly-goitino»][vc_row el_class=»cyg&#8211;descripcion»] [vc_column] [vc_column_text] Una película de Carlos Morelli Alemania &#8211; 2020 – 83 minutos Es el cumpleaños de Lukas de siete años. Sus padres, Matthias y Anna están separados en muy malos términos pero organizan juntos una fiesta infantil con piñata y pastel. En la sala de estar los niños se divierten [&hellip;]</p>

<!-- This site is optimized with the Yoast SEO plugin v21.7 - https://yoast.com/wordpress/plugins/seo/ -->
<title>El cumple - Espectáculos</title>
<meta name="robots" content="index, follow, max-snippet:-1, max-image-preview:large, max-video-preview:-1" />
<link rel="canonical" href="https://sodre.gub.uy/espectaculos/el-cumple/" />
<meta property="og:locale" content="es_ES" />
<meta property="og:type" content="article" />
<meta property="og:title" content="El cumple - Espectáculos" />
<meta property="og:description" content="[vc_section el_class=»content&#8211;espectaculo evento-auditorio-nelly-goitino»][vc_row el_class=»cyg&#8211;descripcion»] [vc_column] [vc_column_text] Una película de Carlos Morelli Alemania &#8211; 2020 – 83 minutos Es el cumpleaños de Lukas de siete años. Sus padres, Matthias y Anna están separados en muy malos términos pero organizan juntos una fiesta infantil con piñata y pastel. En la sala de estar los niños se divierten [&hellip;]" />
<meta property="og:url" content="https://sodre.gub.uy/espectaculos/el-cumple/" />
<meta property="og:site_name" content="Espectáculos" />
<meta name="twitter:card" content="summary_large_image" />
<meta name="twitter:label1" content="Tiempo de lectura" />
	<meta name="twitter:data1" content="1 minuto" />
<script type="application/ld+json" class="yoast-schema-graph">{"@context":"https://schema.org","@graph":[{"@type":"WebPage","@id":"https://sodre.gub.uy/espectaculos/el-cumple/","url":"https://sodre.gub.uy/espectaculos/el-cumple/","name":"El cumple - Espectáculos","isPartOf":{"@id":"https://sodre.gub.uy/espectaculos/#website"},"datePublished":"2020-12-08T16:06:33+00:00","dateModified":"2020-12-08T16:06:33+00:00","inLanguage":"es","potentialAction":[{"@type":"ReadAction","target":["https://sodre.gub.uy/espectaculos/el-cumple/"]}]},{"@type":"WebSite","@id":"https://sodre.gub.uy/espectaculos/#website","url":"https://sodre.gub.uy/espectaculos/","name":"Espectáculos","description":"Servicio Oficial de Difusión, Representaciones y Espectáculos","publisher":{"@id":"https://sodre.gub.uy/espectaculos/#organization"},"potentialAction":[{"@type":"SearchAction","target":{"@type":"EntryPoint","urlTemplate":"https://sodre.gub.uy/espectaculos/?s={search_term_string}"},"query-input":"required name=search_term_string"}],"inLanguage":"es"},{"@type":"Organization","@id":"https://sodre.gub.uy/espectaculos/#organization","name":"Espectáculos","url":"https://sodre.gub.uy/espectaculos/","logo":{"@type":"ImageObject","inLanguage":"es","@id":"https://sodre.gub.uy/espectaculos/#/schema/logo/image/","url":"https://sodre.gub.uy/espectaculos/wp-content/uploads/sites/2/2023/12/logo-sodre-black.svg","contentUrl":"https://sodre.gub.uy/espectaculos/wp-content/uploads/sites/2/2023/12/logo-sodre-black.svg","caption":"Espectáculos"},"image":{"@id":"https://sodre.gub.uy/espectaculos/#/schema/logo/image/"}}]}</script>
<!-- / Yoast SEO plugin. -->

El cumple - Espectáculos

[vc_section el_class=»content&#8211;espectaculo evento-auditorio-nelly-goitino»][vc_row el_class=»cyg&#8211;descripcion»] [vc_column] [vc_column_text] Una película de Carlos Morelli Alemania &#8211; 2020 – 83 minutos Es el cumpleaños de Lukas de siete años. Sus padres, Matthias y Anna están separados en muy malos términos pero organizan juntos una fiesta infantil con piñata y pastel. En la sala de estar los niños se divierten [&hellip;]

Espectáculos

Servicio Oficial de Difusión, Representaciones y Espectáculos
