{"id":3012,"date":"2019-11-29T11:18:40","date_gmt":"2019-11-29T14:18:40","guid":{"rendered":"https:\/\/sodre.gub.uy\/espectaculos\/la-cancion-por-dentro\/"},"modified":"2019-11-29T11:18:40","modified_gmt":"2019-11-29T14:18:40","slug":"la-cancion-por-dentro","status":"publish","type":"espectaculo","link":"https:\/\/sodre.gub.uy\/espectaculos\/la-cancion-por-dentro\/","title":{"rendered":"La canci\u00f3n por dentro"},"content":{"rendered":"<div class=\"wpb-content-wrapper\"><p>[vc_section el_class=\u00bbcontent&#8211;espectaculo evento-auditorio-nelly-goitino\u00bb][vc_row el_class=\u00bbcyg&#8211;descripcion\u00bb]<br \/>\n\t\t\t\t\t[vc_column]<br \/>\n\t\t\t\t\t\t[vc_column_text]<\/p>\n<section>\n<div>\n<div style=\"text-align: justify;\">El <span class=\"tm-color-primary\"><strong>Taller de Creaci\u00f3n de Canciones<\/strong><\/span> presenta <span class=\"tm-color-primary\"><em><strong>La canci\u00f3n por dentro<\/strong><\/em><\/span>, muestra del trabajo desarrollado durante 2019.<\/p>\n<p style=\"text-align: justify;\">El \u00c1rea de\u00a0Cultura de Bienestar Universitario de la Universidad de la Rep\u00fablica (Udelar) dicta anualmente el Taller de Creaci\u00f3n de Canciones. Esta propuesta cultural est\u00e1 vigente desde el a\u00f1o 2008. La modalidad de trabajo consiste en el aporte de textos po\u00e9ticos de los\u00a0talleristas, los cuales son\u00a0musicalizados grupalmente por parte de los coordinadores.<\/p>\n<\/div>\n<\/div>\n<hr \/>\n<p style=\"text-align: justify;\"><span class=\"tm-color-primary\">Funci\u00f3n:<\/span> <strong>29 de noviembre a las 20.30 horas en el Auditorio Vaz Ferreira<br \/><\/strong><\/p>\n<p style=\"text-align: justify;\"><span class=\"tm-color-primary\">Localidades:<\/span> Entrada libre<\/p>\n<\/section>\n<p>\t\t\t\t\t\t[\/vc_column_text]<br \/>\n\t\t\t\t\t\t[vc_empty_space height=\u00bb30px\u00bb el_class=\u00bbcyg&#8211;espacio-30&#8243;]<br \/>\n\t\t\t\t\t[\/vc_column]<br \/>\n\t\t\t\t[\/vc_row][vc_row el_class=\u00bbcyg&#8211;ficha\u00bb]<br \/>\n\t\t\t\t\t[vc_column]<br \/>\n\t\t\t\t\t[vc_column_text]<\/p>\n<section><\/section>\n<p>\t\t\t\t\t[\/vc_column_text]<br \/>\n\t\t\t\t\t[\/vc_column]<br \/>\n\t\t\t\t[\/vc_row][\/vc_section]<\/p>\n<\/div>","protected":false},"excerpt":{"rendered":"<p>[vc_section el_class=\u00bbcontent&#8211;espectaculo evento-auditorio-nelly-goitino\u00bb][vc_row el_class=\u00bbcyg&#8211;descripcion\u00bb] [vc_column] [vc_column_text] El Taller de Creaci\u00f3n de Canciones presenta La canci\u00f3n por dentro, muestra del trabajo desarrollado durante 2019. El \u00c1rea de\u00a0Cultura de Bienestar Universitario de la Universidad de la Rep\u00fablica (Udelar) dicta anualmente el Taller de Creaci\u00f3n de Canciones. Esta propuesta cultural est\u00e1 vigente desde el a\u00f1o 2008. La modalidad [&hellip;]<\/p>\n","protected":false},"menu_order":0,"template":"","format":"standard","cuerpo-estable":[],"etiqueta-espectaculo":[],"lugar":[18],"sala-espacio":[],"acf":[],"yoast_head":"<!-- This site is optimized with the Yoast SEO plugin v21.7 - https:\/\/yoast.com\/wordpress\/plugins\/seo\/ -->\n<title>La canci\u00f3n por dentro - Espect\u00e1culos<\/title>\n<meta name=\"robots\" content=\"index, follow, max-snippet:-1, max-image-preview:large, max-video-preview:-1\" \/>\n<link rel=\"canonical\" href=\"https:\/\/sodre.gub.uy\/espectaculos\/la-cancion-por-dentro\/\" \/>\n<meta property=\"og:locale\" content=\"es_ES\" \/>\n<meta property=\"og:type\" content=\"article\" \/>\n<meta property=\"og:title\" content=\"La canci\u00f3n por dentro - Espect\u00e1culos\" \/>\n<meta property=\"og:description\" content=\"[vc_section el_class=\u00bbcontent&#8211;espectaculo evento-auditorio-nelly-goitino\u00bb][vc_row el_class=\u00bbcyg&#8211;descripcion\u00bb] [vc_column] [vc_column_text] El Taller de Creaci\u00f3n de Canciones presenta La canci\u00f3n por dentro, muestra del trabajo desarrollado durante 2019. El \u00c1rea de\u00a0Cultura de Bienestar Universitario de la Universidad de la Rep\u00fablica (Udelar) dicta anualmente el Taller de Creaci\u00f3n de Canciones. Esta propuesta cultural est\u00e1 vigente desde el a\u00f1o 2008. La modalidad [&hellip;]\" \/>\n<meta property=\"og:url\" content=\"https:\/\/sodre.gub.uy\/espectaculos\/la-cancion-por-dentro\/\" \/>\n<meta property=\"og:site_name\" content=\"Espect\u00e1culos\" \/>\n<meta name=\"twitter:card\" content=\"summary_large_image\" \/>\n<meta name=\"twitter:label1\" content=\"Tiempo de lectura\" \/>\n\t<meta name=\"twitter:data1\" content=\"1 minuto\" \/>\n<script type=\"application\/ld+json\" class=\"yoast-schema-graph\">{\"@context\":\"https:\/\/schema.org\",\"@graph\":[{\"@type\":\"WebPage\",\"@id\":\"https:\/\/sodre.gub.uy\/espectaculos\/la-cancion-por-dentro\/\",\"url\":\"https:\/\/sodre.gub.uy\/espectaculos\/la-cancion-por-dentro\/\",\"name\":\"La canci\u00f3n por dentro - Espect\u00e1culos\",\"isPartOf\":{\"@id\":\"https:\/\/sodre.gub.uy\/espectaculos\/#website\"},\"datePublished\":\"2019-11-29T14:18:40+00:00\",\"dateModified\":\"2019-11-29T14:18:40+00:00\",\"inLanguage\":\"es\",\"potentialAction\":[{\"@type\":\"ReadAction\",\"target\":[\"https:\/\/sodre.gub.uy\/espectaculos\/la-cancion-por-dentro\/\"]}]},{\"@type\":\"WebSite\",\"@id\":\"https:\/\/sodre.gub.uy\/espectaculos\/#website\",\"url\":\"https:\/\/sodre.gub.uy\/espectaculos\/\",\"name\":\"Espect\u00e1culos\",\"description\":\"Servicio Oficial de Difusi\u00f3n, Representaciones y Espect\u00e1culos\",\"publisher\":{\"@id\":\"https:\/\/sodre.gub.uy\/espectaculos\/#organization\"},\"potentialAction\":[{\"@type\":\"SearchAction\",\"target\":{\"@type\":\"EntryPoint\",\"urlTemplate\":\"https:\/\/sodre.gub.uy\/espectaculos\/?s={search_term_string}\"},\"query-input\":\"required name=search_term_string\"}],\"inLanguage\":\"es\"},{\"@type\":\"Organization\",\"@id\":\"https:\/\/sodre.gub.uy\/espectaculos\/#organization\",\"name\":\"Espect\u00e1culos\",\"url\":\"https:\/\/sodre.gub.uy\/espectaculos\/\",\"logo\":{\"@type\":\"ImageObject\",\"inLanguage\":\"es\",\"@id\":\"https:\/\/sodre.gub.uy\/espectaculos\/#\/schema\/logo\/image\/\",\"url\":\"https:\/\/sodre.gub.uy\/espectaculos\/wp-content\/uploads\/sites\/2\/2023\/12\/logo-sodre-black.svg\",\"contentUrl\":\"https:\/\/sodre.gub.uy\/espectaculos\/wp-content\/uploads\/sites\/2\/2023\/12\/logo-sodre-black.svg\",\"caption\":\"Espect\u00e1culos\"},\"image\":{\"@id\":\"https:\/\/sodre.gub.uy\/espectaculos\/#\/schema\/logo\/image\/\"}}]}<\/script>\n<!-- \/ Yoast SEO plugin. -->","yoast_head_json":{"title":"La canci\u00f3n por dentro - Espect\u00e1culos","robots":{"index":"index","follow":"follow","max-snippet":"max-snippet:-1","max-image-preview":"max-image-preview:large","max-video-preview":"max-video-preview:-1"},"canonical":"https:\/\/sodre.gub.uy\/espectaculos\/la-cancion-por-dentro\/","og_locale":"es_ES","og_type":"article","og_title":"La canci\u00f3n por dentro - Espect\u00e1culos","og_description":"[vc_section el_class=\u00bbcontent&#8211;espectaculo evento-auditorio-nelly-goitino\u00bb][vc_row el_class=\u00bbcyg&#8211;descripcion\u00bb] [vc_column] [vc_column_text] El Taller de Creaci\u00f3n de Canciones presenta La canci\u00f3n por dentro, muestra del trabajo desarrollado durante 2019. El \u00c1rea de\u00a0Cultura de Bienestar Universitario de la Universidad de la Rep\u00fablica (Udelar) dicta anualmente el Taller de Creaci\u00f3n de Canciones. Esta propuesta cultural est\u00e1 vigente desde el a\u00f1o 2008. La modalidad [&hellip;]","og_url":"https:\/\/sodre.gub.uy\/espectaculos\/la-cancion-por-dentro\/","og_site_name":"Espect\u00e1culos","twitter_card":"summary_large_image","twitter_misc":{"Tiempo de lectura":"1 minuto"},"schema":{"@context":"https:\/\/schema.org","@graph":[{"@type":"WebPage","@id":"https:\/\/sodre.gub.uy\/espectaculos\/la-cancion-por-dentro\/","url":"https:\/\/sodre.gub.uy\/espectaculos\/la-cancion-por-dentro\/","name":"La canci\u00f3n por dentro - Espect\u00e1culos","isPartOf":{"@id":"https:\/\/sodre.gub.uy\/espectaculos\/#website"},"datePublished":"2019-11-29T14:18:40+00:00","dateModified":"2019-11-29T14:18:40+00:00","inLanguage":"es","potentialAction":[{"@type":"ReadAction","target":["https:\/\/sodre.gub.uy\/espectaculos\/la-cancion-por-dentro\/"]}]},{"@type":"WebSite","@id":"https:\/\/sodre.gub.uy\/espectaculos\/#website","url":"https:\/\/sodre.gub.uy\/espectaculos\/","name":"Espect\u00e1culos","description":"Servicio Oficial de Difusi\u00f3n, Representaciones y Espect\u00e1culos","publisher":{"@id":"https:\/\/sodre.gub.uy\/espectaculos\/#organization"},"potentialAction":[{"@type":"SearchAction","target":{"@type":"EntryPoint","urlTemplate":"https:\/\/sodre.gub.uy\/espectaculos\/?s={search_term_string}"},"query-input":"required name=search_term_string"}],"inLanguage":"es"},{"@type":"Organization","@id":"https:\/\/sodre.gub.uy\/espectaculos\/#organization","name":"Espect\u00e1culos","url":"https:\/\/sodre.gub.uy\/espectaculos\/","logo":{"@type":"ImageObject","inLanguage":"es","@id":"https:\/\/sodre.gub.uy\/espectaculos\/#\/schema\/logo\/image\/","url":"https:\/\/sodre.gub.uy\/espectaculos\/wp-content\/uploads\/sites\/2\/2023\/12\/logo-sodre-black.svg","contentUrl":"https:\/\/sodre.gub.uy\/espectaculos\/wp-content\/uploads\/sites\/2\/2023\/12\/logo-sodre-black.svg","caption":"Espect\u00e1culos"},"image":{"@id":"https:\/\/sodre.gub.uy\/espectaculos\/#\/schema\/logo\/image\/"}}]}},"_links":{"self":[{"href":"https:\/\/sodre.gub.uy\/espectaculos\/wp-json\/wp\/v2\/espectaculo\/3012"}],"collection":[{"href":"https:\/\/sodre.gub.uy\/espectaculos\/wp-json\/wp\/v2\/espectaculo"}],"about":[{"href":"https:\/\/sodre.gub.uy\/espectaculos\/wp-json\/wp\/v2\/types\/espectaculo"}],"version-history":[{"count":0,"href":"https:\/\/sodre.gub.uy\/espectaculos\/wp-json\/wp\/v2\/espectaculo\/3012\/revisions"}],"wp:attachment":[{"href":"https:\/\/sodre.gub.uy\/espectaculos\/wp-json\/wp\/v2\/media?parent=3012"}],"wp:term":[{"taxonomy":"cuerpo-estable","embeddable":true,"href":"https:\/\/sodre.gub.uy\/espectaculos\/wp-json\/wp\/v2\/cuerpo-estable?post=3012"},{"taxonomy":"etiqueta-espectaculo","embeddable":true,"href":"https:\/\/sodre.gub.uy\/espectaculos\/wp-json\/wp\/v2\/etiqueta-espectaculo?post=3012"},{"taxonomy":"lugar","embeddable":true,"href":"https:\/\/sodre.gub.uy\/espectaculos\/wp-json\/wp\/v2\/lugar?post=3012"},{"taxonomy":"sala-espacio","embeddable":true,"href":"https:\/\/sodre.gub.uy\/espectaculos\/wp-json\/wp\/v2\/sala-espacio?post=3012"}],"curies":[{"name":"wp","href":"https:\/\/api.w.org\/{rel}","templated":true}]}}

La canción por dentro

<div class="wpb-content-wrapper"><p>[vc_section el_class=»content&#8211;espectaculo evento-auditorio-nelly-goitino»][vc_row el_class=»cyg&#8211;descripcion»]<br />
					[vc_column]<br />
						[vc_column_text]</p>
<section>
<div>
<div style="text-align: justify;">El <span class="tm-color-primary"><strong>Taller de Creación de Canciones</strong></span> presenta <span class="tm-color-primary"><em><strong>La canción por dentro</strong></em></span>, muestra del trabajo desarrollado durante 2019.</p>
<p style="text-align: justify;">El Área de Cultura de Bienestar Universitario de la Universidad de la República (Udelar) dicta anualmente el Taller de Creación de Canciones. Esta propuesta cultural está vigente desde el año 2008. La modalidad de trabajo consiste en el aporte de textos poéticos de los talleristas, los cuales son musicalizados grupalmente por parte de los coordinadores.</p>
</div>
</div>
<hr />
<p style="text-align: justify;"><span class="tm-color-primary">Función:</span> <strong>29 de noviembre a las 20.30 horas en el Auditorio Vaz Ferreira<br /></strong></p>
<p style="text-align: justify;"><span class="tm-color-primary">Localidades:</span> Entrada libre</p>
</section>
<p>						[/vc_column_text]<br />
						[vc_empty_space height=»30px» el_class=»cyg&#8211;espacio-30&#8243;]<br />
					[/vc_column]<br />
				[/vc_row][vc_row el_class=»cyg&#8211;ficha»]<br />
					[vc_column]<br />
					[vc_column_text]</p>
<section></section>
<p>					[/vc_column_text]<br />
					[/vc_column]<br />
				[/vc_row][/vc_section]</p>
</div>

<p>[vc_section el_class=»content&#8211;espectaculo evento-auditorio-nelly-goitino»][vc_row el_class=»cyg&#8211;descripcion»] [vc_column] [vc_column_text] El Taller de Creación de Canciones presenta La canción por dentro, muestra del trabajo desarrollado durante 2019. El Área de Cultura de Bienestar Universitario de la Universidad de la República (Udelar) dicta anualmente el Taller de Creación de Canciones. Esta propuesta cultural está vigente desde el año 2008. La modalidad [&hellip;]</p>

<!-- This site is optimized with the Yoast SEO plugin v21.7 - https://yoast.com/wordpress/plugins/seo/ -->
<title>La canción por dentro - Espectáculos</title>
<meta name="robots" content="index, follow, max-snippet:-1, max-image-preview:large, max-video-preview:-1" />
<link rel="canonical" href="https://sodre.gub.uy/espectaculos/la-cancion-por-dentro/" />
<meta property="og:locale" content="es_ES" />
<meta property="og:type" content="article" />
<meta property="og:title" content="La canción por dentro - Espectáculos" />
<meta property="og:description" content="[vc_section el_class=»content&#8211;espectaculo evento-auditorio-nelly-goitino»][vc_row el_class=»cyg&#8211;descripcion»] [vc_column] [vc_column_text] El Taller de Creación de Canciones presenta La canción por dentro, muestra del trabajo desarrollado durante 2019. El Área de Cultura de Bienestar Universitario de la Universidad de la República (Udelar) dicta anualmente el Taller de Creación de Canciones. Esta propuesta cultural está vigente desde el año 2008. La modalidad [&hellip;]" />
<meta property="og:url" content="https://sodre.gub.uy/espectaculos/la-cancion-por-dentro/" />
<meta property="og:site_name" content="Espectáculos" />
<meta name="twitter:card" content="summary_large_image" />
<meta name="twitter:label1" content="Tiempo de lectura" />
	<meta name="twitter:data1" content="1 minuto" />
<script type="application/ld+json" class="yoast-schema-graph">{"@context":"https://schema.org","@graph":[{"@type":"WebPage","@id":"https://sodre.gub.uy/espectaculos/la-cancion-por-dentro/","url":"https://sodre.gub.uy/espectaculos/la-cancion-por-dentro/","name":"La canción por dentro - Espectáculos","isPartOf":{"@id":"https://sodre.gub.uy/espectaculos/#website"},"datePublished":"2019-11-29T14:18:40+00:00","dateModified":"2019-11-29T14:18:40+00:00","inLanguage":"es","potentialAction":[{"@type":"ReadAction","target":["https://sodre.gub.uy/espectaculos/la-cancion-por-dentro/"]}]},{"@type":"WebSite","@id":"https://sodre.gub.uy/espectaculos/#website","url":"https://sodre.gub.uy/espectaculos/","name":"Espectáculos","description":"Servicio Oficial de Difusión, Representaciones y Espectáculos","publisher":{"@id":"https://sodre.gub.uy/espectaculos/#organization"},"potentialAction":[{"@type":"SearchAction","target":{"@type":"EntryPoint","urlTemplate":"https://sodre.gub.uy/espectaculos/?s={search_term_string}"},"query-input":"required name=search_term_string"}],"inLanguage":"es"},{"@type":"Organization","@id":"https://sodre.gub.uy/espectaculos/#organization","name":"Espectáculos","url":"https://sodre.gub.uy/espectaculos/","logo":{"@type":"ImageObject","inLanguage":"es","@id":"https://sodre.gub.uy/espectaculos/#/schema/logo/image/","url":"https://sodre.gub.uy/espectaculos/wp-content/uploads/sites/2/2023/12/logo-sodre-black.svg","contentUrl":"https://sodre.gub.uy/espectaculos/wp-content/uploads/sites/2/2023/12/logo-sodre-black.svg","caption":"Espectáculos"},"image":{"@id":"https://sodre.gub.uy/espectaculos/#/schema/logo/image/"}}]}</script>
<!-- / Yoast SEO plugin. -->

La canción por dentro - Espectáculos

[vc_section el_class=»content&#8211;espectaculo evento-auditorio-nelly-goitino»][vc_row el_class=»cyg&#8211;descripcion»] [vc_column] [vc_column_text] El Taller de Creación de Canciones presenta La canción por dentro, muestra del trabajo desarrollado durante 2019. El Área de Cultura de Bienestar Universitario de la Universidad de la República (Udelar) dicta anualmente el Taller de Creación de Canciones. Esta propuesta cultural está vigente desde el año 2008. La modalidad [&hellip;]

Espectáculos

Servicio Oficial de Difusión, Representaciones y Espectáculos
