{"id":2985,"date":"2019-11-18T14:09:58","date_gmt":"2019-11-18T17:09:58","guid":{"rendered":"https:\/\/sodre.gub.uy\/espectaculos\/festejos-de-los-90-anos-de-las-radios-del-sodre\/"},"modified":"2019-11-18T14:09:58","modified_gmt":"2019-11-18T17:09:58","slug":"festejos-de-los-90-anos-de-las-radios-del-sodre","status":"publish","type":"espectaculo","link":"https:\/\/sodre.gub.uy\/espectaculos\/festejos-de-los-90-anos-de-las-radios-del-sodre\/","title":{"rendered":"Festejos de los 90 a\u00f1os de las radios del Sodre"},"content":{"rendered":"<div class=\"wpb-content-wrapper\"><p>[vc_section el_class=\u00bbcontent&#8211;espectaculo evento-auditorio-nelly-goitino\u00bb][vc_row el_class=\u00bbcyg&#8211;descripcion\u00bb]<br \/>\n\t\t\t\t\t[vc_column]<br \/>\n\t\t\t\t\t\t[vc_column_text]<\/p>\n<section>\n<p>La radios p\u00fablicas celebran 90 a\u00f1os. Se presentan Numa Moraes, Roberto Darvin, Coro Upsala, Coro Terapia de Mi\u00e9rcoles y En el Aire The Big Band of Latin Music.<\/p>\n<hr \/>\n<p style=\"text-align: justify;\"><span class=\"tm-color-primary\">Funci\u00f3n:<\/span> <strong>18 de noviembre a las 20 horas en el Auditorio Vaz Ferreira<\/p>\n<p><\/strong><span class=\"tm-color-primary\">Localidades:<\/span> Entrada libre<strong><br \/><\/strong><\/p>\n<\/section>\n<p>\t\t\t\t\t\t[\/vc_column_text]<br \/>\n\t\t\t\t\t\t[vc_empty_space height=\u00bb30px\u00bb el_class=\u00bbcyg&#8211;espacio-30&#8243;]<br \/>\n\t\t\t\t\t[\/vc_column]<br \/>\n\t\t\t\t[\/vc_row][vc_row el_class=\u00bbcyg&#8211;ficha\u00bb]<br \/>\n\t\t\t\t\t[vc_column]<br \/>\n\t\t\t\t\t[vc_column_text]<\/p>\n<section><\/section>\n<p>\t\t\t\t\t[\/vc_column_text]<br \/>\n\t\t\t\t\t[\/vc_column]<br \/>\n\t\t\t\t[\/vc_row][\/vc_section]<\/p>\n<\/div>","protected":false},"excerpt":{"rendered":"<p>[vc_section el_class=\u00bbcontent&#8211;espectaculo evento-auditorio-nelly-goitino\u00bb][vc_row el_class=\u00bbcyg&#8211;descripcion\u00bb] [vc_column] [vc_column_text] La radios p\u00fablicas celebran 90 a\u00f1os. Se presentan Numa Moraes, Roberto Darvin, Coro Upsala, Coro Terapia de Mi\u00e9rcoles y En el Aire The Big Band of Latin Music. Funci\u00f3n: 18 de noviembre a las 20 horas en el Auditorio Vaz Ferreira Localidades: Entrada libre [\/vc_column_text] [vc_empty_space height=\u00bb30px\u00bb el_class=\u00bbcyg&#8211;espacio-30&#8243;] [\/vc_column] [&hellip;]<\/p>\n","protected":false},"menu_order":0,"template":"","format":"standard","cuerpo-estable":[],"etiqueta-espectaculo":[],"lugar":[18],"sala-espacio":[],"acf":[],"yoast_head":"<!-- This site is optimized with the Yoast SEO plugin v21.7 - https:\/\/yoast.com\/wordpress\/plugins\/seo\/ -->\n<title>Festejos de los 90 a\u00f1os de las radios del Sodre - Espect\u00e1culos<\/title>\n<meta name=\"robots\" content=\"index, follow, max-snippet:-1, max-image-preview:large, max-video-preview:-1\" \/>\n<link rel=\"canonical\" href=\"https:\/\/sodre.gub.uy\/espectaculos\/festejos-de-los-90-anos-de-las-radios-del-sodre\/\" \/>\n<meta property=\"og:locale\" content=\"es_ES\" \/>\n<meta property=\"og:type\" content=\"article\" \/>\n<meta property=\"og:title\" content=\"Festejos de los 90 a\u00f1os de las radios del Sodre - Espect\u00e1culos\" \/>\n<meta property=\"og:description\" content=\"[vc_section el_class=\u00bbcontent&#8211;espectaculo evento-auditorio-nelly-goitino\u00bb][vc_row el_class=\u00bbcyg&#8211;descripcion\u00bb] [vc_column] [vc_column_text] La radios p\u00fablicas celebran 90 a\u00f1os. Se presentan Numa Moraes, Roberto Darvin, Coro Upsala, Coro Terapia de Mi\u00e9rcoles y En el Aire The Big Band of Latin Music. Funci\u00f3n: 18 de noviembre a las 20 horas en el Auditorio Vaz Ferreira Localidades: Entrada libre [\/vc_column_text] [vc_empty_space height=\u00bb30px\u00bb el_class=\u00bbcyg&#8211;espacio-30&#8243;] [\/vc_column] [&hellip;]\" \/>\n<meta property=\"og:url\" content=\"https:\/\/sodre.gub.uy\/espectaculos\/festejos-de-los-90-anos-de-las-radios-del-sodre\/\" \/>\n<meta property=\"og:site_name\" content=\"Espect\u00e1culos\" \/>\n<meta name=\"twitter:card\" content=\"summary_large_image\" \/>\n<script type=\"application\/ld+json\" class=\"yoast-schema-graph\">{\"@context\":\"https:\/\/schema.org\",\"@graph\":[{\"@type\":\"WebPage\",\"@id\":\"https:\/\/sodre.gub.uy\/espectaculos\/festejos-de-los-90-anos-de-las-radios-del-sodre\/\",\"url\":\"https:\/\/sodre.gub.uy\/espectaculos\/festejos-de-los-90-anos-de-las-radios-del-sodre\/\",\"name\":\"Festejos de los 90 a\u00f1os de las radios del Sodre - Espect\u00e1culos\",\"isPartOf\":{\"@id\":\"https:\/\/sodre.gub.uy\/espectaculos\/#website\"},\"datePublished\":\"2019-11-18T17:09:58+00:00\",\"dateModified\":\"2019-11-18T17:09:58+00:00\",\"inLanguage\":\"es\",\"potentialAction\":[{\"@type\":\"ReadAction\",\"target\":[\"https:\/\/sodre.gub.uy\/espectaculos\/festejos-de-los-90-anos-de-las-radios-del-sodre\/\"]}]},{\"@type\":\"WebSite\",\"@id\":\"https:\/\/sodre.gub.uy\/espectaculos\/#website\",\"url\":\"https:\/\/sodre.gub.uy\/espectaculos\/\",\"name\":\"Espect\u00e1culos\",\"description\":\"Servicio Oficial de Difusi\u00f3n, Representaciones y Espect\u00e1culos\",\"publisher\":{\"@id\":\"https:\/\/sodre.gub.uy\/espectaculos\/#organization\"},\"potentialAction\":[{\"@type\":\"SearchAction\",\"target\":{\"@type\":\"EntryPoint\",\"urlTemplate\":\"https:\/\/sodre.gub.uy\/espectaculos\/?s={search_term_string}\"},\"query-input\":\"required name=search_term_string\"}],\"inLanguage\":\"es\"},{\"@type\":\"Organization\",\"@id\":\"https:\/\/sodre.gub.uy\/espectaculos\/#organization\",\"name\":\"Espect\u00e1culos\",\"url\":\"https:\/\/sodre.gub.uy\/espectaculos\/\",\"logo\":{\"@type\":\"ImageObject\",\"inLanguage\":\"es\",\"@id\":\"https:\/\/sodre.gub.uy\/espectaculos\/#\/schema\/logo\/image\/\",\"url\":\"https:\/\/sodre.gub.uy\/espectaculos\/wp-content\/uploads\/sites\/2\/2023\/12\/logo-sodre-black.svg\",\"contentUrl\":\"https:\/\/sodre.gub.uy\/espectaculos\/wp-content\/uploads\/sites\/2\/2023\/12\/logo-sodre-black.svg\",\"caption\":\"Espect\u00e1culos\"},\"image\":{\"@id\":\"https:\/\/sodre.gub.uy\/espectaculos\/#\/schema\/logo\/image\/\"}}]}<\/script>\n<!-- \/ Yoast SEO plugin. -->","yoast_head_json":{"title":"Festejos de los 90 a\u00f1os de las radios del Sodre - Espect\u00e1culos","robots":{"index":"index","follow":"follow","max-snippet":"max-snippet:-1","max-image-preview":"max-image-preview:large","max-video-preview":"max-video-preview:-1"},"canonical":"https:\/\/sodre.gub.uy\/espectaculos\/festejos-de-los-90-anos-de-las-radios-del-sodre\/","og_locale":"es_ES","og_type":"article","og_title":"Festejos de los 90 a\u00f1os de las radios del Sodre - Espect\u00e1culos","og_description":"[vc_section el_class=\u00bbcontent&#8211;espectaculo evento-auditorio-nelly-goitino\u00bb][vc_row el_class=\u00bbcyg&#8211;descripcion\u00bb] [vc_column] [vc_column_text] La radios p\u00fablicas celebran 90 a\u00f1os. Se presentan Numa Moraes, Roberto Darvin, Coro Upsala, Coro Terapia de Mi\u00e9rcoles y En el Aire The Big Band of Latin Music. Funci\u00f3n: 18 de noviembre a las 20 horas en el Auditorio Vaz Ferreira Localidades: Entrada libre [\/vc_column_text] [vc_empty_space height=\u00bb30px\u00bb el_class=\u00bbcyg&#8211;espacio-30&#8243;] [\/vc_column] [&hellip;]","og_url":"https:\/\/sodre.gub.uy\/espectaculos\/festejos-de-los-90-anos-de-las-radios-del-sodre\/","og_site_name":"Espect\u00e1culos","twitter_card":"summary_large_image","schema":{"@context":"https:\/\/schema.org","@graph":[{"@type":"WebPage","@id":"https:\/\/sodre.gub.uy\/espectaculos\/festejos-de-los-90-anos-de-las-radios-del-sodre\/","url":"https:\/\/sodre.gub.uy\/espectaculos\/festejos-de-los-90-anos-de-las-radios-del-sodre\/","name":"Festejos de los 90 a\u00f1os de las radios del Sodre - Espect\u00e1culos","isPartOf":{"@id":"https:\/\/sodre.gub.uy\/espectaculos\/#website"},"datePublished":"2019-11-18T17:09:58+00:00","dateModified":"2019-11-18T17:09:58+00:00","inLanguage":"es","potentialAction":[{"@type":"ReadAction","target":["https:\/\/sodre.gub.uy\/espectaculos\/festejos-de-los-90-anos-de-las-radios-del-sodre\/"]}]},{"@type":"WebSite","@id":"https:\/\/sodre.gub.uy\/espectaculos\/#website","url":"https:\/\/sodre.gub.uy\/espectaculos\/","name":"Espect\u00e1culos","description":"Servicio Oficial de Difusi\u00f3n, Representaciones y Espect\u00e1culos","publisher":{"@id":"https:\/\/sodre.gub.uy\/espectaculos\/#organization"},"potentialAction":[{"@type":"SearchAction","target":{"@type":"EntryPoint","urlTemplate":"https:\/\/sodre.gub.uy\/espectaculos\/?s={search_term_string}"},"query-input":"required name=search_term_string"}],"inLanguage":"es"},{"@type":"Organization","@id":"https:\/\/sodre.gub.uy\/espectaculos\/#organization","name":"Espect\u00e1culos","url":"https:\/\/sodre.gub.uy\/espectaculos\/","logo":{"@type":"ImageObject","inLanguage":"es","@id":"https:\/\/sodre.gub.uy\/espectaculos\/#\/schema\/logo\/image\/","url":"https:\/\/sodre.gub.uy\/espectaculos\/wp-content\/uploads\/sites\/2\/2023\/12\/logo-sodre-black.svg","contentUrl":"https:\/\/sodre.gub.uy\/espectaculos\/wp-content\/uploads\/sites\/2\/2023\/12\/logo-sodre-black.svg","caption":"Espect\u00e1culos"},"image":{"@id":"https:\/\/sodre.gub.uy\/espectaculos\/#\/schema\/logo\/image\/"}}]}},"_links":{"self":[{"href":"https:\/\/sodre.gub.uy\/espectaculos\/wp-json\/wp\/v2\/espectaculo\/2985"}],"collection":[{"href":"https:\/\/sodre.gub.uy\/espectaculos\/wp-json\/wp\/v2\/espectaculo"}],"about":[{"href":"https:\/\/sodre.gub.uy\/espectaculos\/wp-json\/wp\/v2\/types\/espectaculo"}],"version-history":[{"count":0,"href":"https:\/\/sodre.gub.uy\/espectaculos\/wp-json\/wp\/v2\/espectaculo\/2985\/revisions"}],"wp:attachment":[{"href":"https:\/\/sodre.gub.uy\/espectaculos\/wp-json\/wp\/v2\/media?parent=2985"}],"wp:term":[{"taxonomy":"cuerpo-estable","embeddable":true,"href":"https:\/\/sodre.gub.uy\/espectaculos\/wp-json\/wp\/v2\/cuerpo-estable?post=2985"},{"taxonomy":"etiqueta-espectaculo","embeddable":true,"href":"https:\/\/sodre.gub.uy\/espectaculos\/wp-json\/wp\/v2\/etiqueta-espectaculo?post=2985"},{"taxonomy":"lugar","embeddable":true,"href":"https:\/\/sodre.gub.uy\/espectaculos\/wp-json\/wp\/v2\/lugar?post=2985"},{"taxonomy":"sala-espacio","embeddable":true,"href":"https:\/\/sodre.gub.uy\/espectaculos\/wp-json\/wp\/v2\/sala-espacio?post=2985"}],"curies":[{"name":"wp","href":"https:\/\/api.w.org\/{rel}","templated":true}]}}

Festejos de los 90 años de las radios del Sodre

<div class="wpb-content-wrapper"><p>[vc_section el_class=»content&#8211;espectaculo evento-auditorio-nelly-goitino»][vc_row el_class=»cyg&#8211;descripcion»]<br />
					[vc_column]<br />
						[vc_column_text]</p>
<section>
<p>La radios públicas celebran 90 años. Se presentan Numa Moraes, Roberto Darvin, Coro Upsala, Coro Terapia de Miércoles y En el Aire The Big Band of Latin Music.</p>
<hr />
<p style="text-align: justify;"><span class="tm-color-primary">Función:</span> <strong>18 de noviembre a las 20 horas en el Auditorio Vaz Ferreira</p>
<p></strong><span class="tm-color-primary">Localidades:</span> Entrada libre<strong><br /></strong></p>
</section>
<p>						[/vc_column_text]<br />
						[vc_empty_space height=»30px» el_class=»cyg&#8211;espacio-30&#8243;]<br />
					[/vc_column]<br />
				[/vc_row][vc_row el_class=»cyg&#8211;ficha»]<br />
					[vc_column]<br />
					[vc_column_text]</p>
<section></section>
<p>					[/vc_column_text]<br />
					[/vc_column]<br />
				[/vc_row][/vc_section]</p>
</div>

<p>[vc_section el_class=»content&#8211;espectaculo evento-auditorio-nelly-goitino»][vc_row el_class=»cyg&#8211;descripcion»] [vc_column] [vc_column_text] La radios públicas celebran 90 años. Se presentan Numa Moraes, Roberto Darvin, Coro Upsala, Coro Terapia de Miércoles y En el Aire The Big Band of Latin Music. Función: 18 de noviembre a las 20 horas en el Auditorio Vaz Ferreira Localidades: Entrada libre [/vc_column_text] [vc_empty_space height=»30px» el_class=»cyg&#8211;espacio-30&#8243;] [/vc_column] [&hellip;]</p>

<!-- This site is optimized with the Yoast SEO plugin v21.7 - https://yoast.com/wordpress/plugins/seo/ -->
<title>Festejos de los 90 años de las radios del Sodre - Espectáculos</title>
<meta name="robots" content="index, follow, max-snippet:-1, max-image-preview:large, max-video-preview:-1" />
<link rel="canonical" href="https://sodre.gub.uy/espectaculos/festejos-de-los-90-anos-de-las-radios-del-sodre/" />
<meta property="og:locale" content="es_ES" />
<meta property="og:type" content="article" />
<meta property="og:title" content="Festejos de los 90 años de las radios del Sodre - Espectáculos" />
<meta property="og:description" content="[vc_section el_class=»content&#8211;espectaculo evento-auditorio-nelly-goitino»][vc_row el_class=»cyg&#8211;descripcion»] [vc_column] [vc_column_text] La radios públicas celebran 90 años. Se presentan Numa Moraes, Roberto Darvin, Coro Upsala, Coro Terapia de Miércoles y En el Aire The Big Band of Latin Music. Función: 18 de noviembre a las 20 horas en el Auditorio Vaz Ferreira Localidades: Entrada libre [/vc_column_text] [vc_empty_space height=»30px» el_class=»cyg&#8211;espacio-30&#8243;] [/vc_column] [&hellip;]" />
<meta property="og:url" content="https://sodre.gub.uy/espectaculos/festejos-de-los-90-anos-de-las-radios-del-sodre/" />
<meta property="og:site_name" content="Espectáculos" />
<meta name="twitter:card" content="summary_large_image" />
<script type="application/ld+json" class="yoast-schema-graph">{"@context":"https://schema.org","@graph":[{"@type":"WebPage","@id":"https://sodre.gub.uy/espectaculos/festejos-de-los-90-anos-de-las-radios-del-sodre/","url":"https://sodre.gub.uy/espectaculos/festejos-de-los-90-anos-de-las-radios-del-sodre/","name":"Festejos de los 90 años de las radios del Sodre - Espectáculos","isPartOf":{"@id":"https://sodre.gub.uy/espectaculos/#website"},"datePublished":"2019-11-18T17:09:58+00:00","dateModified":"2019-11-18T17:09:58+00:00","inLanguage":"es","potentialAction":[{"@type":"ReadAction","target":["https://sodre.gub.uy/espectaculos/festejos-de-los-90-anos-de-las-radios-del-sodre/"]}]},{"@type":"WebSite","@id":"https://sodre.gub.uy/espectaculos/#website","url":"https://sodre.gub.uy/espectaculos/","name":"Espectáculos","description":"Servicio Oficial de Difusión, Representaciones y Espectáculos","publisher":{"@id":"https://sodre.gub.uy/espectaculos/#organization"},"potentialAction":[{"@type":"SearchAction","target":{"@type":"EntryPoint","urlTemplate":"https://sodre.gub.uy/espectaculos/?s={search_term_string}"},"query-input":"required name=search_term_string"}],"inLanguage":"es"},{"@type":"Organization","@id":"https://sodre.gub.uy/espectaculos/#organization","name":"Espectáculos","url":"https://sodre.gub.uy/espectaculos/","logo":{"@type":"ImageObject","inLanguage":"es","@id":"https://sodre.gub.uy/espectaculos/#/schema/logo/image/","url":"https://sodre.gub.uy/espectaculos/wp-content/uploads/sites/2/2023/12/logo-sodre-black.svg","contentUrl":"https://sodre.gub.uy/espectaculos/wp-content/uploads/sites/2/2023/12/logo-sodre-black.svg","caption":"Espectáculos"},"image":{"@id":"https://sodre.gub.uy/espectaculos/#/schema/logo/image/"}}]}</script>
<!-- / Yoast SEO plugin. -->

Festejos de los 90 años de las radios del Sodre - Espectáculos

[vc_section el_class=»content&#8211;espectaculo evento-auditorio-nelly-goitino»][vc_row el_class=»cyg&#8211;descripcion»] [vc_column] [vc_column_text] La radios públicas celebran 90 años. Se presentan Numa Moraes, Roberto Darvin, Coro Upsala, Coro Terapia de Miércoles y En el Aire The Big Band of Latin Music. Función: 18 de noviembre a las 20 horas en el Auditorio Vaz Ferreira Localidades: Entrada libre [/vc_column_text] [vc_empty_space height=»30px» el_class=»cyg&#8211;espacio-30&#8243;] [/vc_column] [&hellip;]

Espectáculos

Servicio Oficial de Difusión, Representaciones y Espectáculos
