{"id":2872,"date":"2019-10-11T14:39:06","date_gmt":"2019-10-11T17:39:06","guid":{"rendered":"https:\/\/sodre.gub.uy\/espectaculos\/primer-encuentro-fortuito-de-poemas-y-melodias-en-canciones\/"},"modified":"2019-10-11T14:39:06","modified_gmt":"2019-10-11T17:39:06","slug":"primer-encuentro-fortuito-de-poemas-y-melodias-en-canciones","status":"publish","type":"espectaculo","link":"https:\/\/sodre.gub.uy\/espectaculos\/primer-encuentro-fortuito-de-poemas-y-melodias-en-canciones\/","title":{"rendered":"Primer Encuentro fortuito de poemas y melod\u00edas en canciones"},"content":{"rendered":"<div class=\"wpb-content-wrapper\"><p>[vc_section el_class=\u00bbcontent&#8211;espectaculo evento-auditorio-nelly-goitino\u00bb][vc_row el_class=\u00bbcyg&#8211;descripcion\u00bb]<br \/>\n\t\t\t\t\t[vc_column]<br \/>\n\t\t\t\t\t\t[vc_column_text]<\/p>\n<section>\n<p style=\"margin-bottom: 0cm;\" align=\"JUSTIFY\">Al decir de nuestro compatriota Isidore Lucien Ducasse conocido como Conde de Lautr\u00e9amont: \u00abbello como el encuentro fortuito, sobre una mesa de disecci\u00f3n, de una m\u00e1quina de coser y un paraguas\u00bb hoy puede parecer algo absurdo y fortuito que en una canci\u00f3n se d\u00e9 el encuentro de poes\u00eda de la buena con m\u00fasica que est\u00e9 a la altura de las circunstancias.<\/p>\n<p style=\"margin-bottom: 0cm;\" align=\"JUSTIFY\">La industria musical contempor\u00e1nea pone un especial cuidado en la producci\u00f3n, el sonido, pero es dif\u00edcil encontrar el mismo cuidado en la calidad literaria de las letras, que al fin y al cabo son la mitad de la canci\u00f3n.<\/p>\n<p style=\"margin-bottom: 0cm;\" align=\"JUSTIFY\">Este encuentro, que se espera sea el primero de muchos, apuesta a hacedores de canciones que se entiende que tienen especial cuidado en estos aspectos. No son los \u00fanicos, pero por alg\u00fan lado se debe comenzar. Tambi\u00e9n importa que sean de generaciones posdictadura, dado que entre los coet\u00e1neos de Fernando Cabrera, Eduardo Darnauchans, Los que iban cantando y varios m\u00e1s hab\u00eda una complicidad entre escritores y m\u00fasicos que hoy no es tan f\u00e1cil de encontrar, pero que si se busca se termina encontrando.<\/p>\n<p style=\"margin-bottom: 0cm;\" align=\"JUSTIFY\">Para este primer encuentro, entre poes\u00edas y melod\u00edas, entre canciones y p\u00fablico los protagonistas ser\u00e1n: Garo Arakelian, Diego Presa, Otro Tavella &amp; Los embajadores del buen gusto y Maine Hermo.<\/p>\n<hr \/>\n<p style=\"margin-bottom: 0cm;\"><span class=\"tm-color-primary\">Funci\u00f3n:<\/span> <strong>21 de junio a las 21 horas en el Auditorio Vaz Ferreira<br \/><\/strong><span class=\"tm-color-primary\"><br \/>Localidades:<\/span> Generales $ 450, anticipadas $ 350<\/p>\n<\/section>\n<p>\t\t\t\t\t\t[\/vc_column_text]<br \/>\n\t\t\t\t\t\t[vc_empty_space height=\u00bb30px\u00bb el_class=\u00bbcyg&#8211;espacio-30&#8243;]<br \/>\n\t\t\t\t\t[\/vc_column]<br \/>\n\t\t\t\t[\/vc_row][vc_row el_class=\u00bbcyg&#8211;ficha\u00bb]<br \/>\n\t\t\t\t\t[vc_column]<br \/>\n\t\t\t\t\t[vc_column_text]<\/p>\n<section><\/section>\n<p>\t\t\t\t\t[\/vc_column_text]<br \/>\n\t\t\t\t\t[\/vc_column]<br \/>\n\t\t\t\t[\/vc_row][vc_row][vc_column][vc_video link=\u00bbhttps:\/\/www.youtube.com\/watch?v=HqeYu3PbgFg\u00bb][\/vc_column][\/vc_row][\/vc_section]<\/p>\n<\/div>","protected":false},"excerpt":{"rendered":"<p>[vc_section el_class=\u00bbcontent&#8211;espectaculo evento-auditorio-nelly-goitino\u00bb][vc_row el_class=\u00bbcyg&#8211;descripcion\u00bb] [vc_column] [vc_column_text] Al decir de nuestro compatriota Isidore Lucien Ducasse conocido como Conde de Lautr\u00e9amont: \u00abbello como el encuentro fortuito, sobre una mesa de disecci\u00f3n, de una m\u00e1quina de coser y un paraguas\u00bb hoy puede parecer algo absurdo y fortuito que en una canci\u00f3n se d\u00e9 el encuentro de poes\u00eda de [&hellip;]<\/p>\n","protected":false},"menu_order":0,"template":"","format":"standard","cuerpo-estable":[],"etiqueta-espectaculo":[],"lugar":[18],"sala-espacio":[],"acf":[],"yoast_head":"<!-- This site is optimized with the Yoast SEO plugin v21.7 - https:\/\/yoast.com\/wordpress\/plugins\/seo\/ -->\n<title>Primer Encuentro fortuito de poemas y melod\u00edas en canciones - Espect\u00e1culos<\/title>\n<meta name=\"robots\" content=\"index, follow, max-snippet:-1, max-image-preview:large, max-video-preview:-1\" \/>\n<link rel=\"canonical\" href=\"https:\/\/sodre.gub.uy\/espectaculos\/primer-encuentro-fortuito-de-poemas-y-melodias-en-canciones\/\" \/>\n<meta property=\"og:locale\" content=\"es_ES\" \/>\n<meta property=\"og:type\" content=\"article\" \/>\n<meta property=\"og:title\" content=\"Primer Encuentro fortuito de poemas y melod\u00edas en canciones - Espect\u00e1culos\" \/>\n<meta property=\"og:description\" content=\"[vc_section el_class=\u00bbcontent&#8211;espectaculo evento-auditorio-nelly-goitino\u00bb][vc_row el_class=\u00bbcyg&#8211;descripcion\u00bb] [vc_column] [vc_column_text] Al decir de nuestro compatriota Isidore Lucien Ducasse conocido como Conde de Lautr\u00e9amont: \u00abbello como el encuentro fortuito, sobre una mesa de disecci\u00f3n, de una m\u00e1quina de coser y un paraguas\u00bb hoy puede parecer algo absurdo y fortuito que en una canci\u00f3n se d\u00e9 el encuentro de poes\u00eda de [&hellip;]\" \/>\n<meta property=\"og:url\" content=\"https:\/\/sodre.gub.uy\/espectaculos\/primer-encuentro-fortuito-de-poemas-y-melodias-en-canciones\/\" \/>\n<meta property=\"og:site_name\" content=\"Espect\u00e1culos\" \/>\n<meta name=\"twitter:card\" content=\"summary_large_image\" \/>\n<meta name=\"twitter:label1\" content=\"Tiempo de lectura\" \/>\n\t<meta name=\"twitter:data1\" content=\"2 minutos\" \/>\n<script type=\"application\/ld+json\" class=\"yoast-schema-graph\">{\"@context\":\"https:\/\/schema.org\",\"@graph\":[{\"@type\":\"WebPage\",\"@id\":\"https:\/\/sodre.gub.uy\/espectaculos\/primer-encuentro-fortuito-de-poemas-y-melodias-en-canciones\/\",\"url\":\"https:\/\/sodre.gub.uy\/espectaculos\/primer-encuentro-fortuito-de-poemas-y-melodias-en-canciones\/\",\"name\":\"Primer Encuentro fortuito de poemas y melod\u00edas en canciones - Espect\u00e1culos\",\"isPartOf\":{\"@id\":\"https:\/\/sodre.gub.uy\/espectaculos\/#website\"},\"datePublished\":\"2019-10-11T17:39:06+00:00\",\"dateModified\":\"2019-10-11T17:39:06+00:00\",\"inLanguage\":\"es\",\"potentialAction\":[{\"@type\":\"ReadAction\",\"target\":[\"https:\/\/sodre.gub.uy\/espectaculos\/primer-encuentro-fortuito-de-poemas-y-melodias-en-canciones\/\"]}]},{\"@type\":\"WebSite\",\"@id\":\"https:\/\/sodre.gub.uy\/espectaculos\/#website\",\"url\":\"https:\/\/sodre.gub.uy\/espectaculos\/\",\"name\":\"Espect\u00e1culos\",\"description\":\"Servicio Oficial de Difusi\u00f3n, Representaciones y Espect\u00e1culos\",\"publisher\":{\"@id\":\"https:\/\/sodre.gub.uy\/espectaculos\/#organization\"},\"potentialAction\":[{\"@type\":\"SearchAction\",\"target\":{\"@type\":\"EntryPoint\",\"urlTemplate\":\"https:\/\/sodre.gub.uy\/espectaculos\/?s={search_term_string}\"},\"query-input\":\"required name=search_term_string\"}],\"inLanguage\":\"es\"},{\"@type\":\"Organization\",\"@id\":\"https:\/\/sodre.gub.uy\/espectaculos\/#organization\",\"name\":\"Espect\u00e1culos\",\"url\":\"https:\/\/sodre.gub.uy\/espectaculos\/\",\"logo\":{\"@type\":\"ImageObject\",\"inLanguage\":\"es\",\"@id\":\"https:\/\/sodre.gub.uy\/espectaculos\/#\/schema\/logo\/image\/\",\"url\":\"https:\/\/sodre.gub.uy\/espectaculos\/wp-content\/uploads\/sites\/2\/2023\/12\/logo-sodre-black.svg\",\"contentUrl\":\"https:\/\/sodre.gub.uy\/espectaculos\/wp-content\/uploads\/sites\/2\/2023\/12\/logo-sodre-black.svg\",\"caption\":\"Espect\u00e1culos\"},\"image\":{\"@id\":\"https:\/\/sodre.gub.uy\/espectaculos\/#\/schema\/logo\/image\/\"}}]}<\/script>\n<!-- \/ Yoast SEO plugin. -->","yoast_head_json":{"title":"Primer Encuentro fortuito de poemas y melod\u00edas en canciones - Espect\u00e1culos","robots":{"index":"index","follow":"follow","max-snippet":"max-snippet:-1","max-image-preview":"max-image-preview:large","max-video-preview":"max-video-preview:-1"},"canonical":"https:\/\/sodre.gub.uy\/espectaculos\/primer-encuentro-fortuito-de-poemas-y-melodias-en-canciones\/","og_locale":"es_ES","og_type":"article","og_title":"Primer Encuentro fortuito de poemas y melod\u00edas en canciones - Espect\u00e1culos","og_description":"[vc_section el_class=\u00bbcontent&#8211;espectaculo evento-auditorio-nelly-goitino\u00bb][vc_row el_class=\u00bbcyg&#8211;descripcion\u00bb] [vc_column] [vc_column_text] Al decir de nuestro compatriota Isidore Lucien Ducasse conocido como Conde de Lautr\u00e9amont: \u00abbello como el encuentro fortuito, sobre una mesa de disecci\u00f3n, de una m\u00e1quina de coser y un paraguas\u00bb hoy puede parecer algo absurdo y fortuito que en una canci\u00f3n se d\u00e9 el encuentro de poes\u00eda de [&hellip;]","og_url":"https:\/\/sodre.gub.uy\/espectaculos\/primer-encuentro-fortuito-de-poemas-y-melodias-en-canciones\/","og_site_name":"Espect\u00e1culos","twitter_card":"summary_large_image","twitter_misc":{"Tiempo de lectura":"2 minutos"},"schema":{"@context":"https:\/\/schema.org","@graph":[{"@type":"WebPage","@id":"https:\/\/sodre.gub.uy\/espectaculos\/primer-encuentro-fortuito-de-poemas-y-melodias-en-canciones\/","url":"https:\/\/sodre.gub.uy\/espectaculos\/primer-encuentro-fortuito-de-poemas-y-melodias-en-canciones\/","name":"Primer Encuentro fortuito de poemas y melod\u00edas en canciones - Espect\u00e1culos","isPartOf":{"@id":"https:\/\/sodre.gub.uy\/espectaculos\/#website"},"datePublished":"2019-10-11T17:39:06+00:00","dateModified":"2019-10-11T17:39:06+00:00","inLanguage":"es","potentialAction":[{"@type":"ReadAction","target":["https:\/\/sodre.gub.uy\/espectaculos\/primer-encuentro-fortuito-de-poemas-y-melodias-en-canciones\/"]}]},{"@type":"WebSite","@id":"https:\/\/sodre.gub.uy\/espectaculos\/#website","url":"https:\/\/sodre.gub.uy\/espectaculos\/","name":"Espect\u00e1culos","description":"Servicio Oficial de Difusi\u00f3n, Representaciones y Espect\u00e1culos","publisher":{"@id":"https:\/\/sodre.gub.uy\/espectaculos\/#organization"},"potentialAction":[{"@type":"SearchAction","target":{"@type":"EntryPoint","urlTemplate":"https:\/\/sodre.gub.uy\/espectaculos\/?s={search_term_string}"},"query-input":"required name=search_term_string"}],"inLanguage":"es"},{"@type":"Organization","@id":"https:\/\/sodre.gub.uy\/espectaculos\/#organization","name":"Espect\u00e1culos","url":"https:\/\/sodre.gub.uy\/espectaculos\/","logo":{"@type":"ImageObject","inLanguage":"es","@id":"https:\/\/sodre.gub.uy\/espectaculos\/#\/schema\/logo\/image\/","url":"https:\/\/sodre.gub.uy\/espectaculos\/wp-content\/uploads\/sites\/2\/2023\/12\/logo-sodre-black.svg","contentUrl":"https:\/\/sodre.gub.uy\/espectaculos\/wp-content\/uploads\/sites\/2\/2023\/12\/logo-sodre-black.svg","caption":"Espect\u00e1culos"},"image":{"@id":"https:\/\/sodre.gub.uy\/espectaculos\/#\/schema\/logo\/image\/"}}]}},"_links":{"self":[{"href":"https:\/\/sodre.gub.uy\/espectaculos\/wp-json\/wp\/v2\/espectaculo\/2872"}],"collection":[{"href":"https:\/\/sodre.gub.uy\/espectaculos\/wp-json\/wp\/v2\/espectaculo"}],"about":[{"href":"https:\/\/sodre.gub.uy\/espectaculos\/wp-json\/wp\/v2\/types\/espectaculo"}],"version-history":[{"count":0,"href":"https:\/\/sodre.gub.uy\/espectaculos\/wp-json\/wp\/v2\/espectaculo\/2872\/revisions"}],"wp:attachment":[{"href":"https:\/\/sodre.gub.uy\/espectaculos\/wp-json\/wp\/v2\/media?parent=2872"}],"wp:term":[{"taxonomy":"cuerpo-estable","embeddable":true,"href":"https:\/\/sodre.gub.uy\/espectaculos\/wp-json\/wp\/v2\/cuerpo-estable?post=2872"},{"taxonomy":"etiqueta-espectaculo","embeddable":true,"href":"https:\/\/sodre.gub.uy\/espectaculos\/wp-json\/wp\/v2\/etiqueta-espectaculo?post=2872"},{"taxonomy":"lugar","embeddable":true,"href":"https:\/\/sodre.gub.uy\/espectaculos\/wp-json\/wp\/v2\/lugar?post=2872"},{"taxonomy":"sala-espacio","embeddable":true,"href":"https:\/\/sodre.gub.uy\/espectaculos\/wp-json\/wp\/v2\/sala-espacio?post=2872"}],"curies":[{"name":"wp","href":"https:\/\/api.w.org\/{rel}","templated":true}]}}

Primer Encuentro fortuito de poemas y melodías en canciones

<div class="wpb-content-wrapper"><p>[vc_section el_class=»content&#8211;espectaculo evento-auditorio-nelly-goitino»][vc_row el_class=»cyg&#8211;descripcion»]<br />
					[vc_column]<br />
						[vc_column_text]</p>
<section>
<p style="margin-bottom: 0cm;" align="JUSTIFY">Al decir de nuestro compatriota Isidore Lucien Ducasse conocido como Conde de Lautréamont: «bello como el encuentro fortuito, sobre una mesa de disección, de una máquina de coser y un paraguas» hoy puede parecer algo absurdo y fortuito que en una canción se dé el encuentro de poesía de la buena con música que esté a la altura de las circunstancias.</p>
<p style="margin-bottom: 0cm;" align="JUSTIFY">La industria musical contemporánea pone un especial cuidado en la producción, el sonido, pero es difícil encontrar el mismo cuidado en la calidad literaria de las letras, que al fin y al cabo son la mitad de la canción.</p>
<p style="margin-bottom: 0cm;" align="JUSTIFY">Este encuentro, que se espera sea el primero de muchos, apuesta a hacedores de canciones que se entiende que tienen especial cuidado en estos aspectos. No son los únicos, pero por algún lado se debe comenzar. También importa que sean de generaciones posdictadura, dado que entre los coetáneos de Fernando Cabrera, Eduardo Darnauchans, Los que iban cantando y varios más había una complicidad entre escritores y músicos que hoy no es tan fácil de encontrar, pero que si se busca se termina encontrando.</p>
<p style="margin-bottom: 0cm;" align="JUSTIFY">Para este primer encuentro, entre poesías y melodías, entre canciones y público los protagonistas serán: Garo Arakelian, Diego Presa, Otro Tavella &amp; Los embajadores del buen gusto y Maine Hermo.</p>
<hr />
<p style="margin-bottom: 0cm;"><span class="tm-color-primary">Función:</span> <strong>21 de junio a las 21 horas en el Auditorio Vaz Ferreira<br /></strong><span class="tm-color-primary"><br />Localidades:</span> Generales $ 450, anticipadas $ 350</p>
</section>
<p>						[/vc_column_text]<br />
						[vc_empty_space height=»30px» el_class=»cyg&#8211;espacio-30&#8243;]<br />
					[/vc_column]<br />
				[/vc_row][vc_row el_class=»cyg&#8211;ficha»]<br />
					[vc_column]<br />
					[vc_column_text]</p>
<section></section>
<p>					[/vc_column_text]<br />
					[/vc_column]<br />
				[/vc_row][vc_row][vc_column][vc_video link=»https://www.youtube.com/watch?v=HqeYu3PbgFg»][/vc_column][/vc_row][/vc_section]</p>
</div>

<p>[vc_section el_class=»content&#8211;espectaculo evento-auditorio-nelly-goitino»][vc_row el_class=»cyg&#8211;descripcion»] [vc_column] [vc_column_text] Al decir de nuestro compatriota Isidore Lucien Ducasse conocido como Conde de Lautréamont: «bello como el encuentro fortuito, sobre una mesa de disección, de una máquina de coser y un paraguas» hoy puede parecer algo absurdo y fortuito que en una canción se dé el encuentro de poesía de [&hellip;]</p>

<!-- This site is optimized with the Yoast SEO plugin v21.7 - https://yoast.com/wordpress/plugins/seo/ -->
<title>Primer Encuentro fortuito de poemas y melodías en canciones - Espectáculos</title>
<meta name="robots" content="index, follow, max-snippet:-1, max-image-preview:large, max-video-preview:-1" />
<link rel="canonical" href="https://sodre.gub.uy/espectaculos/primer-encuentro-fortuito-de-poemas-y-melodias-en-canciones/" />
<meta property="og:locale" content="es_ES" />
<meta property="og:type" content="article" />
<meta property="og:title" content="Primer Encuentro fortuito de poemas y melodías en canciones - Espectáculos" />
<meta property="og:description" content="[vc_section el_class=»content&#8211;espectaculo evento-auditorio-nelly-goitino»][vc_row el_class=»cyg&#8211;descripcion»] [vc_column] [vc_column_text] Al decir de nuestro compatriota Isidore Lucien Ducasse conocido como Conde de Lautréamont: «bello como el encuentro fortuito, sobre una mesa de disección, de una máquina de coser y un paraguas» hoy puede parecer algo absurdo y fortuito que en una canción se dé el encuentro de poesía de [&hellip;]" />
<meta property="og:url" content="https://sodre.gub.uy/espectaculos/primer-encuentro-fortuito-de-poemas-y-melodias-en-canciones/" />
<meta property="og:site_name" content="Espectáculos" />
<meta name="twitter:card" content="summary_large_image" />
<meta name="twitter:label1" content="Tiempo de lectura" />
	<meta name="twitter:data1" content="2 minutos" />
<script type="application/ld+json" class="yoast-schema-graph">{"@context":"https://schema.org","@graph":[{"@type":"WebPage","@id":"https://sodre.gub.uy/espectaculos/primer-encuentro-fortuito-de-poemas-y-melodias-en-canciones/","url":"https://sodre.gub.uy/espectaculos/primer-encuentro-fortuito-de-poemas-y-melodias-en-canciones/","name":"Primer Encuentro fortuito de poemas y melodías en canciones - Espectáculos","isPartOf":{"@id":"https://sodre.gub.uy/espectaculos/#website"},"datePublished":"2019-10-11T17:39:06+00:00","dateModified":"2019-10-11T17:39:06+00:00","inLanguage":"es","potentialAction":[{"@type":"ReadAction","target":["https://sodre.gub.uy/espectaculos/primer-encuentro-fortuito-de-poemas-y-melodias-en-canciones/"]}]},{"@type":"WebSite","@id":"https://sodre.gub.uy/espectaculos/#website","url":"https://sodre.gub.uy/espectaculos/","name":"Espectáculos","description":"Servicio Oficial de Difusión, Representaciones y Espectáculos","publisher":{"@id":"https://sodre.gub.uy/espectaculos/#organization"},"potentialAction":[{"@type":"SearchAction","target":{"@type":"EntryPoint","urlTemplate":"https://sodre.gub.uy/espectaculos/?s={search_term_string}"},"query-input":"required name=search_term_string"}],"inLanguage":"es"},{"@type":"Organization","@id":"https://sodre.gub.uy/espectaculos/#organization","name":"Espectáculos","url":"https://sodre.gub.uy/espectaculos/","logo":{"@type":"ImageObject","inLanguage":"es","@id":"https://sodre.gub.uy/espectaculos/#/schema/logo/image/","url":"https://sodre.gub.uy/espectaculos/wp-content/uploads/sites/2/2023/12/logo-sodre-black.svg","contentUrl":"https://sodre.gub.uy/espectaculos/wp-content/uploads/sites/2/2023/12/logo-sodre-black.svg","caption":"Espectáculos"},"image":{"@id":"https://sodre.gub.uy/espectaculos/#/schema/logo/image/"}}]}</script>
<!-- / Yoast SEO plugin. -->

Primer Encuentro fortuito de poemas y melodías en canciones - Espectáculos

[vc_section el_class=»content&#8211;espectaculo evento-auditorio-nelly-goitino»][vc_row el_class=»cyg&#8211;descripcion»] [vc_column] [vc_column_text] Al decir de nuestro compatriota Isidore Lucien Ducasse conocido como Conde de Lautréamont: «bello como el encuentro fortuito, sobre una mesa de disección, de una máquina de coser y un paraguas» hoy puede parecer algo absurdo y fortuito que en una canción se dé el encuentro de poesía de [&hellip;]

Espectáculos

Servicio Oficial de Difusión, Representaciones y Espectáculos
