{"id":2821,"date":"2019-10-14T15:58:16","date_gmt":"2019-10-14T18:58:16","guid":{"rendered":"https:\/\/sodre.gub.uy\/espectaculos\/mozart-on-the-beach\/"},"modified":"2019-10-14T15:58:16","modified_gmt":"2019-10-14T18:58:16","slug":"mozart-on-the-beach","status":"publish","type":"espectaculo","link":"https:\/\/sodre.gub.uy\/espectaculos\/mozart-on-the-beach\/","title":{"rendered":"Mozart on the beach"},"content":{"rendered":"<div class=\"wpb-content-wrapper\"><p>[vc_section el_class=\u00bbcontent&#8211;espectaculo evento-auditorio-nelly-goitino\u00bb][vc_row el_class=\u00bbcyg&#8211;descripcion\u00bb]<br \/>\n\t\t\t\t\t[vc_column]<br \/>\n\t\t\t\t\t\t[vc_column_text]<\/p>\n<section>\n<p style=\"text-align: justify;\"><strong><span class=\"tm-color-primary\"><em>Mozart on the beach<\/em><\/span><\/strong> es una \u00f3pera c\u00f3mica-ambiental de Ulrich Schrader y Beatriz Lozano y con m\u00fasica de Wolfgang Amadeus Mozart. Participa <span class=\"tm-color-primary\"><strong>Operani\u00f1os<\/strong><\/span> y <span class=\"tm-color-primary\"><strong>Ballet Orlama<\/strong><\/span>.<\/p>\n<p style=\"text-align: justify;\">Es un espect\u00e1culo producido especialmente para ni\u00f1os y j\u00f3venes con el fin de provocar un acercamiento l\u00fadico y emocionante a la m\u00fasica cl\u00e1sica, al canto l\u00edrico, al ballet y a la figura de Mozart. Los ni\u00f1os se divertir\u00e1n a seguir las peripecias de la familia Mozart que llega desde las monta\u00f1as de Salzburgo a las playas de Uruguay.<\/p>\n<p style=\"text-align: justify;\">Para estimular una concientizaci\u00f3n a la preservaci\u00f3n del medio ambiente y al reciclaje de recursos, la versi\u00f3n \u00a0estar\u00e1 ubicada en torno al pl\u00e1stico.<\/p>\n<hr \/>\n<p style=\"text-align: justify;\" align=\"JUSTIFY\"><span class=\"tm-color-primary\">Funci\u00f3n:<\/span> <strong>11 y 12 de octubre a las 19 horas en el Auditorio Vaz Ferreira<br \/><\/strong><\/p>\n<p style=\"text-align: justify;\"><span class=\"tm-color-primary\">Localidades:<\/span> Generales $ 300, hasta 2 a\u00f1os gratis<\/p>\n<\/section>\n<p>\t\t\t\t\t\t[\/vc_column_text]<br \/>\n\t\t\t\t\t\t[vc_empty_space height=\u00bb30px\u00bb el_class=\u00bbcyg&#8211;espacio-30&#8243;]<br \/>\n\t\t\t\t\t[\/vc_column]<br \/>\n\t\t\t\t[\/vc_row][vc_row el_class=\u00bbcyg&#8211;ficha\u00bb]<br \/>\n\t\t\t\t\t[vc_column]<br \/>\n\t\t\t\t\t[vc_column_text]<\/p>\n<section><\/section>\n<p>\t\t\t\t\t[\/vc_column_text]<br \/>\n\t\t\t\t\t[\/vc_column]<br \/>\n\t\t\t\t[\/vc_row][\/vc_section]<\/p>\n<\/div>","protected":false},"excerpt":{"rendered":"<p>[vc_section el_class=\u00bbcontent&#8211;espectaculo evento-auditorio-nelly-goitino\u00bb][vc_row el_class=\u00bbcyg&#8211;descripcion\u00bb] [vc_column] [vc_column_text] Mozart on the beach es una \u00f3pera c\u00f3mica-ambiental de Ulrich Schrader y Beatriz Lozano y con m\u00fasica de Wolfgang Amadeus Mozart. Participa Operani\u00f1os y Ballet Orlama. Es un espect\u00e1culo producido especialmente para ni\u00f1os y j\u00f3venes con el fin de provocar un acercamiento l\u00fadico y emocionante a la m\u00fasica cl\u00e1sica, [&hellip;]<\/p>\n","protected":false},"menu_order":0,"template":"","format":"standard","cuerpo-estable":[],"etiqueta-espectaculo":[],"lugar":[18],"sala-espacio":[],"acf":[],"yoast_head":"<!-- This site is optimized with the Yoast SEO plugin v21.7 - https:\/\/yoast.com\/wordpress\/plugins\/seo\/ -->\n<title>Mozart on the beach - Espect\u00e1culos<\/title>\n<meta name=\"robots\" content=\"index, follow, max-snippet:-1, max-image-preview:large, max-video-preview:-1\" \/>\n<link rel=\"canonical\" href=\"https:\/\/sodre.gub.uy\/espectaculos\/mozart-on-the-beach\/\" \/>\n<meta property=\"og:locale\" content=\"es_ES\" \/>\n<meta property=\"og:type\" content=\"article\" \/>\n<meta property=\"og:title\" content=\"Mozart on the beach - Espect\u00e1culos\" \/>\n<meta property=\"og:description\" content=\"[vc_section el_class=\u00bbcontent&#8211;espectaculo evento-auditorio-nelly-goitino\u00bb][vc_row el_class=\u00bbcyg&#8211;descripcion\u00bb] [vc_column] [vc_column_text] Mozart on the beach es una \u00f3pera c\u00f3mica-ambiental de Ulrich Schrader y Beatriz Lozano y con m\u00fasica de Wolfgang Amadeus Mozart. Participa Operani\u00f1os y Ballet Orlama. Es un espect\u00e1culo producido especialmente para ni\u00f1os y j\u00f3venes con el fin de provocar un acercamiento l\u00fadico y emocionante a la m\u00fasica cl\u00e1sica, [&hellip;]\" \/>\n<meta property=\"og:url\" content=\"https:\/\/sodre.gub.uy\/espectaculos\/mozart-on-the-beach\/\" \/>\n<meta property=\"og:site_name\" content=\"Espect\u00e1culos\" \/>\n<meta name=\"twitter:card\" content=\"summary_large_image\" \/>\n<meta name=\"twitter:label1\" content=\"Tiempo de lectura\" \/>\n\t<meta name=\"twitter:data1\" content=\"1 minuto\" \/>\n<script type=\"application\/ld+json\" class=\"yoast-schema-graph\">{\"@context\":\"https:\/\/schema.org\",\"@graph\":[{\"@type\":\"WebPage\",\"@id\":\"https:\/\/sodre.gub.uy\/espectaculos\/mozart-on-the-beach\/\",\"url\":\"https:\/\/sodre.gub.uy\/espectaculos\/mozart-on-the-beach\/\",\"name\":\"Mozart on the beach - Espect\u00e1culos\",\"isPartOf\":{\"@id\":\"https:\/\/sodre.gub.uy\/espectaculos\/#website\"},\"datePublished\":\"2019-10-14T18:58:16+00:00\",\"dateModified\":\"2019-10-14T18:58:16+00:00\",\"inLanguage\":\"es\",\"potentialAction\":[{\"@type\":\"ReadAction\",\"target\":[\"https:\/\/sodre.gub.uy\/espectaculos\/mozart-on-the-beach\/\"]}]},{\"@type\":\"WebSite\",\"@id\":\"https:\/\/sodre.gub.uy\/espectaculos\/#website\",\"url\":\"https:\/\/sodre.gub.uy\/espectaculos\/\",\"name\":\"Espect\u00e1culos\",\"description\":\"Servicio Oficial de Difusi\u00f3n, Representaciones y Espect\u00e1culos\",\"publisher\":{\"@id\":\"https:\/\/sodre.gub.uy\/espectaculos\/#organization\"},\"potentialAction\":[{\"@type\":\"SearchAction\",\"target\":{\"@type\":\"EntryPoint\",\"urlTemplate\":\"https:\/\/sodre.gub.uy\/espectaculos\/?s={search_term_string}\"},\"query-input\":\"required name=search_term_string\"}],\"inLanguage\":\"es\"},{\"@type\":\"Organization\",\"@id\":\"https:\/\/sodre.gub.uy\/espectaculos\/#organization\",\"name\":\"Espect\u00e1culos\",\"url\":\"https:\/\/sodre.gub.uy\/espectaculos\/\",\"logo\":{\"@type\":\"ImageObject\",\"inLanguage\":\"es\",\"@id\":\"https:\/\/sodre.gub.uy\/espectaculos\/#\/schema\/logo\/image\/\",\"url\":\"https:\/\/sodre.gub.uy\/espectaculos\/wp-content\/uploads\/sites\/2\/2023\/12\/logo-sodre-black.svg\",\"contentUrl\":\"https:\/\/sodre.gub.uy\/espectaculos\/wp-content\/uploads\/sites\/2\/2023\/12\/logo-sodre-black.svg\",\"caption\":\"Espect\u00e1culos\"},\"image\":{\"@id\":\"https:\/\/sodre.gub.uy\/espectaculos\/#\/schema\/logo\/image\/\"}}]}<\/script>\n<!-- \/ Yoast SEO plugin. -->","yoast_head_json":{"title":"Mozart on the beach - Espect\u00e1culos","robots":{"index":"index","follow":"follow","max-snippet":"max-snippet:-1","max-image-preview":"max-image-preview:large","max-video-preview":"max-video-preview:-1"},"canonical":"https:\/\/sodre.gub.uy\/espectaculos\/mozart-on-the-beach\/","og_locale":"es_ES","og_type":"article","og_title":"Mozart on the beach - Espect\u00e1culos","og_description":"[vc_section el_class=\u00bbcontent&#8211;espectaculo evento-auditorio-nelly-goitino\u00bb][vc_row el_class=\u00bbcyg&#8211;descripcion\u00bb] [vc_column] [vc_column_text] Mozart on the beach es una \u00f3pera c\u00f3mica-ambiental de Ulrich Schrader y Beatriz Lozano y con m\u00fasica de Wolfgang Amadeus Mozart. Participa Operani\u00f1os y Ballet Orlama. Es un espect\u00e1culo producido especialmente para ni\u00f1os y j\u00f3venes con el fin de provocar un acercamiento l\u00fadico y emocionante a la m\u00fasica cl\u00e1sica, [&hellip;]","og_url":"https:\/\/sodre.gub.uy\/espectaculos\/mozart-on-the-beach\/","og_site_name":"Espect\u00e1culos","twitter_card":"summary_large_image","twitter_misc":{"Tiempo de lectura":"1 minuto"},"schema":{"@context":"https:\/\/schema.org","@graph":[{"@type":"WebPage","@id":"https:\/\/sodre.gub.uy\/espectaculos\/mozart-on-the-beach\/","url":"https:\/\/sodre.gub.uy\/espectaculos\/mozart-on-the-beach\/","name":"Mozart on the beach - Espect\u00e1culos","isPartOf":{"@id":"https:\/\/sodre.gub.uy\/espectaculos\/#website"},"datePublished":"2019-10-14T18:58:16+00:00","dateModified":"2019-10-14T18:58:16+00:00","inLanguage":"es","potentialAction":[{"@type":"ReadAction","target":["https:\/\/sodre.gub.uy\/espectaculos\/mozart-on-the-beach\/"]}]},{"@type":"WebSite","@id":"https:\/\/sodre.gub.uy\/espectaculos\/#website","url":"https:\/\/sodre.gub.uy\/espectaculos\/","name":"Espect\u00e1culos","description":"Servicio Oficial de Difusi\u00f3n, Representaciones y Espect\u00e1culos","publisher":{"@id":"https:\/\/sodre.gub.uy\/espectaculos\/#organization"},"potentialAction":[{"@type":"SearchAction","target":{"@type":"EntryPoint","urlTemplate":"https:\/\/sodre.gub.uy\/espectaculos\/?s={search_term_string}"},"query-input":"required name=search_term_string"}],"inLanguage":"es"},{"@type":"Organization","@id":"https:\/\/sodre.gub.uy\/espectaculos\/#organization","name":"Espect\u00e1culos","url":"https:\/\/sodre.gub.uy\/espectaculos\/","logo":{"@type":"ImageObject","inLanguage":"es","@id":"https:\/\/sodre.gub.uy\/espectaculos\/#\/schema\/logo\/image\/","url":"https:\/\/sodre.gub.uy\/espectaculos\/wp-content\/uploads\/sites\/2\/2023\/12\/logo-sodre-black.svg","contentUrl":"https:\/\/sodre.gub.uy\/espectaculos\/wp-content\/uploads\/sites\/2\/2023\/12\/logo-sodre-black.svg","caption":"Espect\u00e1culos"},"image":{"@id":"https:\/\/sodre.gub.uy\/espectaculos\/#\/schema\/logo\/image\/"}}]}},"_links":{"self":[{"href":"https:\/\/sodre.gub.uy\/espectaculos\/wp-json\/wp\/v2\/espectaculo\/2821"}],"collection":[{"href":"https:\/\/sodre.gub.uy\/espectaculos\/wp-json\/wp\/v2\/espectaculo"}],"about":[{"href":"https:\/\/sodre.gub.uy\/espectaculos\/wp-json\/wp\/v2\/types\/espectaculo"}],"version-history":[{"count":0,"href":"https:\/\/sodre.gub.uy\/espectaculos\/wp-json\/wp\/v2\/espectaculo\/2821\/revisions"}],"wp:attachment":[{"href":"https:\/\/sodre.gub.uy\/espectaculos\/wp-json\/wp\/v2\/media?parent=2821"}],"wp:term":[{"taxonomy":"cuerpo-estable","embeddable":true,"href":"https:\/\/sodre.gub.uy\/espectaculos\/wp-json\/wp\/v2\/cuerpo-estable?post=2821"},{"taxonomy":"etiqueta-espectaculo","embeddable":true,"href":"https:\/\/sodre.gub.uy\/espectaculos\/wp-json\/wp\/v2\/etiqueta-espectaculo?post=2821"},{"taxonomy":"lugar","embeddable":true,"href":"https:\/\/sodre.gub.uy\/espectaculos\/wp-json\/wp\/v2\/lugar?post=2821"},{"taxonomy":"sala-espacio","embeddable":true,"href":"https:\/\/sodre.gub.uy\/espectaculos\/wp-json\/wp\/v2\/sala-espacio?post=2821"}],"curies":[{"name":"wp","href":"https:\/\/api.w.org\/{rel}","templated":true}]}}

<div class="wpb-content-wrapper"><p>[vc_section el_class=»content&#8211;espectaculo evento-auditorio-nelly-goitino»][vc_row el_class=»cyg&#8211;descripcion»]<br />
					[vc_column]<br />
						[vc_column_text]</p>
<section>
<p style="text-align: justify;"><strong><span class="tm-color-primary"><em>Mozart on the beach</em></span></strong> es una ópera cómica-ambiental de Ulrich Schrader y Beatriz Lozano y con música de Wolfgang Amadeus Mozart. Participa <span class="tm-color-primary"><strong>Operaniños</strong></span> y <span class="tm-color-primary"><strong>Ballet Orlama</strong></span>.</p>
<p style="text-align: justify;">Es un espectáculo producido especialmente para niños y jóvenes con el fin de provocar un acercamiento lúdico y emocionante a la música clásica, al canto lírico, al ballet y a la figura de Mozart. Los niños se divertirán a seguir las peripecias de la familia Mozart que llega desde las montañas de Salzburgo a las playas de Uruguay.</p>
<p style="text-align: justify;">Para estimular una concientización a la preservación del medio ambiente y al reciclaje de recursos, la versión  estará ubicada en torno al plástico.</p>
<hr />
<p style="text-align: justify;" align="JUSTIFY"><span class="tm-color-primary">Función:</span> <strong>11 y 12 de octubre a las 19 horas en el Auditorio Vaz Ferreira<br /></strong></p>
<p style="text-align: justify;"><span class="tm-color-primary">Localidades:</span> Generales $ 300, hasta 2 años gratis</p>
</section>
<p>						[/vc_column_text]<br />
						[vc_empty_space height=»30px» el_class=»cyg&#8211;espacio-30&#8243;]<br />
					[/vc_column]<br />
				[/vc_row][vc_row el_class=»cyg&#8211;ficha»]<br />
					[vc_column]<br />
					[vc_column_text]</p>
<section></section>
<p>					[/vc_column_text]<br />
					[/vc_column]<br />
				[/vc_row][/vc_section]</p>
</div>

<p>[vc_section el_class=»content&#8211;espectaculo evento-auditorio-nelly-goitino»][vc_row el_class=»cyg&#8211;descripcion»] [vc_column] [vc_column_text] Mozart on the beach es una ópera cómica-ambiental de Ulrich Schrader y Beatriz Lozano y con música de Wolfgang Amadeus Mozart. Participa Operaniños y Ballet Orlama. Es un espectáculo producido especialmente para niños y jóvenes con el fin de provocar un acercamiento lúdico y emocionante a la música clásica, [&hellip;]</p>

<!-- This site is optimized with the Yoast SEO plugin v21.7 - https://yoast.com/wordpress/plugins/seo/ -->
<title>Mozart on the beach - Espectáculos</title>
<meta name="robots" content="index, follow, max-snippet:-1, max-image-preview:large, max-video-preview:-1" />
<link rel="canonical" href="https://sodre.gub.uy/espectaculos/mozart-on-the-beach/" />
<meta property="og:locale" content="es_ES" />
<meta property="og:type" content="article" />
<meta property="og:title" content="Mozart on the beach - Espectáculos" />
<meta property="og:description" content="[vc_section el_class=»content&#8211;espectaculo evento-auditorio-nelly-goitino»][vc_row el_class=»cyg&#8211;descripcion»] [vc_column] [vc_column_text] Mozart on the beach es una ópera cómica-ambiental de Ulrich Schrader y Beatriz Lozano y con música de Wolfgang Amadeus Mozart. Participa Operaniños y Ballet Orlama. Es un espectáculo producido especialmente para niños y jóvenes con el fin de provocar un acercamiento lúdico y emocionante a la música clásica, [&hellip;]" />
<meta property="og:url" content="https://sodre.gub.uy/espectaculos/mozart-on-the-beach/" />
<meta property="og:site_name" content="Espectáculos" />
<meta name="twitter:card" content="summary_large_image" />
<meta name="twitter:label1" content="Tiempo de lectura" />
	<meta name="twitter:data1" content="1 minuto" />
<script type="application/ld+json" class="yoast-schema-graph">{"@context":"https://schema.org","@graph":[{"@type":"WebPage","@id":"https://sodre.gub.uy/espectaculos/mozart-on-the-beach/","url":"https://sodre.gub.uy/espectaculos/mozart-on-the-beach/","name":"Mozart on the beach - Espectáculos","isPartOf":{"@id":"https://sodre.gub.uy/espectaculos/#website"},"datePublished":"2019-10-14T18:58:16+00:00","dateModified":"2019-10-14T18:58:16+00:00","inLanguage":"es","potentialAction":[{"@type":"ReadAction","target":["https://sodre.gub.uy/espectaculos/mozart-on-the-beach/"]}]},{"@type":"WebSite","@id":"https://sodre.gub.uy/espectaculos/#website","url":"https://sodre.gub.uy/espectaculos/","name":"Espectáculos","description":"Servicio Oficial de Difusión, Representaciones y Espectáculos","publisher":{"@id":"https://sodre.gub.uy/espectaculos/#organization"},"potentialAction":[{"@type":"SearchAction","target":{"@type":"EntryPoint","urlTemplate":"https://sodre.gub.uy/espectaculos/?s={search_term_string}"},"query-input":"required name=search_term_string"}],"inLanguage":"es"},{"@type":"Organization","@id":"https://sodre.gub.uy/espectaculos/#organization","name":"Espectáculos","url":"https://sodre.gub.uy/espectaculos/","logo":{"@type":"ImageObject","inLanguage":"es","@id":"https://sodre.gub.uy/espectaculos/#/schema/logo/image/","url":"https://sodre.gub.uy/espectaculos/wp-content/uploads/sites/2/2023/12/logo-sodre-black.svg","contentUrl":"https://sodre.gub.uy/espectaculos/wp-content/uploads/sites/2/2023/12/logo-sodre-black.svg","caption":"Espectáculos"},"image":{"@id":"https://sodre.gub.uy/espectaculos/#/schema/logo/image/"}}]}</script>
<!-- / Yoast SEO plugin. -->

Mozart on the beach - Espectáculos

[vc_section el_class=»content&#8211;espectaculo evento-auditorio-nelly-goitino»][vc_row el_class=»cyg&#8211;descripcion»] [vc_column] [vc_column_text] Mozart on the beach es una ópera cómica-ambiental de Ulrich Schrader y Beatriz Lozano y con música de Wolfgang Amadeus Mozart. Participa Operaniños y Ballet Orlama. Es un espectáculo producido especialmente para niños y jóvenes con el fin de provocar un acercamiento lúdico y emocionante a la música clásica, [&hellip;]

Espectáculos

Servicio Oficial de Difusión, Representaciones y Espectáculos
