{"id":2788,"date":"2019-10-18T15:32:58","date_gmt":"2019-10-18T18:32:58","guid":{"rendered":"https:\/\/sodre.gub.uy\/espectaculos\/el-campeon-del-mundo\/"},"modified":"2019-10-18T15:32:58","modified_gmt":"2019-10-18T18:32:58","slug":"el-campeon-del-mundo","status":"publish","type":"espectaculo","link":"https:\/\/sodre.gub.uy\/espectaculos\/el-campeon-del-mundo\/","title":{"rendered":"EL CAMPE\u00d3N DEL MUNDO"},"content":{"rendered":"<div class=\"wpb-content-wrapper\"><p>[vc_section el_class=\u00bbcontent&#8211;espectaculo evento-auditorio-nelly-goitino\u00bb][vc_row el_class=\u00bbcyg&#8211;descripcion\u00bb]<br \/>\n\t\t\t\t\t[vc_column]<br \/>\n\t\t\t\t\t\t[vc_column_text]<\/p>\n<section>\n<p style=\"text-align: justify;\"><span class=\"tm-color-primary\"><strong>SINOPSIS<\/strong><\/span><\/p>\n<p style=\"text-align: justify;\"><span style=\"font-weight: 400;\">Diez a\u00f1os despu\u00e9s de ganar un t\u00edtulo mundial de fisiculturismo, Antonio Osta (43) vive austeramente con su hijo Juanjo (17) en el pueblo rural donde naci\u00f3. Arrastrando un problema renal severo, est\u00e1 atrapado en el limbo entre su pasado de gloria y la imposibilidad de volver a ser quien fue. Un retrato humano, centrado en el v\u00ednculo padre-hijo, sobre las masculinidades y las cicatrices del triunfo. \u00bfQu\u00e9 queda despu\u00e9s de la gloria <\/span><\/p>\n<p style=\"text-align: justify;\"><span class=\"tm-color-primary\"><strong>FICHA T\u00c9CNICA<\/strong><\/span><span class=\"tm-color-primary\" style=\"font-size: 18pt;\"><br \/><\/span><\/p>\n<p style=\"text-align: justify;\">Direcci\u00f3n<span style=\"font-weight: 400;\">: Federico Borgia y Guillermo Madeiro<\/span><\/p>\n<p style=\"text-align: justify;\">Producci\u00f3n<span style=\"font-weight: 400;\">: Pancho Magnou Arn\u00e1bal\u00a0<\/span><\/p>\n<p style=\"text-align: justify;\">Fotograf\u00eda<span style=\"font-weight: 400;\">: Guillermo Fern\u00e1ndez y Ramiro Gonz\u00e1lez Pampill\u00f3n<\/span><\/p>\n<p style=\"text-align: justify;\">Sonido<span style=\"font-weight: 400;\">: Nicol\u00e1s Oten y Bruno Tortorella<\/span><\/p>\n<p style=\"text-align: justify;\">Montaje<span style=\"font-weight: 400;\">: Federico Borgia, Guillermo Madeiro y Juan Ignacio Fern\u00e1ndez Hoppe<\/span><\/p>\n<p style=\"text-align: justify;\">Casa productora<span style=\"font-weight: 400;\">: Montelona Cine<\/span><\/p>\n<p style=\"text-align: justify;\">Uruguay &#8211; 2019 &#8211; 79&#8242;<\/p>\n<hr \/>\n<p style=\"text-align: justify;\"><span class=\"tm-color-primary\">Funciones:<\/span> <strong>10 y 17 de noviembre y 1 de diciembre a las 19 horas en la Sala B del Auditorio Nelly Goiti\u00f1o<\/strong><\/p>\n<p style=\"text-align: justify;\"><span class=\"tm-color-primary\">Localidades:<\/span> Generales $ 220<\/p>\n<p style=\"text-align: justify;\"><span class=\"tm-color-primary\">Beneficios:<\/span> Cupo gratuito para Socio Espectacular y Montevideo Libre. 50 % de descuento para socios de Cinemateca Uruguaya, para estudiantes de cine y comunicaci\u00f3n audiovisual y para socios de la Asociaci\u00f3n de Productores y Realizadores de Cine del Uruguay (Asoprod)<strong><br \/><\/strong><\/p>\n<\/section>\n<p>\t\t\t\t\t\t[\/vc_column_text]<br \/>\n\t\t\t\t\t\t[vc_empty_space height=\u00bb30px\u00bb el_class=\u00bbcyg&#8211;espacio-30&#8243;]<br \/>\n\t\t\t\t\t[\/vc_column]<br \/>\n\t\t\t\t[\/vc_row][vc_row el_class=\u00bbcyg&#8211;ficha\u00bb]<br \/>\n\t\t\t\t\t[vc_column]<br \/>\n\t\t\t\t\t[vc_column_text]<\/p>\n<section><\/section>\n<p>\t\t\t\t\t[\/vc_column_text]<br \/>\n\t\t\t\t\t[\/vc_column]<br \/>\n\t\t\t\t[\/vc_row][vc_row][vc_column][vc_gallery type=\u00bbimage_grid\u00bb images=\u00bb2785,2786,2787&#8243;][\/vc_column][\/vc_row][vc_row][vc_column][vc_video link=\u00bbhttps:\/\/www.youtube.com\/watch?v=C3ntVjjsTVs\u00bb][\/vc_column][\/vc_row][\/vc_section]<\/p>\n<\/div>","protected":false},"excerpt":{"rendered":"<p>[vc_section el_class=\u00bbcontent&#8211;espectaculo evento-auditorio-nelly-goitino\u00bb][vc_row el_class=\u00bbcyg&#8211;descripcion\u00bb] [vc_column] [vc_column_text] SINOPSIS Diez a\u00f1os despu\u00e9s de ganar un t\u00edtulo mundial de fisiculturismo, Antonio Osta (43) vive austeramente con su hijo Juanjo (17) en el pueblo rural donde naci\u00f3. Arrastrando un problema renal severo, est\u00e1 atrapado en el limbo entre su pasado de gloria y la imposibilidad de volver a ser [&hellip;]<\/p>\n","protected":false},"menu_order":0,"template":"","format":"standard","cuerpo-estable":[],"etiqueta-espectaculo":[],"lugar":[17],"sala-espacio":[36],"acf":[],"yoast_head":"<!-- This site is optimized with the Yoast SEO plugin v21.7 - https:\/\/yoast.com\/wordpress\/plugins\/seo\/ -->\n<title>EL CAMPE\u00d3N DEL MUNDO - Espect\u00e1culos<\/title>\n<meta name=\"robots\" content=\"index, follow, max-snippet:-1, max-image-preview:large, max-video-preview:-1\" \/>\n<link rel=\"canonical\" href=\"https:\/\/sodre.gub.uy\/espectaculos\/el-campeon-del-mundo\/\" \/>\n<meta property=\"og:locale\" content=\"es_ES\" \/>\n<meta property=\"og:type\" content=\"article\" \/>\n<meta property=\"og:title\" content=\"EL CAMPE\u00d3N DEL MUNDO - Espect\u00e1culos\" \/>\n<meta property=\"og:description\" content=\"[vc_section el_class=\u00bbcontent&#8211;espectaculo evento-auditorio-nelly-goitino\u00bb][vc_row el_class=\u00bbcyg&#8211;descripcion\u00bb] [vc_column] [vc_column_text] SINOPSIS Diez a\u00f1os despu\u00e9s de ganar un t\u00edtulo mundial de fisiculturismo, Antonio Osta (43) vive austeramente con su hijo Juanjo (17) en el pueblo rural donde naci\u00f3. Arrastrando un problema renal severo, est\u00e1 atrapado en el limbo entre su pasado de gloria y la imposibilidad de volver a ser [&hellip;]\" \/>\n<meta property=\"og:url\" content=\"https:\/\/sodre.gub.uy\/espectaculos\/el-campeon-del-mundo\/\" \/>\n<meta property=\"og:site_name\" content=\"Espect\u00e1culos\" \/>\n<meta name=\"twitter:card\" content=\"summary_large_image\" \/>\n<meta name=\"twitter:label1\" content=\"Tiempo de lectura\" \/>\n\t<meta name=\"twitter:data1\" content=\"1 minuto\" \/>\n<script type=\"application\/ld+json\" class=\"yoast-schema-graph\">{\"@context\":\"https:\/\/schema.org\",\"@graph\":[{\"@type\":\"WebPage\",\"@id\":\"https:\/\/sodre.gub.uy\/espectaculos\/el-campeon-del-mundo\/\",\"url\":\"https:\/\/sodre.gub.uy\/espectaculos\/el-campeon-del-mundo\/\",\"name\":\"EL CAMPE\u00d3N DEL MUNDO - Espect\u00e1culos\",\"isPartOf\":{\"@id\":\"https:\/\/sodre.gub.uy\/espectaculos\/#website\"},\"datePublished\":\"2019-10-18T18:32:58+00:00\",\"dateModified\":\"2019-10-18T18:32:58+00:00\",\"inLanguage\":\"es\",\"potentialAction\":[{\"@type\":\"ReadAction\",\"target\":[\"https:\/\/sodre.gub.uy\/espectaculos\/el-campeon-del-mundo\/\"]}]},{\"@type\":\"WebSite\",\"@id\":\"https:\/\/sodre.gub.uy\/espectaculos\/#website\",\"url\":\"https:\/\/sodre.gub.uy\/espectaculos\/\",\"name\":\"Espect\u00e1culos\",\"description\":\"Servicio Oficial de Difusi\u00f3n, Representaciones y Espect\u00e1culos\",\"publisher\":{\"@id\":\"https:\/\/sodre.gub.uy\/espectaculos\/#organization\"},\"potentialAction\":[{\"@type\":\"SearchAction\",\"target\":{\"@type\":\"EntryPoint\",\"urlTemplate\":\"https:\/\/sodre.gub.uy\/espectaculos\/?s={search_term_string}\"},\"query-input\":\"required name=search_term_string\"}],\"inLanguage\":\"es\"},{\"@type\":\"Organization\",\"@id\":\"https:\/\/sodre.gub.uy\/espectaculos\/#organization\",\"name\":\"Espect\u00e1culos\",\"url\":\"https:\/\/sodre.gub.uy\/espectaculos\/\",\"logo\":{\"@type\":\"ImageObject\",\"inLanguage\":\"es\",\"@id\":\"https:\/\/sodre.gub.uy\/espectaculos\/#\/schema\/logo\/image\/\",\"url\":\"https:\/\/sodre.gub.uy\/espectaculos\/wp-content\/uploads\/sites\/2\/2023\/12\/logo-sodre-black.svg\",\"contentUrl\":\"https:\/\/sodre.gub.uy\/espectaculos\/wp-content\/uploads\/sites\/2\/2023\/12\/logo-sodre-black.svg\",\"caption\":\"Espect\u00e1culos\"},\"image\":{\"@id\":\"https:\/\/sodre.gub.uy\/espectaculos\/#\/schema\/logo\/image\/\"}}]}<\/script>\n<!-- \/ Yoast SEO plugin. -->","yoast_head_json":{"title":"EL CAMPE\u00d3N DEL MUNDO - Espect\u00e1culos","robots":{"index":"index","follow":"follow","max-snippet":"max-snippet:-1","max-image-preview":"max-image-preview:large","max-video-preview":"max-video-preview:-1"},"canonical":"https:\/\/sodre.gub.uy\/espectaculos\/el-campeon-del-mundo\/","og_locale":"es_ES","og_type":"article","og_title":"EL CAMPE\u00d3N DEL MUNDO - Espect\u00e1culos","og_description":"[vc_section el_class=\u00bbcontent&#8211;espectaculo evento-auditorio-nelly-goitino\u00bb][vc_row el_class=\u00bbcyg&#8211;descripcion\u00bb] [vc_column] [vc_column_text] SINOPSIS Diez a\u00f1os despu\u00e9s de ganar un t\u00edtulo mundial de fisiculturismo, Antonio Osta (43) vive austeramente con su hijo Juanjo (17) en el pueblo rural donde naci\u00f3. Arrastrando un problema renal severo, est\u00e1 atrapado en el limbo entre su pasado de gloria y la imposibilidad de volver a ser [&hellip;]","og_url":"https:\/\/sodre.gub.uy\/espectaculos\/el-campeon-del-mundo\/","og_site_name":"Espect\u00e1culos","twitter_card":"summary_large_image","twitter_misc":{"Tiempo de lectura":"1 minuto"},"schema":{"@context":"https:\/\/schema.org","@graph":[{"@type":"WebPage","@id":"https:\/\/sodre.gub.uy\/espectaculos\/el-campeon-del-mundo\/","url":"https:\/\/sodre.gub.uy\/espectaculos\/el-campeon-del-mundo\/","name":"EL CAMPE\u00d3N DEL MUNDO - Espect\u00e1culos","isPartOf":{"@id":"https:\/\/sodre.gub.uy\/espectaculos\/#website"},"datePublished":"2019-10-18T18:32:58+00:00","dateModified":"2019-10-18T18:32:58+00:00","inLanguage":"es","potentialAction":[{"@type":"ReadAction","target":["https:\/\/sodre.gub.uy\/espectaculos\/el-campeon-del-mundo\/"]}]},{"@type":"WebSite","@id":"https:\/\/sodre.gub.uy\/espectaculos\/#website","url":"https:\/\/sodre.gub.uy\/espectaculos\/","name":"Espect\u00e1culos","description":"Servicio Oficial de Difusi\u00f3n, Representaciones y Espect\u00e1culos","publisher":{"@id":"https:\/\/sodre.gub.uy\/espectaculos\/#organization"},"potentialAction":[{"@type":"SearchAction","target":{"@type":"EntryPoint","urlTemplate":"https:\/\/sodre.gub.uy\/espectaculos\/?s={search_term_string}"},"query-input":"required name=search_term_string"}],"inLanguage":"es"},{"@type":"Organization","@id":"https:\/\/sodre.gub.uy\/espectaculos\/#organization","name":"Espect\u00e1culos","url":"https:\/\/sodre.gub.uy\/espectaculos\/","logo":{"@type":"ImageObject","inLanguage":"es","@id":"https:\/\/sodre.gub.uy\/espectaculos\/#\/schema\/logo\/image\/","url":"https:\/\/sodre.gub.uy\/espectaculos\/wp-content\/uploads\/sites\/2\/2023\/12\/logo-sodre-black.svg","contentUrl":"https:\/\/sodre.gub.uy\/espectaculos\/wp-content\/uploads\/sites\/2\/2023\/12\/logo-sodre-black.svg","caption":"Espect\u00e1culos"},"image":{"@id":"https:\/\/sodre.gub.uy\/espectaculos\/#\/schema\/logo\/image\/"}}]}},"_links":{"self":[{"href":"https:\/\/sodre.gub.uy\/espectaculos\/wp-json\/wp\/v2\/espectaculo\/2788"}],"collection":[{"href":"https:\/\/sodre.gub.uy\/espectaculos\/wp-json\/wp\/v2\/espectaculo"}],"about":[{"href":"https:\/\/sodre.gub.uy\/espectaculos\/wp-json\/wp\/v2\/types\/espectaculo"}],"version-history":[{"count":0,"href":"https:\/\/sodre.gub.uy\/espectaculos\/wp-json\/wp\/v2\/espectaculo\/2788\/revisions"}],"wp:attachment":[{"href":"https:\/\/sodre.gub.uy\/espectaculos\/wp-json\/wp\/v2\/media?parent=2788"}],"wp:term":[{"taxonomy":"cuerpo-estable","embeddable":true,"href":"https:\/\/sodre.gub.uy\/espectaculos\/wp-json\/wp\/v2\/cuerpo-estable?post=2788"},{"taxonomy":"etiqueta-espectaculo","embeddable":true,"href":"https:\/\/sodre.gub.uy\/espectaculos\/wp-json\/wp\/v2\/etiqueta-espectaculo?post=2788"},{"taxonomy":"lugar","embeddable":true,"href":"https:\/\/sodre.gub.uy\/espectaculos\/wp-json\/wp\/v2\/lugar?post=2788"},{"taxonomy":"sala-espacio","embeddable":true,"href":"https:\/\/sodre.gub.uy\/espectaculos\/wp-json\/wp\/v2\/sala-espacio?post=2788"}],"curies":[{"name":"wp","href":"https:\/\/api.w.org\/{rel}","templated":true}]}}

EL CAMPEÓN DEL MUNDO

<div class="wpb-content-wrapper"><p>[vc_section el_class=»content&#8211;espectaculo evento-auditorio-nelly-goitino»][vc_row el_class=»cyg&#8211;descripcion»]<br />
					[vc_column]<br />
						[vc_column_text]</p>
<section>
<p style="text-align: justify;"><span class="tm-color-primary"><strong>SINOPSIS</strong></span></p>
<p style="text-align: justify;"><span style="font-weight: 400;">Diez años después de ganar un título mundial de fisiculturismo, Antonio Osta (43) vive austeramente con su hijo Juanjo (17) en el pueblo rural donde nació. Arrastrando un problema renal severo, está atrapado en el limbo entre su pasado de gloria y la imposibilidad de volver a ser quien fue. Un retrato humano, centrado en el vínculo padre-hijo, sobre las masculinidades y las cicatrices del triunfo. ¿Qué queda después de la gloria </span></p>
<p style="text-align: justify;"><span class="tm-color-primary"><strong>FICHA TÉCNICA</strong></span><span class="tm-color-primary" style="font-size: 18pt;"><br /></span></p>
<p style="text-align: justify;">Dirección<span style="font-weight: 400;">: Federico Borgia y Guillermo Madeiro</span></p>
<p style="text-align: justify;">Producción<span style="font-weight: 400;">: Pancho Magnou Arnábal </span></p>
<p style="text-align: justify;">Fotografía<span style="font-weight: 400;">: Guillermo Fernández y Ramiro González Pampillón</span></p>
<p style="text-align: justify;">Sonido<span style="font-weight: 400;">: Nicolás Oten y Bruno Tortorella</span></p>
<p style="text-align: justify;">Montaje<span style="font-weight: 400;">: Federico Borgia, Guillermo Madeiro y Juan Ignacio Fernández Hoppe</span></p>
<p style="text-align: justify;">Casa productora<span style="font-weight: 400;">: Montelona Cine</span></p>
<p style="text-align: justify;">Uruguay &#8211; 2019 &#8211; 79&#8242;</p>
<hr />
<p style="text-align: justify;"><span class="tm-color-primary">Funciones:</span> <strong>10 y 17 de noviembre y 1 de diciembre a las 19 horas en la Sala B del Auditorio Nelly Goitiño</strong></p>
<p style="text-align: justify;"><span class="tm-color-primary">Localidades:</span> Generales $ 220</p>
<p style="text-align: justify;"><span class="tm-color-primary">Beneficios:</span> Cupo gratuito para Socio Espectacular y Montevideo Libre. 50 % de descuento para socios de Cinemateca Uruguaya, para estudiantes de cine y comunicación audiovisual y para socios de la Asociación de Productores y Realizadores de Cine del Uruguay (Asoprod)<strong><br /></strong></p>
</section>
<p>						[/vc_column_text]<br />
						[vc_empty_space height=»30px» el_class=»cyg&#8211;espacio-30&#8243;]<br />
					[/vc_column]<br />
				[/vc_row][vc_row el_class=»cyg&#8211;ficha»]<br />
					[vc_column]<br />
					[vc_column_text]</p>
<section></section>
<p>					[/vc_column_text]<br />
					[/vc_column]<br />
				[/vc_row][vc_row][vc_column][vc_gallery type=»image_grid» images=»2785,2786,2787&#8243;][/vc_column][/vc_row][vc_row][vc_column][vc_video link=»https://www.youtube.com/watch?v=C3ntVjjsTVs»][/vc_column][/vc_row][/vc_section]</p>
</div>

<p>[vc_section el_class=»content&#8211;espectaculo evento-auditorio-nelly-goitino»][vc_row el_class=»cyg&#8211;descripcion»] [vc_column] [vc_column_text] SINOPSIS Diez años después de ganar un título mundial de fisiculturismo, Antonio Osta (43) vive austeramente con su hijo Juanjo (17) en el pueblo rural donde nació. Arrastrando un problema renal severo, está atrapado en el limbo entre su pasado de gloria y la imposibilidad de volver a ser [&hellip;]</p>

<!-- This site is optimized with the Yoast SEO plugin v21.7 - https://yoast.com/wordpress/plugins/seo/ -->
<title>EL CAMPEÓN DEL MUNDO - Espectáculos</title>
<meta name="robots" content="index, follow, max-snippet:-1, max-image-preview:large, max-video-preview:-1" />
<link rel="canonical" href="https://sodre.gub.uy/espectaculos/el-campeon-del-mundo/" />
<meta property="og:locale" content="es_ES" />
<meta property="og:type" content="article" />
<meta property="og:title" content="EL CAMPEÓN DEL MUNDO - Espectáculos" />
<meta property="og:description" content="[vc_section el_class=»content&#8211;espectaculo evento-auditorio-nelly-goitino»][vc_row el_class=»cyg&#8211;descripcion»] [vc_column] [vc_column_text] SINOPSIS Diez años después de ganar un título mundial de fisiculturismo, Antonio Osta (43) vive austeramente con su hijo Juanjo (17) en el pueblo rural donde nació. Arrastrando un problema renal severo, está atrapado en el limbo entre su pasado de gloria y la imposibilidad de volver a ser [&hellip;]" />
<meta property="og:url" content="https://sodre.gub.uy/espectaculos/el-campeon-del-mundo/" />
<meta property="og:site_name" content="Espectáculos" />
<meta name="twitter:card" content="summary_large_image" />
<meta name="twitter:label1" content="Tiempo de lectura" />
	<meta name="twitter:data1" content="1 minuto" />
<script type="application/ld+json" class="yoast-schema-graph">{"@context":"https://schema.org","@graph":[{"@type":"WebPage","@id":"https://sodre.gub.uy/espectaculos/el-campeon-del-mundo/","url":"https://sodre.gub.uy/espectaculos/el-campeon-del-mundo/","name":"EL CAMPEÓN DEL MUNDO - Espectáculos","isPartOf":{"@id":"https://sodre.gub.uy/espectaculos/#website"},"datePublished":"2019-10-18T18:32:58+00:00","dateModified":"2019-10-18T18:32:58+00:00","inLanguage":"es","potentialAction":[{"@type":"ReadAction","target":["https://sodre.gub.uy/espectaculos/el-campeon-del-mundo/"]}]},{"@type":"WebSite","@id":"https://sodre.gub.uy/espectaculos/#website","url":"https://sodre.gub.uy/espectaculos/","name":"Espectáculos","description":"Servicio Oficial de Difusión, Representaciones y Espectáculos","publisher":{"@id":"https://sodre.gub.uy/espectaculos/#organization"},"potentialAction":[{"@type":"SearchAction","target":{"@type":"EntryPoint","urlTemplate":"https://sodre.gub.uy/espectaculos/?s={search_term_string}"},"query-input":"required name=search_term_string"}],"inLanguage":"es"},{"@type":"Organization","@id":"https://sodre.gub.uy/espectaculos/#organization","name":"Espectáculos","url":"https://sodre.gub.uy/espectaculos/","logo":{"@type":"ImageObject","inLanguage":"es","@id":"https://sodre.gub.uy/espectaculos/#/schema/logo/image/","url":"https://sodre.gub.uy/espectaculos/wp-content/uploads/sites/2/2023/12/logo-sodre-black.svg","contentUrl":"https://sodre.gub.uy/espectaculos/wp-content/uploads/sites/2/2023/12/logo-sodre-black.svg","caption":"Espectáculos"},"image":{"@id":"https://sodre.gub.uy/espectaculos/#/schema/logo/image/"}}]}</script>
<!-- / Yoast SEO plugin. -->

EL CAMPEÓN DEL MUNDO - Espectáculos

[vc_section el_class=»content&#8211;espectaculo evento-auditorio-nelly-goitino»][vc_row el_class=»cyg&#8211;descripcion»] [vc_column] [vc_column_text] SINOPSIS Diez años después de ganar un título mundial de fisiculturismo, Antonio Osta (43) vive austeramente con su hijo Juanjo (17) en el pueblo rural donde nació. Arrastrando un problema renal severo, está atrapado en el limbo entre su pasado de gloria y la imposibilidad de volver a ser [&hellip;]

Espectáculos

Servicio Oficial de Difusión, Representaciones y Espectáculos
