{"id":2741,"date":"2019-09-10T20:34:49","date_gmt":"2019-09-10T23:34:49","guid":{"rendered":"https:\/\/sodre.gub.uy\/espectaculos\/todos-al-bosque-extension-cultural\/"},"modified":"2019-09-10T20:34:49","modified_gmt":"2019-09-10T23:34:49","slug":"todos-al-bosque-extension-cultural","status":"publish","type":"espectaculo","link":"https:\/\/sodre.gub.uy\/espectaculos\/todos-al-bosque-extension-cultural\/","title":{"rendered":"Todos al bosque | extensi\u00f3n cultural"},"content":{"rendered":"<div class=\"wpb-content-wrapper\"><p>[vc_section el_class=\u00bbcontent&#8211;espectaculo evento-auditorio-nelly-goitino\u00bb][vc_row el_class=\u00bbcyg&#8211;descripcion\u00bb]<br \/>\n\t\t\t\t\t[vc_column]<br \/>\n\t\t\t\t\t\t[vc_column_text]<\/p>\n<section>\n<p style=\"text-align: justify;\"><span class=\"tm-color-primary\"><em><strong>Todos al bosque<\/strong><\/em><\/span> es un musical basado en la historia que dio origen al hor\u00f3scopo chino. Para el festejo de su cumplea\u00f1os 1111, el Emperador Buda Jade Amarillo invit\u00f3 a todos los animales no humanos a una carrera muy importante. Los 12 primeros animales en llegar a su palacio tendr\u00edan el honor de ser nombrados <em>Los animales del hor\u00f3scopo<\/em> y, a partir de ese d\u00eda, cada animal tendr\u00eda su a\u00f1o, y dar\u00eda a las personas nacidas en ese a\u00f1o sus caracter\u00edsticas, defectos y virtudes.<\/p>\n<p><em>Todos al bosque <\/em>es una obra musical escrita y dirigida por Jimena\u00a0Arrosa y producida por Alumi Producciones.<\/p>\n<p><strong><span class=\"tm-color-primary\">FICHA T\u00c9CNICA<\/span><\/strong><\/p>\n<p>Direcci\u00f3n: Jimena Arrosa<\/p>\n<p><strong>Elenco<\/strong><\/p>\n<p>Alan Mullins<\/p>\n<p>Antonella Aquistapache<\/p>\n<p>Mar\u00eda Bel\u00e9n Pozzi<\/p>\n<p>Connan Madrid<\/p>\n<p>Emilio Gallardo<\/p>\n<p>Etienne Pepe<\/p>\n<p>Federico Brocal<\/p>\n<p>Gal Groisman<\/p>\n<p>Ihara Burgos<\/p>\n<p>Jessica Demestoy<\/p>\n<hr \/>\n<p style=\"text-align: justify;\"><span class=\"tm-color-primary\">Funci\u00f3n:<\/span> <strong>22 de setiembre a las 15 horas en la Sala H\u00e9ctor Tosar del Auditorio Nelly Goiti\u00f1o<br \/><\/strong><\/p>\n<p style=\"text-align: justify;\"><span class=\"tm-color-primary\">Localidades:<\/span> Solo por reservas<\/p>\n<\/section>\n<p>\t\t\t\t\t\t[\/vc_column_text]<br \/>\n\t\t\t\t\t\t[vc_empty_space height=\u00bb30px\u00bb el_class=\u00bbcyg&#8211;espacio-30&#8243;]<br \/>\n\t\t\t\t\t[\/vc_column]<br \/>\n\t\t\t\t[\/vc_row][vc_row el_class=\u00bbcyg&#8211;ficha\u00bb]<br \/>\n\t\t\t\t\t[vc_column]<br \/>\n\t\t\t\t\t[vc_column_text]<\/p>\n<section><\/section>\n<p>\t\t\t\t\t[\/vc_column_text]<br \/>\n\t\t\t\t\t[\/vc_column]<br \/>\n\t\t\t\t[\/vc_row][\/vc_section]<\/p>\n<\/div>","protected":false},"excerpt":{"rendered":"<p>[vc_section el_class=\u00bbcontent&#8211;espectaculo evento-auditorio-nelly-goitino\u00bb][vc_row el_class=\u00bbcyg&#8211;descripcion\u00bb] [vc_column] [vc_column_text] Todos al bosque es un musical basado en la historia que dio origen al hor\u00f3scopo chino. Para el festejo de su cumplea\u00f1os 1111, el Emperador Buda Jade Amarillo invit\u00f3 a todos los animales no humanos a una carrera muy importante. Los 12 primeros animales en llegar a su palacio [&hellip;]<\/p>\n","protected":false},"menu_order":0,"template":"","format":"standard","cuerpo-estable":[],"etiqueta-espectaculo":[],"lugar":[17],"sala-espacio":[35],"acf":[],"yoast_head":"<!-- This site is optimized with the Yoast SEO plugin v21.7 - https:\/\/yoast.com\/wordpress\/plugins\/seo\/ -->\n<title>Todos al bosque | extensi\u00f3n cultural - Espect\u00e1culos<\/title>\n<meta name=\"robots\" content=\"index, follow, max-snippet:-1, max-image-preview:large, max-video-preview:-1\" \/>\n<link rel=\"canonical\" href=\"https:\/\/sodre.gub.uy\/espectaculos\/todos-al-bosque-extension-cultural\/\" \/>\n<meta property=\"og:locale\" content=\"es_ES\" \/>\n<meta property=\"og:type\" content=\"article\" \/>\n<meta property=\"og:title\" content=\"Todos al bosque | extensi\u00f3n cultural - Espect\u00e1culos\" \/>\n<meta property=\"og:description\" content=\"[vc_section el_class=\u00bbcontent&#8211;espectaculo evento-auditorio-nelly-goitino\u00bb][vc_row el_class=\u00bbcyg&#8211;descripcion\u00bb] [vc_column] [vc_column_text] Todos al bosque es un musical basado en la historia que dio origen al hor\u00f3scopo chino. Para el festejo de su cumplea\u00f1os 1111, el Emperador Buda Jade Amarillo invit\u00f3 a todos los animales no humanos a una carrera muy importante. Los 12 primeros animales en llegar a su palacio [&hellip;]\" \/>\n<meta property=\"og:url\" content=\"https:\/\/sodre.gub.uy\/espectaculos\/todos-al-bosque-extension-cultural\/\" \/>\n<meta property=\"og:site_name\" content=\"Espect\u00e1culos\" \/>\n<meta name=\"twitter:card\" content=\"summary_large_image\" \/>\n<meta name=\"twitter:label1\" content=\"Tiempo de lectura\" \/>\n\t<meta name=\"twitter:data1\" content=\"1 minuto\" \/>\n<script type=\"application\/ld+json\" class=\"yoast-schema-graph\">{\"@context\":\"https:\/\/schema.org\",\"@graph\":[{\"@type\":\"WebPage\",\"@id\":\"https:\/\/sodre.gub.uy\/espectaculos\/todos-al-bosque-extension-cultural\/\",\"url\":\"https:\/\/sodre.gub.uy\/espectaculos\/todos-al-bosque-extension-cultural\/\",\"name\":\"Todos al bosque | extensi\u00f3n cultural - Espect\u00e1culos\",\"isPartOf\":{\"@id\":\"https:\/\/sodre.gub.uy\/espectaculos\/#website\"},\"datePublished\":\"2019-09-10T23:34:49+00:00\",\"dateModified\":\"2019-09-10T23:34:49+00:00\",\"inLanguage\":\"es\",\"potentialAction\":[{\"@type\":\"ReadAction\",\"target\":[\"https:\/\/sodre.gub.uy\/espectaculos\/todos-al-bosque-extension-cultural\/\"]}]},{\"@type\":\"WebSite\",\"@id\":\"https:\/\/sodre.gub.uy\/espectaculos\/#website\",\"url\":\"https:\/\/sodre.gub.uy\/espectaculos\/\",\"name\":\"Espect\u00e1culos\",\"description\":\"Servicio Oficial de Difusi\u00f3n, Representaciones y Espect\u00e1culos\",\"publisher\":{\"@id\":\"https:\/\/sodre.gub.uy\/espectaculos\/#organization\"},\"potentialAction\":[{\"@type\":\"SearchAction\",\"target\":{\"@type\":\"EntryPoint\",\"urlTemplate\":\"https:\/\/sodre.gub.uy\/espectaculos\/?s={search_term_string}\"},\"query-input\":\"required name=search_term_string\"}],\"inLanguage\":\"es\"},{\"@type\":\"Organization\",\"@id\":\"https:\/\/sodre.gub.uy\/espectaculos\/#organization\",\"name\":\"Espect\u00e1culos\",\"url\":\"https:\/\/sodre.gub.uy\/espectaculos\/\",\"logo\":{\"@type\":\"ImageObject\",\"inLanguage\":\"es\",\"@id\":\"https:\/\/sodre.gub.uy\/espectaculos\/#\/schema\/logo\/image\/\",\"url\":\"https:\/\/sodre.gub.uy\/espectaculos\/wp-content\/uploads\/sites\/2\/2023\/12\/logo-sodre-black.svg\",\"contentUrl\":\"https:\/\/sodre.gub.uy\/espectaculos\/wp-content\/uploads\/sites\/2\/2023\/12\/logo-sodre-black.svg\",\"caption\":\"Espect\u00e1culos\"},\"image\":{\"@id\":\"https:\/\/sodre.gub.uy\/espectaculos\/#\/schema\/logo\/image\/\"}}]}<\/script>\n<!-- \/ Yoast SEO plugin. -->","yoast_head_json":{"title":"Todos al bosque | extensi\u00f3n cultural - Espect\u00e1culos","robots":{"index":"index","follow":"follow","max-snippet":"max-snippet:-1","max-image-preview":"max-image-preview:large","max-video-preview":"max-video-preview:-1"},"canonical":"https:\/\/sodre.gub.uy\/espectaculos\/todos-al-bosque-extension-cultural\/","og_locale":"es_ES","og_type":"article","og_title":"Todos al bosque | extensi\u00f3n cultural - Espect\u00e1culos","og_description":"[vc_section el_class=\u00bbcontent&#8211;espectaculo evento-auditorio-nelly-goitino\u00bb][vc_row el_class=\u00bbcyg&#8211;descripcion\u00bb] [vc_column] [vc_column_text] Todos al bosque es un musical basado en la historia que dio origen al hor\u00f3scopo chino. Para el festejo de su cumplea\u00f1os 1111, el Emperador Buda Jade Amarillo invit\u00f3 a todos los animales no humanos a una carrera muy importante. Los 12 primeros animales en llegar a su palacio [&hellip;]","og_url":"https:\/\/sodre.gub.uy\/espectaculos\/todos-al-bosque-extension-cultural\/","og_site_name":"Espect\u00e1culos","twitter_card":"summary_large_image","twitter_misc":{"Tiempo de lectura":"1 minuto"},"schema":{"@context":"https:\/\/schema.org","@graph":[{"@type":"WebPage","@id":"https:\/\/sodre.gub.uy\/espectaculos\/todos-al-bosque-extension-cultural\/","url":"https:\/\/sodre.gub.uy\/espectaculos\/todos-al-bosque-extension-cultural\/","name":"Todos al bosque | extensi\u00f3n cultural - Espect\u00e1culos","isPartOf":{"@id":"https:\/\/sodre.gub.uy\/espectaculos\/#website"},"datePublished":"2019-09-10T23:34:49+00:00","dateModified":"2019-09-10T23:34:49+00:00","inLanguage":"es","potentialAction":[{"@type":"ReadAction","target":["https:\/\/sodre.gub.uy\/espectaculos\/todos-al-bosque-extension-cultural\/"]}]},{"@type":"WebSite","@id":"https:\/\/sodre.gub.uy\/espectaculos\/#website","url":"https:\/\/sodre.gub.uy\/espectaculos\/","name":"Espect\u00e1culos","description":"Servicio Oficial de Difusi\u00f3n, Representaciones y Espect\u00e1culos","publisher":{"@id":"https:\/\/sodre.gub.uy\/espectaculos\/#organization"},"potentialAction":[{"@type":"SearchAction","target":{"@type":"EntryPoint","urlTemplate":"https:\/\/sodre.gub.uy\/espectaculos\/?s={search_term_string}"},"query-input":"required name=search_term_string"}],"inLanguage":"es"},{"@type":"Organization","@id":"https:\/\/sodre.gub.uy\/espectaculos\/#organization","name":"Espect\u00e1culos","url":"https:\/\/sodre.gub.uy\/espectaculos\/","logo":{"@type":"ImageObject","inLanguage":"es","@id":"https:\/\/sodre.gub.uy\/espectaculos\/#\/schema\/logo\/image\/","url":"https:\/\/sodre.gub.uy\/espectaculos\/wp-content\/uploads\/sites\/2\/2023\/12\/logo-sodre-black.svg","contentUrl":"https:\/\/sodre.gub.uy\/espectaculos\/wp-content\/uploads\/sites\/2\/2023\/12\/logo-sodre-black.svg","caption":"Espect\u00e1culos"},"image":{"@id":"https:\/\/sodre.gub.uy\/espectaculos\/#\/schema\/logo\/image\/"}}]}},"_links":{"self":[{"href":"https:\/\/sodre.gub.uy\/espectaculos\/wp-json\/wp\/v2\/espectaculo\/2741"}],"collection":[{"href":"https:\/\/sodre.gub.uy\/espectaculos\/wp-json\/wp\/v2\/espectaculo"}],"about":[{"href":"https:\/\/sodre.gub.uy\/espectaculos\/wp-json\/wp\/v2\/types\/espectaculo"}],"version-history":[{"count":0,"href":"https:\/\/sodre.gub.uy\/espectaculos\/wp-json\/wp\/v2\/espectaculo\/2741\/revisions"}],"wp:attachment":[{"href":"https:\/\/sodre.gub.uy\/espectaculos\/wp-json\/wp\/v2\/media?parent=2741"}],"wp:term":[{"taxonomy":"cuerpo-estable","embeddable":true,"href":"https:\/\/sodre.gub.uy\/espectaculos\/wp-json\/wp\/v2\/cuerpo-estable?post=2741"},{"taxonomy":"etiqueta-espectaculo","embeddable":true,"href":"https:\/\/sodre.gub.uy\/espectaculos\/wp-json\/wp\/v2\/etiqueta-espectaculo?post=2741"},{"taxonomy":"lugar","embeddable":true,"href":"https:\/\/sodre.gub.uy\/espectaculos\/wp-json\/wp\/v2\/lugar?post=2741"},{"taxonomy":"sala-espacio","embeddable":true,"href":"https:\/\/sodre.gub.uy\/espectaculos\/wp-json\/wp\/v2\/sala-espacio?post=2741"}],"curies":[{"name":"wp","href":"https:\/\/api.w.org\/{rel}","templated":true}]}}

Todos al bosque | extensión cultural

<div class="wpb-content-wrapper"><p>[vc_section el_class=»content&#8211;espectaculo evento-auditorio-nelly-goitino»][vc_row el_class=»cyg&#8211;descripcion»]<br />
					[vc_column]<br />
						[vc_column_text]</p>
<section>
<p style="text-align: justify;"><span class="tm-color-primary"><em><strong>Todos al bosque</strong></em></span> es un musical basado en la historia que dio origen al horóscopo chino. Para el festejo de su cumpleaños 1111, el Emperador Buda Jade Amarillo invitó a todos los animales no humanos a una carrera muy importante. Los 12 primeros animales en llegar a su palacio tendrían el honor de ser nombrados <em>Los animales del horóscopo</em> y, a partir de ese día, cada animal tendría su año, y daría a las personas nacidas en ese año sus características, defectos y virtudes.</p>
<p><em>Todos al bosque </em>es una obra musical escrita y dirigida por Jimena Arrosa y producida por Alumi Producciones.</p>
<p><strong><span class="tm-color-primary">FICHA TÉCNICA</span></strong></p>
<p>Dirección: Jimena Arrosa</p>
<p><strong>Elenco</strong></p>
<p>Alan Mullins</p>
<p>Antonella Aquistapache</p>
<p>María Belén Pozzi</p>
<p>Connan Madrid</p>
<p>Emilio Gallardo</p>
<p>Etienne Pepe</p>
<p>Federico Brocal</p>
<p>Gal Groisman</p>
<p>Ihara Burgos</p>
<p>Jessica Demestoy</p>
<hr />
<p style="text-align: justify;"><span class="tm-color-primary">Función:</span> <strong>22 de setiembre a las 15 horas en la Sala Héctor Tosar del Auditorio Nelly Goitiño<br /></strong></p>
<p style="text-align: justify;"><span class="tm-color-primary">Localidades:</span> Solo por reservas</p>
</section>
<p>						[/vc_column_text]<br />
						[vc_empty_space height=»30px» el_class=»cyg&#8211;espacio-30&#8243;]<br />
					[/vc_column]<br />
				[/vc_row][vc_row el_class=»cyg&#8211;ficha»]<br />
					[vc_column]<br />
					[vc_column_text]</p>
<section></section>
<p>					[/vc_column_text]<br />
					[/vc_column]<br />
				[/vc_row][/vc_section]</p>
</div>

<p>[vc_section el_class=»content&#8211;espectaculo evento-auditorio-nelly-goitino»][vc_row el_class=»cyg&#8211;descripcion»] [vc_column] [vc_column_text] Todos al bosque es un musical basado en la historia que dio origen al horóscopo chino. Para el festejo de su cumpleaños 1111, el Emperador Buda Jade Amarillo invitó a todos los animales no humanos a una carrera muy importante. Los 12 primeros animales en llegar a su palacio [&hellip;]</p>

<!-- This site is optimized with the Yoast SEO plugin v21.7 - https://yoast.com/wordpress/plugins/seo/ -->
<title>Todos al bosque | extensión cultural - Espectáculos</title>
<meta name="robots" content="index, follow, max-snippet:-1, max-image-preview:large, max-video-preview:-1" />
<link rel="canonical" href="https://sodre.gub.uy/espectaculos/todos-al-bosque-extension-cultural/" />
<meta property="og:locale" content="es_ES" />
<meta property="og:type" content="article" />
<meta property="og:title" content="Todos al bosque | extensión cultural - Espectáculos" />
<meta property="og:description" content="[vc_section el_class=»content&#8211;espectaculo evento-auditorio-nelly-goitino»][vc_row el_class=»cyg&#8211;descripcion»] [vc_column] [vc_column_text] Todos al bosque es un musical basado en la historia que dio origen al horóscopo chino. Para el festejo de su cumpleaños 1111, el Emperador Buda Jade Amarillo invitó a todos los animales no humanos a una carrera muy importante. Los 12 primeros animales en llegar a su palacio [&hellip;]" />
<meta property="og:url" content="https://sodre.gub.uy/espectaculos/todos-al-bosque-extension-cultural/" />
<meta property="og:site_name" content="Espectáculos" />
<meta name="twitter:card" content="summary_large_image" />
<meta name="twitter:label1" content="Tiempo de lectura" />
	<meta name="twitter:data1" content="1 minuto" />
<script type="application/ld+json" class="yoast-schema-graph">{"@context":"https://schema.org","@graph":[{"@type":"WebPage","@id":"https://sodre.gub.uy/espectaculos/todos-al-bosque-extension-cultural/","url":"https://sodre.gub.uy/espectaculos/todos-al-bosque-extension-cultural/","name":"Todos al bosque | extensión cultural - Espectáculos","isPartOf":{"@id":"https://sodre.gub.uy/espectaculos/#website"},"datePublished":"2019-09-10T23:34:49+00:00","dateModified":"2019-09-10T23:34:49+00:00","inLanguage":"es","potentialAction":[{"@type":"ReadAction","target":["https://sodre.gub.uy/espectaculos/todos-al-bosque-extension-cultural/"]}]},{"@type":"WebSite","@id":"https://sodre.gub.uy/espectaculos/#website","url":"https://sodre.gub.uy/espectaculos/","name":"Espectáculos","description":"Servicio Oficial de Difusión, Representaciones y Espectáculos","publisher":{"@id":"https://sodre.gub.uy/espectaculos/#organization"},"potentialAction":[{"@type":"SearchAction","target":{"@type":"EntryPoint","urlTemplate":"https://sodre.gub.uy/espectaculos/?s={search_term_string}"},"query-input":"required name=search_term_string"}],"inLanguage":"es"},{"@type":"Organization","@id":"https://sodre.gub.uy/espectaculos/#organization","name":"Espectáculos","url":"https://sodre.gub.uy/espectaculos/","logo":{"@type":"ImageObject","inLanguage":"es","@id":"https://sodre.gub.uy/espectaculos/#/schema/logo/image/","url":"https://sodre.gub.uy/espectaculos/wp-content/uploads/sites/2/2023/12/logo-sodre-black.svg","contentUrl":"https://sodre.gub.uy/espectaculos/wp-content/uploads/sites/2/2023/12/logo-sodre-black.svg","caption":"Espectáculos"},"image":{"@id":"https://sodre.gub.uy/espectaculos/#/schema/logo/image/"}}]}</script>
<!-- / Yoast SEO plugin. -->

Todos al bosque | extensión cultural - Espectáculos

[vc_section el_class=»content&#8211;espectaculo evento-auditorio-nelly-goitino»][vc_row el_class=»cyg&#8211;descripcion»] [vc_column] [vc_column_text] Todos al bosque es un musical basado en la historia que dio origen al horóscopo chino. Para el festejo de su cumpleaños 1111, el Emperador Buda Jade Amarillo invitó a todos los animales no humanos a una carrera muy importante. Los 12 primeros animales en llegar a su palacio [&hellip;]

Espectáculos

Servicio Oficial de Difusión, Representaciones y Espectáculos
