{"id":2725,"date":"2019-11-25T14:23:02","date_gmt":"2019-11-25T17:23:02","guid":{"rendered":"https:\/\/sodre.gub.uy\/espectaculos\/el-curioso-caso-de-benjamin-button\/"},"modified":"2019-11-25T14:23:02","modified_gmt":"2019-11-25T17:23:02","slug":"el-curioso-caso-de-benjamin-button","status":"publish","type":"espectaculo","link":"https:\/\/sodre.gub.uy\/espectaculos\/el-curioso-caso-de-benjamin-button\/","title":{"rendered":"EL CURIOSO CASO DE BENJAMIN BUTTON"},"content":{"rendered":"<div class=\"wpb-content-wrapper\"><p>[vc_section el_class=\u00bbcontent&#8211;espectaculo evento-auditorio-nelly-goitino\u00bb][vc_row el_class=\u00bbcyg&#8211;descripcion\u00bb]<br \/>\n\t\t\t\t\t[vc_column]<br \/>\n\t\t\t\t\t\t[vc_column_text]<\/p>\n<section>\n<p style=\"text-align: justify;\"><span class=\"tm-color-primary\"><strong>SINOPSIS<\/strong><\/span><\/p>\n<p style=\"text-align: justify;\">Un hombre (Brad Pitt) nace con ochenta a\u00f1os y va rejuveneciendo a medida que pasa el tiempo; es decir, en lugar de cumplir a\u00f1os empieza a retroceder en su edad. Esta es la historia de un hombre extraordinario, de la gente que va conociendo, de sus amores y amistades, pero sobre todo de su relaci\u00f3n con Daisy (Cate Blanchett), la mujer de su vida.<\/p>\n<p style=\"text-align: justify;\">Fincher propina uno de los mazazos emocionales m\u00e1s con tundentes de 2008 con un drama de original argumento pero con un trasfondo tan familiar como los que tenemos alrededor cada d\u00eda. Otra forma de llegar a lo mismo: que la vida es amanecer, cenit y ocaso, con todo lo que hay desde que despuntamos hasta que nos apagamos en el \u00faltimo aliento.<\/p>\n<p style=\"text-align: justify;\">Con una excelente factura en todos los aspectos, y esa magistral transformaci\u00f3n de los personajes, entre las que sorprende la convincente metamorfosis gradual de uno de los guapos m\u00e1s codiciados de Hollywood, David Fincher coloca un nivel muy elevado y nos deja una inolvidable reflexi\u00f3n sobre la vida.<\/p>\n<p style=\"text-align: justify;\">Premios<br \/>2008: 3 \u00d3scar: Mejor direcci\u00f3n art\u00edstica, maquillaje y efectos visuales. 13 nominaciones.<br \/>2008: 5 nominaciones al Globo de Oro, incluyendo mejor pel\u00edcula y director.<br \/>2008: 3 BAFTA, incluyendo mejor maquillaje. 11 nominaciones, incluyendo mejor pel\u00edcula.<\/p>\n<p style=\"text-align: justify;\"><span class=\"tm-color-primary\"><strong>FICHA T\u00c9CNICA<\/strong><\/span><\/p>\n<p style=\"text-align: justify;\">Direcci\u00f3n: David Fincher<\/p>\n<p style=\"text-align: justify;\">Guion: Eric Roth, basado en el cuento de F. Scott Fitzgerald<\/p>\n<p style=\"text-align: justify;\">M\u00fasica: Alexandre Desplat<\/p>\n<p style=\"text-align: justify;\">Fotograf\u00eda: Claudio Miranda<\/p>\n<p style=\"text-align: justify;\">Protagonistas: Brad Pitt, Cate Blanchett, Taraji P. Henson, Tilda Swinton, Jason Flemyng, Julia Ormond, Elias Koteas, Elle Fanning, Jared Harris y Mahershala Ali<\/p>\n<p style=\"text-align: justify;\">Estados Unidos &#8211; 2008 &#8211; 167&#8242;<\/p>\n<hr \/>\n<p style=\"text-align: justify;\"><span class=\"tm-color-primary\">Funci\u00f3n:<\/span> <strong>25 de noviembre a las 20 horas en la Sala H\u00e9ctor Tosar del Auditorio Nelly Goiti\u00f1o<\/p>\n<p><\/strong><span class=\"tm-color-primary\">Localidades:<\/span> Generales $ 150<strong><\/p>\n<p><\/strong><span class=\"tm-color-primary\">Beneficios:<\/span> Cupo gratuito para Socio Espectacular y Montevideo Libre<strong><br \/><\/strong><\/p>\n<\/section>\n<p>\t\t\t\t\t\t[\/vc_column_text]<br \/>\n\t\t\t\t\t\t[vc_empty_space height=\u00bb30px\u00bb el_class=\u00bbcyg&#8211;espacio-30&#8243;]<br \/>\n\t\t\t\t\t[\/vc_column]<br \/>\n\t\t\t\t[\/vc_row][vc_row el_class=\u00bbcyg&#8211;ficha\u00bb]<br \/>\n\t\t\t\t\t[vc_column]<br \/>\n\t\t\t\t\t[vc_column_text]<\/p>\n<section><\/section>\n<p>\t\t\t\t\t[\/vc_column_text]<br \/>\n\t\t\t\t\t[\/vc_column]<br \/>\n\t\t\t\t[\/vc_row][\/vc_section]<\/p>\n<\/div>","protected":false},"excerpt":{"rendered":"<p>[vc_section el_class=\u00bbcontent&#8211;espectaculo evento-auditorio-nelly-goitino\u00bb][vc_row el_class=\u00bbcyg&#8211;descripcion\u00bb] [vc_column] [vc_column_text] SINOPSIS Un hombre (Brad Pitt) nace con ochenta a\u00f1os y va rejuveneciendo a medida que pasa el tiempo; es decir, en lugar de cumplir a\u00f1os empieza a retroceder en su edad. Esta es la historia de un hombre extraordinario, de la gente que va conociendo, de sus amores y [&hellip;]<\/p>\n","protected":false},"menu_order":0,"template":"","format":"standard","cuerpo-estable":[],"etiqueta-espectaculo":[],"lugar":[17],"sala-espacio":[35],"acf":[],"yoast_head":"<!-- This site is optimized with the Yoast SEO plugin v21.7 - https:\/\/yoast.com\/wordpress\/plugins\/seo\/ -->\n<title>EL CURIOSO CASO DE BENJAMIN BUTTON - Espect\u00e1culos<\/title>\n<meta name=\"robots\" content=\"index, follow, max-snippet:-1, max-image-preview:large, max-video-preview:-1\" \/>\n<link rel=\"canonical\" href=\"https:\/\/sodre.gub.uy\/espectaculos\/el-curioso-caso-de-benjamin-button\/\" \/>\n<meta property=\"og:locale\" content=\"es_ES\" \/>\n<meta property=\"og:type\" content=\"article\" \/>\n<meta property=\"og:title\" content=\"EL CURIOSO CASO DE BENJAMIN BUTTON - Espect\u00e1culos\" \/>\n<meta property=\"og:description\" content=\"[vc_section el_class=\u00bbcontent&#8211;espectaculo evento-auditorio-nelly-goitino\u00bb][vc_row el_class=\u00bbcyg&#8211;descripcion\u00bb] [vc_column] [vc_column_text] SINOPSIS Un hombre (Brad Pitt) nace con ochenta a\u00f1os y va rejuveneciendo a medida que pasa el tiempo; es decir, en lugar de cumplir a\u00f1os empieza a retroceder en su edad. Esta es la historia de un hombre extraordinario, de la gente que va conociendo, de sus amores y [&hellip;]\" \/>\n<meta property=\"og:url\" content=\"https:\/\/sodre.gub.uy\/espectaculos\/el-curioso-caso-de-benjamin-button\/\" \/>\n<meta property=\"og:site_name\" content=\"Espect\u00e1culos\" \/>\n<meta name=\"twitter:card\" content=\"summary_large_image\" \/>\n<meta name=\"twitter:label1\" content=\"Tiempo de lectura\" \/>\n\t<meta name=\"twitter:data1\" content=\"2 minutos\" \/>\n<script type=\"application\/ld+json\" class=\"yoast-schema-graph\">{\"@context\":\"https:\/\/schema.org\",\"@graph\":[{\"@type\":\"WebPage\",\"@id\":\"https:\/\/sodre.gub.uy\/espectaculos\/el-curioso-caso-de-benjamin-button\/\",\"url\":\"https:\/\/sodre.gub.uy\/espectaculos\/el-curioso-caso-de-benjamin-button\/\",\"name\":\"EL CURIOSO CASO DE BENJAMIN BUTTON - Espect\u00e1culos\",\"isPartOf\":{\"@id\":\"https:\/\/sodre.gub.uy\/espectaculos\/#website\"},\"datePublished\":\"2019-11-25T17:23:02+00:00\",\"dateModified\":\"2019-11-25T17:23:02+00:00\",\"inLanguage\":\"es\",\"potentialAction\":[{\"@type\":\"ReadAction\",\"target\":[\"https:\/\/sodre.gub.uy\/espectaculos\/el-curioso-caso-de-benjamin-button\/\"]}]},{\"@type\":\"WebSite\",\"@id\":\"https:\/\/sodre.gub.uy\/espectaculos\/#website\",\"url\":\"https:\/\/sodre.gub.uy\/espectaculos\/\",\"name\":\"Espect\u00e1culos\",\"description\":\"Servicio Oficial de Difusi\u00f3n, Representaciones y Espect\u00e1culos\",\"publisher\":{\"@id\":\"https:\/\/sodre.gub.uy\/espectaculos\/#organization\"},\"potentialAction\":[{\"@type\":\"SearchAction\",\"target\":{\"@type\":\"EntryPoint\",\"urlTemplate\":\"https:\/\/sodre.gub.uy\/espectaculos\/?s={search_term_string}\"},\"query-input\":\"required name=search_term_string\"}],\"inLanguage\":\"es\"},{\"@type\":\"Organization\",\"@id\":\"https:\/\/sodre.gub.uy\/espectaculos\/#organization\",\"name\":\"Espect\u00e1culos\",\"url\":\"https:\/\/sodre.gub.uy\/espectaculos\/\",\"logo\":{\"@type\":\"ImageObject\",\"inLanguage\":\"es\",\"@id\":\"https:\/\/sodre.gub.uy\/espectaculos\/#\/schema\/logo\/image\/\",\"url\":\"https:\/\/sodre.gub.uy\/espectaculos\/wp-content\/uploads\/sites\/2\/2023\/12\/logo-sodre-black.svg\",\"contentUrl\":\"https:\/\/sodre.gub.uy\/espectaculos\/wp-content\/uploads\/sites\/2\/2023\/12\/logo-sodre-black.svg\",\"caption\":\"Espect\u00e1culos\"},\"image\":{\"@id\":\"https:\/\/sodre.gub.uy\/espectaculos\/#\/schema\/logo\/image\/\"}}]}<\/script>\n<!-- \/ Yoast SEO plugin. -->","yoast_head_json":{"title":"EL CURIOSO CASO DE BENJAMIN BUTTON - Espect\u00e1culos","robots":{"index":"index","follow":"follow","max-snippet":"max-snippet:-1","max-image-preview":"max-image-preview:large","max-video-preview":"max-video-preview:-1"},"canonical":"https:\/\/sodre.gub.uy\/espectaculos\/el-curioso-caso-de-benjamin-button\/","og_locale":"es_ES","og_type":"article","og_title":"EL CURIOSO CASO DE BENJAMIN BUTTON - Espect\u00e1culos","og_description":"[vc_section el_class=\u00bbcontent&#8211;espectaculo evento-auditorio-nelly-goitino\u00bb][vc_row el_class=\u00bbcyg&#8211;descripcion\u00bb] [vc_column] [vc_column_text] SINOPSIS Un hombre (Brad Pitt) nace con ochenta a\u00f1os y va rejuveneciendo a medida que pasa el tiempo; es decir, en lugar de cumplir a\u00f1os empieza a retroceder en su edad. Esta es la historia de un hombre extraordinario, de la gente que va conociendo, de sus amores y [&hellip;]","og_url":"https:\/\/sodre.gub.uy\/espectaculos\/el-curioso-caso-de-benjamin-button\/","og_site_name":"Espect\u00e1culos","twitter_card":"summary_large_image","twitter_misc":{"Tiempo de lectura":"2 minutos"},"schema":{"@context":"https:\/\/schema.org","@graph":[{"@type":"WebPage","@id":"https:\/\/sodre.gub.uy\/espectaculos\/el-curioso-caso-de-benjamin-button\/","url":"https:\/\/sodre.gub.uy\/espectaculos\/el-curioso-caso-de-benjamin-button\/","name":"EL CURIOSO CASO DE BENJAMIN BUTTON - Espect\u00e1culos","isPartOf":{"@id":"https:\/\/sodre.gub.uy\/espectaculos\/#website"},"datePublished":"2019-11-25T17:23:02+00:00","dateModified":"2019-11-25T17:23:02+00:00","inLanguage":"es","potentialAction":[{"@type":"ReadAction","target":["https:\/\/sodre.gub.uy\/espectaculos\/el-curioso-caso-de-benjamin-button\/"]}]},{"@type":"WebSite","@id":"https:\/\/sodre.gub.uy\/espectaculos\/#website","url":"https:\/\/sodre.gub.uy\/espectaculos\/","name":"Espect\u00e1culos","description":"Servicio Oficial de Difusi\u00f3n, Representaciones y Espect\u00e1culos","publisher":{"@id":"https:\/\/sodre.gub.uy\/espectaculos\/#organization"},"potentialAction":[{"@type":"SearchAction","target":{"@type":"EntryPoint","urlTemplate":"https:\/\/sodre.gub.uy\/espectaculos\/?s={search_term_string}"},"query-input":"required name=search_term_string"}],"inLanguage":"es"},{"@type":"Organization","@id":"https:\/\/sodre.gub.uy\/espectaculos\/#organization","name":"Espect\u00e1culos","url":"https:\/\/sodre.gub.uy\/espectaculos\/","logo":{"@type":"ImageObject","inLanguage":"es","@id":"https:\/\/sodre.gub.uy\/espectaculos\/#\/schema\/logo\/image\/","url":"https:\/\/sodre.gub.uy\/espectaculos\/wp-content\/uploads\/sites\/2\/2023\/12\/logo-sodre-black.svg","contentUrl":"https:\/\/sodre.gub.uy\/espectaculos\/wp-content\/uploads\/sites\/2\/2023\/12\/logo-sodre-black.svg","caption":"Espect\u00e1culos"},"image":{"@id":"https:\/\/sodre.gub.uy\/espectaculos\/#\/schema\/logo\/image\/"}}]}},"_links":{"self":[{"href":"https:\/\/sodre.gub.uy\/espectaculos\/wp-json\/wp\/v2\/espectaculo\/2725"}],"collection":[{"href":"https:\/\/sodre.gub.uy\/espectaculos\/wp-json\/wp\/v2\/espectaculo"}],"about":[{"href":"https:\/\/sodre.gub.uy\/espectaculos\/wp-json\/wp\/v2\/types\/espectaculo"}],"version-history":[{"count":0,"href":"https:\/\/sodre.gub.uy\/espectaculos\/wp-json\/wp\/v2\/espectaculo\/2725\/revisions"}],"wp:attachment":[{"href":"https:\/\/sodre.gub.uy\/espectaculos\/wp-json\/wp\/v2\/media?parent=2725"}],"wp:term":[{"taxonomy":"cuerpo-estable","embeddable":true,"href":"https:\/\/sodre.gub.uy\/espectaculos\/wp-json\/wp\/v2\/cuerpo-estable?post=2725"},{"taxonomy":"etiqueta-espectaculo","embeddable":true,"href":"https:\/\/sodre.gub.uy\/espectaculos\/wp-json\/wp\/v2\/etiqueta-espectaculo?post=2725"},{"taxonomy":"lugar","embeddable":true,"href":"https:\/\/sodre.gub.uy\/espectaculos\/wp-json\/wp\/v2\/lugar?post=2725"},{"taxonomy":"sala-espacio","embeddable":true,"href":"https:\/\/sodre.gub.uy\/espectaculos\/wp-json\/wp\/v2\/sala-espacio?post=2725"}],"curies":[{"name":"wp","href":"https:\/\/api.w.org\/{rel}","templated":true}]}}

<div class="wpb-content-wrapper"><p>[vc_section el_class=»content&#8211;espectaculo evento-auditorio-nelly-goitino»][vc_row el_class=»cyg&#8211;descripcion»]<br />
					[vc_column]<br />
						[vc_column_text]</p>
<section>
<p style="text-align: justify;"><span class="tm-color-primary"><strong>SINOPSIS</strong></span></p>
<p style="text-align: justify;">Un hombre (Brad Pitt) nace con ochenta años y va rejuveneciendo a medida que pasa el tiempo; es decir, en lugar de cumplir años empieza a retroceder en su edad. Esta es la historia de un hombre extraordinario, de la gente que va conociendo, de sus amores y amistades, pero sobre todo de su relación con Daisy (Cate Blanchett), la mujer de su vida.</p>
<p style="text-align: justify;">Fincher propina uno de los mazazos emocionales más con tundentes de 2008 con un drama de original argumento pero con un trasfondo tan familiar como los que tenemos alrededor cada día. Otra forma de llegar a lo mismo: que la vida es amanecer, cenit y ocaso, con todo lo que hay desde que despuntamos hasta que nos apagamos en el último aliento.</p>
<p style="text-align: justify;">Con una excelente factura en todos los aspectos, y esa magistral transformación de los personajes, entre las que sorprende la convincente metamorfosis gradual de uno de los guapos más codiciados de Hollywood, David Fincher coloca un nivel muy elevado y nos deja una inolvidable reflexión sobre la vida.</p>
<p style="text-align: justify;">Premios<br />2008: 3 Óscar: Mejor dirección artística, maquillaje y efectos visuales. 13 nominaciones.<br />2008: 5 nominaciones al Globo de Oro, incluyendo mejor película y director.<br />2008: 3 BAFTA, incluyendo mejor maquillaje. 11 nominaciones, incluyendo mejor película.</p>
<p style="text-align: justify;"><span class="tm-color-primary"><strong>FICHA TÉCNICA</strong></span></p>
<p style="text-align: justify;">Dirección: David Fincher</p>
<p style="text-align: justify;">Guion: Eric Roth, basado en el cuento de F. Scott Fitzgerald</p>
<p style="text-align: justify;">Música: Alexandre Desplat</p>
<p style="text-align: justify;">Fotografía: Claudio Miranda</p>
<p style="text-align: justify;">Protagonistas: Brad Pitt, Cate Blanchett, Taraji P. Henson, Tilda Swinton, Jason Flemyng, Julia Ormond, Elias Koteas, Elle Fanning, Jared Harris y Mahershala Ali</p>
<p style="text-align: justify;">Estados Unidos &#8211; 2008 &#8211; 167&#8242;</p>
<hr />
<p style="text-align: justify;"><span class="tm-color-primary">Función:</span> <strong>25 de noviembre a las 20 horas en la Sala Héctor Tosar del Auditorio Nelly Goitiño</p>
<p></strong><span class="tm-color-primary">Localidades:</span> Generales $ 150<strong></p>
<p></strong><span class="tm-color-primary">Beneficios:</span> Cupo gratuito para Socio Espectacular y Montevideo Libre<strong><br /></strong></p>
</section>
<p>						[/vc_column_text]<br />
						[vc_empty_space height=»30px» el_class=»cyg&#8211;espacio-30&#8243;]<br />
					[/vc_column]<br />
				[/vc_row][vc_row el_class=»cyg&#8211;ficha»]<br />
					[vc_column]<br />
					[vc_column_text]</p>
<section></section>
<p>					[/vc_column_text]<br />
					[/vc_column]<br />
				[/vc_row][/vc_section]</p>
</div>

<p>[vc_section el_class=»content&#8211;espectaculo evento-auditorio-nelly-goitino»][vc_row el_class=»cyg&#8211;descripcion»] [vc_column] [vc_column_text] SINOPSIS Un hombre (Brad Pitt) nace con ochenta años y va rejuveneciendo a medida que pasa el tiempo; es decir, en lugar de cumplir años empieza a retroceder en su edad. Esta es la historia de un hombre extraordinario, de la gente que va conociendo, de sus amores y [&hellip;]</p>

<!-- This site is optimized with the Yoast SEO plugin v21.7 - https://yoast.com/wordpress/plugins/seo/ -->
<title>EL CURIOSO CASO DE BENJAMIN BUTTON - Espectáculos</title>
<meta name="robots" content="index, follow, max-snippet:-1, max-image-preview:large, max-video-preview:-1" />
<link rel="canonical" href="https://sodre.gub.uy/espectaculos/el-curioso-caso-de-benjamin-button/" />
<meta property="og:locale" content="es_ES" />
<meta property="og:type" content="article" />
<meta property="og:title" content="EL CURIOSO CASO DE BENJAMIN BUTTON - Espectáculos" />
<meta property="og:description" content="[vc_section el_class=»content&#8211;espectaculo evento-auditorio-nelly-goitino»][vc_row el_class=»cyg&#8211;descripcion»] [vc_column] [vc_column_text] SINOPSIS Un hombre (Brad Pitt) nace con ochenta años y va rejuveneciendo a medida que pasa el tiempo; es decir, en lugar de cumplir años empieza a retroceder en su edad. Esta es la historia de un hombre extraordinario, de la gente que va conociendo, de sus amores y [&hellip;]" />
<meta property="og:url" content="https://sodre.gub.uy/espectaculos/el-curioso-caso-de-benjamin-button/" />
<meta property="og:site_name" content="Espectáculos" />
<meta name="twitter:card" content="summary_large_image" />
<meta name="twitter:label1" content="Tiempo de lectura" />
	<meta name="twitter:data1" content="2 minutos" />
<script type="application/ld+json" class="yoast-schema-graph">{"@context":"https://schema.org","@graph":[{"@type":"WebPage","@id":"https://sodre.gub.uy/espectaculos/el-curioso-caso-de-benjamin-button/","url":"https://sodre.gub.uy/espectaculos/el-curioso-caso-de-benjamin-button/","name":"EL CURIOSO CASO DE BENJAMIN BUTTON - Espectáculos","isPartOf":{"@id":"https://sodre.gub.uy/espectaculos/#website"},"datePublished":"2019-11-25T17:23:02+00:00","dateModified":"2019-11-25T17:23:02+00:00","inLanguage":"es","potentialAction":[{"@type":"ReadAction","target":["https://sodre.gub.uy/espectaculos/el-curioso-caso-de-benjamin-button/"]}]},{"@type":"WebSite","@id":"https://sodre.gub.uy/espectaculos/#website","url":"https://sodre.gub.uy/espectaculos/","name":"Espectáculos","description":"Servicio Oficial de Difusión, Representaciones y Espectáculos","publisher":{"@id":"https://sodre.gub.uy/espectaculos/#organization"},"potentialAction":[{"@type":"SearchAction","target":{"@type":"EntryPoint","urlTemplate":"https://sodre.gub.uy/espectaculos/?s={search_term_string}"},"query-input":"required name=search_term_string"}],"inLanguage":"es"},{"@type":"Organization","@id":"https://sodre.gub.uy/espectaculos/#organization","name":"Espectáculos","url":"https://sodre.gub.uy/espectaculos/","logo":{"@type":"ImageObject","inLanguage":"es","@id":"https://sodre.gub.uy/espectaculos/#/schema/logo/image/","url":"https://sodre.gub.uy/espectaculos/wp-content/uploads/sites/2/2023/12/logo-sodre-black.svg","contentUrl":"https://sodre.gub.uy/espectaculos/wp-content/uploads/sites/2/2023/12/logo-sodre-black.svg","caption":"Espectáculos"},"image":{"@id":"https://sodre.gub.uy/espectaculos/#/schema/logo/image/"}}]}</script>
<!-- / Yoast SEO plugin. -->

EL CURIOSO CASO DE BENJAMIN BUTTON - Espectáculos

[vc_section el_class=»content&#8211;espectaculo evento-auditorio-nelly-goitino»][vc_row el_class=»cyg&#8211;descripcion»] [vc_column] [vc_column_text] SINOPSIS Un hombre (Brad Pitt) nace con ochenta años y va rejuveneciendo a medida que pasa el tiempo; es decir, en lugar de cumplir años empieza a retroceder en su edad. Esta es la historia de un hombre extraordinario, de la gente que va conociendo, de sus amores y [&hellip;]

Espectáculos

Servicio Oficial de Difusión, Representaciones y Espectáculos
