{"id":2704,"date":"2019-10-28T13:15:17","date_gmt":"2019-10-28T16:15:17","guid":{"rendered":"https:\/\/sodre.gub.uy\/espectaculos\/el-secreto-albert-nobbs\/"},"modified":"2019-10-28T13:15:17","modified_gmt":"2019-10-28T16:15:17","slug":"el-secreto-albert-nobbs","status":"publish","type":"espectaculo","link":"https:\/\/sodre.gub.uy\/espectaculos\/el-secreto-albert-nobbs\/","title":{"rendered":"EL SECRETO ALBERT NOBBS"},"content":{"rendered":"<div class=\"wpb-content-wrapper\"><p>[vc_section el_class=\u00bbcontent&#8211;espectaculo evento-auditorio-nelly-goitino\u00bb][vc_row el_class=\u00bbcyg&#8211;descripcion\u00bb]<br \/>\n\t\t\t\t\t[vc_column]<br \/>\n\t\t\t\t\t\t[vc_column_text]<\/p>\n<section>\n<p style=\"text-align: justify;\"><span class=\"tm-color-primary\"><strong>SINOPSIS<\/strong><\/span><\/p>\n<p style=\"text-align: justify;\">Irlanda, siglo XIX. Una mujer (Glenn Close) se ve atrapada en un tri\u00e1ngulo amoroso inusual. Se disfraza de hombre para poder trabajar y sobrevivir, pero 30 a\u00f1os despu\u00e9s se encuentra perdida en su propia prisi\u00f3n.<\/p>\n<p style=\"text-align: justify;\">El tes\u00f3n y el amor por el personaje de Albert Nobbs ha hecho que Glenn Close consiguiera interpretarlo en el cine, un sue\u00f1o personal de la actriz desde la d\u00e9cada de los ochenta. Pero en ella, Close hace m\u00e1s, mucho m\u00e1s, que interpretar a una mujer vestida de hombre (ese trabajo queda para Janet McTeer, que no obstante, est\u00e1 excepcional).<\/p>\n<p style=\"text-align: justify;\">Close no act\u00faa solo de mujer que se viste de hombre, el personaje es un ejercicio fascinante no de transformismo, sino de psicolog\u00eda. Tambi\u00e9n es un personaje dificil\u00edsimo de interpretar, por esa carga psicol\u00f3gica e interior que tan solo se revela en un instante del metraje. Albert Nobbs es, adem\u00e1s de un luchador, \u00edntegro, profesional e independiente; una ni\u00f1a cuya adolescencia fue robada, una mujer que no ha aprendido ni vivido la sexualidad, ni la definici\u00f3n de roles, ni el afecto de un compa\u00f1ero, ni el proceso de madurez, para llegar a convertirse en un ser asexuado oculto bajo un estereotipo social. Y que una actriz consiga trasmitirnos todo eso en una pel\u00edcula en la que no habla demasiado, en la que su cuerpo es r\u00edgido por petici\u00f3n del personaje, en la que tampoco confiesa constantemente c\u00f3mo ha llegado a convertirse en la persona que hoy es confirma a esa actriz, Glenn Close, como un animal interpretativo de una inteligencia, una profesionalidad y una humanidad merecedoras de esta pel\u00edcula y de muchas m\u00e1s.<\/p>\n<p style=\"text-align: justify;\">Premios<br \/>2011: \u00d3scar: 3 nominaciones: Actriz principal (Close), secundaria (McTeer) y maquillaje.<br \/>2011: Globos de Oro: 3 nominaciones, incluyendo mejor actriz dram\u00e1tica (Glenn Close).<\/p>\n<p style=\"text-align: justify;\"><span class=\"tm-color-primary\"><strong>FICHA T\u00c9CNICA<\/strong><\/span><\/p>\n<p>Direcci\u00f3n: Rodrigo Garc\u00eda<\/p>\n<p>Guion: Glenn Close, John Banville y Gabriella Prekop, basado en la historia de George Moore<\/p>\n<p>M\u00fasica: Brian Byrne<\/p>\n<p>Fotograf\u00eda: Michael McDonough<\/p>\n<p>Protagonistas: Glenn Close, Mia Wasikowska, Aaron TaylorJohnson, Jonathan Rhys Meyers, Brendan Gleeson, Maria Doyle Kennedy, Janet McTeer, Brenda Fricker y Pauline Collins<\/p>\n<p>Irlanda &#8211; 2011 &#8211; 108&#8242;<\/p>\n<hr \/>\n<p style=\"text-align: justify;\"><span class=\"tm-color-primary\">Funci\u00f3n:<\/span> <strong>28 de octubre a las 18 horas en la Sala H\u00e9ctor Tosar del Auditorio Nelly Goiti\u00f1o<\/p>\n<p><\/strong><span class=\"tm-color-primary\">Localidades:<\/span> Generales $ 150<strong><\/p>\n<p><\/strong><span class=\"tm-color-primary\">Beneficios:<\/span> Cupo gratuito para Socio Espectacular y Montevideo Libre<strong><br \/><\/strong><\/p>\n<\/section>\n<p>\t\t\t\t\t\t[\/vc_column_text]<br \/>\n\t\t\t\t\t\t[vc_empty_space height=\u00bb30px\u00bb el_class=\u00bbcyg&#8211;espacio-30&#8243;]<br \/>\n\t\t\t\t\t[\/vc_column]<br \/>\n\t\t\t\t[\/vc_row][vc_row el_class=\u00bbcyg&#8211;ficha\u00bb]<br \/>\n\t\t\t\t\t[vc_column]<br \/>\n\t\t\t\t\t[vc_column_text]<\/p>\n<section><\/section>\n<p>\t\t\t\t\t[\/vc_column_text]<br \/>\n\t\t\t\t\t[\/vc_column]<br \/>\n\t\t\t\t[\/vc_row][vc_row][vc_column][vc_video link=\u00bbhttps:\/\/www.youtube.com\/watch?v=hLo_IylwXy4&#8243;][\/vc_column][\/vc_row][\/vc_section]<\/p>\n<\/div>","protected":false},"excerpt":{"rendered":"<p>[vc_section el_class=\u00bbcontent&#8211;espectaculo evento-auditorio-nelly-goitino\u00bb][vc_row el_class=\u00bbcyg&#8211;descripcion\u00bb] [vc_column] [vc_column_text] SINOPSIS Irlanda, siglo XIX. Una mujer (Glenn Close) se ve atrapada en un tri\u00e1ngulo amoroso inusual. Se disfraza de hombre para poder trabajar y sobrevivir, pero 30 a\u00f1os despu\u00e9s se encuentra perdida en su propia prisi\u00f3n. El tes\u00f3n y el amor por el personaje de Albert Nobbs ha hecho [&hellip;]<\/p>\n","protected":false},"menu_order":0,"template":"","format":"standard","cuerpo-estable":[],"etiqueta-espectaculo":[],"lugar":[17],"sala-espacio":[35],"acf":[],"yoast_head":"<!-- This site is optimized with the Yoast SEO plugin v21.7 - https:\/\/yoast.com\/wordpress\/plugins\/seo\/ -->\n<title>EL SECRETO ALBERT NOBBS - Espect\u00e1culos<\/title>\n<meta name=\"robots\" content=\"index, follow, max-snippet:-1, max-image-preview:large, max-video-preview:-1\" \/>\n<link rel=\"canonical\" href=\"https:\/\/sodre.gub.uy\/espectaculos\/el-secreto-albert-nobbs\/\" \/>\n<meta property=\"og:locale\" content=\"es_ES\" \/>\n<meta property=\"og:type\" content=\"article\" \/>\n<meta property=\"og:title\" content=\"EL SECRETO ALBERT NOBBS - Espect\u00e1culos\" \/>\n<meta property=\"og:description\" content=\"[vc_section el_class=\u00bbcontent&#8211;espectaculo evento-auditorio-nelly-goitino\u00bb][vc_row el_class=\u00bbcyg&#8211;descripcion\u00bb] [vc_column] [vc_column_text] SINOPSIS Irlanda, siglo XIX. Una mujer (Glenn Close) se ve atrapada en un tri\u00e1ngulo amoroso inusual. Se disfraza de hombre para poder trabajar y sobrevivir, pero 30 a\u00f1os despu\u00e9s se encuentra perdida en su propia prisi\u00f3n. El tes\u00f3n y el amor por el personaje de Albert Nobbs ha hecho [&hellip;]\" \/>\n<meta property=\"og:url\" content=\"https:\/\/sodre.gub.uy\/espectaculos\/el-secreto-albert-nobbs\/\" \/>\n<meta property=\"og:site_name\" content=\"Espect\u00e1culos\" \/>\n<meta name=\"twitter:card\" content=\"summary_large_image\" \/>\n<meta name=\"twitter:label1\" content=\"Tiempo de lectura\" \/>\n\t<meta name=\"twitter:data1\" content=\"2 minutos\" \/>\n<script type=\"application\/ld+json\" class=\"yoast-schema-graph\">{\"@context\":\"https:\/\/schema.org\",\"@graph\":[{\"@type\":\"WebPage\",\"@id\":\"https:\/\/sodre.gub.uy\/espectaculos\/el-secreto-albert-nobbs\/\",\"url\":\"https:\/\/sodre.gub.uy\/espectaculos\/el-secreto-albert-nobbs\/\",\"name\":\"EL SECRETO ALBERT NOBBS - Espect\u00e1culos\",\"isPartOf\":{\"@id\":\"https:\/\/sodre.gub.uy\/espectaculos\/#website\"},\"datePublished\":\"2019-10-28T16:15:17+00:00\",\"dateModified\":\"2019-10-28T16:15:17+00:00\",\"inLanguage\":\"es\",\"potentialAction\":[{\"@type\":\"ReadAction\",\"target\":[\"https:\/\/sodre.gub.uy\/espectaculos\/el-secreto-albert-nobbs\/\"]}]},{\"@type\":\"WebSite\",\"@id\":\"https:\/\/sodre.gub.uy\/espectaculos\/#website\",\"url\":\"https:\/\/sodre.gub.uy\/espectaculos\/\",\"name\":\"Espect\u00e1culos\",\"description\":\"Servicio Oficial de Difusi\u00f3n, Representaciones y Espect\u00e1culos\",\"publisher\":{\"@id\":\"https:\/\/sodre.gub.uy\/espectaculos\/#organization\"},\"potentialAction\":[{\"@type\":\"SearchAction\",\"target\":{\"@type\":\"EntryPoint\",\"urlTemplate\":\"https:\/\/sodre.gub.uy\/espectaculos\/?s={search_term_string}\"},\"query-input\":\"required name=search_term_string\"}],\"inLanguage\":\"es\"},{\"@type\":\"Organization\",\"@id\":\"https:\/\/sodre.gub.uy\/espectaculos\/#organization\",\"name\":\"Espect\u00e1culos\",\"url\":\"https:\/\/sodre.gub.uy\/espectaculos\/\",\"logo\":{\"@type\":\"ImageObject\",\"inLanguage\":\"es\",\"@id\":\"https:\/\/sodre.gub.uy\/espectaculos\/#\/schema\/logo\/image\/\",\"url\":\"https:\/\/sodre.gub.uy\/espectaculos\/wp-content\/uploads\/sites\/2\/2023\/12\/logo-sodre-black.svg\",\"contentUrl\":\"https:\/\/sodre.gub.uy\/espectaculos\/wp-content\/uploads\/sites\/2\/2023\/12\/logo-sodre-black.svg\",\"caption\":\"Espect\u00e1culos\"},\"image\":{\"@id\":\"https:\/\/sodre.gub.uy\/espectaculos\/#\/schema\/logo\/image\/\"}}]}<\/script>\n<!-- \/ Yoast SEO plugin. -->","yoast_head_json":{"title":"EL SECRETO ALBERT NOBBS - Espect\u00e1culos","robots":{"index":"index","follow":"follow","max-snippet":"max-snippet:-1","max-image-preview":"max-image-preview:large","max-video-preview":"max-video-preview:-1"},"canonical":"https:\/\/sodre.gub.uy\/espectaculos\/el-secreto-albert-nobbs\/","og_locale":"es_ES","og_type":"article","og_title":"EL SECRETO ALBERT NOBBS - Espect\u00e1culos","og_description":"[vc_section el_class=\u00bbcontent&#8211;espectaculo evento-auditorio-nelly-goitino\u00bb][vc_row el_class=\u00bbcyg&#8211;descripcion\u00bb] [vc_column] [vc_column_text] SINOPSIS Irlanda, siglo XIX. Una mujer (Glenn Close) se ve atrapada en un tri\u00e1ngulo amoroso inusual. Se disfraza de hombre para poder trabajar y sobrevivir, pero 30 a\u00f1os despu\u00e9s se encuentra perdida en su propia prisi\u00f3n. El tes\u00f3n y el amor por el personaje de Albert Nobbs ha hecho [&hellip;]","og_url":"https:\/\/sodre.gub.uy\/espectaculos\/el-secreto-albert-nobbs\/","og_site_name":"Espect\u00e1culos","twitter_card":"summary_large_image","twitter_misc":{"Tiempo de lectura":"2 minutos"},"schema":{"@context":"https:\/\/schema.org","@graph":[{"@type":"WebPage","@id":"https:\/\/sodre.gub.uy\/espectaculos\/el-secreto-albert-nobbs\/","url":"https:\/\/sodre.gub.uy\/espectaculos\/el-secreto-albert-nobbs\/","name":"EL SECRETO ALBERT NOBBS - Espect\u00e1culos","isPartOf":{"@id":"https:\/\/sodre.gub.uy\/espectaculos\/#website"},"datePublished":"2019-10-28T16:15:17+00:00","dateModified":"2019-10-28T16:15:17+00:00","inLanguage":"es","potentialAction":[{"@type":"ReadAction","target":["https:\/\/sodre.gub.uy\/espectaculos\/el-secreto-albert-nobbs\/"]}]},{"@type":"WebSite","@id":"https:\/\/sodre.gub.uy\/espectaculos\/#website","url":"https:\/\/sodre.gub.uy\/espectaculos\/","name":"Espect\u00e1culos","description":"Servicio Oficial de Difusi\u00f3n, Representaciones y Espect\u00e1culos","publisher":{"@id":"https:\/\/sodre.gub.uy\/espectaculos\/#organization"},"potentialAction":[{"@type":"SearchAction","target":{"@type":"EntryPoint","urlTemplate":"https:\/\/sodre.gub.uy\/espectaculos\/?s={search_term_string}"},"query-input":"required name=search_term_string"}],"inLanguage":"es"},{"@type":"Organization","@id":"https:\/\/sodre.gub.uy\/espectaculos\/#organization","name":"Espect\u00e1culos","url":"https:\/\/sodre.gub.uy\/espectaculos\/","logo":{"@type":"ImageObject","inLanguage":"es","@id":"https:\/\/sodre.gub.uy\/espectaculos\/#\/schema\/logo\/image\/","url":"https:\/\/sodre.gub.uy\/espectaculos\/wp-content\/uploads\/sites\/2\/2023\/12\/logo-sodre-black.svg","contentUrl":"https:\/\/sodre.gub.uy\/espectaculos\/wp-content\/uploads\/sites\/2\/2023\/12\/logo-sodre-black.svg","caption":"Espect\u00e1culos"},"image":{"@id":"https:\/\/sodre.gub.uy\/espectaculos\/#\/schema\/logo\/image\/"}}]}},"_links":{"self":[{"href":"https:\/\/sodre.gub.uy\/espectaculos\/wp-json\/wp\/v2\/espectaculo\/2704"}],"collection":[{"href":"https:\/\/sodre.gub.uy\/espectaculos\/wp-json\/wp\/v2\/espectaculo"}],"about":[{"href":"https:\/\/sodre.gub.uy\/espectaculos\/wp-json\/wp\/v2\/types\/espectaculo"}],"version-history":[{"count":0,"href":"https:\/\/sodre.gub.uy\/espectaculos\/wp-json\/wp\/v2\/espectaculo\/2704\/revisions"}],"wp:attachment":[{"href":"https:\/\/sodre.gub.uy\/espectaculos\/wp-json\/wp\/v2\/media?parent=2704"}],"wp:term":[{"taxonomy":"cuerpo-estable","embeddable":true,"href":"https:\/\/sodre.gub.uy\/espectaculos\/wp-json\/wp\/v2\/cuerpo-estable?post=2704"},{"taxonomy":"etiqueta-espectaculo","embeddable":true,"href":"https:\/\/sodre.gub.uy\/espectaculos\/wp-json\/wp\/v2\/etiqueta-espectaculo?post=2704"},{"taxonomy":"lugar","embeddable":true,"href":"https:\/\/sodre.gub.uy\/espectaculos\/wp-json\/wp\/v2\/lugar?post=2704"},{"taxonomy":"sala-espacio","embeddable":true,"href":"https:\/\/sodre.gub.uy\/espectaculos\/wp-json\/wp\/v2\/sala-espacio?post=2704"}],"curies":[{"name":"wp","href":"https:\/\/api.w.org\/{rel}","templated":true}]}}

<div class="wpb-content-wrapper"><p>[vc_section el_class=»content&#8211;espectaculo evento-auditorio-nelly-goitino»][vc_row el_class=»cyg&#8211;descripcion»]<br />
					[vc_column]<br />
						[vc_column_text]</p>
<section>
<p style="text-align: justify;"><span class="tm-color-primary"><strong>SINOPSIS</strong></span></p>
<p style="text-align: justify;">Irlanda, siglo XIX. Una mujer (Glenn Close) se ve atrapada en un triángulo amoroso inusual. Se disfraza de hombre para poder trabajar y sobrevivir, pero 30 años después se encuentra perdida en su propia prisión.</p>
<p style="text-align: justify;">El tesón y el amor por el personaje de Albert Nobbs ha hecho que Glenn Close consiguiera interpretarlo en el cine, un sueño personal de la actriz desde la década de los ochenta. Pero en ella, Close hace más, mucho más, que interpretar a una mujer vestida de hombre (ese trabajo queda para Janet McTeer, que no obstante, está excepcional).</p>
<p style="text-align: justify;">Close no actúa solo de mujer que se viste de hombre, el personaje es un ejercicio fascinante no de transformismo, sino de psicología. También es un personaje dificilísimo de interpretar, por esa carga psicológica e interior que tan solo se revela en un instante del metraje. Albert Nobbs es, además de un luchador, íntegro, profesional e independiente; una niña cuya adolescencia fue robada, una mujer que no ha aprendido ni vivido la sexualidad, ni la definición de roles, ni el afecto de un compañero, ni el proceso de madurez, para llegar a convertirse en un ser asexuado oculto bajo un estereotipo social. Y que una actriz consiga trasmitirnos todo eso en una película en la que no habla demasiado, en la que su cuerpo es rígido por petición del personaje, en la que tampoco confiesa constantemente cómo ha llegado a convertirse en la persona que hoy es confirma a esa actriz, Glenn Close, como un animal interpretativo de una inteligencia, una profesionalidad y una humanidad merecedoras de esta película y de muchas más.</p>
<p style="text-align: justify;">Premios<br />2011: Óscar: 3 nominaciones: Actriz principal (Close), secundaria (McTeer) y maquillaje.<br />2011: Globos de Oro: 3 nominaciones, incluyendo mejor actriz dramática (Glenn Close).</p>
<p style="text-align: justify;"><span class="tm-color-primary"><strong>FICHA TÉCNICA</strong></span></p>
<p>Dirección: Rodrigo García</p>
<p>Guion: Glenn Close, John Banville y Gabriella Prekop, basado en la historia de George Moore</p>
<p>Música: Brian Byrne</p>
<p>Fotografía: Michael McDonough</p>
<p>Protagonistas: Glenn Close, Mia Wasikowska, Aaron TaylorJohnson, Jonathan Rhys Meyers, Brendan Gleeson, Maria Doyle Kennedy, Janet McTeer, Brenda Fricker y Pauline Collins</p>
<p>Irlanda &#8211; 2011 &#8211; 108&#8242;</p>
<hr />
<p style="text-align: justify;"><span class="tm-color-primary">Función:</span> <strong>28 de octubre a las 18 horas en la Sala Héctor Tosar del Auditorio Nelly Goitiño</p>
<p></strong><span class="tm-color-primary">Localidades:</span> Generales $ 150<strong></p>
<p></strong><span class="tm-color-primary">Beneficios:</span> Cupo gratuito para Socio Espectacular y Montevideo Libre<strong><br /></strong></p>
</section>
<p>						[/vc_column_text]<br />
						[vc_empty_space height=»30px» el_class=»cyg&#8211;espacio-30&#8243;]<br />
					[/vc_column]<br />
				[/vc_row][vc_row el_class=»cyg&#8211;ficha»]<br />
					[vc_column]<br />
					[vc_column_text]</p>
<section></section>
<p>					[/vc_column_text]<br />
					[/vc_column]<br />
				[/vc_row][vc_row][vc_column][vc_video link=»https://www.youtube.com/watch?v=hLo_IylwXy4&#8243;][/vc_column][/vc_row][/vc_section]</p>
</div>

<p>[vc_section el_class=»content&#8211;espectaculo evento-auditorio-nelly-goitino»][vc_row el_class=»cyg&#8211;descripcion»] [vc_column] [vc_column_text] SINOPSIS Irlanda, siglo XIX. Una mujer (Glenn Close) se ve atrapada en un triángulo amoroso inusual. Se disfraza de hombre para poder trabajar y sobrevivir, pero 30 años después se encuentra perdida en su propia prisión. El tesón y el amor por el personaje de Albert Nobbs ha hecho [&hellip;]</p>

<!-- This site is optimized with the Yoast SEO plugin v21.7 - https://yoast.com/wordpress/plugins/seo/ -->
<title>EL SECRETO ALBERT NOBBS - Espectáculos</title>
<meta name="robots" content="index, follow, max-snippet:-1, max-image-preview:large, max-video-preview:-1" />
<link rel="canonical" href="https://sodre.gub.uy/espectaculos/el-secreto-albert-nobbs/" />
<meta property="og:locale" content="es_ES" />
<meta property="og:type" content="article" />
<meta property="og:title" content="EL SECRETO ALBERT NOBBS - Espectáculos" />
<meta property="og:description" content="[vc_section el_class=»content&#8211;espectaculo evento-auditorio-nelly-goitino»][vc_row el_class=»cyg&#8211;descripcion»] [vc_column] [vc_column_text] SINOPSIS Irlanda, siglo XIX. Una mujer (Glenn Close) se ve atrapada en un triángulo amoroso inusual. Se disfraza de hombre para poder trabajar y sobrevivir, pero 30 años después se encuentra perdida en su propia prisión. El tesón y el amor por el personaje de Albert Nobbs ha hecho [&hellip;]" />
<meta property="og:url" content="https://sodre.gub.uy/espectaculos/el-secreto-albert-nobbs/" />
<meta property="og:site_name" content="Espectáculos" />
<meta name="twitter:card" content="summary_large_image" />
<meta name="twitter:label1" content="Tiempo de lectura" />
	<meta name="twitter:data1" content="2 minutos" />
<script type="application/ld+json" class="yoast-schema-graph">{"@context":"https://schema.org","@graph":[{"@type":"WebPage","@id":"https://sodre.gub.uy/espectaculos/el-secreto-albert-nobbs/","url":"https://sodre.gub.uy/espectaculos/el-secreto-albert-nobbs/","name":"EL SECRETO ALBERT NOBBS - Espectáculos","isPartOf":{"@id":"https://sodre.gub.uy/espectaculos/#website"},"datePublished":"2019-10-28T16:15:17+00:00","dateModified":"2019-10-28T16:15:17+00:00","inLanguage":"es","potentialAction":[{"@type":"ReadAction","target":["https://sodre.gub.uy/espectaculos/el-secreto-albert-nobbs/"]}]},{"@type":"WebSite","@id":"https://sodre.gub.uy/espectaculos/#website","url":"https://sodre.gub.uy/espectaculos/","name":"Espectáculos","description":"Servicio Oficial de Difusión, Representaciones y Espectáculos","publisher":{"@id":"https://sodre.gub.uy/espectaculos/#organization"},"potentialAction":[{"@type":"SearchAction","target":{"@type":"EntryPoint","urlTemplate":"https://sodre.gub.uy/espectaculos/?s={search_term_string}"},"query-input":"required name=search_term_string"}],"inLanguage":"es"},{"@type":"Organization","@id":"https://sodre.gub.uy/espectaculos/#organization","name":"Espectáculos","url":"https://sodre.gub.uy/espectaculos/","logo":{"@type":"ImageObject","inLanguage":"es","@id":"https://sodre.gub.uy/espectaculos/#/schema/logo/image/","url":"https://sodre.gub.uy/espectaculos/wp-content/uploads/sites/2/2023/12/logo-sodre-black.svg","contentUrl":"https://sodre.gub.uy/espectaculos/wp-content/uploads/sites/2/2023/12/logo-sodre-black.svg","caption":"Espectáculos"},"image":{"@id":"https://sodre.gub.uy/espectaculos/#/schema/logo/image/"}}]}</script>
<!-- / Yoast SEO plugin. -->

EL SECRETO ALBERT NOBBS - Espectáculos

[vc_section el_class=»content&#8211;espectaculo evento-auditorio-nelly-goitino»][vc_row el_class=»cyg&#8211;descripcion»] [vc_column] [vc_column_text] SINOPSIS Irlanda, siglo XIX. Una mujer (Glenn Close) se ve atrapada en un triángulo amoroso inusual. Se disfraza de hombre para poder trabajar y sobrevivir, pero 30 años después se encuentra perdida en su propia prisión. El tesón y el amor por el personaje de Albert Nobbs ha hecho [&hellip;]

Espectáculos

Servicio Oficial de Difusión, Representaciones y Espectáculos
