{"id":2538,"date":"2019-08-12T09:42:39","date_gmt":"2019-08-12T12:42:39","guid":{"rendered":"https:\/\/sodre.gub.uy\/espectaculos\/serenatas-nocturnas-en-montevideo-2\/"},"modified":"2019-08-12T09:42:39","modified_gmt":"2019-08-12T12:42:39","slug":"serenatas-nocturnas-en-montevideo-2","status":"publish","type":"espectaculo","link":"https:\/\/sodre.gub.uy\/espectaculos\/serenatas-nocturnas-en-montevideo-2\/","title":{"rendered":"Serenatas nocturnas en Montevideo"},"content":{"rendered":"<div class=\"wpb-content-wrapper\"><p>[vc_section el_class=\u00bbcontent&#8211;espectaculo evento-auditorio-nelly-goitino\u00bb][vc_row el_class=\u00bbcyg&#8211;descripcion\u00bb]<br \/>\n\t\t\t\t\t[vc_column]<br \/>\n\t\t\t\t\t\t[vc_column_text]<\/p>\n<section>\n<p style=\"text-align: justify;\">La Orquesta Filarm\u00f3nica de Montevideo bajo la direcci\u00f3n de <span class=\"tm-color-primary\"><strong>Gabriel Gir\u00f3 <\/strong><\/span>presenta <span class=\"tm-color-primary\"><strong><em>Serenatas nocturnas en Montevideo<\/em><\/strong><\/span>. Participa como solista en viol\u00edn Cecilia Penad\u00e9s.<\/p>\n<p style=\"text-align: justify;\"><span class=\"tm-color-primary\"><strong>PROGRAMA<\/strong><\/span><\/p>\n<p><strong>Christoph Willibald Gluck<\/strong><\/p>\n<p><em>Obertura de Orfeo ed Euridice<\/em> (6&#8242;)<\/p>\n<p><strong>Wolfgang Amadeus Mozart<\/strong><\/p>\n<p><em>Peque\u00f1a Serenata Nocturna, K. 525 Mov. 1<\/em> (6&#8242;)<\/p>\n<p><strong>Johann Sebastian Bach<\/strong><\/p>\n<p><em>Concierto para Viol\u00edn en\u00a0Mi Mayor, BWV 1042<\/em> (19&#8242;)<\/p>\n<p><strong>Wolfgang Amadeus Mozart<\/strong><\/p>\n<p>Sinfo<em>n\u00eda N.\u00ba 39 en mi\u00a0bemol mayor, K. 543<\/em> (29&#8242;)<\/p>\n<p>Sitio web: <a href=\"http:\/\/www.orquestafilarmonica.montevideo.gub.uy\/\">www.orquestafilarmonica.montevideo.gub.uy<\/a><\/p>\n<hr \/>\n<p style=\"text-align: justify;\"><span class=\"tm-color-primary\">Funci\u00f3n:<\/span> <strong>14 de agosto a las 19.30 horas en el Auditorio Vaz Ferreira<\/strong><\/p>\n<p style=\"text-align: justify;\"><span class=\"tm-color-primary\">Localidades:<\/span> Entrada libre<strong><br \/><\/strong><\/p>\n<\/section>\n<p>\t\t\t\t\t\t[\/vc_column_text]<br \/>\n\t\t\t\t\t\t[vc_empty_space height=\u00bb30px\u00bb el_class=\u00bbcyg&#8211;espacio-30&#8243;]<br \/>\n\t\t\t\t\t[\/vc_column]<br \/>\n\t\t\t\t[\/vc_row][vc_row el_class=\u00bbcyg&#8211;ficha\u00bb]<br \/>\n\t\t\t\t\t[vc_column]<br \/>\n\t\t\t\t\t[vc_column_text]<\/p>\n<section><\/section>\n<p>\t\t\t\t\t[\/vc_column_text]<br \/>\n\t\t\t\t\t[\/vc_column]<br \/>\n\t\t\t\t[\/vc_row][\/vc_section]<\/p>\n<\/div>","protected":false},"excerpt":{"rendered":"<p>[vc_section el_class=\u00bbcontent&#8211;espectaculo evento-auditorio-nelly-goitino\u00bb][vc_row el_class=\u00bbcyg&#8211;descripcion\u00bb] [vc_column] [vc_column_text] La Orquesta Filarm\u00f3nica de Montevideo bajo la direcci\u00f3n de Gabriel Gir\u00f3 presenta Serenatas nocturnas en Montevideo. Participa como solista en viol\u00edn Cecilia Penad\u00e9s. PROGRAMA Christoph Willibald Gluck Obertura de Orfeo ed Euridice (6&#8242;) Wolfgang Amadeus Mozart Peque\u00f1a Serenata Nocturna, K. 525 Mov. 1 (6&#8242;) Johann Sebastian Bach Concierto para [&hellip;]<\/p>\n","protected":false},"menu_order":0,"template":"","format":"standard","cuerpo-estable":[],"etiqueta-espectaculo":[],"lugar":[17],"sala-espacio":[35],"acf":[],"yoast_head":"<!-- This site is optimized with the Yoast SEO plugin v21.7 - https:\/\/yoast.com\/wordpress\/plugins\/seo\/ -->\n<title>Serenatas nocturnas en Montevideo - Espect\u00e1culos<\/title>\n<meta name=\"robots\" content=\"index, follow, max-snippet:-1, max-image-preview:large, max-video-preview:-1\" \/>\n<link rel=\"canonical\" href=\"https:\/\/sodre.gub.uy\/espectaculos\/serenatas-nocturnas-en-montevideo-2\/\" \/>\n<meta property=\"og:locale\" content=\"es_ES\" \/>\n<meta property=\"og:type\" content=\"article\" \/>\n<meta property=\"og:title\" content=\"Serenatas nocturnas en Montevideo - Espect\u00e1culos\" \/>\n<meta property=\"og:description\" content=\"[vc_section el_class=\u00bbcontent&#8211;espectaculo evento-auditorio-nelly-goitino\u00bb][vc_row el_class=\u00bbcyg&#8211;descripcion\u00bb] [vc_column] [vc_column_text] La Orquesta Filarm\u00f3nica de Montevideo bajo la direcci\u00f3n de Gabriel Gir\u00f3 presenta Serenatas nocturnas en Montevideo. Participa como solista en viol\u00edn Cecilia Penad\u00e9s. PROGRAMA Christoph Willibald Gluck Obertura de Orfeo ed Euridice (6&#8242;) Wolfgang Amadeus Mozart Peque\u00f1a Serenata Nocturna, K. 525 Mov. 1 (6&#8242;) Johann Sebastian Bach Concierto para [&hellip;]\" \/>\n<meta property=\"og:url\" content=\"https:\/\/sodre.gub.uy\/espectaculos\/serenatas-nocturnas-en-montevideo-2\/\" \/>\n<meta property=\"og:site_name\" content=\"Espect\u00e1culos\" \/>\n<meta name=\"twitter:card\" content=\"summary_large_image\" \/>\n<meta name=\"twitter:label1\" content=\"Tiempo de lectura\" \/>\n\t<meta name=\"twitter:data1\" content=\"1 minuto\" \/>\n<script type=\"application\/ld+json\" class=\"yoast-schema-graph\">{\"@context\":\"https:\/\/schema.org\",\"@graph\":[{\"@type\":\"WebPage\",\"@id\":\"https:\/\/sodre.gub.uy\/espectaculos\/serenatas-nocturnas-en-montevideo-2\/\",\"url\":\"https:\/\/sodre.gub.uy\/espectaculos\/serenatas-nocturnas-en-montevideo-2\/\",\"name\":\"Serenatas nocturnas en Montevideo - Espect\u00e1culos\",\"isPartOf\":{\"@id\":\"https:\/\/sodre.gub.uy\/espectaculos\/#website\"},\"datePublished\":\"2019-08-12T12:42:39+00:00\",\"dateModified\":\"2019-08-12T12:42:39+00:00\",\"inLanguage\":\"es\",\"potentialAction\":[{\"@type\":\"ReadAction\",\"target\":[\"https:\/\/sodre.gub.uy\/espectaculos\/serenatas-nocturnas-en-montevideo-2\/\"]}]},{\"@type\":\"WebSite\",\"@id\":\"https:\/\/sodre.gub.uy\/espectaculos\/#website\",\"url\":\"https:\/\/sodre.gub.uy\/espectaculos\/\",\"name\":\"Espect\u00e1culos\",\"description\":\"Servicio Oficial de Difusi\u00f3n, Representaciones y Espect\u00e1culos\",\"publisher\":{\"@id\":\"https:\/\/sodre.gub.uy\/espectaculos\/#organization\"},\"potentialAction\":[{\"@type\":\"SearchAction\",\"target\":{\"@type\":\"EntryPoint\",\"urlTemplate\":\"https:\/\/sodre.gub.uy\/espectaculos\/?s={search_term_string}\"},\"query-input\":\"required name=search_term_string\"}],\"inLanguage\":\"es\"},{\"@type\":\"Organization\",\"@id\":\"https:\/\/sodre.gub.uy\/espectaculos\/#organization\",\"name\":\"Espect\u00e1culos\",\"url\":\"https:\/\/sodre.gub.uy\/espectaculos\/\",\"logo\":{\"@type\":\"ImageObject\",\"inLanguage\":\"es\",\"@id\":\"https:\/\/sodre.gub.uy\/espectaculos\/#\/schema\/logo\/image\/\",\"url\":\"https:\/\/sodre.gub.uy\/espectaculos\/wp-content\/uploads\/sites\/2\/2023\/12\/logo-sodre-black.svg\",\"contentUrl\":\"https:\/\/sodre.gub.uy\/espectaculos\/wp-content\/uploads\/sites\/2\/2023\/12\/logo-sodre-black.svg\",\"caption\":\"Espect\u00e1culos\"},\"image\":{\"@id\":\"https:\/\/sodre.gub.uy\/espectaculos\/#\/schema\/logo\/image\/\"}}]}<\/script>\n<!-- \/ Yoast SEO plugin. -->","yoast_head_json":{"title":"Serenatas nocturnas en Montevideo - Espect\u00e1culos","robots":{"index":"index","follow":"follow","max-snippet":"max-snippet:-1","max-image-preview":"max-image-preview:large","max-video-preview":"max-video-preview:-1"},"canonical":"https:\/\/sodre.gub.uy\/espectaculos\/serenatas-nocturnas-en-montevideo-2\/","og_locale":"es_ES","og_type":"article","og_title":"Serenatas nocturnas en Montevideo - Espect\u00e1culos","og_description":"[vc_section el_class=\u00bbcontent&#8211;espectaculo evento-auditorio-nelly-goitino\u00bb][vc_row el_class=\u00bbcyg&#8211;descripcion\u00bb] [vc_column] [vc_column_text] La Orquesta Filarm\u00f3nica de Montevideo bajo la direcci\u00f3n de Gabriel Gir\u00f3 presenta Serenatas nocturnas en Montevideo. Participa como solista en viol\u00edn Cecilia Penad\u00e9s. PROGRAMA Christoph Willibald Gluck Obertura de Orfeo ed Euridice (6&#8242;) Wolfgang Amadeus Mozart Peque\u00f1a Serenata Nocturna, K. 525 Mov. 1 (6&#8242;) Johann Sebastian Bach Concierto para [&hellip;]","og_url":"https:\/\/sodre.gub.uy\/espectaculos\/serenatas-nocturnas-en-montevideo-2\/","og_site_name":"Espect\u00e1culos","twitter_card":"summary_large_image","twitter_misc":{"Tiempo de lectura":"1 minuto"},"schema":{"@context":"https:\/\/schema.org","@graph":[{"@type":"WebPage","@id":"https:\/\/sodre.gub.uy\/espectaculos\/serenatas-nocturnas-en-montevideo-2\/","url":"https:\/\/sodre.gub.uy\/espectaculos\/serenatas-nocturnas-en-montevideo-2\/","name":"Serenatas nocturnas en Montevideo - Espect\u00e1culos","isPartOf":{"@id":"https:\/\/sodre.gub.uy\/espectaculos\/#website"},"datePublished":"2019-08-12T12:42:39+00:00","dateModified":"2019-08-12T12:42:39+00:00","inLanguage":"es","potentialAction":[{"@type":"ReadAction","target":["https:\/\/sodre.gub.uy\/espectaculos\/serenatas-nocturnas-en-montevideo-2\/"]}]},{"@type":"WebSite","@id":"https:\/\/sodre.gub.uy\/espectaculos\/#website","url":"https:\/\/sodre.gub.uy\/espectaculos\/","name":"Espect\u00e1culos","description":"Servicio Oficial de Difusi\u00f3n, Representaciones y Espect\u00e1culos","publisher":{"@id":"https:\/\/sodre.gub.uy\/espectaculos\/#organization"},"potentialAction":[{"@type":"SearchAction","target":{"@type":"EntryPoint","urlTemplate":"https:\/\/sodre.gub.uy\/espectaculos\/?s={search_term_string}"},"query-input":"required name=search_term_string"}],"inLanguage":"es"},{"@type":"Organization","@id":"https:\/\/sodre.gub.uy\/espectaculos\/#organization","name":"Espect\u00e1culos","url":"https:\/\/sodre.gub.uy\/espectaculos\/","logo":{"@type":"ImageObject","inLanguage":"es","@id":"https:\/\/sodre.gub.uy\/espectaculos\/#\/schema\/logo\/image\/","url":"https:\/\/sodre.gub.uy\/espectaculos\/wp-content\/uploads\/sites\/2\/2023\/12\/logo-sodre-black.svg","contentUrl":"https:\/\/sodre.gub.uy\/espectaculos\/wp-content\/uploads\/sites\/2\/2023\/12\/logo-sodre-black.svg","caption":"Espect\u00e1culos"},"image":{"@id":"https:\/\/sodre.gub.uy\/espectaculos\/#\/schema\/logo\/image\/"}}]}},"_links":{"self":[{"href":"https:\/\/sodre.gub.uy\/espectaculos\/wp-json\/wp\/v2\/espectaculo\/2538"}],"collection":[{"href":"https:\/\/sodre.gub.uy\/espectaculos\/wp-json\/wp\/v2\/espectaculo"}],"about":[{"href":"https:\/\/sodre.gub.uy\/espectaculos\/wp-json\/wp\/v2\/types\/espectaculo"}],"version-history":[{"count":0,"href":"https:\/\/sodre.gub.uy\/espectaculos\/wp-json\/wp\/v2\/espectaculo\/2538\/revisions"}],"wp:attachment":[{"href":"https:\/\/sodre.gub.uy\/espectaculos\/wp-json\/wp\/v2\/media?parent=2538"}],"wp:term":[{"taxonomy":"cuerpo-estable","embeddable":true,"href":"https:\/\/sodre.gub.uy\/espectaculos\/wp-json\/wp\/v2\/cuerpo-estable?post=2538"},{"taxonomy":"etiqueta-espectaculo","embeddable":true,"href":"https:\/\/sodre.gub.uy\/espectaculos\/wp-json\/wp\/v2\/etiqueta-espectaculo?post=2538"},{"taxonomy":"lugar","embeddable":true,"href":"https:\/\/sodre.gub.uy\/espectaculos\/wp-json\/wp\/v2\/lugar?post=2538"},{"taxonomy":"sala-espacio","embeddable":true,"href":"https:\/\/sodre.gub.uy\/espectaculos\/wp-json\/wp\/v2\/sala-espacio?post=2538"}],"curies":[{"name":"wp","href":"https:\/\/api.w.org\/{rel}","templated":true}]}}

<div class="wpb-content-wrapper"><p>[vc_section el_class=»content&#8211;espectaculo evento-auditorio-nelly-goitino»][vc_row el_class=»cyg&#8211;descripcion»]<br />
					[vc_column]<br />
						[vc_column_text]</p>
<section>
<p style="text-align: justify;">La Orquesta Filarmónica de Montevideo bajo la dirección de <span class="tm-color-primary"><strong>Gabriel Giró </strong></span>presenta <span class="tm-color-primary"><strong><em>Serenatas nocturnas en Montevideo</em></strong></span>. Participa como solista en violín Cecilia Penadés.</p>
<p style="text-align: justify;"><span class="tm-color-primary"><strong>PROGRAMA</strong></span></p>
<p><strong>Christoph Willibald Gluck</strong></p>
<p><em>Obertura de Orfeo ed Euridice</em> (6&#8242;)</p>
<p><strong>Wolfgang Amadeus Mozart</strong></p>
<p><em>Pequeña Serenata Nocturna, K. 525 Mov. 1</em> (6&#8242;)</p>
<p><strong>Johann Sebastian Bach</strong></p>
<p><em>Concierto para Violín en Mi Mayor, BWV 1042</em> (19&#8242;)</p>
<p><strong>Wolfgang Amadeus Mozart</strong></p>
<p>Sinfo<em>nía N.º 39 en mi bemol mayor, K. 543</em> (29&#8242;)</p>
<p>Sitio web: <a href="http://www.orquestafilarmonica.montevideo.gub.uy/">www.orquestafilarmonica.montevideo.gub.uy</a></p>
<hr />
<p style="text-align: justify;"><span class="tm-color-primary">Función:</span> <strong>14 de agosto a las 19.30 horas en el Auditorio Vaz Ferreira</strong></p>
<p style="text-align: justify;"><span class="tm-color-primary">Localidades:</span> Entrada libre<strong><br /></strong></p>
</section>
<p>						[/vc_column_text]<br />
						[vc_empty_space height=»30px» el_class=»cyg&#8211;espacio-30&#8243;]<br />
					[/vc_column]<br />
				[/vc_row][vc_row el_class=»cyg&#8211;ficha»]<br />
					[vc_column]<br />
					[vc_column_text]</p>
<section></section>
<p>					[/vc_column_text]<br />
					[/vc_column]<br />
				[/vc_row][/vc_section]</p>
</div>

<p>[vc_section el_class=»content&#8211;espectaculo evento-auditorio-nelly-goitino»][vc_row el_class=»cyg&#8211;descripcion»] [vc_column] [vc_column_text] La Orquesta Filarmónica de Montevideo bajo la dirección de Gabriel Giró presenta Serenatas nocturnas en Montevideo. Participa como solista en violín Cecilia Penadés. PROGRAMA Christoph Willibald Gluck Obertura de Orfeo ed Euridice (6&#8242;) Wolfgang Amadeus Mozart Pequeña Serenata Nocturna, K. 525 Mov. 1 (6&#8242;) Johann Sebastian Bach Concierto para [&hellip;]</p>

<!-- This site is optimized with the Yoast SEO plugin v21.7 - https://yoast.com/wordpress/plugins/seo/ -->
<title>Serenatas nocturnas en Montevideo - Espectáculos</title>
<meta name="robots" content="index, follow, max-snippet:-1, max-image-preview:large, max-video-preview:-1" />
<link rel="canonical" href="https://sodre.gub.uy/espectaculos/serenatas-nocturnas-en-montevideo-2/" />
<meta property="og:locale" content="es_ES" />
<meta property="og:type" content="article" />
<meta property="og:title" content="Serenatas nocturnas en Montevideo - Espectáculos" />
<meta property="og:description" content="[vc_section el_class=»content&#8211;espectaculo evento-auditorio-nelly-goitino»][vc_row el_class=»cyg&#8211;descripcion»] [vc_column] [vc_column_text] La Orquesta Filarmónica de Montevideo bajo la dirección de Gabriel Giró presenta Serenatas nocturnas en Montevideo. Participa como solista en violín Cecilia Penadés. PROGRAMA Christoph Willibald Gluck Obertura de Orfeo ed Euridice (6&#8242;) Wolfgang Amadeus Mozart Pequeña Serenata Nocturna, K. 525 Mov. 1 (6&#8242;) Johann Sebastian Bach Concierto para [&hellip;]" />
<meta property="og:url" content="https://sodre.gub.uy/espectaculos/serenatas-nocturnas-en-montevideo-2/" />
<meta property="og:site_name" content="Espectáculos" />
<meta name="twitter:card" content="summary_large_image" />
<meta name="twitter:label1" content="Tiempo de lectura" />
	<meta name="twitter:data1" content="1 minuto" />
<script type="application/ld+json" class="yoast-schema-graph">{"@context":"https://schema.org","@graph":[{"@type":"WebPage","@id":"https://sodre.gub.uy/espectaculos/serenatas-nocturnas-en-montevideo-2/","url":"https://sodre.gub.uy/espectaculos/serenatas-nocturnas-en-montevideo-2/","name":"Serenatas nocturnas en Montevideo - Espectáculos","isPartOf":{"@id":"https://sodre.gub.uy/espectaculos/#website"},"datePublished":"2019-08-12T12:42:39+00:00","dateModified":"2019-08-12T12:42:39+00:00","inLanguage":"es","potentialAction":[{"@type":"ReadAction","target":["https://sodre.gub.uy/espectaculos/serenatas-nocturnas-en-montevideo-2/"]}]},{"@type":"WebSite","@id":"https://sodre.gub.uy/espectaculos/#website","url":"https://sodre.gub.uy/espectaculos/","name":"Espectáculos","description":"Servicio Oficial de Difusión, Representaciones y Espectáculos","publisher":{"@id":"https://sodre.gub.uy/espectaculos/#organization"},"potentialAction":[{"@type":"SearchAction","target":{"@type":"EntryPoint","urlTemplate":"https://sodre.gub.uy/espectaculos/?s={search_term_string}"},"query-input":"required name=search_term_string"}],"inLanguage":"es"},{"@type":"Organization","@id":"https://sodre.gub.uy/espectaculos/#organization","name":"Espectáculos","url":"https://sodre.gub.uy/espectaculos/","logo":{"@type":"ImageObject","inLanguage":"es","@id":"https://sodre.gub.uy/espectaculos/#/schema/logo/image/","url":"https://sodre.gub.uy/espectaculos/wp-content/uploads/sites/2/2023/12/logo-sodre-black.svg","contentUrl":"https://sodre.gub.uy/espectaculos/wp-content/uploads/sites/2/2023/12/logo-sodre-black.svg","caption":"Espectáculos"},"image":{"@id":"https://sodre.gub.uy/espectaculos/#/schema/logo/image/"}}]}</script>
<!-- / Yoast SEO plugin. -->

Serenatas nocturnas en Montevideo - Espectáculos

[vc_section el_class=»content&#8211;espectaculo evento-auditorio-nelly-goitino»][vc_row el_class=»cyg&#8211;descripcion»] [vc_column] [vc_column_text] La Orquesta Filarmónica de Montevideo bajo la dirección de Gabriel Giró presenta Serenatas nocturnas en Montevideo. Participa como solista en violín Cecilia Penadés. PROGRAMA Christoph Willibald Gluck Obertura de Orfeo ed Euridice (6&#8242;) Wolfgang Amadeus Mozart Pequeña Serenata Nocturna, K. 525 Mov. 1 (6&#8242;) Johann Sebastian Bach Concierto para [&hellip;]

Espectáculos

Servicio Oficial de Difusión, Representaciones y Espectáculos
