{"id":2518,"date":"2019-08-10T09:59:38","date_gmt":"2019-08-10T12:59:38","guid":{"rendered":"https:\/\/sodre.gub.uy\/espectaculos\/la-libertad-es-una-palabra-grande\/"},"modified":"2019-08-10T09:59:38","modified_gmt":"2019-08-10T12:59:38","slug":"la-libertad-es-una-palabra-grande","status":"publish","type":"espectaculo","link":"https:\/\/sodre.gub.uy\/espectaculos\/la-libertad-es-una-palabra-grande\/","title":{"rendered":"LA LIBERTAD ES UNA PALABRA GRANDE"},"content":{"rendered":"<div class=\"wpb-content-wrapper\"><p>[vc_section el_class=\u00bbcontent&#8211;espectaculo evento-auditorio-nelly-goitino\u00bb][vc_row el_class=\u00bbcyg&#8211;descripcion\u00bb]<br \/>\n\t\t\t\t\t[vc_column]<br \/>\n\t\t\t\t\t\t[vc_column_text]<\/p>\n<section>\n<p style=\"text-align: justify;\"><span class=\"tm-color-primary\"><strong>SINOPSIS<\/strong><\/span><\/p>\n<p style=\"text-align: justify;\">Despu\u00e9s de trece a\u00f1os en Guant\u00e1namo, Mohammed es puesto en libertad y trasladado a Uruguay. Tiene una segunda oportunidad; empezar una nueva vida en libertad en un lugar desconocido. Pero \u00ablibertad\u00bb es una palabra grande con un significado muy complejo.<\/p>\n<p style=\"text-align: justify;\"><span class=\"tm-color-primary\"><strong>FICHA T\u00c9CNICA<\/strong><\/span><span class=\"tm-color-primary\" style=\"font-size: 18pt;\"><br \/><\/span><\/p>\n<p>Guion y direcci\u00f3n: Guillermo Rocamora<\/p>\n<p>Director de fotograf\u00eda: Andr\u00e9s Boero Madrid y Guillermo Rocamora<\/p>\n<p>Director de sonido: Rafael \u00c1lvarez y Diogo Po\u00e7as<\/p>\n<p>M\u00fasica original: Diogo Po\u00e7as<\/p>\n<p>Investigaci\u00f3n: Guillermo Rocamora y Pablo Fern\u00e1ndez<\/p>\n<p>Montaje: Victoria Lammers, Guillermo Madeiro y Juan Ignacio Fern\u00e1ndez<\/p>\n<p>Producci\u00f3n ejecutiva: Santiago L\u00f3pez, Carla Ponte y Daniel M\u00e9ndez<\/p>\n<p>Productor asociado: Daniel M\u00e9ndez<\/p>\n<p>Coproductores: Mat\u00edas Mariani, Carla Ponte, Juliana Funaro y Renata Wolter<\/p>\n<p>Producido por: Diego Robino y Santiago L\u00f3pez<\/p>\n<p>Uruguay &#8211; 2018 &#8211; 72&#8242;<\/p>\n<hr \/>\n<p style=\"text-align: justify;\"><span class=\"tm-color-primary\">Funciones:<\/span> <strong>14 y 19 de setiembre a las 19 horas en la Sala B del Auditorio Nelly Goiti\u00f1o<\/strong><\/p>\n<p style=\"text-align: justify;\"><span class=\"tm-color-primary\">Localidades:<\/span> Generales $ 220<strong><\/p>\n<p><\/strong><span class=\"tm-color-primary\">Beneficios:<\/span> Cupo gratuito para Socio Espectacular y Montevideo Libre. 50 % de descuento para socios de Cinemateca Uruguaya, para estudiantes de cine y comunicaci\u00f3n audiovisual y para socios de la Asociaci\u00f3n de Productores y Realizadores de Cine del Uruguay (Asoprod)<strong><br \/><\/strong><\/p>\n<\/section>\n<p>\t\t\t\t\t\t[\/vc_column_text]<br \/>\n\t\t\t\t\t\t[vc_empty_space height=\u00bb30px\u00bb el_class=\u00bbcyg&#8211;espacio-30&#8243;]<br \/>\n\t\t\t\t\t[\/vc_column]<br \/>\n\t\t\t\t[\/vc_row][vc_row el_class=\u00bbcyg&#8211;ficha\u00bb]<br \/>\n\t\t\t\t\t[vc_column]<br \/>\n\t\t\t\t\t[vc_column_text]<\/p>\n<section><\/section>\n<p>\t\t\t\t\t[\/vc_column_text]<br \/>\n\t\t\t\t\t[\/vc_column]<br \/>\n\t\t\t\t[\/vc_row][vc_row][vc_column][vc_gallery type=\u00bbimage_grid\u00bb images=\u00bb2516,2517&#8243;][\/vc_column][\/vc_row][vc_row][vc_column][vc_video link=\u00bbhttps:\/\/vimeo.com\/330136803&#8243;][\/vc_column][\/vc_row][\/vc_section]<\/p>\n<\/div>","protected":false},"excerpt":{"rendered":"<p>[vc_section el_class=\u00bbcontent&#8211;espectaculo evento-auditorio-nelly-goitino\u00bb][vc_row el_class=\u00bbcyg&#8211;descripcion\u00bb] [vc_column] [vc_column_text] SINOPSIS Despu\u00e9s de trece a\u00f1os en Guant\u00e1namo, Mohammed es puesto en libertad y trasladado a Uruguay. Tiene una segunda oportunidad; empezar una nueva vida en libertad en un lugar desconocido. Pero \u00ablibertad\u00bb es una palabra grande con un significado muy complejo. FICHA T\u00c9CNICA Guion y direcci\u00f3n: Guillermo Rocamora Director [&hellip;]<\/p>\n","protected":false},"menu_order":0,"template":"","format":"standard","cuerpo-estable":[],"etiqueta-espectaculo":[],"lugar":[17],"sala-espacio":[36],"acf":[],"yoast_head":"<!-- This site is optimized with the Yoast SEO plugin v21.7 - https:\/\/yoast.com\/wordpress\/plugins\/seo\/ -->\n<title>LA LIBERTAD ES UNA PALABRA GRANDE - Espect\u00e1culos<\/title>\n<meta name=\"robots\" content=\"index, follow, max-snippet:-1, max-image-preview:large, max-video-preview:-1\" \/>\n<link rel=\"canonical\" href=\"https:\/\/sodre.gub.uy\/espectaculos\/la-libertad-es-una-palabra-grande\/\" \/>\n<meta property=\"og:locale\" content=\"es_ES\" \/>\n<meta property=\"og:type\" content=\"article\" \/>\n<meta property=\"og:title\" content=\"LA LIBERTAD ES UNA PALABRA GRANDE - Espect\u00e1culos\" \/>\n<meta property=\"og:description\" content=\"[vc_section el_class=\u00bbcontent&#8211;espectaculo evento-auditorio-nelly-goitino\u00bb][vc_row el_class=\u00bbcyg&#8211;descripcion\u00bb] [vc_column] [vc_column_text] SINOPSIS Despu\u00e9s de trece a\u00f1os en Guant\u00e1namo, Mohammed es puesto en libertad y trasladado a Uruguay. Tiene una segunda oportunidad; empezar una nueva vida en libertad en un lugar desconocido. Pero \u00ablibertad\u00bb es una palabra grande con un significado muy complejo. FICHA T\u00c9CNICA Guion y direcci\u00f3n: Guillermo Rocamora Director [&hellip;]\" \/>\n<meta property=\"og:url\" content=\"https:\/\/sodre.gub.uy\/espectaculos\/la-libertad-es-una-palabra-grande\/\" \/>\n<meta property=\"og:site_name\" content=\"Espect\u00e1culos\" \/>\n<meta name=\"twitter:card\" content=\"summary_large_image\" \/>\n<meta name=\"twitter:label1\" content=\"Tiempo de lectura\" \/>\n\t<meta name=\"twitter:data1\" content=\"1 minuto\" \/>\n<script type=\"application\/ld+json\" class=\"yoast-schema-graph\">{\"@context\":\"https:\/\/schema.org\",\"@graph\":[{\"@type\":\"WebPage\",\"@id\":\"https:\/\/sodre.gub.uy\/espectaculos\/la-libertad-es-una-palabra-grande\/\",\"url\":\"https:\/\/sodre.gub.uy\/espectaculos\/la-libertad-es-una-palabra-grande\/\",\"name\":\"LA LIBERTAD ES UNA PALABRA GRANDE - Espect\u00e1culos\",\"isPartOf\":{\"@id\":\"https:\/\/sodre.gub.uy\/espectaculos\/#website\"},\"datePublished\":\"2019-08-10T12:59:38+00:00\",\"dateModified\":\"2019-08-10T12:59:38+00:00\",\"inLanguage\":\"es\",\"potentialAction\":[{\"@type\":\"ReadAction\",\"target\":[\"https:\/\/sodre.gub.uy\/espectaculos\/la-libertad-es-una-palabra-grande\/\"]}]},{\"@type\":\"WebSite\",\"@id\":\"https:\/\/sodre.gub.uy\/espectaculos\/#website\",\"url\":\"https:\/\/sodre.gub.uy\/espectaculos\/\",\"name\":\"Espect\u00e1culos\",\"description\":\"Servicio Oficial de Difusi\u00f3n, Representaciones y Espect\u00e1culos\",\"publisher\":{\"@id\":\"https:\/\/sodre.gub.uy\/espectaculos\/#organization\"},\"potentialAction\":[{\"@type\":\"SearchAction\",\"target\":{\"@type\":\"EntryPoint\",\"urlTemplate\":\"https:\/\/sodre.gub.uy\/espectaculos\/?s={search_term_string}\"},\"query-input\":\"required name=search_term_string\"}],\"inLanguage\":\"es\"},{\"@type\":\"Organization\",\"@id\":\"https:\/\/sodre.gub.uy\/espectaculos\/#organization\",\"name\":\"Espect\u00e1culos\",\"url\":\"https:\/\/sodre.gub.uy\/espectaculos\/\",\"logo\":{\"@type\":\"ImageObject\",\"inLanguage\":\"es\",\"@id\":\"https:\/\/sodre.gub.uy\/espectaculos\/#\/schema\/logo\/image\/\",\"url\":\"https:\/\/sodre.gub.uy\/espectaculos\/wp-content\/uploads\/sites\/2\/2023\/12\/logo-sodre-black.svg\",\"contentUrl\":\"https:\/\/sodre.gub.uy\/espectaculos\/wp-content\/uploads\/sites\/2\/2023\/12\/logo-sodre-black.svg\",\"caption\":\"Espect\u00e1culos\"},\"image\":{\"@id\":\"https:\/\/sodre.gub.uy\/espectaculos\/#\/schema\/logo\/image\/\"}}]}<\/script>\n<!-- \/ Yoast SEO plugin. -->","yoast_head_json":{"title":"LA LIBERTAD ES UNA PALABRA GRANDE - Espect\u00e1culos","robots":{"index":"index","follow":"follow","max-snippet":"max-snippet:-1","max-image-preview":"max-image-preview:large","max-video-preview":"max-video-preview:-1"},"canonical":"https:\/\/sodre.gub.uy\/espectaculos\/la-libertad-es-una-palabra-grande\/","og_locale":"es_ES","og_type":"article","og_title":"LA LIBERTAD ES UNA PALABRA GRANDE - Espect\u00e1culos","og_description":"[vc_section el_class=\u00bbcontent&#8211;espectaculo evento-auditorio-nelly-goitino\u00bb][vc_row el_class=\u00bbcyg&#8211;descripcion\u00bb] [vc_column] [vc_column_text] SINOPSIS Despu\u00e9s de trece a\u00f1os en Guant\u00e1namo, Mohammed es puesto en libertad y trasladado a Uruguay. Tiene una segunda oportunidad; empezar una nueva vida en libertad en un lugar desconocido. Pero \u00ablibertad\u00bb es una palabra grande con un significado muy complejo. FICHA T\u00c9CNICA Guion y direcci\u00f3n: Guillermo Rocamora Director [&hellip;]","og_url":"https:\/\/sodre.gub.uy\/espectaculos\/la-libertad-es-una-palabra-grande\/","og_site_name":"Espect\u00e1culos","twitter_card":"summary_large_image","twitter_misc":{"Tiempo de lectura":"1 minuto"},"schema":{"@context":"https:\/\/schema.org","@graph":[{"@type":"WebPage","@id":"https:\/\/sodre.gub.uy\/espectaculos\/la-libertad-es-una-palabra-grande\/","url":"https:\/\/sodre.gub.uy\/espectaculos\/la-libertad-es-una-palabra-grande\/","name":"LA LIBERTAD ES UNA PALABRA GRANDE - Espect\u00e1culos","isPartOf":{"@id":"https:\/\/sodre.gub.uy\/espectaculos\/#website"},"datePublished":"2019-08-10T12:59:38+00:00","dateModified":"2019-08-10T12:59:38+00:00","inLanguage":"es","potentialAction":[{"@type":"ReadAction","target":["https:\/\/sodre.gub.uy\/espectaculos\/la-libertad-es-una-palabra-grande\/"]}]},{"@type":"WebSite","@id":"https:\/\/sodre.gub.uy\/espectaculos\/#website","url":"https:\/\/sodre.gub.uy\/espectaculos\/","name":"Espect\u00e1culos","description":"Servicio Oficial de Difusi\u00f3n, Representaciones y Espect\u00e1culos","publisher":{"@id":"https:\/\/sodre.gub.uy\/espectaculos\/#organization"},"potentialAction":[{"@type":"SearchAction","target":{"@type":"EntryPoint","urlTemplate":"https:\/\/sodre.gub.uy\/espectaculos\/?s={search_term_string}"},"query-input":"required name=search_term_string"}],"inLanguage":"es"},{"@type":"Organization","@id":"https:\/\/sodre.gub.uy\/espectaculos\/#organization","name":"Espect\u00e1culos","url":"https:\/\/sodre.gub.uy\/espectaculos\/","logo":{"@type":"ImageObject","inLanguage":"es","@id":"https:\/\/sodre.gub.uy\/espectaculos\/#\/schema\/logo\/image\/","url":"https:\/\/sodre.gub.uy\/espectaculos\/wp-content\/uploads\/sites\/2\/2023\/12\/logo-sodre-black.svg","contentUrl":"https:\/\/sodre.gub.uy\/espectaculos\/wp-content\/uploads\/sites\/2\/2023\/12\/logo-sodre-black.svg","caption":"Espect\u00e1culos"},"image":{"@id":"https:\/\/sodre.gub.uy\/espectaculos\/#\/schema\/logo\/image\/"}}]}},"_links":{"self":[{"href":"https:\/\/sodre.gub.uy\/espectaculos\/wp-json\/wp\/v2\/espectaculo\/2518"}],"collection":[{"href":"https:\/\/sodre.gub.uy\/espectaculos\/wp-json\/wp\/v2\/espectaculo"}],"about":[{"href":"https:\/\/sodre.gub.uy\/espectaculos\/wp-json\/wp\/v2\/types\/espectaculo"}],"version-history":[{"count":0,"href":"https:\/\/sodre.gub.uy\/espectaculos\/wp-json\/wp\/v2\/espectaculo\/2518\/revisions"}],"wp:attachment":[{"href":"https:\/\/sodre.gub.uy\/espectaculos\/wp-json\/wp\/v2\/media?parent=2518"}],"wp:term":[{"taxonomy":"cuerpo-estable","embeddable":true,"href":"https:\/\/sodre.gub.uy\/espectaculos\/wp-json\/wp\/v2\/cuerpo-estable?post=2518"},{"taxonomy":"etiqueta-espectaculo","embeddable":true,"href":"https:\/\/sodre.gub.uy\/espectaculos\/wp-json\/wp\/v2\/etiqueta-espectaculo?post=2518"},{"taxonomy":"lugar","embeddable":true,"href":"https:\/\/sodre.gub.uy\/espectaculos\/wp-json\/wp\/v2\/lugar?post=2518"},{"taxonomy":"sala-espacio","embeddable":true,"href":"https:\/\/sodre.gub.uy\/espectaculos\/wp-json\/wp\/v2\/sala-espacio?post=2518"}],"curies":[{"name":"wp","href":"https:\/\/api.w.org\/{rel}","templated":true}]}}

<div class="wpb-content-wrapper"><p>[vc_section el_class=»content&#8211;espectaculo evento-auditorio-nelly-goitino»][vc_row el_class=»cyg&#8211;descripcion»]<br />
					[vc_column]<br />
						[vc_column_text]</p>
<section>
<p style="text-align: justify;"><span class="tm-color-primary"><strong>SINOPSIS</strong></span></p>
<p style="text-align: justify;">Después de trece años en Guantánamo, Mohammed es puesto en libertad y trasladado a Uruguay. Tiene una segunda oportunidad; empezar una nueva vida en libertad en un lugar desconocido. Pero «libertad» es una palabra grande con un significado muy complejo.</p>
<p style="text-align: justify;"><span class="tm-color-primary"><strong>FICHA TÉCNICA</strong></span><span class="tm-color-primary" style="font-size: 18pt;"><br /></span></p>
<p>Guion y dirección: Guillermo Rocamora</p>
<p>Director de fotografía: Andrés Boero Madrid y Guillermo Rocamora</p>
<p>Director de sonido: Rafael Álvarez y Diogo Poças</p>
<p>Música original: Diogo Poças</p>
<p>Investigación: Guillermo Rocamora y Pablo Fernández</p>
<p>Montaje: Victoria Lammers, Guillermo Madeiro y Juan Ignacio Fernández</p>
<p>Producción ejecutiva: Santiago López, Carla Ponte y Daniel Méndez</p>
<p>Productor asociado: Daniel Méndez</p>
<p>Coproductores: Matías Mariani, Carla Ponte, Juliana Funaro y Renata Wolter</p>
<p>Producido por: Diego Robino y Santiago López</p>
<p>Uruguay &#8211; 2018 &#8211; 72&#8242;</p>
<hr />
<p style="text-align: justify;"><span class="tm-color-primary">Funciones:</span> <strong>14 y 19 de setiembre a las 19 horas en la Sala B del Auditorio Nelly Goitiño</strong></p>
<p style="text-align: justify;"><span class="tm-color-primary">Localidades:</span> Generales $ 220<strong></p>
<p></strong><span class="tm-color-primary">Beneficios:</span> Cupo gratuito para Socio Espectacular y Montevideo Libre. 50 % de descuento para socios de Cinemateca Uruguaya, para estudiantes de cine y comunicación audiovisual y para socios de la Asociación de Productores y Realizadores de Cine del Uruguay (Asoprod)<strong><br /></strong></p>
</section>
<p>						[/vc_column_text]<br />
						[vc_empty_space height=»30px» el_class=»cyg&#8211;espacio-30&#8243;]<br />
					[/vc_column]<br />
				[/vc_row][vc_row el_class=»cyg&#8211;ficha»]<br />
					[vc_column]<br />
					[vc_column_text]</p>
<section></section>
<p>					[/vc_column_text]<br />
					[/vc_column]<br />
				[/vc_row][vc_row][vc_column][vc_gallery type=»image_grid» images=»2516,2517&#8243;][/vc_column][/vc_row][vc_row][vc_column][vc_video link=»https://vimeo.com/330136803&#8243;][/vc_column][/vc_row][/vc_section]</p>
</div>

<p>[vc_section el_class=»content&#8211;espectaculo evento-auditorio-nelly-goitino»][vc_row el_class=»cyg&#8211;descripcion»] [vc_column] [vc_column_text] SINOPSIS Después de trece años en Guantánamo, Mohammed es puesto en libertad y trasladado a Uruguay. Tiene una segunda oportunidad; empezar una nueva vida en libertad en un lugar desconocido. Pero «libertad» es una palabra grande con un significado muy complejo. FICHA TÉCNICA Guion y dirección: Guillermo Rocamora Director [&hellip;]</p>

<!-- This site is optimized with the Yoast SEO plugin v21.7 - https://yoast.com/wordpress/plugins/seo/ -->
<title>LA LIBERTAD ES UNA PALABRA GRANDE - Espectáculos</title>
<meta name="robots" content="index, follow, max-snippet:-1, max-image-preview:large, max-video-preview:-1" />
<link rel="canonical" href="https://sodre.gub.uy/espectaculos/la-libertad-es-una-palabra-grande/" />
<meta property="og:locale" content="es_ES" />
<meta property="og:type" content="article" />
<meta property="og:title" content="LA LIBERTAD ES UNA PALABRA GRANDE - Espectáculos" />
<meta property="og:description" content="[vc_section el_class=»content&#8211;espectaculo evento-auditorio-nelly-goitino»][vc_row el_class=»cyg&#8211;descripcion»] [vc_column] [vc_column_text] SINOPSIS Después de trece años en Guantánamo, Mohammed es puesto en libertad y trasladado a Uruguay. Tiene una segunda oportunidad; empezar una nueva vida en libertad en un lugar desconocido. Pero «libertad» es una palabra grande con un significado muy complejo. FICHA TÉCNICA Guion y dirección: Guillermo Rocamora Director [&hellip;]" />
<meta property="og:url" content="https://sodre.gub.uy/espectaculos/la-libertad-es-una-palabra-grande/" />
<meta property="og:site_name" content="Espectáculos" />
<meta name="twitter:card" content="summary_large_image" />
<meta name="twitter:label1" content="Tiempo de lectura" />
	<meta name="twitter:data1" content="1 minuto" />
<script type="application/ld+json" class="yoast-schema-graph">{"@context":"https://schema.org","@graph":[{"@type":"WebPage","@id":"https://sodre.gub.uy/espectaculos/la-libertad-es-una-palabra-grande/","url":"https://sodre.gub.uy/espectaculos/la-libertad-es-una-palabra-grande/","name":"LA LIBERTAD ES UNA PALABRA GRANDE - Espectáculos","isPartOf":{"@id":"https://sodre.gub.uy/espectaculos/#website"},"datePublished":"2019-08-10T12:59:38+00:00","dateModified":"2019-08-10T12:59:38+00:00","inLanguage":"es","potentialAction":[{"@type":"ReadAction","target":["https://sodre.gub.uy/espectaculos/la-libertad-es-una-palabra-grande/"]}]},{"@type":"WebSite","@id":"https://sodre.gub.uy/espectaculos/#website","url":"https://sodre.gub.uy/espectaculos/","name":"Espectáculos","description":"Servicio Oficial de Difusión, Representaciones y Espectáculos","publisher":{"@id":"https://sodre.gub.uy/espectaculos/#organization"},"potentialAction":[{"@type":"SearchAction","target":{"@type":"EntryPoint","urlTemplate":"https://sodre.gub.uy/espectaculos/?s={search_term_string}"},"query-input":"required name=search_term_string"}],"inLanguage":"es"},{"@type":"Organization","@id":"https://sodre.gub.uy/espectaculos/#organization","name":"Espectáculos","url":"https://sodre.gub.uy/espectaculos/","logo":{"@type":"ImageObject","inLanguage":"es","@id":"https://sodre.gub.uy/espectaculos/#/schema/logo/image/","url":"https://sodre.gub.uy/espectaculos/wp-content/uploads/sites/2/2023/12/logo-sodre-black.svg","contentUrl":"https://sodre.gub.uy/espectaculos/wp-content/uploads/sites/2/2023/12/logo-sodre-black.svg","caption":"Espectáculos"},"image":{"@id":"https://sodre.gub.uy/espectaculos/#/schema/logo/image/"}}]}</script>
<!-- / Yoast SEO plugin. -->

LA LIBERTAD ES UNA PALABRA GRANDE - Espectáculos

[vc_section el_class=»content&#8211;espectaculo evento-auditorio-nelly-goitino»][vc_row el_class=»cyg&#8211;descripcion»] [vc_column] [vc_column_text] SINOPSIS Después de trece años en Guantánamo, Mohammed es puesto en libertad y trasladado a Uruguay. Tiene una segunda oportunidad; empezar una nueva vida en libertad en un lugar desconocido. Pero «libertad» es una palabra grande con un significado muy complejo. FICHA TÉCNICA Guion y dirección: Guillermo Rocamora Director [&hellip;]

Espectáculos

Servicio Oficial de Difusión, Representaciones y Espectáculos
