{"id":2396,"date":"2019-06-14T15:20:13","date_gmt":"2019-06-14T18:20:13","guid":{"rendered":"https:\/\/sodre.gub.uy\/espectaculos\/para-atrapar-al-ladron\/"},"modified":"2019-06-14T15:20:13","modified_gmt":"2019-06-14T18:20:13","slug":"para-atrapar-al-ladron","status":"publish","type":"espectaculo","link":"https:\/\/sodre.gub.uy\/espectaculos\/para-atrapar-al-ladron\/","title":{"rendered":"PARA ATRAPAR AL LADR\u00d3N"},"content":{"rendered":"<div class=\"wpb-content-wrapper\"><p>[vc_section el_class=\u00bbcontent&#8211;espectaculo evento-auditorio-nelly-goitino\u00bb][vc_row el_class=\u00bbcyg&#8211;descripcion\u00bb]<br \/>\n\t\t\t\t\t[vc_column]<br \/>\n\t\t\t\t\t\t[vc_column_text]<\/p>\n<section>\n<p style=\"text-align: justify;\"><span class=\"tm-color-primary\"><strong>SINOPSIS<\/strong><\/span><\/p>\n<p style=\"text-align: justify;\">John Robie (Cary Grant) es un ladr\u00f3n de guante blanco retirado que vive en la Costa Azul. Se producen una serie de robos en ese lugar que llevan el sello de Robie, por lo que la polic\u00eda sospecha de \u00e9l. Una de las probables siguientes v\u00edctimas es la madre de una rica heredera americana, Frances (Grace Kelly). Para probar su inocencia, lo mejor que puede hacer Robie es descubrir al verdadero ladr\u00f3n. Cuando conoce a Frances, ella cree que es el ladr\u00f3n aunque luego cambia de opini\u00f3n y le ayuda a conseguir su prop\u00f3sito.<\/p>\n<p style=\"text-align: justify;\">Gan\u00f3 un \u00d3scar a la mejor fotograf\u00eda y obtuvo dos nominaciones, a la mejor direcci\u00f3n art\u00edstica y al mejor vestuario.<\/p>\n<p style=\"text-align: justify;\">Con motivo de su estancia en la Costa Azul francesa para el rodaje de esta pel\u00edcula, Grace Kelly conoci\u00f3 a su futuro marido, el Pr\u00edncipe Rainiero de M\u00f3naco. Su boda se concret\u00f3 en 1956.<\/p>\n<p style=\"text-align: justify;\"><span class=\"tm-color-primary\"><strong>FICHA T\u00c9CNICA<\/strong><\/span><\/p>\n<p style=\"text-align: justify;\">Direcci\u00f3n y producci\u00f3n: Alfred Hitchcock<\/p>\n<p style=\"text-align: justify;\">Guion: John Michael Hayes sobre novela de David Dodge<\/p>\n<p style=\"text-align: justify;\">M\u00fasica: Lyn Murray<\/p>\n<p style=\"text-align: justify;\">Fotograf\u00eda (VistaVision, Technicolor): Robert Burks<\/p>\n<p style=\"text-align: justify;\">Protagonistas: Cary Grant, Grace Kelly, Jessie Royce Landis, John Williams, Charles Vanel, Brigitte Auber<\/p>\n<p style=\"text-align: justify;\">Estados Unidos &#8211; 1955 &#8211; 106&#8242;<\/p>\n<hr \/>\n<p style=\"text-align: justify;\"><span class=\"tm-color-primary\">Funciones:<\/span> <strong>19 y 20 de agosto a las 20 horas en la Sala B del Auditorio Nelly Goiti\u00f1o<\/p>\n<p><\/strong><span class=\"tm-color-primary\">Localidades:<\/span> Generales $ 150<strong><\/p>\n<p><\/strong><span class=\"tm-color-primary\">Beneficios:<\/span> Cupo gratuito para Socio Espectacular y Montevideo Libre<strong><br \/><\/strong><\/p>\n<\/section>\n<p>\t\t\t\t\t\t[\/vc_column_text]<br \/>\n\t\t\t\t\t\t[vc_empty_space height=\u00bb30px\u00bb el_class=\u00bbcyg&#8211;espacio-30&#8243;]<br \/>\n\t\t\t\t\t[\/vc_column]<br \/>\n\t\t\t\t[\/vc_row][vc_row el_class=\u00bbcyg&#8211;ficha\u00bb]<br \/>\n\t\t\t\t\t[vc_column]<br \/>\n\t\t\t\t\t[vc_column_text]<\/p>\n<section><\/section>\n<p>\t\t\t\t\t[\/vc_column_text]<br \/>\n\t\t\t\t\t[\/vc_column]<br \/>\n\t\t\t\t[\/vc_row][\/vc_section]<\/p>\n<\/div>","protected":false},"excerpt":{"rendered":"<p>[vc_section el_class=\u00bbcontent&#8211;espectaculo evento-auditorio-nelly-goitino\u00bb][vc_row el_class=\u00bbcyg&#8211;descripcion\u00bb] [vc_column] [vc_column_text] SINOPSIS John Robie (Cary Grant) es un ladr\u00f3n de guante blanco retirado que vive en la Costa Azul. Se producen una serie de robos en ese lugar que llevan el sello de Robie, por lo que la polic\u00eda sospecha de \u00e9l. Una de las probables siguientes v\u00edctimas es la [&hellip;]<\/p>\n","protected":false},"menu_order":0,"template":"","format":"standard","cuerpo-estable":[],"etiqueta-espectaculo":[],"lugar":[17],"sala-espacio":[36],"acf":[],"yoast_head":"<!-- This site is optimized with the Yoast SEO plugin v21.7 - https:\/\/yoast.com\/wordpress\/plugins\/seo\/ -->\n<title>PARA ATRAPAR AL LADR\u00d3N - Espect\u00e1culos<\/title>\n<meta name=\"robots\" content=\"index, follow, max-snippet:-1, max-image-preview:large, max-video-preview:-1\" \/>\n<link rel=\"canonical\" href=\"https:\/\/sodre.gub.uy\/espectaculos\/para-atrapar-al-ladron\/\" \/>\n<meta property=\"og:locale\" content=\"es_ES\" \/>\n<meta property=\"og:type\" content=\"article\" \/>\n<meta property=\"og:title\" content=\"PARA ATRAPAR AL LADR\u00d3N - Espect\u00e1culos\" \/>\n<meta property=\"og:description\" content=\"[vc_section el_class=\u00bbcontent&#8211;espectaculo evento-auditorio-nelly-goitino\u00bb][vc_row el_class=\u00bbcyg&#8211;descripcion\u00bb] [vc_column] [vc_column_text] SINOPSIS John Robie (Cary Grant) es un ladr\u00f3n de guante blanco retirado que vive en la Costa Azul. Se producen una serie de robos en ese lugar que llevan el sello de Robie, por lo que la polic\u00eda sospecha de \u00e9l. Una de las probables siguientes v\u00edctimas es la [&hellip;]\" \/>\n<meta property=\"og:url\" content=\"https:\/\/sodre.gub.uy\/espectaculos\/para-atrapar-al-ladron\/\" \/>\n<meta property=\"og:site_name\" content=\"Espect\u00e1culos\" \/>\n<meta name=\"twitter:card\" content=\"summary_large_image\" \/>\n<meta name=\"twitter:label1\" content=\"Tiempo de lectura\" \/>\n\t<meta name=\"twitter:data1\" content=\"1 minuto\" \/>\n<script type=\"application\/ld+json\" class=\"yoast-schema-graph\">{\"@context\":\"https:\/\/schema.org\",\"@graph\":[{\"@type\":\"WebPage\",\"@id\":\"https:\/\/sodre.gub.uy\/espectaculos\/para-atrapar-al-ladron\/\",\"url\":\"https:\/\/sodre.gub.uy\/espectaculos\/para-atrapar-al-ladron\/\",\"name\":\"PARA ATRAPAR AL LADR\u00d3N - Espect\u00e1culos\",\"isPartOf\":{\"@id\":\"https:\/\/sodre.gub.uy\/espectaculos\/#website\"},\"datePublished\":\"2019-06-14T18:20:13+00:00\",\"dateModified\":\"2019-06-14T18:20:13+00:00\",\"inLanguage\":\"es\",\"potentialAction\":[{\"@type\":\"ReadAction\",\"target\":[\"https:\/\/sodre.gub.uy\/espectaculos\/para-atrapar-al-ladron\/\"]}]},{\"@type\":\"WebSite\",\"@id\":\"https:\/\/sodre.gub.uy\/espectaculos\/#website\",\"url\":\"https:\/\/sodre.gub.uy\/espectaculos\/\",\"name\":\"Espect\u00e1culos\",\"description\":\"Servicio Oficial de Difusi\u00f3n, Representaciones y Espect\u00e1culos\",\"publisher\":{\"@id\":\"https:\/\/sodre.gub.uy\/espectaculos\/#organization\"},\"potentialAction\":[{\"@type\":\"SearchAction\",\"target\":{\"@type\":\"EntryPoint\",\"urlTemplate\":\"https:\/\/sodre.gub.uy\/espectaculos\/?s={search_term_string}\"},\"query-input\":\"required name=search_term_string\"}],\"inLanguage\":\"es\"},{\"@type\":\"Organization\",\"@id\":\"https:\/\/sodre.gub.uy\/espectaculos\/#organization\",\"name\":\"Espect\u00e1culos\",\"url\":\"https:\/\/sodre.gub.uy\/espectaculos\/\",\"logo\":{\"@type\":\"ImageObject\",\"inLanguage\":\"es\",\"@id\":\"https:\/\/sodre.gub.uy\/espectaculos\/#\/schema\/logo\/image\/\",\"url\":\"https:\/\/sodre.gub.uy\/espectaculos\/wp-content\/uploads\/sites\/2\/2023\/12\/logo-sodre-black.svg\",\"contentUrl\":\"https:\/\/sodre.gub.uy\/espectaculos\/wp-content\/uploads\/sites\/2\/2023\/12\/logo-sodre-black.svg\",\"caption\":\"Espect\u00e1culos\"},\"image\":{\"@id\":\"https:\/\/sodre.gub.uy\/espectaculos\/#\/schema\/logo\/image\/\"}}]}<\/script>\n<!-- \/ Yoast SEO plugin. -->","yoast_head_json":{"title":"PARA ATRAPAR AL LADR\u00d3N - Espect\u00e1culos","robots":{"index":"index","follow":"follow","max-snippet":"max-snippet:-1","max-image-preview":"max-image-preview:large","max-video-preview":"max-video-preview:-1"},"canonical":"https:\/\/sodre.gub.uy\/espectaculos\/para-atrapar-al-ladron\/","og_locale":"es_ES","og_type":"article","og_title":"PARA ATRAPAR AL LADR\u00d3N - Espect\u00e1culos","og_description":"[vc_section el_class=\u00bbcontent&#8211;espectaculo evento-auditorio-nelly-goitino\u00bb][vc_row el_class=\u00bbcyg&#8211;descripcion\u00bb] [vc_column] [vc_column_text] SINOPSIS John Robie (Cary Grant) es un ladr\u00f3n de guante blanco retirado que vive en la Costa Azul. Se producen una serie de robos en ese lugar que llevan el sello de Robie, por lo que la polic\u00eda sospecha de \u00e9l. Una de las probables siguientes v\u00edctimas es la [&hellip;]","og_url":"https:\/\/sodre.gub.uy\/espectaculos\/para-atrapar-al-ladron\/","og_site_name":"Espect\u00e1culos","twitter_card":"summary_large_image","twitter_misc":{"Tiempo de lectura":"1 minuto"},"schema":{"@context":"https:\/\/schema.org","@graph":[{"@type":"WebPage","@id":"https:\/\/sodre.gub.uy\/espectaculos\/para-atrapar-al-ladron\/","url":"https:\/\/sodre.gub.uy\/espectaculos\/para-atrapar-al-ladron\/","name":"PARA ATRAPAR AL LADR\u00d3N - Espect\u00e1culos","isPartOf":{"@id":"https:\/\/sodre.gub.uy\/espectaculos\/#website"},"datePublished":"2019-06-14T18:20:13+00:00","dateModified":"2019-06-14T18:20:13+00:00","inLanguage":"es","potentialAction":[{"@type":"ReadAction","target":["https:\/\/sodre.gub.uy\/espectaculos\/para-atrapar-al-ladron\/"]}]},{"@type":"WebSite","@id":"https:\/\/sodre.gub.uy\/espectaculos\/#website","url":"https:\/\/sodre.gub.uy\/espectaculos\/","name":"Espect\u00e1culos","description":"Servicio Oficial de Difusi\u00f3n, Representaciones y Espect\u00e1culos","publisher":{"@id":"https:\/\/sodre.gub.uy\/espectaculos\/#organization"},"potentialAction":[{"@type":"SearchAction","target":{"@type":"EntryPoint","urlTemplate":"https:\/\/sodre.gub.uy\/espectaculos\/?s={search_term_string}"},"query-input":"required name=search_term_string"}],"inLanguage":"es"},{"@type":"Organization","@id":"https:\/\/sodre.gub.uy\/espectaculos\/#organization","name":"Espect\u00e1culos","url":"https:\/\/sodre.gub.uy\/espectaculos\/","logo":{"@type":"ImageObject","inLanguage":"es","@id":"https:\/\/sodre.gub.uy\/espectaculos\/#\/schema\/logo\/image\/","url":"https:\/\/sodre.gub.uy\/espectaculos\/wp-content\/uploads\/sites\/2\/2023\/12\/logo-sodre-black.svg","contentUrl":"https:\/\/sodre.gub.uy\/espectaculos\/wp-content\/uploads\/sites\/2\/2023\/12\/logo-sodre-black.svg","caption":"Espect\u00e1culos"},"image":{"@id":"https:\/\/sodre.gub.uy\/espectaculos\/#\/schema\/logo\/image\/"}}]}},"_links":{"self":[{"href":"https:\/\/sodre.gub.uy\/espectaculos\/wp-json\/wp\/v2\/espectaculo\/2396"}],"collection":[{"href":"https:\/\/sodre.gub.uy\/espectaculos\/wp-json\/wp\/v2\/espectaculo"}],"about":[{"href":"https:\/\/sodre.gub.uy\/espectaculos\/wp-json\/wp\/v2\/types\/espectaculo"}],"version-history":[{"count":0,"href":"https:\/\/sodre.gub.uy\/espectaculos\/wp-json\/wp\/v2\/espectaculo\/2396\/revisions"}],"wp:attachment":[{"href":"https:\/\/sodre.gub.uy\/espectaculos\/wp-json\/wp\/v2\/media?parent=2396"}],"wp:term":[{"taxonomy":"cuerpo-estable","embeddable":true,"href":"https:\/\/sodre.gub.uy\/espectaculos\/wp-json\/wp\/v2\/cuerpo-estable?post=2396"},{"taxonomy":"etiqueta-espectaculo","embeddable":true,"href":"https:\/\/sodre.gub.uy\/espectaculos\/wp-json\/wp\/v2\/etiqueta-espectaculo?post=2396"},{"taxonomy":"lugar","embeddable":true,"href":"https:\/\/sodre.gub.uy\/espectaculos\/wp-json\/wp\/v2\/lugar?post=2396"},{"taxonomy":"sala-espacio","embeddable":true,"href":"https:\/\/sodre.gub.uy\/espectaculos\/wp-json\/wp\/v2\/sala-espacio?post=2396"}],"curies":[{"name":"wp","href":"https:\/\/api.w.org\/{rel}","templated":true}]}}

PARA ATRAPAR AL LADRÓN

<div class="wpb-content-wrapper"><p>[vc_section el_class=»content&#8211;espectaculo evento-auditorio-nelly-goitino»][vc_row el_class=»cyg&#8211;descripcion»]<br />
					[vc_column]<br />
						[vc_column_text]</p>
<section>
<p style="text-align: justify;"><span class="tm-color-primary"><strong>SINOPSIS</strong></span></p>
<p style="text-align: justify;">John Robie (Cary Grant) es un ladrón de guante blanco retirado que vive en la Costa Azul. Se producen una serie de robos en ese lugar que llevan el sello de Robie, por lo que la policía sospecha de él. Una de las probables siguientes víctimas es la madre de una rica heredera americana, Frances (Grace Kelly). Para probar su inocencia, lo mejor que puede hacer Robie es descubrir al verdadero ladrón. Cuando conoce a Frances, ella cree que es el ladrón aunque luego cambia de opinión y le ayuda a conseguir su propósito.</p>
<p style="text-align: justify;">Ganó un Óscar a la mejor fotografía y obtuvo dos nominaciones, a la mejor dirección artística y al mejor vestuario.</p>
<p style="text-align: justify;">Con motivo de su estancia en la Costa Azul francesa para el rodaje de esta película, Grace Kelly conoció a su futuro marido, el Príncipe Rainiero de Mónaco. Su boda se concretó en 1956.</p>
<p style="text-align: justify;"><span class="tm-color-primary"><strong>FICHA TÉCNICA</strong></span></p>
<p style="text-align: justify;">Dirección y producción: Alfred Hitchcock</p>
<p style="text-align: justify;">Guion: John Michael Hayes sobre novela de David Dodge</p>
<p style="text-align: justify;">Música: Lyn Murray</p>
<p style="text-align: justify;">Fotografía (VistaVision, Technicolor): Robert Burks</p>
<p style="text-align: justify;">Protagonistas: Cary Grant, Grace Kelly, Jessie Royce Landis, John Williams, Charles Vanel, Brigitte Auber</p>
<p style="text-align: justify;">Estados Unidos &#8211; 1955 &#8211; 106&#8242;</p>
<hr />
<p style="text-align: justify;"><span class="tm-color-primary">Funciones:</span> <strong>19 y 20 de agosto a las 20 horas en la Sala B del Auditorio Nelly Goitiño</p>
<p></strong><span class="tm-color-primary">Localidades:</span> Generales $ 150<strong></p>
<p></strong><span class="tm-color-primary">Beneficios:</span> Cupo gratuito para Socio Espectacular y Montevideo Libre<strong><br /></strong></p>
</section>
<p>						[/vc_column_text]<br />
						[vc_empty_space height=»30px» el_class=»cyg&#8211;espacio-30&#8243;]<br />
					[/vc_column]<br />
				[/vc_row][vc_row el_class=»cyg&#8211;ficha»]<br />
					[vc_column]<br />
					[vc_column_text]</p>
<section></section>
<p>					[/vc_column_text]<br />
					[/vc_column]<br />
				[/vc_row][/vc_section]</p>
</div>

<p>[vc_section el_class=»content&#8211;espectaculo evento-auditorio-nelly-goitino»][vc_row el_class=»cyg&#8211;descripcion»] [vc_column] [vc_column_text] SINOPSIS John Robie (Cary Grant) es un ladrón de guante blanco retirado que vive en la Costa Azul. Se producen una serie de robos en ese lugar que llevan el sello de Robie, por lo que la policía sospecha de él. Una de las probables siguientes víctimas es la [&hellip;]</p>

<!-- This site is optimized with the Yoast SEO plugin v21.7 - https://yoast.com/wordpress/plugins/seo/ -->
<title>PARA ATRAPAR AL LADRÓN - Espectáculos</title>
<meta name="robots" content="index, follow, max-snippet:-1, max-image-preview:large, max-video-preview:-1" />
<link rel="canonical" href="https://sodre.gub.uy/espectaculos/para-atrapar-al-ladron/" />
<meta property="og:locale" content="es_ES" />
<meta property="og:type" content="article" />
<meta property="og:title" content="PARA ATRAPAR AL LADRÓN - Espectáculos" />
<meta property="og:description" content="[vc_section el_class=»content&#8211;espectaculo evento-auditorio-nelly-goitino»][vc_row el_class=»cyg&#8211;descripcion»] [vc_column] [vc_column_text] SINOPSIS John Robie (Cary Grant) es un ladrón de guante blanco retirado que vive en la Costa Azul. Se producen una serie de robos en ese lugar que llevan el sello de Robie, por lo que la policía sospecha de él. Una de las probables siguientes víctimas es la [&hellip;]" />
<meta property="og:url" content="https://sodre.gub.uy/espectaculos/para-atrapar-al-ladron/" />
<meta property="og:site_name" content="Espectáculos" />
<meta name="twitter:card" content="summary_large_image" />
<meta name="twitter:label1" content="Tiempo de lectura" />
	<meta name="twitter:data1" content="1 minuto" />
<script type="application/ld+json" class="yoast-schema-graph">{"@context":"https://schema.org","@graph":[{"@type":"WebPage","@id":"https://sodre.gub.uy/espectaculos/para-atrapar-al-ladron/","url":"https://sodre.gub.uy/espectaculos/para-atrapar-al-ladron/","name":"PARA ATRAPAR AL LADRÓN - Espectáculos","isPartOf":{"@id":"https://sodre.gub.uy/espectaculos/#website"},"datePublished":"2019-06-14T18:20:13+00:00","dateModified":"2019-06-14T18:20:13+00:00","inLanguage":"es","potentialAction":[{"@type":"ReadAction","target":["https://sodre.gub.uy/espectaculos/para-atrapar-al-ladron/"]}]},{"@type":"WebSite","@id":"https://sodre.gub.uy/espectaculos/#website","url":"https://sodre.gub.uy/espectaculos/","name":"Espectáculos","description":"Servicio Oficial de Difusión, Representaciones y Espectáculos","publisher":{"@id":"https://sodre.gub.uy/espectaculos/#organization"},"potentialAction":[{"@type":"SearchAction","target":{"@type":"EntryPoint","urlTemplate":"https://sodre.gub.uy/espectaculos/?s={search_term_string}"},"query-input":"required name=search_term_string"}],"inLanguage":"es"},{"@type":"Organization","@id":"https://sodre.gub.uy/espectaculos/#organization","name":"Espectáculos","url":"https://sodre.gub.uy/espectaculos/","logo":{"@type":"ImageObject","inLanguage":"es","@id":"https://sodre.gub.uy/espectaculos/#/schema/logo/image/","url":"https://sodre.gub.uy/espectaculos/wp-content/uploads/sites/2/2023/12/logo-sodre-black.svg","contentUrl":"https://sodre.gub.uy/espectaculos/wp-content/uploads/sites/2/2023/12/logo-sodre-black.svg","caption":"Espectáculos"},"image":{"@id":"https://sodre.gub.uy/espectaculos/#/schema/logo/image/"}}]}</script>
<!-- / Yoast SEO plugin. -->

PARA ATRAPAR AL LADRÓN - Espectáculos

[vc_section el_class=»content&#8211;espectaculo evento-auditorio-nelly-goitino»][vc_row el_class=»cyg&#8211;descripcion»] [vc_column] [vc_column_text] SINOPSIS John Robie (Cary Grant) es un ladrón de guante blanco retirado que vive en la Costa Azul. Se producen una serie de robos en ese lugar que llevan el sello de Robie, por lo que la policía sospecha de él. Una de las probables siguientes víctimas es la [&hellip;]

Espectáculos

Servicio Oficial de Difusión, Representaciones y Espectáculos
