{"id":2306,"date":"2019-05-27T03:50:24","date_gmt":"2019-05-27T06:50:24","guid":{"rendered":"https:\/\/sodre.gub.uy\/espectaculos\/la-dama-de-shangai\/"},"modified":"2019-05-27T03:50:24","modified_gmt":"2019-05-27T06:50:24","slug":"la-dama-de-shangai","status":"publish","type":"espectaculo","link":"https:\/\/sodre.gub.uy\/espectaculos\/la-dama-de-shangai\/","title":{"rendered":"LA DAMA DE SHANGAI"},"content":{"rendered":"<div class=\"wpb-content-wrapper\"><p>[vc_section el_class=\u00bbcontent&#8211;espectaculo evento-auditorio-nelly-goitino\u00bb][vc_row el_class=\u00bbcyg&#8211;descripcion\u00bb]<br \/>\n\t\t\t\t\t[vc_column]<br \/>\n\t\t\t\t\t\t[vc_column_text]<\/p>\n<section>\n<p style=\"text-align: justify;\"><span class=\"tm-color-primary\"><strong>SINOPSIS<\/strong><\/span><\/p>\n<p style=\"text-align: justify;\">Un trotamundos de origen irland\u00e9s llamado Michael O\u2019Hara (Welles), que ha luchado en la guerra civil espa\u00f1ola y vive ahora de forma m\u00e1s apacible, es contratado para conducir un lujoso yate en un viaje de placer por el mar Caribe organizado por un prestigioso abogado criminalista (Everett Sloane) y su bella mujer (Rita Hayworth). Elementos como el amor, la intriga o el suspenso concurren en esta pel\u00edcula de cine negro con una compleja trama ensalzada por la brillante capacidad visual de Welles que comprende todo ese lujoso barroquismo caracter\u00edstico de su autor, la habilidad en la puesta en escena y el montaje, en la utilizaci\u00f3n del sonido y la manera de crear una turbia atm\u00f3sfera mediante la adecuada tensi\u00f3n establecida entre la imagen fotografiada soberbiamente por Charles Lawton Jr. y los di\u00e1logos escritos por el propio Welles. Las interpretaciones de los protagonistas son excelentes, destacando en su reparto como <em>femme fatale<\/em> una rubia Rita Hayworth a la que su marido por aquella \u00e9poca (si bien ya estaban a punto de la separaci\u00f3n) cort\u00f3 y ti\u00f1\u00f3 el cabello pelirrojo que tan radiantemente hab\u00eda lucido en Gilda. Varias escenas resultan inolvidables, en especial el juego de personalidades lleno de simbolog\u00eda llevado a cabo en la Sala de los Espejos, homenajeado con posterioridad por Woody Allen en <em>Misterioso asesinato en Manhattan<\/em>. Es una pel\u00edcula de audaz y brillante ejecuci\u00f3n planteada en una \u00e9poca que estil\u00edsticamente estaba muy atr\u00e1s de las innovaciones de Welles. Por esa raz\u00f3n sus compatriotas contempor\u00e1neos no supieron apreciarla, provocando un largo peregrinaje del cineasta por tierras europeas en busca de financiaci\u00f3n para sus futuros proyectos.<\/p>\n<p style=\"text-align: justify;\"><strong><span class=\"tm-color-primary\">FICHA T\u00c9CNICA<\/span><\/strong><\/p>\n<p style=\"text-align: justify;\">Director: Orson Welles<\/p>\n<p style=\"text-align: justify;\">Guion: Orson Welles sobre novela de Sherwood King<\/p>\n<p style=\"text-align: justify;\">M\u00fasica: Heinz Roemheld<\/p>\n<p style=\"text-align: justify;\">Fotograf\u00eda: Charles Lawton Jr.<\/p>\n<p style=\"text-align: justify;\">Protagonistas: Orson Welles, Rita Hayworth, Everett Sloane, Glenn Anders, Ted de Corsia<\/p>\n<p style=\"text-align: justify;\">Estados Unidos &#8211; 1947 &#8211; 87&#8242;<\/p>\n<hr \/>\n<p style=\"text-align: justify;\"><span class=\"tm-color-primary\">Funci\u00f3n:<\/span> <strong>1 de julio a las 20 horas en la Sala H\u00e9ctor Tosar del Auditorio Nelly Goiti\u00f1o<\/p>\n<p><\/strong><span class=\"tm-color-primary\">Localidades:<\/span> Generales $ 150<strong><\/p>\n<p><\/strong><span class=\"tm-color-primary\">Beneficios:<\/span> Cupo gratuito para Socio Espectacular y Montevideo Libre<strong><br \/><\/strong><\/p>\n<\/section>\n<p>\t\t\t\t\t\t[\/vc_column_text]<br \/>\n\t\t\t\t\t\t[vc_empty_space height=\u00bb30px\u00bb el_class=\u00bbcyg&#8211;espacio-30&#8243;]<br \/>\n\t\t\t\t\t[\/vc_column]<br \/>\n\t\t\t\t[\/vc_row][vc_row el_class=\u00bbcyg&#8211;ficha\u00bb]<br \/>\n\t\t\t\t\t[vc_column]<br \/>\n\t\t\t\t\t[vc_column_text]<\/p>\n<section><\/section>\n<p>\t\t\t\t\t[\/vc_column_text]<br \/>\n\t\t\t\t\t[\/vc_column]<br \/>\n\t\t\t\t[\/vc_row][\/vc_section]<\/p>\n<\/div>","protected":false},"excerpt":{"rendered":"<p>[vc_section el_class=\u00bbcontent&#8211;espectaculo evento-auditorio-nelly-goitino\u00bb][vc_row el_class=\u00bbcyg&#8211;descripcion\u00bb] [vc_column] [vc_column_text] SINOPSIS Un trotamundos de origen irland\u00e9s llamado Michael O\u2019Hara (Welles), que ha luchado en la guerra civil espa\u00f1ola y vive ahora de forma m\u00e1s apacible, es contratado para conducir un lujoso yate en un viaje de placer por el mar Caribe organizado por un prestigioso abogado criminalista (Everett Sloane) [&hellip;]<\/p>\n","protected":false},"menu_order":0,"template":"","format":"standard","cuerpo-estable":[],"etiqueta-espectaculo":[],"lugar":[17],"sala-espacio":[35],"acf":[],"yoast_head":"<!-- This site is optimized with the Yoast SEO plugin v21.7 - https:\/\/yoast.com\/wordpress\/plugins\/seo\/ -->\n<title>LA DAMA DE SHANGAI - Espect\u00e1culos<\/title>\n<meta name=\"robots\" content=\"index, follow, max-snippet:-1, max-image-preview:large, max-video-preview:-1\" \/>\n<link rel=\"canonical\" href=\"https:\/\/sodre.gub.uy\/espectaculos\/la-dama-de-shangai\/\" \/>\n<meta property=\"og:locale\" content=\"es_ES\" \/>\n<meta property=\"og:type\" content=\"article\" \/>\n<meta property=\"og:title\" content=\"LA DAMA DE SHANGAI - Espect\u00e1culos\" \/>\n<meta property=\"og:description\" content=\"[vc_section el_class=\u00bbcontent&#8211;espectaculo evento-auditorio-nelly-goitino\u00bb][vc_row el_class=\u00bbcyg&#8211;descripcion\u00bb] [vc_column] [vc_column_text] SINOPSIS Un trotamundos de origen irland\u00e9s llamado Michael O\u2019Hara (Welles), que ha luchado en la guerra civil espa\u00f1ola y vive ahora de forma m\u00e1s apacible, es contratado para conducir un lujoso yate en un viaje de placer por el mar Caribe organizado por un prestigioso abogado criminalista (Everett Sloane) [&hellip;]\" \/>\n<meta property=\"og:url\" content=\"https:\/\/sodre.gub.uy\/espectaculos\/la-dama-de-shangai\/\" \/>\n<meta property=\"og:site_name\" content=\"Espect\u00e1culos\" \/>\n<meta name=\"twitter:card\" content=\"summary_large_image\" \/>\n<meta name=\"twitter:label1\" content=\"Tiempo de lectura\" \/>\n\t<meta name=\"twitter:data1\" content=\"2 minutos\" \/>\n<script type=\"application\/ld+json\" class=\"yoast-schema-graph\">{\"@context\":\"https:\/\/schema.org\",\"@graph\":[{\"@type\":\"WebPage\",\"@id\":\"https:\/\/sodre.gub.uy\/espectaculos\/la-dama-de-shangai\/\",\"url\":\"https:\/\/sodre.gub.uy\/espectaculos\/la-dama-de-shangai\/\",\"name\":\"LA DAMA DE SHANGAI - Espect\u00e1culos\",\"isPartOf\":{\"@id\":\"https:\/\/sodre.gub.uy\/espectaculos\/#website\"},\"datePublished\":\"2019-05-27T06:50:24+00:00\",\"dateModified\":\"2019-05-27T06:50:24+00:00\",\"inLanguage\":\"es\",\"potentialAction\":[{\"@type\":\"ReadAction\",\"target\":[\"https:\/\/sodre.gub.uy\/espectaculos\/la-dama-de-shangai\/\"]}]},{\"@type\":\"WebSite\",\"@id\":\"https:\/\/sodre.gub.uy\/espectaculos\/#website\",\"url\":\"https:\/\/sodre.gub.uy\/espectaculos\/\",\"name\":\"Espect\u00e1culos\",\"description\":\"Servicio Oficial de Difusi\u00f3n, Representaciones y Espect\u00e1culos\",\"publisher\":{\"@id\":\"https:\/\/sodre.gub.uy\/espectaculos\/#organization\"},\"potentialAction\":[{\"@type\":\"SearchAction\",\"target\":{\"@type\":\"EntryPoint\",\"urlTemplate\":\"https:\/\/sodre.gub.uy\/espectaculos\/?s={search_term_string}\"},\"query-input\":\"required name=search_term_string\"}],\"inLanguage\":\"es\"},{\"@type\":\"Organization\",\"@id\":\"https:\/\/sodre.gub.uy\/espectaculos\/#organization\",\"name\":\"Espect\u00e1culos\",\"url\":\"https:\/\/sodre.gub.uy\/espectaculos\/\",\"logo\":{\"@type\":\"ImageObject\",\"inLanguage\":\"es\",\"@id\":\"https:\/\/sodre.gub.uy\/espectaculos\/#\/schema\/logo\/image\/\",\"url\":\"https:\/\/sodre.gub.uy\/espectaculos\/wp-content\/uploads\/sites\/2\/2023\/12\/logo-sodre-black.svg\",\"contentUrl\":\"https:\/\/sodre.gub.uy\/espectaculos\/wp-content\/uploads\/sites\/2\/2023\/12\/logo-sodre-black.svg\",\"caption\":\"Espect\u00e1culos\"},\"image\":{\"@id\":\"https:\/\/sodre.gub.uy\/espectaculos\/#\/schema\/logo\/image\/\"}}]}<\/script>\n<!-- \/ Yoast SEO plugin. -->","yoast_head_json":{"title":"LA DAMA DE SHANGAI - Espect\u00e1culos","robots":{"index":"index","follow":"follow","max-snippet":"max-snippet:-1","max-image-preview":"max-image-preview:large","max-video-preview":"max-video-preview:-1"},"canonical":"https:\/\/sodre.gub.uy\/espectaculos\/la-dama-de-shangai\/","og_locale":"es_ES","og_type":"article","og_title":"LA DAMA DE SHANGAI - Espect\u00e1culos","og_description":"[vc_section el_class=\u00bbcontent&#8211;espectaculo evento-auditorio-nelly-goitino\u00bb][vc_row el_class=\u00bbcyg&#8211;descripcion\u00bb] [vc_column] [vc_column_text] SINOPSIS Un trotamundos de origen irland\u00e9s llamado Michael O\u2019Hara (Welles), que ha luchado en la guerra civil espa\u00f1ola y vive ahora de forma m\u00e1s apacible, es contratado para conducir un lujoso yate en un viaje de placer por el mar Caribe organizado por un prestigioso abogado criminalista (Everett Sloane) [&hellip;]","og_url":"https:\/\/sodre.gub.uy\/espectaculos\/la-dama-de-shangai\/","og_site_name":"Espect\u00e1culos","twitter_card":"summary_large_image","twitter_misc":{"Tiempo de lectura":"2 minutos"},"schema":{"@context":"https:\/\/schema.org","@graph":[{"@type":"WebPage","@id":"https:\/\/sodre.gub.uy\/espectaculos\/la-dama-de-shangai\/","url":"https:\/\/sodre.gub.uy\/espectaculos\/la-dama-de-shangai\/","name":"LA DAMA DE SHANGAI - Espect\u00e1culos","isPartOf":{"@id":"https:\/\/sodre.gub.uy\/espectaculos\/#website"},"datePublished":"2019-05-27T06:50:24+00:00","dateModified":"2019-05-27T06:50:24+00:00","inLanguage":"es","potentialAction":[{"@type":"ReadAction","target":["https:\/\/sodre.gub.uy\/espectaculos\/la-dama-de-shangai\/"]}]},{"@type":"WebSite","@id":"https:\/\/sodre.gub.uy\/espectaculos\/#website","url":"https:\/\/sodre.gub.uy\/espectaculos\/","name":"Espect\u00e1culos","description":"Servicio Oficial de Difusi\u00f3n, Representaciones y Espect\u00e1culos","publisher":{"@id":"https:\/\/sodre.gub.uy\/espectaculos\/#organization"},"potentialAction":[{"@type":"SearchAction","target":{"@type":"EntryPoint","urlTemplate":"https:\/\/sodre.gub.uy\/espectaculos\/?s={search_term_string}"},"query-input":"required name=search_term_string"}],"inLanguage":"es"},{"@type":"Organization","@id":"https:\/\/sodre.gub.uy\/espectaculos\/#organization","name":"Espect\u00e1culos","url":"https:\/\/sodre.gub.uy\/espectaculos\/","logo":{"@type":"ImageObject","inLanguage":"es","@id":"https:\/\/sodre.gub.uy\/espectaculos\/#\/schema\/logo\/image\/","url":"https:\/\/sodre.gub.uy\/espectaculos\/wp-content\/uploads\/sites\/2\/2023\/12\/logo-sodre-black.svg","contentUrl":"https:\/\/sodre.gub.uy\/espectaculos\/wp-content\/uploads\/sites\/2\/2023\/12\/logo-sodre-black.svg","caption":"Espect\u00e1culos"},"image":{"@id":"https:\/\/sodre.gub.uy\/espectaculos\/#\/schema\/logo\/image\/"}}]}},"_links":{"self":[{"href":"https:\/\/sodre.gub.uy\/espectaculos\/wp-json\/wp\/v2\/espectaculo\/2306"}],"collection":[{"href":"https:\/\/sodre.gub.uy\/espectaculos\/wp-json\/wp\/v2\/espectaculo"}],"about":[{"href":"https:\/\/sodre.gub.uy\/espectaculos\/wp-json\/wp\/v2\/types\/espectaculo"}],"version-history":[{"count":0,"href":"https:\/\/sodre.gub.uy\/espectaculos\/wp-json\/wp\/v2\/espectaculo\/2306\/revisions"}],"wp:attachment":[{"href":"https:\/\/sodre.gub.uy\/espectaculos\/wp-json\/wp\/v2\/media?parent=2306"}],"wp:term":[{"taxonomy":"cuerpo-estable","embeddable":true,"href":"https:\/\/sodre.gub.uy\/espectaculos\/wp-json\/wp\/v2\/cuerpo-estable?post=2306"},{"taxonomy":"etiqueta-espectaculo","embeddable":true,"href":"https:\/\/sodre.gub.uy\/espectaculos\/wp-json\/wp\/v2\/etiqueta-espectaculo?post=2306"},{"taxonomy":"lugar","embeddable":true,"href":"https:\/\/sodre.gub.uy\/espectaculos\/wp-json\/wp\/v2\/lugar?post=2306"},{"taxonomy":"sala-espacio","embeddable":true,"href":"https:\/\/sodre.gub.uy\/espectaculos\/wp-json\/wp\/v2\/sala-espacio?post=2306"}],"curies":[{"name":"wp","href":"https:\/\/api.w.org\/{rel}","templated":true}]}}

<div class="wpb-content-wrapper"><p>[vc_section el_class=»content&#8211;espectaculo evento-auditorio-nelly-goitino»][vc_row el_class=»cyg&#8211;descripcion»]<br />
					[vc_column]<br />
						[vc_column_text]</p>
<section>
<p style="text-align: justify;"><span class="tm-color-primary"><strong>SINOPSIS</strong></span></p>
<p style="text-align: justify;">Un trotamundos de origen irlandés llamado Michael O’Hara (Welles), que ha luchado en la guerra civil española y vive ahora de forma más apacible, es contratado para conducir un lujoso yate en un viaje de placer por el mar Caribe organizado por un prestigioso abogado criminalista (Everett Sloane) y su bella mujer (Rita Hayworth). Elementos como el amor, la intriga o el suspenso concurren en esta película de cine negro con una compleja trama ensalzada por la brillante capacidad visual de Welles que comprende todo ese lujoso barroquismo característico de su autor, la habilidad en la puesta en escena y el montaje, en la utilización del sonido y la manera de crear una turbia atmósfera mediante la adecuada tensión establecida entre la imagen fotografiada soberbiamente por Charles Lawton Jr. y los diálogos escritos por el propio Welles. Las interpretaciones de los protagonistas son excelentes, destacando en su reparto como <em>femme fatale</em> una rubia Rita Hayworth a la que su marido por aquella época (si bien ya estaban a punto de la separación) cortó y tiñó el cabello pelirrojo que tan radiantemente había lucido en Gilda. Varias escenas resultan inolvidables, en especial el juego de personalidades lleno de simbología llevado a cabo en la Sala de los Espejos, homenajeado con posterioridad por Woody Allen en <em>Misterioso asesinato en Manhattan</em>. Es una película de audaz y brillante ejecución planteada en una época que estilísticamente estaba muy atrás de las innovaciones de Welles. Por esa razón sus compatriotas contemporáneos no supieron apreciarla, provocando un largo peregrinaje del cineasta por tierras europeas en busca de financiación para sus futuros proyectos.</p>
<p style="text-align: justify;"><strong><span class="tm-color-primary">FICHA TÉCNICA</span></strong></p>
<p style="text-align: justify;">Director: Orson Welles</p>
<p style="text-align: justify;">Guion: Orson Welles sobre novela de Sherwood King</p>
<p style="text-align: justify;">Música: Heinz Roemheld</p>
<p style="text-align: justify;">Fotografía: Charles Lawton Jr.</p>
<p style="text-align: justify;">Protagonistas: Orson Welles, Rita Hayworth, Everett Sloane, Glenn Anders, Ted de Corsia</p>
<p style="text-align: justify;">Estados Unidos &#8211; 1947 &#8211; 87&#8242;</p>
<hr />
<p style="text-align: justify;"><span class="tm-color-primary">Función:</span> <strong>1 de julio a las 20 horas en la Sala Héctor Tosar del Auditorio Nelly Goitiño</p>
<p></strong><span class="tm-color-primary">Localidades:</span> Generales $ 150<strong></p>
<p></strong><span class="tm-color-primary">Beneficios:</span> Cupo gratuito para Socio Espectacular y Montevideo Libre<strong><br /></strong></p>
</section>
<p>						[/vc_column_text]<br />
						[vc_empty_space height=»30px» el_class=»cyg&#8211;espacio-30&#8243;]<br />
					[/vc_column]<br />
				[/vc_row][vc_row el_class=»cyg&#8211;ficha»]<br />
					[vc_column]<br />
					[vc_column_text]</p>
<section></section>
<p>					[/vc_column_text]<br />
					[/vc_column]<br />
				[/vc_row][/vc_section]</p>
</div>

<p>[vc_section el_class=»content&#8211;espectaculo evento-auditorio-nelly-goitino»][vc_row el_class=»cyg&#8211;descripcion»] [vc_column] [vc_column_text] SINOPSIS Un trotamundos de origen irlandés llamado Michael O’Hara (Welles), que ha luchado en la guerra civil española y vive ahora de forma más apacible, es contratado para conducir un lujoso yate en un viaje de placer por el mar Caribe organizado por un prestigioso abogado criminalista (Everett Sloane) [&hellip;]</p>

<!-- This site is optimized with the Yoast SEO plugin v21.7 - https://yoast.com/wordpress/plugins/seo/ -->
<title>LA DAMA DE SHANGAI - Espectáculos</title>
<meta name="robots" content="index, follow, max-snippet:-1, max-image-preview:large, max-video-preview:-1" />
<link rel="canonical" href="https://sodre.gub.uy/espectaculos/la-dama-de-shangai/" />
<meta property="og:locale" content="es_ES" />
<meta property="og:type" content="article" />
<meta property="og:title" content="LA DAMA DE SHANGAI - Espectáculos" />
<meta property="og:description" content="[vc_section el_class=»content&#8211;espectaculo evento-auditorio-nelly-goitino»][vc_row el_class=»cyg&#8211;descripcion»] [vc_column] [vc_column_text] SINOPSIS Un trotamundos de origen irlandés llamado Michael O’Hara (Welles), que ha luchado en la guerra civil española y vive ahora de forma más apacible, es contratado para conducir un lujoso yate en un viaje de placer por el mar Caribe organizado por un prestigioso abogado criminalista (Everett Sloane) [&hellip;]" />
<meta property="og:url" content="https://sodre.gub.uy/espectaculos/la-dama-de-shangai/" />
<meta property="og:site_name" content="Espectáculos" />
<meta name="twitter:card" content="summary_large_image" />
<meta name="twitter:label1" content="Tiempo de lectura" />
	<meta name="twitter:data1" content="2 minutos" />
<script type="application/ld+json" class="yoast-schema-graph">{"@context":"https://schema.org","@graph":[{"@type":"WebPage","@id":"https://sodre.gub.uy/espectaculos/la-dama-de-shangai/","url":"https://sodre.gub.uy/espectaculos/la-dama-de-shangai/","name":"LA DAMA DE SHANGAI - Espectáculos","isPartOf":{"@id":"https://sodre.gub.uy/espectaculos/#website"},"datePublished":"2019-05-27T06:50:24+00:00","dateModified":"2019-05-27T06:50:24+00:00","inLanguage":"es","potentialAction":[{"@type":"ReadAction","target":["https://sodre.gub.uy/espectaculos/la-dama-de-shangai/"]}]},{"@type":"WebSite","@id":"https://sodre.gub.uy/espectaculos/#website","url":"https://sodre.gub.uy/espectaculos/","name":"Espectáculos","description":"Servicio Oficial de Difusión, Representaciones y Espectáculos","publisher":{"@id":"https://sodre.gub.uy/espectaculos/#organization"},"potentialAction":[{"@type":"SearchAction","target":{"@type":"EntryPoint","urlTemplate":"https://sodre.gub.uy/espectaculos/?s={search_term_string}"},"query-input":"required name=search_term_string"}],"inLanguage":"es"},{"@type":"Organization","@id":"https://sodre.gub.uy/espectaculos/#organization","name":"Espectáculos","url":"https://sodre.gub.uy/espectaculos/","logo":{"@type":"ImageObject","inLanguage":"es","@id":"https://sodre.gub.uy/espectaculos/#/schema/logo/image/","url":"https://sodre.gub.uy/espectaculos/wp-content/uploads/sites/2/2023/12/logo-sodre-black.svg","contentUrl":"https://sodre.gub.uy/espectaculos/wp-content/uploads/sites/2/2023/12/logo-sodre-black.svg","caption":"Espectáculos"},"image":{"@id":"https://sodre.gub.uy/espectaculos/#/schema/logo/image/"}}]}</script>
<!-- / Yoast SEO plugin. -->

LA DAMA DE SHANGAI - Espectáculos

[vc_section el_class=»content&#8211;espectaculo evento-auditorio-nelly-goitino»][vc_row el_class=»cyg&#8211;descripcion»] [vc_column] [vc_column_text] SINOPSIS Un trotamundos de origen irlandés llamado Michael O’Hara (Welles), que ha luchado en la guerra civil española y vive ahora de forma más apacible, es contratado para conducir un lujoso yate en un viaje de placer por el mar Caribe organizado por un prestigioso abogado criminalista (Everett Sloane) [&hellip;]

Espectáculos

Servicio Oficial de Difusión, Representaciones y Espectáculos
