{"id":2119,"date":"2019-04-14T14:59:32","date_gmt":"2019-04-14T17:59:32","guid":{"rendered":"https:\/\/sodre.gub.uy\/espectaculos\/al-este-del-paraiso\/"},"modified":"2019-04-14T14:59:32","modified_gmt":"2019-04-14T17:59:32","slug":"al-este-del-paraiso","status":"publish","type":"espectaculo","link":"https:\/\/sodre.gub.uy\/espectaculos\/al-este-del-paraiso\/","title":{"rendered":"AL ESTE DEL PARA\u00cdSO"},"content":{"rendered":"<div class=\"wpb-content-wrapper\"><p>[vc_section el_class=\u00bbcontent&#8211;espectaculo evento-auditorio-nelly-goitino\u00bb][vc_row el_class=\u00bbcyg&#8211;descripcion\u00bb]<br \/>\n\t\t\t\t\t[vc_column]<br \/>\n\t\t\t\t\t\t[vc_column_text]<\/p>\n<section>\n<p style=\"text-align: justify;\"><span style=\"font-size: 18pt;\"><strong><span class=\"tm-color-primary\">SINOPSIS<\/span><\/strong><\/span><\/p>\n<p style=\"text-align: justify;\">Adam Trask (Raymond Massey) vive en su rancho de la poblaci\u00f3n californiana de Salinas, es un pr\u00f3spero ganadero que vive con sus dos hijos, Cal (James Dean) y Aron (Richard Davalos) y su inseparable Biblia (en la que parece refugiarse de sus debilidades y carencias). Aron es el hijo preferido de Adam, estudiante modelo, trabajador y razonable. En cambio Cal es un rebelde solitario, todas sus iniciativas son desechadas e incluso recriminadas por su padre, lo que le hace tener una actitud desafiante ante la vida. Sin embargo, los dos hermanos no se odian, como podr\u00eda creerse, todo lo contrario: se aprecian y quieren mucho. Una persona permanece ignorada: la madre. No podemos olvidar el trabajo de Julie Harris (en el papel de Abra), en un principio novia de Aron. Abra por su car\u00e1cter, ser\u00e1 el personaje clave de la pel\u00edcula.<\/p>\n<p style=\"text-align: justify;\">Esta espl\u00e9ndida pel\u00edcula es la que convirti\u00f3 a James Dean en una estrella pasando a ser el \u00edcono juvenil de los a\u00f1os 50. Su fuerte y compleja personalidad (introvertida en exceso), como aquel ser humano al que le falta encontrar sus ra\u00edces, era muy parecida a la del joven so\u00f1ador que interpreta en la pel\u00edcula. El lenguaje corporal que utiliza es de una fuerza arrolladora, y nos hace entender a la perfecci\u00f3n la desorientaci\u00f3n en la que se encuentra el personaje. Un gran descubrimiento del denostado Elia Kazan, pero magn\u00edfico director sin duda alguna, que vio nominada al \u00d3scar a su pel\u00edcula y a su protagonista. Con un guion estupendo, basado en una novela de John Steinbeck, un escritor que en todas sus obras hace resaltar las carencias del ser humano. La m\u00fasica de Leonard Rosenman es memorable. Una pel\u00edcula rodeada de una aureola m\u00edtica que ha quedado como el s\u00edmbolo de una generaci\u00f3n. \u00a0<\/p>\n<p style=\"text-align: justify;\"><span class=\"tm-color-primary\" style=\"font-size: 18pt;\"><strong>FICHA T\u00c9CNICA<\/strong><br \/><\/span><\/p>\n<p style=\"text-align: justify;\">Direcci\u00f3n y producci\u00f3n: Elia Kazan<\/p>\n<p style=\"text-align: justify;\">Guion: Paul Osborn, basado en novela de John Steinbeck<\/p>\n<p style=\"text-align: justify;\">M\u00fasica: Leonard Rosenman<\/p>\n<p style=\"text-align: justify;\">Fotograf\u00eda: Ted D. McCord<\/p>\n<p style=\"text-align: justify;\">Montaje: Owen Marks<\/p>\n<p style=\"text-align: justify;\">Protagonistas: James Dean, Raymond Massey, Julie Harris, Burl Ives, Richard Davalos, Jo Van Fleet, Albert Dekker<\/p>\n<p style=\"text-align: justify;\">Estados Unidos &#8211; 1955 &#8211; 115&#8242;<\/p>\n<hr \/>\n<p style=\"text-align: justify;\"><span class=\"tm-color-primary\">Funci\u00f3n:<\/span> <strong>3 de junio a las 20 horas en la Sala H\u00e9ctor Tosar del Auditorio Nelly Goiti\u00f1o<\/p>\n<p><\/strong><span class=\"tm-color-primary\">Localidades:<\/span> Generales $ 150<strong><\/p>\n<p><\/strong><span class=\"tm-color-primary\">Beneficios:<\/span> Cupo gratuito para Socio Espectacular y Montevideo Libre<strong><br \/><\/strong><\/p>\n<\/section>\n<p>\t\t\t\t\t\t[\/vc_column_text]<br \/>\n\t\t\t\t\t\t[vc_empty_space height=\u00bb30px\u00bb el_class=\u00bbcyg&#8211;espacio-30&#8243;]<br \/>\n\t\t\t\t\t[\/vc_column]<br \/>\n\t\t\t\t[\/vc_row][vc_row el_class=\u00bbcyg&#8211;ficha\u00bb]<br \/>\n\t\t\t\t\t[vc_column]<br \/>\n\t\t\t\t\t[vc_column_text]<\/p>\n<section><\/section>\n<p>\t\t\t\t\t[\/vc_column_text]<br \/>\n\t\t\t\t\t[\/vc_column]<br \/>\n\t\t\t\t[\/vc_row][\/vc_section]<\/p>\n<\/div>","protected":false},"excerpt":{"rendered":"<p>[vc_section el_class=\u00bbcontent&#8211;espectaculo evento-auditorio-nelly-goitino\u00bb][vc_row el_class=\u00bbcyg&#8211;descripcion\u00bb] [vc_column] [vc_column_text] SINOPSIS Adam Trask (Raymond Massey) vive en su rancho de la poblaci\u00f3n californiana de Salinas, es un pr\u00f3spero ganadero que vive con sus dos hijos, Cal (James Dean) y Aron (Richard Davalos) y su inseparable Biblia (en la que parece refugiarse de sus debilidades y carencias). Aron es el [&hellip;]<\/p>\n","protected":false},"menu_order":0,"template":"","format":"standard","cuerpo-estable":[],"etiqueta-espectaculo":[],"lugar":[17],"sala-espacio":[35],"acf":[],"yoast_head":"<!-- This site is optimized with the Yoast SEO plugin v21.7 - https:\/\/yoast.com\/wordpress\/plugins\/seo\/ -->\n<title>AL ESTE DEL PARA\u00cdSO - Espect\u00e1culos<\/title>\n<meta name=\"robots\" content=\"index, follow, max-snippet:-1, max-image-preview:large, max-video-preview:-1\" \/>\n<link rel=\"canonical\" href=\"https:\/\/sodre.gub.uy\/espectaculos\/al-este-del-paraiso\/\" \/>\n<meta property=\"og:locale\" content=\"es_ES\" \/>\n<meta property=\"og:type\" content=\"article\" \/>\n<meta property=\"og:title\" content=\"AL ESTE DEL PARA\u00cdSO - Espect\u00e1culos\" \/>\n<meta property=\"og:description\" content=\"[vc_section el_class=\u00bbcontent&#8211;espectaculo evento-auditorio-nelly-goitino\u00bb][vc_row el_class=\u00bbcyg&#8211;descripcion\u00bb] [vc_column] [vc_column_text] SINOPSIS Adam Trask (Raymond Massey) vive en su rancho de la poblaci\u00f3n californiana de Salinas, es un pr\u00f3spero ganadero que vive con sus dos hijos, Cal (James Dean) y Aron (Richard Davalos) y su inseparable Biblia (en la que parece refugiarse de sus debilidades y carencias). Aron es el [&hellip;]\" \/>\n<meta property=\"og:url\" content=\"https:\/\/sodre.gub.uy\/espectaculos\/al-este-del-paraiso\/\" \/>\n<meta property=\"og:site_name\" content=\"Espect\u00e1culos\" \/>\n<meta name=\"twitter:card\" content=\"summary_large_image\" \/>\n<meta name=\"twitter:label1\" content=\"Tiempo de lectura\" \/>\n\t<meta name=\"twitter:data1\" content=\"2 minutos\" \/>\n<script type=\"application\/ld+json\" class=\"yoast-schema-graph\">{\"@context\":\"https:\/\/schema.org\",\"@graph\":[{\"@type\":\"WebPage\",\"@id\":\"https:\/\/sodre.gub.uy\/espectaculos\/al-este-del-paraiso\/\",\"url\":\"https:\/\/sodre.gub.uy\/espectaculos\/al-este-del-paraiso\/\",\"name\":\"AL ESTE DEL PARA\u00cdSO - Espect\u00e1culos\",\"isPartOf\":{\"@id\":\"https:\/\/sodre.gub.uy\/espectaculos\/#website\"},\"datePublished\":\"2019-04-14T17:59:32+00:00\",\"dateModified\":\"2019-04-14T17:59:32+00:00\",\"inLanguage\":\"es\",\"potentialAction\":[{\"@type\":\"ReadAction\",\"target\":[\"https:\/\/sodre.gub.uy\/espectaculos\/al-este-del-paraiso\/\"]}]},{\"@type\":\"WebSite\",\"@id\":\"https:\/\/sodre.gub.uy\/espectaculos\/#website\",\"url\":\"https:\/\/sodre.gub.uy\/espectaculos\/\",\"name\":\"Espect\u00e1culos\",\"description\":\"Servicio Oficial de Difusi\u00f3n, Representaciones y Espect\u00e1culos\",\"publisher\":{\"@id\":\"https:\/\/sodre.gub.uy\/espectaculos\/#organization\"},\"potentialAction\":[{\"@type\":\"SearchAction\",\"target\":{\"@type\":\"EntryPoint\",\"urlTemplate\":\"https:\/\/sodre.gub.uy\/espectaculos\/?s={search_term_string}\"},\"query-input\":\"required name=search_term_string\"}],\"inLanguage\":\"es\"},{\"@type\":\"Organization\",\"@id\":\"https:\/\/sodre.gub.uy\/espectaculos\/#organization\",\"name\":\"Espect\u00e1culos\",\"url\":\"https:\/\/sodre.gub.uy\/espectaculos\/\",\"logo\":{\"@type\":\"ImageObject\",\"inLanguage\":\"es\",\"@id\":\"https:\/\/sodre.gub.uy\/espectaculos\/#\/schema\/logo\/image\/\",\"url\":\"https:\/\/sodre.gub.uy\/espectaculos\/wp-content\/uploads\/sites\/2\/2023\/12\/logo-sodre-black.svg\",\"contentUrl\":\"https:\/\/sodre.gub.uy\/espectaculos\/wp-content\/uploads\/sites\/2\/2023\/12\/logo-sodre-black.svg\",\"caption\":\"Espect\u00e1culos\"},\"image\":{\"@id\":\"https:\/\/sodre.gub.uy\/espectaculos\/#\/schema\/logo\/image\/\"}}]}<\/script>\n<!-- \/ Yoast SEO plugin. -->","yoast_head_json":{"title":"AL ESTE DEL PARA\u00cdSO - Espect\u00e1culos","robots":{"index":"index","follow":"follow","max-snippet":"max-snippet:-1","max-image-preview":"max-image-preview:large","max-video-preview":"max-video-preview:-1"},"canonical":"https:\/\/sodre.gub.uy\/espectaculos\/al-este-del-paraiso\/","og_locale":"es_ES","og_type":"article","og_title":"AL ESTE DEL PARA\u00cdSO - Espect\u00e1culos","og_description":"[vc_section el_class=\u00bbcontent&#8211;espectaculo evento-auditorio-nelly-goitino\u00bb][vc_row el_class=\u00bbcyg&#8211;descripcion\u00bb] [vc_column] [vc_column_text] SINOPSIS Adam Trask (Raymond Massey) vive en su rancho de la poblaci\u00f3n californiana de Salinas, es un pr\u00f3spero ganadero que vive con sus dos hijos, Cal (James Dean) y Aron (Richard Davalos) y su inseparable Biblia (en la que parece refugiarse de sus debilidades y carencias). Aron es el [&hellip;]","og_url":"https:\/\/sodre.gub.uy\/espectaculos\/al-este-del-paraiso\/","og_site_name":"Espect\u00e1culos","twitter_card":"summary_large_image","twitter_misc":{"Tiempo de lectura":"2 minutos"},"schema":{"@context":"https:\/\/schema.org","@graph":[{"@type":"WebPage","@id":"https:\/\/sodre.gub.uy\/espectaculos\/al-este-del-paraiso\/","url":"https:\/\/sodre.gub.uy\/espectaculos\/al-este-del-paraiso\/","name":"AL ESTE DEL PARA\u00cdSO - Espect\u00e1culos","isPartOf":{"@id":"https:\/\/sodre.gub.uy\/espectaculos\/#website"},"datePublished":"2019-04-14T17:59:32+00:00","dateModified":"2019-04-14T17:59:32+00:00","inLanguage":"es","potentialAction":[{"@type":"ReadAction","target":["https:\/\/sodre.gub.uy\/espectaculos\/al-este-del-paraiso\/"]}]},{"@type":"WebSite","@id":"https:\/\/sodre.gub.uy\/espectaculos\/#website","url":"https:\/\/sodre.gub.uy\/espectaculos\/","name":"Espect\u00e1culos","description":"Servicio Oficial de Difusi\u00f3n, Representaciones y Espect\u00e1culos","publisher":{"@id":"https:\/\/sodre.gub.uy\/espectaculos\/#organization"},"potentialAction":[{"@type":"SearchAction","target":{"@type":"EntryPoint","urlTemplate":"https:\/\/sodre.gub.uy\/espectaculos\/?s={search_term_string}"},"query-input":"required name=search_term_string"}],"inLanguage":"es"},{"@type":"Organization","@id":"https:\/\/sodre.gub.uy\/espectaculos\/#organization","name":"Espect\u00e1culos","url":"https:\/\/sodre.gub.uy\/espectaculos\/","logo":{"@type":"ImageObject","inLanguage":"es","@id":"https:\/\/sodre.gub.uy\/espectaculos\/#\/schema\/logo\/image\/","url":"https:\/\/sodre.gub.uy\/espectaculos\/wp-content\/uploads\/sites\/2\/2023\/12\/logo-sodre-black.svg","contentUrl":"https:\/\/sodre.gub.uy\/espectaculos\/wp-content\/uploads\/sites\/2\/2023\/12\/logo-sodre-black.svg","caption":"Espect\u00e1culos"},"image":{"@id":"https:\/\/sodre.gub.uy\/espectaculos\/#\/schema\/logo\/image\/"}}]}},"_links":{"self":[{"href":"https:\/\/sodre.gub.uy\/espectaculos\/wp-json\/wp\/v2\/espectaculo\/2119"}],"collection":[{"href":"https:\/\/sodre.gub.uy\/espectaculos\/wp-json\/wp\/v2\/espectaculo"}],"about":[{"href":"https:\/\/sodre.gub.uy\/espectaculos\/wp-json\/wp\/v2\/types\/espectaculo"}],"version-history":[{"count":0,"href":"https:\/\/sodre.gub.uy\/espectaculos\/wp-json\/wp\/v2\/espectaculo\/2119\/revisions"}],"wp:attachment":[{"href":"https:\/\/sodre.gub.uy\/espectaculos\/wp-json\/wp\/v2\/media?parent=2119"}],"wp:term":[{"taxonomy":"cuerpo-estable","embeddable":true,"href":"https:\/\/sodre.gub.uy\/espectaculos\/wp-json\/wp\/v2\/cuerpo-estable?post=2119"},{"taxonomy":"etiqueta-espectaculo","embeddable":true,"href":"https:\/\/sodre.gub.uy\/espectaculos\/wp-json\/wp\/v2\/etiqueta-espectaculo?post=2119"},{"taxonomy":"lugar","embeddable":true,"href":"https:\/\/sodre.gub.uy\/espectaculos\/wp-json\/wp\/v2\/lugar?post=2119"},{"taxonomy":"sala-espacio","embeddable":true,"href":"https:\/\/sodre.gub.uy\/espectaculos\/wp-json\/wp\/v2\/sala-espacio?post=2119"}],"curies":[{"name":"wp","href":"https:\/\/api.w.org\/{rel}","templated":true}]}}

AL ESTE DEL PARAÍSO

<div class="wpb-content-wrapper"><p>[vc_section el_class=»content&#8211;espectaculo evento-auditorio-nelly-goitino»][vc_row el_class=»cyg&#8211;descripcion»]<br />
					[vc_column]<br />
						[vc_column_text]</p>
<section>
<p style="text-align: justify;"><span style="font-size: 18pt;"><strong><span class="tm-color-primary">SINOPSIS</span></strong></span></p>
<p style="text-align: justify;">Adam Trask (Raymond Massey) vive en su rancho de la población californiana de Salinas, es un próspero ganadero que vive con sus dos hijos, Cal (James Dean) y Aron (Richard Davalos) y su inseparable Biblia (en la que parece refugiarse de sus debilidades y carencias). Aron es el hijo preferido de Adam, estudiante modelo, trabajador y razonable. En cambio Cal es un rebelde solitario, todas sus iniciativas son desechadas e incluso recriminadas por su padre, lo que le hace tener una actitud desafiante ante la vida. Sin embargo, los dos hermanos no se odian, como podría creerse, todo lo contrario: se aprecian y quieren mucho. Una persona permanece ignorada: la madre. No podemos olvidar el trabajo de Julie Harris (en el papel de Abra), en un principio novia de Aron. Abra por su carácter, será el personaje clave de la película.</p>
<p style="text-align: justify;">Esta espléndida película es la que convirtió a James Dean en una estrella pasando a ser el ícono juvenil de los años 50. Su fuerte y compleja personalidad (introvertida en exceso), como aquel ser humano al que le falta encontrar sus raíces, era muy parecida a la del joven soñador que interpreta en la película. El lenguaje corporal que utiliza es de una fuerza arrolladora, y nos hace entender a la perfección la desorientación en la que se encuentra el personaje. Un gran descubrimiento del denostado Elia Kazan, pero magnífico director sin duda alguna, que vio nominada al Óscar a su película y a su protagonista. Con un guion estupendo, basado en una novela de John Steinbeck, un escritor que en todas sus obras hace resaltar las carencias del ser humano. La música de Leonard Rosenman es memorable. Una película rodeada de una aureola mítica que ha quedado como el símbolo de una generación.  </p>
<p style="text-align: justify;"><span class="tm-color-primary" style="font-size: 18pt;"><strong>FICHA TÉCNICA</strong><br /></span></p>
<p style="text-align: justify;">Dirección y producción: Elia Kazan</p>
<p style="text-align: justify;">Guion: Paul Osborn, basado en novela de John Steinbeck</p>
<p style="text-align: justify;">Música: Leonard Rosenman</p>
<p style="text-align: justify;">Fotografía: Ted D. McCord</p>
<p style="text-align: justify;">Montaje: Owen Marks</p>
<p style="text-align: justify;">Protagonistas: James Dean, Raymond Massey, Julie Harris, Burl Ives, Richard Davalos, Jo Van Fleet, Albert Dekker</p>
<p style="text-align: justify;">Estados Unidos &#8211; 1955 &#8211; 115&#8242;</p>
<hr />
<p style="text-align: justify;"><span class="tm-color-primary">Función:</span> <strong>3 de junio a las 20 horas en la Sala Héctor Tosar del Auditorio Nelly Goitiño</p>
<p></strong><span class="tm-color-primary">Localidades:</span> Generales $ 150<strong></p>
<p></strong><span class="tm-color-primary">Beneficios:</span> Cupo gratuito para Socio Espectacular y Montevideo Libre<strong><br /></strong></p>
</section>
<p>						[/vc_column_text]<br />
						[vc_empty_space height=»30px» el_class=»cyg&#8211;espacio-30&#8243;]<br />
					[/vc_column]<br />
				[/vc_row][vc_row el_class=»cyg&#8211;ficha»]<br />
					[vc_column]<br />
					[vc_column_text]</p>
<section></section>
<p>					[/vc_column_text]<br />
					[/vc_column]<br />
				[/vc_row][/vc_section]</p>
</div>

<p>[vc_section el_class=»content&#8211;espectaculo evento-auditorio-nelly-goitino»][vc_row el_class=»cyg&#8211;descripcion»] [vc_column] [vc_column_text] SINOPSIS Adam Trask (Raymond Massey) vive en su rancho de la población californiana de Salinas, es un próspero ganadero que vive con sus dos hijos, Cal (James Dean) y Aron (Richard Davalos) y su inseparable Biblia (en la que parece refugiarse de sus debilidades y carencias). Aron es el [&hellip;]</p>

<!-- This site is optimized with the Yoast SEO plugin v21.7 - https://yoast.com/wordpress/plugins/seo/ -->
<title>AL ESTE DEL PARAÍSO - Espectáculos</title>
<meta name="robots" content="index, follow, max-snippet:-1, max-image-preview:large, max-video-preview:-1" />
<link rel="canonical" href="https://sodre.gub.uy/espectaculos/al-este-del-paraiso/" />
<meta property="og:locale" content="es_ES" />
<meta property="og:type" content="article" />
<meta property="og:title" content="AL ESTE DEL PARAÍSO - Espectáculos" />
<meta property="og:description" content="[vc_section el_class=»content&#8211;espectaculo evento-auditorio-nelly-goitino»][vc_row el_class=»cyg&#8211;descripcion»] [vc_column] [vc_column_text] SINOPSIS Adam Trask (Raymond Massey) vive en su rancho de la población californiana de Salinas, es un próspero ganadero que vive con sus dos hijos, Cal (James Dean) y Aron (Richard Davalos) y su inseparable Biblia (en la que parece refugiarse de sus debilidades y carencias). Aron es el [&hellip;]" />
<meta property="og:url" content="https://sodre.gub.uy/espectaculos/al-este-del-paraiso/" />
<meta property="og:site_name" content="Espectáculos" />
<meta name="twitter:card" content="summary_large_image" />
<meta name="twitter:label1" content="Tiempo de lectura" />
	<meta name="twitter:data1" content="2 minutos" />
<script type="application/ld+json" class="yoast-schema-graph">{"@context":"https://schema.org","@graph":[{"@type":"WebPage","@id":"https://sodre.gub.uy/espectaculos/al-este-del-paraiso/","url":"https://sodre.gub.uy/espectaculos/al-este-del-paraiso/","name":"AL ESTE DEL PARAÍSO - Espectáculos","isPartOf":{"@id":"https://sodre.gub.uy/espectaculos/#website"},"datePublished":"2019-04-14T17:59:32+00:00","dateModified":"2019-04-14T17:59:32+00:00","inLanguage":"es","potentialAction":[{"@type":"ReadAction","target":["https://sodre.gub.uy/espectaculos/al-este-del-paraiso/"]}]},{"@type":"WebSite","@id":"https://sodre.gub.uy/espectaculos/#website","url":"https://sodre.gub.uy/espectaculos/","name":"Espectáculos","description":"Servicio Oficial de Difusión, Representaciones y Espectáculos","publisher":{"@id":"https://sodre.gub.uy/espectaculos/#organization"},"potentialAction":[{"@type":"SearchAction","target":{"@type":"EntryPoint","urlTemplate":"https://sodre.gub.uy/espectaculos/?s={search_term_string}"},"query-input":"required name=search_term_string"}],"inLanguage":"es"},{"@type":"Organization","@id":"https://sodre.gub.uy/espectaculos/#organization","name":"Espectáculos","url":"https://sodre.gub.uy/espectaculos/","logo":{"@type":"ImageObject","inLanguage":"es","@id":"https://sodre.gub.uy/espectaculos/#/schema/logo/image/","url":"https://sodre.gub.uy/espectaculos/wp-content/uploads/sites/2/2023/12/logo-sodre-black.svg","contentUrl":"https://sodre.gub.uy/espectaculos/wp-content/uploads/sites/2/2023/12/logo-sodre-black.svg","caption":"Espectáculos"},"image":{"@id":"https://sodre.gub.uy/espectaculos/#/schema/logo/image/"}}]}</script>
<!-- / Yoast SEO plugin. -->

AL ESTE DEL PARAÍSO - Espectáculos

[vc_section el_class=»content&#8211;espectaculo evento-auditorio-nelly-goitino»][vc_row el_class=»cyg&#8211;descripcion»] [vc_column] [vc_column_text] SINOPSIS Adam Trask (Raymond Massey) vive en su rancho de la población californiana de Salinas, es un próspero ganadero que vive con sus dos hijos, Cal (James Dean) y Aron (Richard Davalos) y su inseparable Biblia (en la que parece refugiarse de sus debilidades y carencias). Aron es el [&hellip;]

Espectáculos

Servicio Oficial de Difusión, Representaciones y Espectáculos
