{"id":2116,"date":"2019-04-14T14:55:34","date_gmt":"2019-04-14T17:55:34","guid":{"rendered":"https:\/\/sodre.gub.uy\/espectaculos\/rebelde-sin-causa\/"},"modified":"2019-04-14T14:55:34","modified_gmt":"2019-04-14T17:55:34","slug":"rebelde-sin-causa","status":"publish","type":"espectaculo","link":"https:\/\/sodre.gub.uy\/espectaculos\/rebelde-sin-causa\/","title":{"rendered":"REBELDE SIN CAUSA"},"content":{"rendered":"<div class=\"wpb-content-wrapper\"><p>[vc_section el_class=\u00bbcontent&#8211;espectaculo evento-auditorio-nelly-goitino\u00bb][vc_row el_class=\u00bbcyg&#8211;descripcion\u00bb]<br \/>\n\t\t\t\t\t[vc_column]<br \/>\n\t\t\t\t\t\t[vc_column_text]<\/p>\n<section>\n<p style=\"text-align: justify;\"><span style=\"font-size: 18pt;\"><strong><span class=\"tm-color-primary\">SINOPSIS<\/span><\/strong><\/span><\/p>\n<p style=\"text-align: justify;\"><strong><em>Rebelde sin causa <\/em><\/strong>sigue a Jim Stark (James Dean), un inadaptado estudiante de secundaria, que llega a Los \u00c1ngeles y busca encajar entre sus nuevos compa\u00f1eros. Sin embargo, no lo consigue y r\u00e1pidamente entabla una enemistad con Buzz y su pandilla, y as\u00ed tambi\u00e9n queda flechado por Judy (Natalie Wood), la novia de su antagonista. En este contexto de enfrentamientos, Jim traba amistad con Plat\u00f3n (Sal Mineo), un muchacho solitario, que se convertir\u00e1 en su secuaz. Entre las reiteradas contiendas cada vez m\u00e1s agravantes, Jim, Plat\u00f3n y Judy quedar\u00e1n envueltos en un conflicto que terminar\u00e1 con varias muertes.<\/p>\n<p style=\"text-align: justify;\">La pel\u00edcula revela a un joven inadaptado, que se mete en problemas, buscando encajar y haci\u00e9ndole frente a los adultos y sus estructuras. Pero a pesar de esta rebeld\u00eda, Jim se revela como un muchacho sensible, un amigo leal, capaz de arriesgarlo todo por aquellos a quien quiere. El filme suma drama, romance y an\u00e1lisis sociol\u00f3gico. Explora el fen\u00f3meno de la rebeld\u00eda juvenil que emerge en EE. UU. como problema colectivo en los a\u00f1os 50 del XX. La nueva generaci\u00f3n de adolescentes, llegados al uso de raz\u00f3n despu\u00e9s de la Segunda Guerra Mundial, presenta una cota elevada de individuos conflictivos, transgresores, violentos y rebeldes, aficionados a las emociones fuertes, que con frecuencia caen en la pr\u00e1ctica de actos delictivos. La idea del filme surge como un intento de respuesta a la preocupaci\u00f3n general del pa\u00eds por una problem\u00e1tica nueva y creciente. El filme no es el \u00fanico que aborda el problema de la conflictividad juvenil, pero deviene el m\u00e1s conocido y acreditado del momento.<\/p>\n<p style=\"text-align: justify;\">El largometraje relaciona, sobre todo, la conducta de los j\u00f3venes rebeldes, con su b\u00fasqueda de la honestidad y la sinceridad en un mundo de doble moral, hipocres\u00eda y culto de las falsas apariencias. El filme establece que los problemas de la juventud son, por encima de todo, el reflejo de problemas de fondo del mundo de los adultos.<\/p>\n<p style=\"text-align: justify;\">La interpretaci\u00f3n de Dean, en su segunda pel\u00edcula, es brillante y convincente. Wood y Mineo son nominados a los \u00d3scar (actriz y actor de reparto). Natalie Wood ten\u00eda 16 a\u00f1os. Mineo debuta en cine. Dean se convierte en un \u00edcono del joven rebelde. Su indumentaria con los colores de la bandera norteamericana (vaqueros azules, camiseta blanca y cazadora roja) deviene modelo largamente imitado en su pa\u00eds. \u00a0<\/p>\n<p style=\"text-align: justify;\"><span class=\"tm-color-primary\" style=\"font-size: 18pt;\"><strong>FICHA T\u00c9CNICA<\/strong><br \/><\/span><\/p>\n<p style=\"text-align: justify;\">Direcci\u00f3n: Nicholas Ray<\/p>\n<p style=\"text-align: justify;\">Producci\u00f3n: David Weisbart<\/p>\n<p style=\"text-align: justify;\">Guion: Stewart Stern, Nicholas Ray, Irving Shulman, basado en libro de Robert M. Lindner<\/p>\n<p style=\"text-align: justify;\">M\u00fasica: Leonard Rosenman<\/p>\n<p style=\"text-align: justify;\">Fotograf\u00eda: Ernest Haller<\/p>\n<p style=\"text-align: justify;\">Montaje: William H. Ziegler<\/p>\n<p style=\"text-align: justify;\">Protagonistas: James Dean, Natalie Wood, Sal Mineo, Jim Backus, Ann Doran, Corey Allen<\/p>\n<p style=\"text-align: justify;\">Estados Unidos &#8211; 1955 &#8211; 111&#8242;<\/p>\n<hr \/>\n<p style=\"text-align: justify;\"><span class=\"tm-color-primary\">Funci\u00f3n:<\/span> <strong>3 de junio a las 18 horas en la Sala H\u00e9ctor Tosar del Auditorio Nelly Goiti\u00f1o<\/p>\n<p><\/strong><span class=\"tm-color-primary\">Localidades:<\/span> Generales $ 150<strong><\/p>\n<p><\/strong><span class=\"tm-color-primary\">Beneficios:<\/span> Cupo gratuito para Socio Espectacular y Montevideo Libre<strong><br \/><\/strong><\/p>\n<\/section>\n<p>\t\t\t\t\t\t[\/vc_column_text]<br \/>\n\t\t\t\t\t\t[vc_empty_space height=\u00bb30px\u00bb el_class=\u00bbcyg&#8211;espacio-30&#8243;]<br \/>\n\t\t\t\t\t[\/vc_column]<br \/>\n\t\t\t\t[\/vc_row][vc_row el_class=\u00bbcyg&#8211;ficha\u00bb]<br \/>\n\t\t\t\t\t[vc_column]<br \/>\n\t\t\t\t\t[vc_column_text]<\/p>\n<section>\t<\/section>\n<p>\t\t\t\t\t[\/vc_column_text]<br \/>\n\t\t\t\t\t[\/vc_column]<br \/>\n\t\t\t\t[\/vc_row][\/vc_section]<\/p>\n<\/div>","protected":false},"excerpt":{"rendered":"<p>[vc_section el_class=\u00bbcontent&#8211;espectaculo evento-auditorio-nelly-goitino\u00bb][vc_row el_class=\u00bbcyg&#8211;descripcion\u00bb] [vc_column] [vc_column_text] SINOPSIS Rebelde sin causa sigue a Jim Stark (James Dean), un inadaptado estudiante de secundaria, que llega a Los \u00c1ngeles y busca encajar entre sus nuevos compa\u00f1eros. Sin embargo, no lo consigue y r\u00e1pidamente entabla una enemistad con Buzz y su pandilla, y as\u00ed tambi\u00e9n queda flechado por Judy [&hellip;]<\/p>\n","protected":false},"menu_order":0,"template":"","format":"standard","cuerpo-estable":[],"etiqueta-espectaculo":[],"lugar":[17],"sala-espacio":[35],"acf":[],"yoast_head":"<!-- This site is optimized with the Yoast SEO plugin v21.7 - https:\/\/yoast.com\/wordpress\/plugins\/seo\/ -->\n<title>REBELDE SIN CAUSA - Espect\u00e1culos<\/title>\n<meta name=\"robots\" content=\"index, follow, max-snippet:-1, max-image-preview:large, max-video-preview:-1\" \/>\n<link rel=\"canonical\" href=\"https:\/\/sodre.gub.uy\/espectaculos\/rebelde-sin-causa\/\" \/>\n<meta property=\"og:locale\" content=\"es_ES\" \/>\n<meta property=\"og:type\" content=\"article\" \/>\n<meta property=\"og:title\" content=\"REBELDE SIN CAUSA - Espect\u00e1culos\" \/>\n<meta property=\"og:description\" content=\"[vc_section el_class=\u00bbcontent&#8211;espectaculo evento-auditorio-nelly-goitino\u00bb][vc_row el_class=\u00bbcyg&#8211;descripcion\u00bb] [vc_column] [vc_column_text] SINOPSIS Rebelde sin causa sigue a Jim Stark (James Dean), un inadaptado estudiante de secundaria, que llega a Los \u00c1ngeles y busca encajar entre sus nuevos compa\u00f1eros. Sin embargo, no lo consigue y r\u00e1pidamente entabla una enemistad con Buzz y su pandilla, y as\u00ed tambi\u00e9n queda flechado por Judy [&hellip;]\" \/>\n<meta property=\"og:url\" content=\"https:\/\/sodre.gub.uy\/espectaculos\/rebelde-sin-causa\/\" \/>\n<meta property=\"og:site_name\" content=\"Espect\u00e1culos\" \/>\n<meta name=\"twitter:card\" content=\"summary_large_image\" \/>\n<meta name=\"twitter:label1\" content=\"Tiempo de lectura\" \/>\n\t<meta name=\"twitter:data1\" content=\"3 minutos\" \/>\n<script type=\"application\/ld+json\" class=\"yoast-schema-graph\">{\"@context\":\"https:\/\/schema.org\",\"@graph\":[{\"@type\":\"WebPage\",\"@id\":\"https:\/\/sodre.gub.uy\/espectaculos\/rebelde-sin-causa\/\",\"url\":\"https:\/\/sodre.gub.uy\/espectaculos\/rebelde-sin-causa\/\",\"name\":\"REBELDE SIN CAUSA - Espect\u00e1culos\",\"isPartOf\":{\"@id\":\"https:\/\/sodre.gub.uy\/espectaculos\/#website\"},\"datePublished\":\"2019-04-14T17:55:34+00:00\",\"dateModified\":\"2019-04-14T17:55:34+00:00\",\"inLanguage\":\"es\",\"potentialAction\":[{\"@type\":\"ReadAction\",\"target\":[\"https:\/\/sodre.gub.uy\/espectaculos\/rebelde-sin-causa\/\"]}]},{\"@type\":\"WebSite\",\"@id\":\"https:\/\/sodre.gub.uy\/espectaculos\/#website\",\"url\":\"https:\/\/sodre.gub.uy\/espectaculos\/\",\"name\":\"Espect\u00e1culos\",\"description\":\"Servicio Oficial de Difusi\u00f3n, Representaciones y Espect\u00e1culos\",\"publisher\":{\"@id\":\"https:\/\/sodre.gub.uy\/espectaculos\/#organization\"},\"potentialAction\":[{\"@type\":\"SearchAction\",\"target\":{\"@type\":\"EntryPoint\",\"urlTemplate\":\"https:\/\/sodre.gub.uy\/espectaculos\/?s={search_term_string}\"},\"query-input\":\"required name=search_term_string\"}],\"inLanguage\":\"es\"},{\"@type\":\"Organization\",\"@id\":\"https:\/\/sodre.gub.uy\/espectaculos\/#organization\",\"name\":\"Espect\u00e1culos\",\"url\":\"https:\/\/sodre.gub.uy\/espectaculos\/\",\"logo\":{\"@type\":\"ImageObject\",\"inLanguage\":\"es\",\"@id\":\"https:\/\/sodre.gub.uy\/espectaculos\/#\/schema\/logo\/image\/\",\"url\":\"https:\/\/sodre.gub.uy\/espectaculos\/wp-content\/uploads\/sites\/2\/2023\/12\/logo-sodre-black.svg\",\"contentUrl\":\"https:\/\/sodre.gub.uy\/espectaculos\/wp-content\/uploads\/sites\/2\/2023\/12\/logo-sodre-black.svg\",\"caption\":\"Espect\u00e1culos\"},\"image\":{\"@id\":\"https:\/\/sodre.gub.uy\/espectaculos\/#\/schema\/logo\/image\/\"}}]}<\/script>\n<!-- \/ Yoast SEO plugin. -->","yoast_head_json":{"title":"REBELDE SIN CAUSA - Espect\u00e1culos","robots":{"index":"index","follow":"follow","max-snippet":"max-snippet:-1","max-image-preview":"max-image-preview:large","max-video-preview":"max-video-preview:-1"},"canonical":"https:\/\/sodre.gub.uy\/espectaculos\/rebelde-sin-causa\/","og_locale":"es_ES","og_type":"article","og_title":"REBELDE SIN CAUSA - Espect\u00e1culos","og_description":"[vc_section el_class=\u00bbcontent&#8211;espectaculo evento-auditorio-nelly-goitino\u00bb][vc_row el_class=\u00bbcyg&#8211;descripcion\u00bb] [vc_column] [vc_column_text] SINOPSIS Rebelde sin causa sigue a Jim Stark (James Dean), un inadaptado estudiante de secundaria, que llega a Los \u00c1ngeles y busca encajar entre sus nuevos compa\u00f1eros. Sin embargo, no lo consigue y r\u00e1pidamente entabla una enemistad con Buzz y su pandilla, y as\u00ed tambi\u00e9n queda flechado por Judy [&hellip;]","og_url":"https:\/\/sodre.gub.uy\/espectaculos\/rebelde-sin-causa\/","og_site_name":"Espect\u00e1culos","twitter_card":"summary_large_image","twitter_misc":{"Tiempo de lectura":"3 minutos"},"schema":{"@context":"https:\/\/schema.org","@graph":[{"@type":"WebPage","@id":"https:\/\/sodre.gub.uy\/espectaculos\/rebelde-sin-causa\/","url":"https:\/\/sodre.gub.uy\/espectaculos\/rebelde-sin-causa\/","name":"REBELDE SIN CAUSA - Espect\u00e1culos","isPartOf":{"@id":"https:\/\/sodre.gub.uy\/espectaculos\/#website"},"datePublished":"2019-04-14T17:55:34+00:00","dateModified":"2019-04-14T17:55:34+00:00","inLanguage":"es","potentialAction":[{"@type":"ReadAction","target":["https:\/\/sodre.gub.uy\/espectaculos\/rebelde-sin-causa\/"]}]},{"@type":"WebSite","@id":"https:\/\/sodre.gub.uy\/espectaculos\/#website","url":"https:\/\/sodre.gub.uy\/espectaculos\/","name":"Espect\u00e1culos","description":"Servicio Oficial de Difusi\u00f3n, Representaciones y Espect\u00e1culos","publisher":{"@id":"https:\/\/sodre.gub.uy\/espectaculos\/#organization"},"potentialAction":[{"@type":"SearchAction","target":{"@type":"EntryPoint","urlTemplate":"https:\/\/sodre.gub.uy\/espectaculos\/?s={search_term_string}"},"query-input":"required name=search_term_string"}],"inLanguage":"es"},{"@type":"Organization","@id":"https:\/\/sodre.gub.uy\/espectaculos\/#organization","name":"Espect\u00e1culos","url":"https:\/\/sodre.gub.uy\/espectaculos\/","logo":{"@type":"ImageObject","inLanguage":"es","@id":"https:\/\/sodre.gub.uy\/espectaculos\/#\/schema\/logo\/image\/","url":"https:\/\/sodre.gub.uy\/espectaculos\/wp-content\/uploads\/sites\/2\/2023\/12\/logo-sodre-black.svg","contentUrl":"https:\/\/sodre.gub.uy\/espectaculos\/wp-content\/uploads\/sites\/2\/2023\/12\/logo-sodre-black.svg","caption":"Espect\u00e1culos"},"image":{"@id":"https:\/\/sodre.gub.uy\/espectaculos\/#\/schema\/logo\/image\/"}}]}},"_links":{"self":[{"href":"https:\/\/sodre.gub.uy\/espectaculos\/wp-json\/wp\/v2\/espectaculo\/2116"}],"collection":[{"href":"https:\/\/sodre.gub.uy\/espectaculos\/wp-json\/wp\/v2\/espectaculo"}],"about":[{"href":"https:\/\/sodre.gub.uy\/espectaculos\/wp-json\/wp\/v2\/types\/espectaculo"}],"version-history":[{"count":0,"href":"https:\/\/sodre.gub.uy\/espectaculos\/wp-json\/wp\/v2\/espectaculo\/2116\/revisions"}],"wp:attachment":[{"href":"https:\/\/sodre.gub.uy\/espectaculos\/wp-json\/wp\/v2\/media?parent=2116"}],"wp:term":[{"taxonomy":"cuerpo-estable","embeddable":true,"href":"https:\/\/sodre.gub.uy\/espectaculos\/wp-json\/wp\/v2\/cuerpo-estable?post=2116"},{"taxonomy":"etiqueta-espectaculo","embeddable":true,"href":"https:\/\/sodre.gub.uy\/espectaculos\/wp-json\/wp\/v2\/etiqueta-espectaculo?post=2116"},{"taxonomy":"lugar","embeddable":true,"href":"https:\/\/sodre.gub.uy\/espectaculos\/wp-json\/wp\/v2\/lugar?post=2116"},{"taxonomy":"sala-espacio","embeddable":true,"href":"https:\/\/sodre.gub.uy\/espectaculos\/wp-json\/wp\/v2\/sala-espacio?post=2116"}],"curies":[{"name":"wp","href":"https:\/\/api.w.org\/{rel}","templated":true}]}}

<div class="wpb-content-wrapper"><p>[vc_section el_class=»content&#8211;espectaculo evento-auditorio-nelly-goitino»][vc_row el_class=»cyg&#8211;descripcion»]<br />
					[vc_column]<br />
						[vc_column_text]</p>
<section>
<p style="text-align: justify;"><span style="font-size: 18pt;"><strong><span class="tm-color-primary">SINOPSIS</span></strong></span></p>
<p style="text-align: justify;"><strong><em>Rebelde sin causa </em></strong>sigue a Jim Stark (James Dean), un inadaptado estudiante de secundaria, que llega a Los Ángeles y busca encajar entre sus nuevos compañeros. Sin embargo, no lo consigue y rápidamente entabla una enemistad con Buzz y su pandilla, y así también queda flechado por Judy (Natalie Wood), la novia de su antagonista. En este contexto de enfrentamientos, Jim traba amistad con Platón (Sal Mineo), un muchacho solitario, que se convertirá en su secuaz. Entre las reiteradas contiendas cada vez más agravantes, Jim, Platón y Judy quedarán envueltos en un conflicto que terminará con varias muertes.</p>
<p style="text-align: justify;">La película revela a un joven inadaptado, que se mete en problemas, buscando encajar y haciéndole frente a los adultos y sus estructuras. Pero a pesar de esta rebeldía, Jim se revela como un muchacho sensible, un amigo leal, capaz de arriesgarlo todo por aquellos a quien quiere. El filme suma drama, romance y análisis sociológico. Explora el fenómeno de la rebeldía juvenil que emerge en EE. UU. como problema colectivo en los años 50 del XX. La nueva generación de adolescentes, llegados al uso de razón después de la Segunda Guerra Mundial, presenta una cota elevada de individuos conflictivos, transgresores, violentos y rebeldes, aficionados a las emociones fuertes, que con frecuencia caen en la práctica de actos delictivos. La idea del filme surge como un intento de respuesta a la preocupación general del país por una problemática nueva y creciente. El filme no es el único que aborda el problema de la conflictividad juvenil, pero deviene el más conocido y acreditado del momento.</p>
<p style="text-align: justify;">El largometraje relaciona, sobre todo, la conducta de los jóvenes rebeldes, con su búsqueda de la honestidad y la sinceridad en un mundo de doble moral, hipocresía y culto de las falsas apariencias. El filme establece que los problemas de la juventud son, por encima de todo, el reflejo de problemas de fondo del mundo de los adultos.</p>
<p style="text-align: justify;">La interpretación de Dean, en su segunda película, es brillante y convincente. Wood y Mineo son nominados a los Óscar (actriz y actor de reparto). Natalie Wood tenía 16 años. Mineo debuta en cine. Dean se convierte en un ícono del joven rebelde. Su indumentaria con los colores de la bandera norteamericana (vaqueros azules, camiseta blanca y cazadora roja) deviene modelo largamente imitado en su país.  </p>
<p style="text-align: justify;"><span class="tm-color-primary" style="font-size: 18pt;"><strong>FICHA TÉCNICA</strong><br /></span></p>
<p style="text-align: justify;">Dirección: Nicholas Ray</p>
<p style="text-align: justify;">Producción: David Weisbart</p>
<p style="text-align: justify;">Guion: Stewart Stern, Nicholas Ray, Irving Shulman, basado en libro de Robert M. Lindner</p>
<p style="text-align: justify;">Música: Leonard Rosenman</p>
<p style="text-align: justify;">Fotografía: Ernest Haller</p>
<p style="text-align: justify;">Montaje: William H. Ziegler</p>
<p style="text-align: justify;">Protagonistas: James Dean, Natalie Wood, Sal Mineo, Jim Backus, Ann Doran, Corey Allen</p>
<p style="text-align: justify;">Estados Unidos &#8211; 1955 &#8211; 111&#8242;</p>
<hr />
<p style="text-align: justify;"><span class="tm-color-primary">Función:</span> <strong>3 de junio a las 18 horas en la Sala Héctor Tosar del Auditorio Nelly Goitiño</p>
<p></strong><span class="tm-color-primary">Localidades:</span> Generales $ 150<strong></p>
<p></strong><span class="tm-color-primary">Beneficios:</span> Cupo gratuito para Socio Espectacular y Montevideo Libre<strong><br /></strong></p>
</section>
<p>						[/vc_column_text]<br />
						[vc_empty_space height=»30px» el_class=»cyg&#8211;espacio-30&#8243;]<br />
					[/vc_column]<br />
				[/vc_row][vc_row el_class=»cyg&#8211;ficha»]<br />
					[vc_column]<br />
					[vc_column_text]</p>
<section>	</section>
<p>					[/vc_column_text]<br />
					[/vc_column]<br />
				[/vc_row][/vc_section]</p>
</div>

<p>[vc_section el_class=»content&#8211;espectaculo evento-auditorio-nelly-goitino»][vc_row el_class=»cyg&#8211;descripcion»] [vc_column] [vc_column_text] SINOPSIS Rebelde sin causa sigue a Jim Stark (James Dean), un inadaptado estudiante de secundaria, que llega a Los Ángeles y busca encajar entre sus nuevos compañeros. Sin embargo, no lo consigue y rápidamente entabla una enemistad con Buzz y su pandilla, y así también queda flechado por Judy [&hellip;]</p>

<!-- This site is optimized with the Yoast SEO plugin v21.7 - https://yoast.com/wordpress/plugins/seo/ -->
<title>REBELDE SIN CAUSA - Espectáculos</title>
<meta name="robots" content="index, follow, max-snippet:-1, max-image-preview:large, max-video-preview:-1" />
<link rel="canonical" href="https://sodre.gub.uy/espectaculos/rebelde-sin-causa/" />
<meta property="og:locale" content="es_ES" />
<meta property="og:type" content="article" />
<meta property="og:title" content="REBELDE SIN CAUSA - Espectáculos" />
<meta property="og:description" content="[vc_section el_class=»content&#8211;espectaculo evento-auditorio-nelly-goitino»][vc_row el_class=»cyg&#8211;descripcion»] [vc_column] [vc_column_text] SINOPSIS Rebelde sin causa sigue a Jim Stark (James Dean), un inadaptado estudiante de secundaria, que llega a Los Ángeles y busca encajar entre sus nuevos compañeros. Sin embargo, no lo consigue y rápidamente entabla una enemistad con Buzz y su pandilla, y así también queda flechado por Judy [&hellip;]" />
<meta property="og:url" content="https://sodre.gub.uy/espectaculos/rebelde-sin-causa/" />
<meta property="og:site_name" content="Espectáculos" />
<meta name="twitter:card" content="summary_large_image" />
<meta name="twitter:label1" content="Tiempo de lectura" />
	<meta name="twitter:data1" content="3 minutos" />
<script type="application/ld+json" class="yoast-schema-graph">{"@context":"https://schema.org","@graph":[{"@type":"WebPage","@id":"https://sodre.gub.uy/espectaculos/rebelde-sin-causa/","url":"https://sodre.gub.uy/espectaculos/rebelde-sin-causa/","name":"REBELDE SIN CAUSA - Espectáculos","isPartOf":{"@id":"https://sodre.gub.uy/espectaculos/#website"},"datePublished":"2019-04-14T17:55:34+00:00","dateModified":"2019-04-14T17:55:34+00:00","inLanguage":"es","potentialAction":[{"@type":"ReadAction","target":["https://sodre.gub.uy/espectaculos/rebelde-sin-causa/"]}]},{"@type":"WebSite","@id":"https://sodre.gub.uy/espectaculos/#website","url":"https://sodre.gub.uy/espectaculos/","name":"Espectáculos","description":"Servicio Oficial de Difusión, Representaciones y Espectáculos","publisher":{"@id":"https://sodre.gub.uy/espectaculos/#organization"},"potentialAction":[{"@type":"SearchAction","target":{"@type":"EntryPoint","urlTemplate":"https://sodre.gub.uy/espectaculos/?s={search_term_string}"},"query-input":"required name=search_term_string"}],"inLanguage":"es"},{"@type":"Organization","@id":"https://sodre.gub.uy/espectaculos/#organization","name":"Espectáculos","url":"https://sodre.gub.uy/espectaculos/","logo":{"@type":"ImageObject","inLanguage":"es","@id":"https://sodre.gub.uy/espectaculos/#/schema/logo/image/","url":"https://sodre.gub.uy/espectaculos/wp-content/uploads/sites/2/2023/12/logo-sodre-black.svg","contentUrl":"https://sodre.gub.uy/espectaculos/wp-content/uploads/sites/2/2023/12/logo-sodre-black.svg","caption":"Espectáculos"},"image":{"@id":"https://sodre.gub.uy/espectaculos/#/schema/logo/image/"}}]}</script>
<!-- / Yoast SEO plugin. -->

REBELDE SIN CAUSA - Espectáculos

[vc_section el_class=»content&#8211;espectaculo evento-auditorio-nelly-goitino»][vc_row el_class=»cyg&#8211;descripcion»] [vc_column] [vc_column_text] SINOPSIS Rebelde sin causa sigue a Jim Stark (James Dean), un inadaptado estudiante de secundaria, que llega a Los Ángeles y busca encajar entre sus nuevos compañeros. Sin embargo, no lo consigue y rápidamente entabla una enemistad con Buzz y su pandilla, y así también queda flechado por Judy [&hellip;]

Espectáculos

Servicio Oficial de Difusión, Representaciones y Espectáculos
