{"id":2101,"date":"2019-04-14T03:58:17","date_gmt":"2019-04-14T06:58:17","guid":{"rendered":"https:\/\/sodre.gub.uy\/espectaculos\/al-borde-del-abismo\/"},"modified":"2019-04-14T03:58:17","modified_gmt":"2019-04-14T06:58:17","slug":"al-borde-del-abismo","status":"publish","type":"espectaculo","link":"https:\/\/sodre.gub.uy\/espectaculos\/al-borde-del-abismo\/","title":{"rendered":"AL BORDE DEL ABISMO"},"content":{"rendered":"<div class=\"wpb-content-wrapper\"><p>[vc_section el_class=\u00bbcontent&#8211;espectaculo evento-auditorio-nelly-goitino\u00bb][vc_row el_class=\u00bbcyg&#8211;descripcion\u00bb]<br \/>\n\t\t\t\t\t[vc_column]<br \/>\n\t\t\t\t\t\t[vc_column_text]<\/p>\n<section>\n<p style=\"text-align: justify;\"><span style=\"font-size: 18pt;\"><strong><span class=\"tm-color-primary\">SINOPSIS<\/span><\/strong><\/span><\/p>\n<p style=\"text-align: justify;\">La acci\u00f3n tiene lugar en Hollywood y alrededores a lo largo de una semana, en 1944, durante la Segunda Guerra Mundial. Narra la historia del detective privado Philip Marlowe (Humphrey Bogart), al que el general Sternwood, padre de dos hijas, Vivian (Lauren Bacall) y Carmen (Martha Vickers), encarga la investigaci\u00f3n del chantaje al que es sometido por un oscuro personaje, el librero Geiger, que le reclama dinero por presuntas deudas de juego de su hija Carmen. Marlowe, de 40 a\u00f1os, es un hombre duro, riguroso, implacable, serio y perspicaz. Vivian Rutledge, de 20 a\u00f1os, divorciada, es inteligente, astuta, seductora y aficionada a los juegos de azar. Carmen, de 17 a\u00f1os, es ninf\u00f3mana y toxic\u00f3mana.<\/p>\n<p style=\"text-align: justify;\">La pel\u00edcula, obra de cr\u00edmenes, misterio e intriga, es un filme de cine negro que contraviene algunos de sus c\u00e1nones: no hay una, sino dos mujeres fatales, no usa flashbacks ni voz en off, el h\u00e9roe no es una persona desesperada, etc. Presenta una detallada exploraci\u00f3n del submundo del crimen, tr\u00e1fico de drogas, venganzas, juegos ilegales y extorsi\u00f3n, que recrea en ambientes densos, oscuros y opresivos. La trama es compleja y enrevesada: deja sin desarrollar l\u00edneas de acci\u00f3n, personajes y situaciones, en algunos casos intencionadamente y en otros para evitar problemas de censura. La obra contiene c\u00e1lidas escenas de erotismo sutil, como la de Marlowe en la librer\u00eda que regentea una sensual e insinuante Dorothy Malone, la despedida de la taxista y las conversaciones a solas de los protagonistas en el coche y en el restaurante (sobre caballos). Es una pel\u00edcula violenta, que hilvana una larga sucesi\u00f3n de asesinatos (hasta 7), por despecho, venganza, robo, error, etc. La qu\u00edmica de Bogart y Bacall llena la pantalla de sensualidad y se erige en uno de los atractivos del filme. La reiterada presencia de la muerte explica y justifica el t\u00edtulo de la obra original (<strong><em>El sue\u00f1o eterno<\/em><\/strong>).<\/p>\n<p style=\"text-align: justify;\"><span class=\"tm-color-primary\" style=\"font-size: 18pt;\"><strong>FICHA T\u00c9CNICA<\/strong><br \/><\/span><\/p>\n<p style=\"text-align: justify;\">Direcci\u00f3n y producci\u00f3n: Howard Hawks<\/p>\n<p style=\"text-align: justify;\">Guion: William Faulkner, Leigh Brackett, Jules Furthman, basado en la novela <em>The Big Sleep <\/em>de Raymond Chandler<\/p>\n<p style=\"text-align: justify;\">M\u00fasica: Max Steiner<\/p>\n<p style=\"text-align: justify;\">Fotograf\u00eda: Sid Hickox<\/p>\n<p style=\"text-align: justify;\">Montaje: Christian Nyby<\/p>\n<p style=\"text-align: justify;\">Protagonistas: Humphrey Bogart, Lauren Bacall, John Ridgely, Martha Vickers, Regis Toomey, Dorothy Malone, Elisha Cook Jr.<\/p>\n<p style=\"text-align: justify;\">Estados Unidos &#8211; 1946 &#8211; 115&#8242;<\/p>\n<hr \/>\n<p style=\"text-align: justify;\"><span class=\"tm-color-primary\">Funci\u00f3n:<\/span> <strong>13 de mayo a las 20 horas en la Sala H\u00e9ctor Tosar del Auditorio Nelly Goiti\u00f1o<\/p>\n<p><\/strong><span class=\"tm-color-primary\">Localidades:<\/span> Generales $ 150<strong><\/p>\n<p><\/strong><span class=\"tm-color-primary\">Beneficios:<\/span> Cupo gratuito para Socio Espectacular y Montevideo Libre<strong><br \/><\/strong><\/p>\n<\/section>\n<p>\t\t\t\t\t\t[\/vc_column_text]<br \/>\n\t\t\t\t\t\t[vc_empty_space height=\u00bb30px\u00bb el_class=\u00bbcyg&#8211;espacio-30&#8243;]<br \/>\n\t\t\t\t\t[\/vc_column]<br \/>\n\t\t\t\t[\/vc_row][vc_row el_class=\u00bbcyg&#8211;ficha\u00bb]<br \/>\n\t\t\t\t\t[vc_column]<br \/>\n\t\t\t\t\t[vc_column_text]<\/p>\n<section><\/section>\n<p>\t\t\t\t\t[\/vc_column_text]<br \/>\n\t\t\t\t\t[\/vc_column]<br \/>\n\t\t\t\t[\/vc_row][\/vc_section]<\/p>\n<\/div>","protected":false},"excerpt":{"rendered":"<p>[vc_section el_class=\u00bbcontent&#8211;espectaculo evento-auditorio-nelly-goitino\u00bb][vc_row el_class=\u00bbcyg&#8211;descripcion\u00bb] [vc_column] [vc_column_text] SINOPSIS La acci\u00f3n tiene lugar en Hollywood y alrededores a lo largo de una semana, en 1944, durante la Segunda Guerra Mundial. Narra la historia del detective privado Philip Marlowe (Humphrey Bogart), al que el general Sternwood, padre de dos hijas, Vivian (Lauren Bacall) y Carmen (Martha Vickers), encarga [&hellip;]<\/p>\n","protected":false},"menu_order":0,"template":"","format":"standard","cuerpo-estable":[],"etiqueta-espectaculo":[],"lugar":[17],"sala-espacio":[35],"acf":[],"yoast_head":"<!-- This site is optimized with the Yoast SEO plugin v21.7 - https:\/\/yoast.com\/wordpress\/plugins\/seo\/ -->\n<title>AL BORDE DEL ABISMO - Espect\u00e1culos<\/title>\n<meta name=\"robots\" content=\"index, follow, max-snippet:-1, max-image-preview:large, max-video-preview:-1\" \/>\n<link rel=\"canonical\" href=\"https:\/\/sodre.gub.uy\/espectaculos\/al-borde-del-abismo\/\" \/>\n<meta property=\"og:locale\" content=\"es_ES\" \/>\n<meta property=\"og:type\" content=\"article\" \/>\n<meta property=\"og:title\" content=\"AL BORDE DEL ABISMO - Espect\u00e1culos\" \/>\n<meta property=\"og:description\" content=\"[vc_section el_class=\u00bbcontent&#8211;espectaculo evento-auditorio-nelly-goitino\u00bb][vc_row el_class=\u00bbcyg&#8211;descripcion\u00bb] [vc_column] [vc_column_text] SINOPSIS La acci\u00f3n tiene lugar en Hollywood y alrededores a lo largo de una semana, en 1944, durante la Segunda Guerra Mundial. Narra la historia del detective privado Philip Marlowe (Humphrey Bogart), al que el general Sternwood, padre de dos hijas, Vivian (Lauren Bacall) y Carmen (Martha Vickers), encarga [&hellip;]\" \/>\n<meta property=\"og:url\" content=\"https:\/\/sodre.gub.uy\/espectaculos\/al-borde-del-abismo\/\" \/>\n<meta property=\"og:site_name\" content=\"Espect\u00e1culos\" \/>\n<meta name=\"twitter:card\" content=\"summary_large_image\" \/>\n<meta name=\"twitter:label1\" content=\"Tiempo de lectura\" \/>\n\t<meta name=\"twitter:data1\" content=\"2 minutos\" \/>\n<script type=\"application\/ld+json\" class=\"yoast-schema-graph\">{\"@context\":\"https:\/\/schema.org\",\"@graph\":[{\"@type\":\"WebPage\",\"@id\":\"https:\/\/sodre.gub.uy\/espectaculos\/al-borde-del-abismo\/\",\"url\":\"https:\/\/sodre.gub.uy\/espectaculos\/al-borde-del-abismo\/\",\"name\":\"AL BORDE DEL ABISMO - Espect\u00e1culos\",\"isPartOf\":{\"@id\":\"https:\/\/sodre.gub.uy\/espectaculos\/#website\"},\"datePublished\":\"2019-04-14T06:58:17+00:00\",\"dateModified\":\"2019-04-14T06:58:17+00:00\",\"inLanguage\":\"es\",\"potentialAction\":[{\"@type\":\"ReadAction\",\"target\":[\"https:\/\/sodre.gub.uy\/espectaculos\/al-borde-del-abismo\/\"]}]},{\"@type\":\"WebSite\",\"@id\":\"https:\/\/sodre.gub.uy\/espectaculos\/#website\",\"url\":\"https:\/\/sodre.gub.uy\/espectaculos\/\",\"name\":\"Espect\u00e1culos\",\"description\":\"Servicio Oficial de Difusi\u00f3n, Representaciones y Espect\u00e1culos\",\"publisher\":{\"@id\":\"https:\/\/sodre.gub.uy\/espectaculos\/#organization\"},\"potentialAction\":[{\"@type\":\"SearchAction\",\"target\":{\"@type\":\"EntryPoint\",\"urlTemplate\":\"https:\/\/sodre.gub.uy\/espectaculos\/?s={search_term_string}\"},\"query-input\":\"required name=search_term_string\"}],\"inLanguage\":\"es\"},{\"@type\":\"Organization\",\"@id\":\"https:\/\/sodre.gub.uy\/espectaculos\/#organization\",\"name\":\"Espect\u00e1culos\",\"url\":\"https:\/\/sodre.gub.uy\/espectaculos\/\",\"logo\":{\"@type\":\"ImageObject\",\"inLanguage\":\"es\",\"@id\":\"https:\/\/sodre.gub.uy\/espectaculos\/#\/schema\/logo\/image\/\",\"url\":\"https:\/\/sodre.gub.uy\/espectaculos\/wp-content\/uploads\/sites\/2\/2023\/12\/logo-sodre-black.svg\",\"contentUrl\":\"https:\/\/sodre.gub.uy\/espectaculos\/wp-content\/uploads\/sites\/2\/2023\/12\/logo-sodre-black.svg\",\"caption\":\"Espect\u00e1culos\"},\"image\":{\"@id\":\"https:\/\/sodre.gub.uy\/espectaculos\/#\/schema\/logo\/image\/\"}}]}<\/script>\n<!-- \/ Yoast SEO plugin. -->","yoast_head_json":{"title":"AL BORDE DEL ABISMO - Espect\u00e1culos","robots":{"index":"index","follow":"follow","max-snippet":"max-snippet:-1","max-image-preview":"max-image-preview:large","max-video-preview":"max-video-preview:-1"},"canonical":"https:\/\/sodre.gub.uy\/espectaculos\/al-borde-del-abismo\/","og_locale":"es_ES","og_type":"article","og_title":"AL BORDE DEL ABISMO - Espect\u00e1culos","og_description":"[vc_section el_class=\u00bbcontent&#8211;espectaculo evento-auditorio-nelly-goitino\u00bb][vc_row el_class=\u00bbcyg&#8211;descripcion\u00bb] [vc_column] [vc_column_text] SINOPSIS La acci\u00f3n tiene lugar en Hollywood y alrededores a lo largo de una semana, en 1944, durante la Segunda Guerra Mundial. Narra la historia del detective privado Philip Marlowe (Humphrey Bogart), al que el general Sternwood, padre de dos hijas, Vivian (Lauren Bacall) y Carmen (Martha Vickers), encarga [&hellip;]","og_url":"https:\/\/sodre.gub.uy\/espectaculos\/al-borde-del-abismo\/","og_site_name":"Espect\u00e1culos","twitter_card":"summary_large_image","twitter_misc":{"Tiempo de lectura":"2 minutos"},"schema":{"@context":"https:\/\/schema.org","@graph":[{"@type":"WebPage","@id":"https:\/\/sodre.gub.uy\/espectaculos\/al-borde-del-abismo\/","url":"https:\/\/sodre.gub.uy\/espectaculos\/al-borde-del-abismo\/","name":"AL BORDE DEL ABISMO - Espect\u00e1culos","isPartOf":{"@id":"https:\/\/sodre.gub.uy\/espectaculos\/#website"},"datePublished":"2019-04-14T06:58:17+00:00","dateModified":"2019-04-14T06:58:17+00:00","inLanguage":"es","potentialAction":[{"@type":"ReadAction","target":["https:\/\/sodre.gub.uy\/espectaculos\/al-borde-del-abismo\/"]}]},{"@type":"WebSite","@id":"https:\/\/sodre.gub.uy\/espectaculos\/#website","url":"https:\/\/sodre.gub.uy\/espectaculos\/","name":"Espect\u00e1culos","description":"Servicio Oficial de Difusi\u00f3n, Representaciones y Espect\u00e1culos","publisher":{"@id":"https:\/\/sodre.gub.uy\/espectaculos\/#organization"},"potentialAction":[{"@type":"SearchAction","target":{"@type":"EntryPoint","urlTemplate":"https:\/\/sodre.gub.uy\/espectaculos\/?s={search_term_string}"},"query-input":"required name=search_term_string"}],"inLanguage":"es"},{"@type":"Organization","@id":"https:\/\/sodre.gub.uy\/espectaculos\/#organization","name":"Espect\u00e1culos","url":"https:\/\/sodre.gub.uy\/espectaculos\/","logo":{"@type":"ImageObject","inLanguage":"es","@id":"https:\/\/sodre.gub.uy\/espectaculos\/#\/schema\/logo\/image\/","url":"https:\/\/sodre.gub.uy\/espectaculos\/wp-content\/uploads\/sites\/2\/2023\/12\/logo-sodre-black.svg","contentUrl":"https:\/\/sodre.gub.uy\/espectaculos\/wp-content\/uploads\/sites\/2\/2023\/12\/logo-sodre-black.svg","caption":"Espect\u00e1culos"},"image":{"@id":"https:\/\/sodre.gub.uy\/espectaculos\/#\/schema\/logo\/image\/"}}]}},"_links":{"self":[{"href":"https:\/\/sodre.gub.uy\/espectaculos\/wp-json\/wp\/v2\/espectaculo\/2101"}],"collection":[{"href":"https:\/\/sodre.gub.uy\/espectaculos\/wp-json\/wp\/v2\/espectaculo"}],"about":[{"href":"https:\/\/sodre.gub.uy\/espectaculos\/wp-json\/wp\/v2\/types\/espectaculo"}],"version-history":[{"count":0,"href":"https:\/\/sodre.gub.uy\/espectaculos\/wp-json\/wp\/v2\/espectaculo\/2101\/revisions"}],"wp:attachment":[{"href":"https:\/\/sodre.gub.uy\/espectaculos\/wp-json\/wp\/v2\/media?parent=2101"}],"wp:term":[{"taxonomy":"cuerpo-estable","embeddable":true,"href":"https:\/\/sodre.gub.uy\/espectaculos\/wp-json\/wp\/v2\/cuerpo-estable?post=2101"},{"taxonomy":"etiqueta-espectaculo","embeddable":true,"href":"https:\/\/sodre.gub.uy\/espectaculos\/wp-json\/wp\/v2\/etiqueta-espectaculo?post=2101"},{"taxonomy":"lugar","embeddable":true,"href":"https:\/\/sodre.gub.uy\/espectaculos\/wp-json\/wp\/v2\/lugar?post=2101"},{"taxonomy":"sala-espacio","embeddable":true,"href":"https:\/\/sodre.gub.uy\/espectaculos\/wp-json\/wp\/v2\/sala-espacio?post=2101"}],"curies":[{"name":"wp","href":"https:\/\/api.w.org\/{rel}","templated":true}]}}

<div class="wpb-content-wrapper"><p>[vc_section el_class=»content&#8211;espectaculo evento-auditorio-nelly-goitino»][vc_row el_class=»cyg&#8211;descripcion»]<br />
					[vc_column]<br />
						[vc_column_text]</p>
<section>
<p style="text-align: justify;"><span style="font-size: 18pt;"><strong><span class="tm-color-primary">SINOPSIS</span></strong></span></p>
<p style="text-align: justify;">La acción tiene lugar en Hollywood y alrededores a lo largo de una semana, en 1944, durante la Segunda Guerra Mundial. Narra la historia del detective privado Philip Marlowe (Humphrey Bogart), al que el general Sternwood, padre de dos hijas, Vivian (Lauren Bacall) y Carmen (Martha Vickers), encarga la investigación del chantaje al que es sometido por un oscuro personaje, el librero Geiger, que le reclama dinero por presuntas deudas de juego de su hija Carmen. Marlowe, de 40 años, es un hombre duro, riguroso, implacable, serio y perspicaz. Vivian Rutledge, de 20 años, divorciada, es inteligente, astuta, seductora y aficionada a los juegos de azar. Carmen, de 17 años, es ninfómana y toxicómana.</p>
<p style="text-align: justify;">La película, obra de crímenes, misterio e intriga, es un filme de cine negro que contraviene algunos de sus cánones: no hay una, sino dos mujeres fatales, no usa flashbacks ni voz en off, el héroe no es una persona desesperada, etc. Presenta una detallada exploración del submundo del crimen, tráfico de drogas, venganzas, juegos ilegales y extorsión, que recrea en ambientes densos, oscuros y opresivos. La trama es compleja y enrevesada: deja sin desarrollar líneas de acción, personajes y situaciones, en algunos casos intencionadamente y en otros para evitar problemas de censura. La obra contiene cálidas escenas de erotismo sutil, como la de Marlowe en la librería que regentea una sensual e insinuante Dorothy Malone, la despedida de la taxista y las conversaciones a solas de los protagonistas en el coche y en el restaurante (sobre caballos). Es una película violenta, que hilvana una larga sucesión de asesinatos (hasta 7), por despecho, venganza, robo, error, etc. La química de Bogart y Bacall llena la pantalla de sensualidad y se erige en uno de los atractivos del filme. La reiterada presencia de la muerte explica y justifica el título de la obra original (<strong><em>El sueño eterno</em></strong>).</p>
<p style="text-align: justify;"><span class="tm-color-primary" style="font-size: 18pt;"><strong>FICHA TÉCNICA</strong><br /></span></p>
<p style="text-align: justify;">Dirección y producción: Howard Hawks</p>
<p style="text-align: justify;">Guion: William Faulkner, Leigh Brackett, Jules Furthman, basado en la novela <em>The Big Sleep </em>de Raymond Chandler</p>
<p style="text-align: justify;">Música: Max Steiner</p>
<p style="text-align: justify;">Fotografía: Sid Hickox</p>
<p style="text-align: justify;">Montaje: Christian Nyby</p>
<p style="text-align: justify;">Protagonistas: Humphrey Bogart, Lauren Bacall, John Ridgely, Martha Vickers, Regis Toomey, Dorothy Malone, Elisha Cook Jr.</p>
<p style="text-align: justify;">Estados Unidos &#8211; 1946 &#8211; 115&#8242;</p>
<hr />
<p style="text-align: justify;"><span class="tm-color-primary">Función:</span> <strong>13 de mayo a las 20 horas en la Sala Héctor Tosar del Auditorio Nelly Goitiño</p>
<p></strong><span class="tm-color-primary">Localidades:</span> Generales $ 150<strong></p>
<p></strong><span class="tm-color-primary">Beneficios:</span> Cupo gratuito para Socio Espectacular y Montevideo Libre<strong><br /></strong></p>
</section>
<p>						[/vc_column_text]<br />
						[vc_empty_space height=»30px» el_class=»cyg&#8211;espacio-30&#8243;]<br />
					[/vc_column]<br />
				[/vc_row][vc_row el_class=»cyg&#8211;ficha»]<br />
					[vc_column]<br />
					[vc_column_text]</p>
<section></section>
<p>					[/vc_column_text]<br />
					[/vc_column]<br />
				[/vc_row][/vc_section]</p>
</div>

<p>[vc_section el_class=»content&#8211;espectaculo evento-auditorio-nelly-goitino»][vc_row el_class=»cyg&#8211;descripcion»] [vc_column] [vc_column_text] SINOPSIS La acción tiene lugar en Hollywood y alrededores a lo largo de una semana, en 1944, durante la Segunda Guerra Mundial. Narra la historia del detective privado Philip Marlowe (Humphrey Bogart), al que el general Sternwood, padre de dos hijas, Vivian (Lauren Bacall) y Carmen (Martha Vickers), encarga [&hellip;]</p>

<!-- This site is optimized with the Yoast SEO plugin v21.7 - https://yoast.com/wordpress/plugins/seo/ -->
<title>AL BORDE DEL ABISMO - Espectáculos</title>
<meta name="robots" content="index, follow, max-snippet:-1, max-image-preview:large, max-video-preview:-1" />
<link rel="canonical" href="https://sodre.gub.uy/espectaculos/al-borde-del-abismo/" />
<meta property="og:locale" content="es_ES" />
<meta property="og:type" content="article" />
<meta property="og:title" content="AL BORDE DEL ABISMO - Espectáculos" />
<meta property="og:description" content="[vc_section el_class=»content&#8211;espectaculo evento-auditorio-nelly-goitino»][vc_row el_class=»cyg&#8211;descripcion»] [vc_column] [vc_column_text] SINOPSIS La acción tiene lugar en Hollywood y alrededores a lo largo de una semana, en 1944, durante la Segunda Guerra Mundial. Narra la historia del detective privado Philip Marlowe (Humphrey Bogart), al que el general Sternwood, padre de dos hijas, Vivian (Lauren Bacall) y Carmen (Martha Vickers), encarga [&hellip;]" />
<meta property="og:url" content="https://sodre.gub.uy/espectaculos/al-borde-del-abismo/" />
<meta property="og:site_name" content="Espectáculos" />
<meta name="twitter:card" content="summary_large_image" />
<meta name="twitter:label1" content="Tiempo de lectura" />
	<meta name="twitter:data1" content="2 minutos" />
<script type="application/ld+json" class="yoast-schema-graph">{"@context":"https://schema.org","@graph":[{"@type":"WebPage","@id":"https://sodre.gub.uy/espectaculos/al-borde-del-abismo/","url":"https://sodre.gub.uy/espectaculos/al-borde-del-abismo/","name":"AL BORDE DEL ABISMO - Espectáculos","isPartOf":{"@id":"https://sodre.gub.uy/espectaculos/#website"},"datePublished":"2019-04-14T06:58:17+00:00","dateModified":"2019-04-14T06:58:17+00:00","inLanguage":"es","potentialAction":[{"@type":"ReadAction","target":["https://sodre.gub.uy/espectaculos/al-borde-del-abismo/"]}]},{"@type":"WebSite","@id":"https://sodre.gub.uy/espectaculos/#website","url":"https://sodre.gub.uy/espectaculos/","name":"Espectáculos","description":"Servicio Oficial de Difusión, Representaciones y Espectáculos","publisher":{"@id":"https://sodre.gub.uy/espectaculos/#organization"},"potentialAction":[{"@type":"SearchAction","target":{"@type":"EntryPoint","urlTemplate":"https://sodre.gub.uy/espectaculos/?s={search_term_string}"},"query-input":"required name=search_term_string"}],"inLanguage":"es"},{"@type":"Organization","@id":"https://sodre.gub.uy/espectaculos/#organization","name":"Espectáculos","url":"https://sodre.gub.uy/espectaculos/","logo":{"@type":"ImageObject","inLanguage":"es","@id":"https://sodre.gub.uy/espectaculos/#/schema/logo/image/","url":"https://sodre.gub.uy/espectaculos/wp-content/uploads/sites/2/2023/12/logo-sodre-black.svg","contentUrl":"https://sodre.gub.uy/espectaculos/wp-content/uploads/sites/2/2023/12/logo-sodre-black.svg","caption":"Espectáculos"},"image":{"@id":"https://sodre.gub.uy/espectaculos/#/schema/logo/image/"}}]}</script>
<!-- / Yoast SEO plugin. -->

AL BORDE DEL ABISMO - Espectáculos

[vc_section el_class=»content&#8211;espectaculo evento-auditorio-nelly-goitino»][vc_row el_class=»cyg&#8211;descripcion»] [vc_column] [vc_column_text] SINOPSIS La acción tiene lugar en Hollywood y alrededores a lo largo de una semana, en 1944, durante la Segunda Guerra Mundial. Narra la historia del detective privado Philip Marlowe (Humphrey Bogart), al que el general Sternwood, padre de dos hijas, Vivian (Lauren Bacall) y Carmen (Martha Vickers), encarga [&hellip;]

Espectáculos

Servicio Oficial de Difusión, Representaciones y Espectáculos
