{"id":11860,"date":"2026-04-28T16:26:16","date_gmt":"2026-04-28T19:26:16","guid":{"rendered":"https:\/\/sodre.gub.uy\/espectaculos\/?post_type=espectaculo&#038;p=11860"},"modified":"2026-04-30T13:16:36","modified_gmt":"2026-04-30T16:16:36","slug":"examen-de-egreso-federico-fagundez-enal","status":"publish","type":"espectaculo","link":"https:\/\/sodre.gub.uy\/espectaculos\/examen-de-egreso-federico-fagundez-enal\/","title":{"rendered":"Examen de egreso: Federico Fag\u00fandez"},"content":{"rendered":"<div class=\"wpb-content-wrapper\"><p>[vc_section el_class=\u00bbcontent&#8211;espectaculo\u00bb][vc_row el_class=\u00bbcyg&#8211;descripcion\u00bb][vc_column][vc_column_text]El Sodre invita a acompa\u00f1ar la funci\u00f3n de egreso de la Escuela Nacional de Arte L\u00edrico, una instancia donde los estudiantes presentan el trabajo desarrollado a lo largo del a\u00f1o y comparten con el p\u00fablico el resultado de su formaci\u00f3n art\u00edstica.<\/p>\n<p><strong>Participan:<\/strong> Sof\u00eda Rasmussen yFlorencia Perez<\/p>\n<p>&nbsp;<\/p>\n<p>&nbsp;<\/p>\n<p><strong>Programa del examen de egreso<\/strong><\/p>\n<p>J. HAYDN, del oratorio \u201cDie Jahreszeiten\u201d: \u201cSchon eilet froh der Ackermann\u201d.<br \/>\nFederico Fag\u00fandez (4\u2019)<\/p>\n<p>C. MONTEVERDI, de la \u00f3pera \u201cL\u2019incoronazione di Poppea\u201d: \u201cPur ti miro\u201d.<br \/>\nFlorencia P\u00e9rez y Federico Fagundez (5\u2019)<\/p>\n<p>W.A.MOZART, de la \u00f3pera \u201cDie Zauberfl\u00f6te\u201d: \u201cBei M\u00e4nnern, welche Liebe<br \/>\nf\u00fclhen\u201d<br \/>\nSof\u00eda Rasmussen y Federico Fag\u00fandez (3\u201930\u201d)<\/p>\n<p>G.DONIZETTI, de la \u00f3pera \u201cLa Favorita\u201d: \u201cVien, Leonora\u201d<br \/>\nFederico Fag\u00fandez (3\u2019)<\/p>\n<p>A.DVORAK, del ciclo \u201cCanciones Gitanas\u201d : \u201cCanciones que mi madre me<br \/>\nense\u00f1\u00f3\u201d.<br \/>\nFlorencia Perez (3\u2019)<\/p>\n<p>F. SCHUBERT, del ciclo \u201cDie Winterreise\u201d: \u201cDer Leiermann\u201d<br \/>\nFederico Fag\u00fandez (4\u2019)<\/p>\n<p>P.I.TCHAIKOVSKY, del libro 2 de canciones TH 89: \u201cMi genio, mi \u00e1ngel, mi<br \/>\namigo\u201d.<br \/>\nFederico Fag\u00fandez (3\u2019)<\/p>\n<p>R. CHAP\u00cd, de la zarzuela \u201cLas hijas del Zebedeo\u201d: \u201cCarceleras\u201d<br \/>\nSof\u00eda Rasmussen (4\u2019)<\/p>\n<p>SOUTULLO Y VERT, de la zarzuela \u201cLa del soto del parral\u201d: \u201cYa mis horas<br \/>\nfelices\u201d<br \/>\nFederico Fag\u00fandez (5\u2019)<\/p>\n<h4><b>Entrada libre.<\/b><\/h4>\n<p>[\/vc_column_text][vc_empty_space height=\u00bb30px\u00bb el_class=\u00bbcyg&#8211;espacio-30&#8243;][\/vc_column][\/vc_row][vc_row el_class=\u00bbcyg&#8211;ficha\u00bb][vc_column width=\u00bb1\/2&#8243;][vc_row_inner][vc_column_inner][vc_empty_space height=\u00bb10&#8243; el_class=\u00bbcyg&#8211;espacio-10&#8243;][\/vc_column_inner][\/vc_row_inner][vc_row_inner][vc_column_inner][vc_empty_space height=\u00bb10&#8243; el_class=\u00bbcyg&#8211;espacio-10&#8243;][\/vc_column_inner][\/vc_row_inner][\/vc_column][vc_column width=\u00bb1\/2&#8243;][vc_row_inner][vc_column_inner][vc_empty_space height=\u00bb10&#8243; el_class=\u00bbcyg&#8211;espacio-10&#8243;][\/vc_column_inner][\/vc_row_inner][vc_row_inner][vc_column_inner][vc_empty_space height=\u00bb10&#8243; el_class=\u00bbcyg&#8211;espacio-10&#8243;][\/vc_column_inner][\/vc_row_inner][\/vc_column][\/vc_row][vc_row][vc_column][vc_empty_space height=\u00bb10px\u00bb][\/vc_column][\/vc_row][\/vc_section]<\/p>\n<\/div>","protected":false},"excerpt":{"rendered":"<p>Escuela Nacional de Formaci\u00f3n Art\u00edstica<\/p>\n","protected":false},"menu_order":0,"template":"","format":"standard","cuerpo-estable":[40],"etiqueta-espectaculo":[],"lugar":[18],"sala-espacio":[],"acf":[],"yoast_head":"<!-- This site is optimized with the Yoast SEO plugin v21.7 - https:\/\/yoast.com\/wordpress\/plugins\/seo\/ -->\n<title>Examen de egreso: Federico Fag\u00fandez - Espect\u00e1culos<\/title>\n<meta name=\"robots\" content=\"index, follow, max-snippet:-1, max-image-preview:large, max-video-preview:-1\" \/>\n<link rel=\"canonical\" href=\"https:\/\/sodre.gub.uy\/espectaculos\/examen-de-egreso-federico-fagundez-enal\/\" \/>\n<meta property=\"og:locale\" content=\"es_ES\" \/>\n<meta property=\"og:type\" content=\"article\" \/>\n<meta property=\"og:title\" content=\"Examen de egreso: Federico Fag\u00fandez - Espect\u00e1culos\" \/>\n<meta property=\"og:description\" content=\"Escuela Nacional de Formaci\u00f3n Art\u00edstica\" \/>\n<meta property=\"og:url\" content=\"https:\/\/sodre.gub.uy\/espectaculos\/examen-de-egreso-federico-fagundez-enal\/\" \/>\n<meta property=\"og:site_name\" content=\"Espect\u00e1culos\" \/>\n<meta property=\"article:modified_time\" content=\"2026-04-30T16:16:36+00:00\" \/>\n<meta name=\"twitter:card\" content=\"summary_large_image\" \/>\n<meta name=\"twitter:label1\" content=\"Tiempo de lectura\" \/>\n\t<meta name=\"twitter:data1\" content=\"1 minuto\" \/>\n<script type=\"application\/ld+json\" class=\"yoast-schema-graph\">{\"@context\":\"https:\/\/schema.org\",\"@graph\":[{\"@type\":\"WebPage\",\"@id\":\"https:\/\/sodre.gub.uy\/espectaculos\/examen-de-egreso-federico-fagundez-enal\/\",\"url\":\"https:\/\/sodre.gub.uy\/espectaculos\/examen-de-egreso-federico-fagundez-enal\/\",\"name\":\"Examen de egreso: Federico Fag\u00fandez - Espect\u00e1culos\",\"isPartOf\":{\"@id\":\"https:\/\/sodre.gub.uy\/espectaculos\/#website\"},\"datePublished\":\"2026-04-28T19:26:16+00:00\",\"dateModified\":\"2026-04-30T16:16:36+00:00\",\"inLanguage\":\"es\",\"potentialAction\":[{\"@type\":\"ReadAction\",\"target\":[\"https:\/\/sodre.gub.uy\/espectaculos\/examen-de-egreso-federico-fagundez-enal\/\"]}]},{\"@type\":\"WebSite\",\"@id\":\"https:\/\/sodre.gub.uy\/espectaculos\/#website\",\"url\":\"https:\/\/sodre.gub.uy\/espectaculos\/\",\"name\":\"Espect\u00e1culos\",\"description\":\"Servicio Oficial de Difusi\u00f3n, Representaciones y Espect\u00e1culos\",\"publisher\":{\"@id\":\"https:\/\/sodre.gub.uy\/espectaculos\/#organization\"},\"potentialAction\":[{\"@type\":\"SearchAction\",\"target\":{\"@type\":\"EntryPoint\",\"urlTemplate\":\"https:\/\/sodre.gub.uy\/espectaculos\/?s={search_term_string}\"},\"query-input\":\"required name=search_term_string\"}],\"inLanguage\":\"es\"},{\"@type\":\"Organization\",\"@id\":\"https:\/\/sodre.gub.uy\/espectaculos\/#organization\",\"name\":\"Espect\u00e1culos\",\"url\":\"https:\/\/sodre.gub.uy\/espectaculos\/\",\"logo\":{\"@type\":\"ImageObject\",\"inLanguage\":\"es\",\"@id\":\"https:\/\/sodre.gub.uy\/espectaculos\/#\/schema\/logo\/image\/\",\"url\":\"https:\/\/sodre.gub.uy\/espectaculos\/wp-content\/uploads\/sites\/2\/2023\/12\/logo-sodre-black.svg\",\"contentUrl\":\"https:\/\/sodre.gub.uy\/espectaculos\/wp-content\/uploads\/sites\/2\/2023\/12\/logo-sodre-black.svg\",\"caption\":\"Espect\u00e1culos\"},\"image\":{\"@id\":\"https:\/\/sodre.gub.uy\/espectaculos\/#\/schema\/logo\/image\/\"}}]}<\/script>\n<!-- \/ Yoast SEO plugin. -->","yoast_head_json":{"title":"Examen de egreso: Federico Fag\u00fandez - Espect\u00e1culos","robots":{"index":"index","follow":"follow","max-snippet":"max-snippet:-1","max-image-preview":"max-image-preview:large","max-video-preview":"max-video-preview:-1"},"canonical":"https:\/\/sodre.gub.uy\/espectaculos\/examen-de-egreso-federico-fagundez-enal\/","og_locale":"es_ES","og_type":"article","og_title":"Examen de egreso: Federico Fag\u00fandez - Espect\u00e1culos","og_description":"Escuela Nacional de Formaci\u00f3n Art\u00edstica","og_url":"https:\/\/sodre.gub.uy\/espectaculos\/examen-de-egreso-federico-fagundez-enal\/","og_site_name":"Espect\u00e1culos","article_modified_time":"2026-04-30T16:16:36+00:00","twitter_card":"summary_large_image","twitter_misc":{"Tiempo de lectura":"1 minuto"},"schema":{"@context":"https:\/\/schema.org","@graph":[{"@type":"WebPage","@id":"https:\/\/sodre.gub.uy\/espectaculos\/examen-de-egreso-federico-fagundez-enal\/","url":"https:\/\/sodre.gub.uy\/espectaculos\/examen-de-egreso-federico-fagundez-enal\/","name":"Examen de egreso: Federico Fag\u00fandez - Espect\u00e1culos","isPartOf":{"@id":"https:\/\/sodre.gub.uy\/espectaculos\/#website"},"datePublished":"2026-04-28T19:26:16+00:00","dateModified":"2026-04-30T16:16:36+00:00","inLanguage":"es","potentialAction":[{"@type":"ReadAction","target":["https:\/\/sodre.gub.uy\/espectaculos\/examen-de-egreso-federico-fagundez-enal\/"]}]},{"@type":"WebSite","@id":"https:\/\/sodre.gub.uy\/espectaculos\/#website","url":"https:\/\/sodre.gub.uy\/espectaculos\/","name":"Espect\u00e1culos","description":"Servicio Oficial de Difusi\u00f3n, Representaciones y Espect\u00e1culos","publisher":{"@id":"https:\/\/sodre.gub.uy\/espectaculos\/#organization"},"potentialAction":[{"@type":"SearchAction","target":{"@type":"EntryPoint","urlTemplate":"https:\/\/sodre.gub.uy\/espectaculos\/?s={search_term_string}"},"query-input":"required name=search_term_string"}],"inLanguage":"es"},{"@type":"Organization","@id":"https:\/\/sodre.gub.uy\/espectaculos\/#organization","name":"Espect\u00e1culos","url":"https:\/\/sodre.gub.uy\/espectaculos\/","logo":{"@type":"ImageObject","inLanguage":"es","@id":"https:\/\/sodre.gub.uy\/espectaculos\/#\/schema\/logo\/image\/","url":"https:\/\/sodre.gub.uy\/espectaculos\/wp-content\/uploads\/sites\/2\/2023\/12\/logo-sodre-black.svg","contentUrl":"https:\/\/sodre.gub.uy\/espectaculos\/wp-content\/uploads\/sites\/2\/2023\/12\/logo-sodre-black.svg","caption":"Espect\u00e1culos"},"image":{"@id":"https:\/\/sodre.gub.uy\/espectaculos\/#\/schema\/logo\/image\/"}}]}},"_links":{"self":[{"href":"https:\/\/sodre.gub.uy\/espectaculos\/wp-json\/wp\/v2\/espectaculo\/11860"}],"collection":[{"href":"https:\/\/sodre.gub.uy\/espectaculos\/wp-json\/wp\/v2\/espectaculo"}],"about":[{"href":"https:\/\/sodre.gub.uy\/espectaculos\/wp-json\/wp\/v2\/types\/espectaculo"}],"version-history":[{"count":7,"href":"https:\/\/sodre.gub.uy\/espectaculos\/wp-json\/wp\/v2\/espectaculo\/11860\/revisions"}],"predecessor-version":[{"id":11881,"href":"https:\/\/sodre.gub.uy\/espectaculos\/wp-json\/wp\/v2\/espectaculo\/11860\/revisions\/11881"}],"wp:attachment":[{"href":"https:\/\/sodre.gub.uy\/espectaculos\/wp-json\/wp\/v2\/media?parent=11860"}],"wp:term":[{"taxonomy":"cuerpo-estable","embeddable":true,"href":"https:\/\/sodre.gub.uy\/espectaculos\/wp-json\/wp\/v2\/cuerpo-estable?post=11860"},{"taxonomy":"etiqueta-espectaculo","embeddable":true,"href":"https:\/\/sodre.gub.uy\/espectaculos\/wp-json\/wp\/v2\/etiqueta-espectaculo?post=11860"},{"taxonomy":"lugar","embeddable":true,"href":"https:\/\/sodre.gub.uy\/espectaculos\/wp-json\/wp\/v2\/lugar?post=11860"},{"taxonomy":"sala-espacio","embeddable":true,"href":"https:\/\/sodre.gub.uy\/espectaculos\/wp-json\/wp\/v2\/sala-espacio?post=11860"}],"curies":[{"name":"wp","href":"https:\/\/api.w.org\/{rel}","templated":true}]}}

Examen de egreso: Federico Fagúndez

<div class="wpb-content-wrapper"><p>[vc_section el_class=»content&#8211;espectaculo»][vc_row el_class=»cyg&#8211;descripcion»][vc_column][vc_column_text]El Sodre invita a acompañar la función de egreso de la Escuela Nacional de Arte Lírico, una instancia donde los estudiantes presentan el trabajo desarrollado a lo largo del año y comparten con el público el resultado de su formación artística.</p>
<p><strong>Participan:</strong> Sofía Rasmussen yFlorencia Perez</p>
<p>&nbsp;</p>
<p>&nbsp;</p>
<p><strong>Programa del examen de egreso</strong></p>
<p>J. HAYDN, del oratorio “Die Jahreszeiten”: “Schon eilet froh der Ackermann”.<br />
Federico Fagúndez (4’)</p>
<p>C. MONTEVERDI, de la ópera “L’incoronazione di Poppea”: “Pur ti miro”.<br />
Florencia Pérez y Federico Fagundez (5’)</p>
<p>W.A.MOZART, de la ópera “Die Zauberflöte”: “Bei Männern, welche Liebe<br />
fülhen”<br />
Sofía Rasmussen y Federico Fagúndez (3’30”)</p>
<p>G.DONIZETTI, de la ópera “La Favorita”: “Vien, Leonora”<br />
Federico Fagúndez (3’)</p>
<p>A.DVORAK, del ciclo “Canciones Gitanas” : “Canciones que mi madre me<br />
enseñó”.<br />
Florencia Perez (3’)</p>
<p>F. SCHUBERT, del ciclo “Die Winterreise”: “Der Leiermann”<br />
Federico Fagúndez (4’)</p>
<p>P.I.TCHAIKOVSKY, del libro 2 de canciones TH 89: “Mi genio, mi ángel, mi<br />
amigo”.<br />
Federico Fagúndez (3’)</p>
<p>R. CHAPÍ, de la zarzuela “Las hijas del Zebedeo”: “Carceleras”<br />
Sofía Rasmussen (4’)</p>
<p>SOUTULLO Y VERT, de la zarzuela “La del soto del parral”: “Ya mis horas<br />
felices”<br />
Federico Fagúndez (5’)</p>
<h4><b>Entrada libre.</b></h4>
<p>[/vc_column_text][vc_empty_space height=»30px» el_class=»cyg&#8211;espacio-30&#8243;][/vc_column][/vc_row][vc_row el_class=»cyg&#8211;ficha»][vc_column width=»1/2&#8243;][vc_row_inner][vc_column_inner][vc_empty_space height=»10&#8243; el_class=»cyg&#8211;espacio-10&#8243;][/vc_column_inner][/vc_row_inner][vc_row_inner][vc_column_inner][vc_empty_space height=»10&#8243; el_class=»cyg&#8211;espacio-10&#8243;][/vc_column_inner][/vc_row_inner][/vc_column][vc_column width=»1/2&#8243;][vc_row_inner][vc_column_inner][vc_empty_space height=»10&#8243; el_class=»cyg&#8211;espacio-10&#8243;][/vc_column_inner][/vc_row_inner][vc_row_inner][vc_column_inner][vc_empty_space height=»10&#8243; el_class=»cyg&#8211;espacio-10&#8243;][/vc_column_inner][/vc_row_inner][/vc_column][/vc_row][vc_row][vc_column][vc_empty_space height=»10px»][/vc_column][/vc_row][/vc_section]</p>
</div>

<p>Escuela Nacional de Formación Artística</p>

<!-- This site is optimized with the Yoast SEO plugin v21.7 - https://yoast.com/wordpress/plugins/seo/ -->
<title>Examen de egreso: Federico Fagúndez - Espectáculos</title>
<meta name="robots" content="index, follow, max-snippet:-1, max-image-preview:large, max-video-preview:-1" />
<link rel="canonical" href="https://sodre.gub.uy/espectaculos/examen-de-egreso-federico-fagundez-enal/" />
<meta property="og:locale" content="es_ES" />
<meta property="og:type" content="article" />
<meta property="og:title" content="Examen de egreso: Federico Fagúndez - Espectáculos" />
<meta property="og:description" content="Escuela Nacional de Formación Artística" />
<meta property="og:url" content="https://sodre.gub.uy/espectaculos/examen-de-egreso-federico-fagundez-enal/" />
<meta property="og:site_name" content="Espectáculos" />
<meta property="article:modified_time" content="2026-04-30T16:16:36+00:00" />
<meta name="twitter:card" content="summary_large_image" />
<meta name="twitter:label1" content="Tiempo de lectura" />
	<meta name="twitter:data1" content="1 minuto" />
<script type="application/ld+json" class="yoast-schema-graph">{"@context":"https://schema.org","@graph":[{"@type":"WebPage","@id":"https://sodre.gub.uy/espectaculos/examen-de-egreso-federico-fagundez-enal/","url":"https://sodre.gub.uy/espectaculos/examen-de-egreso-federico-fagundez-enal/","name":"Examen de egreso: Federico Fagúndez - Espectáculos","isPartOf":{"@id":"https://sodre.gub.uy/espectaculos/#website"},"datePublished":"2026-04-28T19:26:16+00:00","dateModified":"2026-04-30T16:16:36+00:00","inLanguage":"es","potentialAction":[{"@type":"ReadAction","target":["https://sodre.gub.uy/espectaculos/examen-de-egreso-federico-fagundez-enal/"]}]},{"@type":"WebSite","@id":"https://sodre.gub.uy/espectaculos/#website","url":"https://sodre.gub.uy/espectaculos/","name":"Espectáculos","description":"Servicio Oficial de Difusión, Representaciones y Espectáculos","publisher":{"@id":"https://sodre.gub.uy/espectaculos/#organization"},"potentialAction":[{"@type":"SearchAction","target":{"@type":"EntryPoint","urlTemplate":"https://sodre.gub.uy/espectaculos/?s={search_term_string}"},"query-input":"required name=search_term_string"}],"inLanguage":"es"},{"@type":"Organization","@id":"https://sodre.gub.uy/espectaculos/#organization","name":"Espectáculos","url":"https://sodre.gub.uy/espectaculos/","logo":{"@type":"ImageObject","inLanguage":"es","@id":"https://sodre.gub.uy/espectaculos/#/schema/logo/image/","url":"https://sodre.gub.uy/espectaculos/wp-content/uploads/sites/2/2023/12/logo-sodre-black.svg","contentUrl":"https://sodre.gub.uy/espectaculos/wp-content/uploads/sites/2/2023/12/logo-sodre-black.svg","caption":"Espectáculos"},"image":{"@id":"https://sodre.gub.uy/espectaculos/#/schema/logo/image/"}}]}</script>
<!-- / Yoast SEO plugin. -->

Examen de egreso: Federico Fagúndez - Espectáculos

Escuela Nacional de Formación Artística

Espectáculos

Servicio Oficial de Difusión, Representaciones y Espectáculos
