{"id":11848,"date":"2026-04-27T11:12:27","date_gmt":"2026-04-27T14:12:27","guid":{"rendered":"https:\/\/sodre.gub.uy\/espectaculos\/?post_type=espectaculo&#038;p=11848"},"modified":"2026-04-27T11:19:32","modified_gmt":"2026-04-27T14:19:32","slug":"experiencia-queen-2","status":"publish","type":"espectaculo","link":"https:\/\/sodre.gub.uy\/espectaculos\/experiencia-queen-2\/","title":{"rendered":"Experiencia Queen"},"content":{"rendered":"<div class=\"wpb-content-wrapper\"><p>[vc_section el_class=\u00bbcontent&#8211;espectaculo\u00bb][vc_row el_class=\u00bbcyg&#8211;descripcion\u00bb][vc_column][vc_column_text]El evento promete llevar al p\u00fablico a revivir esas m\u00e1gicas noches, transport\u00e1ndolos a los ic\u00f3nicos conciertos de la banda de manera fiel y deslumbrante.<br \/>\nExperiencia Queen recrea a la perfecci\u00f3n tanto la m\u00fasica como la escenograf\u00eda de los conciertos de Queen, y representan con notable exactitud a cada uno de los miembros originales del grupo. Con vestuarios aut\u00e9nticos y el uso de instrumentos originales, el espect\u00e1culo ofrece una experiencia \u00fanica para los fan\u00e1ticos de todas las edades.<br \/>\nEl repertorio incluye himnos inolvidables como \u201cBohemian Rhapsody\u201d, \u201cLove of My Life\u201d, \u201cRadio Ga Ga\u201d, \u201cI Want to Break Free\u201d y \u201cWe Are the Champions\u201d, entre otros, haciendo de cada funci\u00f3n una verdadera fiesta de emociones. EXPERIENCIA QUEEN se convierte en una opci\u00f3n ideal para disfrutar en familia de la m\u00fasica de una de las bandas m\u00e1s legendarias de todos los tiempos.<\/p>\n<p>Como atractivo adicional, los asistentes podr\u00e1n vivir una experiencia completa al recorrer las pantallas que estar\u00e1n ubicadas en el hall de acceso al teatro, e interiorizarse con llamativos videos e a \u00e9poca y materiales originales, adem\u00e1s de poder recorrer la historia y backstage de estos shows tan emblem\u00e1ticos de la historia de Queen.<br \/>\nEXPERIENCIA QUEEN se ha consolidado como un espect\u00e1culo de alt\u00edsimo nivel art\u00edstico y musical. En sus presentaciones en Am\u00e8rica Latina y EEUU, en los teatros m\u00e1s importantes Argentina, Chile, Paraguay y M\u00e9xico, Espa\u00f1a y Estados Unidos, incursionando muy pronto en Portugal.[\/vc_column_text][vc_empty_space height=\u00bb30px\u00bb el_class=\u00bbcyg&#8211;espacio-30&#8243;][\/vc_column][\/vc_row][vc_row el_class=\u00bbcyg&#8211;ficha\u00bb][vc_column width=\u00bb1\/2&#8243;][vc_row_inner][vc_column_inner][vc_column_text][\/vc_column_text][vc_empty_space height=\u00bb10&#8243; el_class=\u00bbcyg&#8211;espacio-10&#8243;][\/vc_column_inner][\/vc_row_inner][vc_row_inner][vc_column_inner][vc_column_text][\/vc_column_text][vc_empty_space height=\u00bb10&#8243; el_class=\u00bbcyg&#8211;espacio-10&#8243;][\/vc_column_inner][\/vc_row_inner][\/vc_column][vc_column width=\u00bb1\/2&#8243;][vc_row_inner][vc_column_inner][vc_column_text][\/vc_column_text][vc_empty_space height=\u00bb10&#8243; el_class=\u00bbcyg&#8211;espacio-10&#8243;][\/vc_column_inner][\/vc_row_inner][vc_row_inner][vc_column_inner][vc_column_text][\/vc_column_text][vc_empty_space height=\u00bb10&#8243; el_class=\u00bbcyg&#8211;espacio-10&#8243;][\/vc_column_inner][\/vc_row_inner][\/vc_column][\/vc_row][vc_row][vc_column][vc_empty_space height=\u00bb10px\u00bb][vc_column_text]<\/p>\n<p>Apta para todo p\u00fablico.<\/p>\n<p><strong>Duraci\u00f3n:<\/strong> 120 min.[\/vc_column_text][\/vc_column][\/vc_row][\/vc_section]<\/p>\n<\/div>","protected":false},"excerpt":{"rendered":"<p>A 40 a\u00f1os del show m\u00e1s impactante de la historia del rock, EXPERIENCIA QUEEN llega con su espect\u00e1culo \u201cRemember Wembley 86\u201d. <\/p>\n","protected":false},"menu_order":0,"template":"","format":"standard","cuerpo-estable":[29],"etiqueta-espectaculo":[],"lugar":[16],"sala-espacio":[30],"acf":[],"yoast_head":"<!-- This site is optimized with the Yoast SEO plugin v21.7 - https:\/\/yoast.com\/wordpress\/plugins\/seo\/ -->\n<title>Experiencia Queen - Espect\u00e1culos<\/title>\n<meta name=\"robots\" content=\"index, follow, max-snippet:-1, max-image-preview:large, max-video-preview:-1\" \/>\n<link rel=\"canonical\" href=\"https:\/\/sodre.gub.uy\/espectaculos\/experiencia-queen-2\/\" \/>\n<meta property=\"og:locale\" content=\"es_ES\" \/>\n<meta property=\"og:type\" content=\"article\" \/>\n<meta property=\"og:title\" content=\"Experiencia Queen - Espect\u00e1culos\" \/>\n<meta property=\"og:description\" content=\"A 40 a\u00f1os del show m\u00e1s impactante de la historia del rock, EXPERIENCIA QUEEN llega con su espect\u00e1culo \u201cRemember Wembley 86\u201d.\" \/>\n<meta property=\"og:url\" content=\"https:\/\/sodre.gub.uy\/espectaculos\/experiencia-queen-2\/\" \/>\n<meta property=\"og:site_name\" content=\"Espect\u00e1culos\" \/>\n<meta property=\"article:modified_time\" content=\"2026-04-27T14:19:32+00:00\" \/>\n<meta name=\"twitter:card\" content=\"summary_large_image\" \/>\n<meta name=\"twitter:label1\" content=\"Tiempo de lectura\" \/>\n\t<meta name=\"twitter:data1\" content=\"2 minutos\" \/>\n<script type=\"application\/ld+json\" class=\"yoast-schema-graph\">{\"@context\":\"https:\/\/schema.org\",\"@graph\":[{\"@type\":\"WebPage\",\"@id\":\"https:\/\/sodre.gub.uy\/espectaculos\/experiencia-queen-2\/\",\"url\":\"https:\/\/sodre.gub.uy\/espectaculos\/experiencia-queen-2\/\",\"name\":\"Experiencia Queen - Espect\u00e1culos\",\"isPartOf\":{\"@id\":\"https:\/\/sodre.gub.uy\/espectaculos\/#website\"},\"datePublished\":\"2026-04-27T14:12:27+00:00\",\"dateModified\":\"2026-04-27T14:19:32+00:00\",\"inLanguage\":\"es\",\"potentialAction\":[{\"@type\":\"ReadAction\",\"target\":[\"https:\/\/sodre.gub.uy\/espectaculos\/experiencia-queen-2\/\"]}]},{\"@type\":\"WebSite\",\"@id\":\"https:\/\/sodre.gub.uy\/espectaculos\/#website\",\"url\":\"https:\/\/sodre.gub.uy\/espectaculos\/\",\"name\":\"Espect\u00e1culos\",\"description\":\"Servicio Oficial de Difusi\u00f3n, Representaciones y Espect\u00e1culos\",\"publisher\":{\"@id\":\"https:\/\/sodre.gub.uy\/espectaculos\/#organization\"},\"potentialAction\":[{\"@type\":\"SearchAction\",\"target\":{\"@type\":\"EntryPoint\",\"urlTemplate\":\"https:\/\/sodre.gub.uy\/espectaculos\/?s={search_term_string}\"},\"query-input\":\"required name=search_term_string\"}],\"inLanguage\":\"es\"},{\"@type\":\"Organization\",\"@id\":\"https:\/\/sodre.gub.uy\/espectaculos\/#organization\",\"name\":\"Espect\u00e1culos\",\"url\":\"https:\/\/sodre.gub.uy\/espectaculos\/\",\"logo\":{\"@type\":\"ImageObject\",\"inLanguage\":\"es\",\"@id\":\"https:\/\/sodre.gub.uy\/espectaculos\/#\/schema\/logo\/image\/\",\"url\":\"https:\/\/sodre.gub.uy\/espectaculos\/wp-content\/uploads\/sites\/2\/2023\/12\/logo-sodre-black.svg\",\"contentUrl\":\"https:\/\/sodre.gub.uy\/espectaculos\/wp-content\/uploads\/sites\/2\/2023\/12\/logo-sodre-black.svg\",\"caption\":\"Espect\u00e1culos\"},\"image\":{\"@id\":\"https:\/\/sodre.gub.uy\/espectaculos\/#\/schema\/logo\/image\/\"}}]}<\/script>\n<!-- \/ Yoast SEO plugin. -->","yoast_head_json":{"title":"Experiencia Queen - Espect\u00e1culos","robots":{"index":"index","follow":"follow","max-snippet":"max-snippet:-1","max-image-preview":"max-image-preview:large","max-video-preview":"max-video-preview:-1"},"canonical":"https:\/\/sodre.gub.uy\/espectaculos\/experiencia-queen-2\/","og_locale":"es_ES","og_type":"article","og_title":"Experiencia Queen - Espect\u00e1culos","og_description":"A 40 a\u00f1os del show m\u00e1s impactante de la historia del rock, EXPERIENCIA QUEEN llega con su espect\u00e1culo \u201cRemember Wembley 86\u201d.","og_url":"https:\/\/sodre.gub.uy\/espectaculos\/experiencia-queen-2\/","og_site_name":"Espect\u00e1culos","article_modified_time":"2026-04-27T14:19:32+00:00","twitter_card":"summary_large_image","twitter_misc":{"Tiempo de lectura":"2 minutos"},"schema":{"@context":"https:\/\/schema.org","@graph":[{"@type":"WebPage","@id":"https:\/\/sodre.gub.uy\/espectaculos\/experiencia-queen-2\/","url":"https:\/\/sodre.gub.uy\/espectaculos\/experiencia-queen-2\/","name":"Experiencia Queen - Espect\u00e1culos","isPartOf":{"@id":"https:\/\/sodre.gub.uy\/espectaculos\/#website"},"datePublished":"2026-04-27T14:12:27+00:00","dateModified":"2026-04-27T14:19:32+00:00","inLanguage":"es","potentialAction":[{"@type":"ReadAction","target":["https:\/\/sodre.gub.uy\/espectaculos\/experiencia-queen-2\/"]}]},{"@type":"WebSite","@id":"https:\/\/sodre.gub.uy\/espectaculos\/#website","url":"https:\/\/sodre.gub.uy\/espectaculos\/","name":"Espect\u00e1culos","description":"Servicio Oficial de Difusi\u00f3n, Representaciones y Espect\u00e1culos","publisher":{"@id":"https:\/\/sodre.gub.uy\/espectaculos\/#organization"},"potentialAction":[{"@type":"SearchAction","target":{"@type":"EntryPoint","urlTemplate":"https:\/\/sodre.gub.uy\/espectaculos\/?s={search_term_string}"},"query-input":"required name=search_term_string"}],"inLanguage":"es"},{"@type":"Organization","@id":"https:\/\/sodre.gub.uy\/espectaculos\/#organization","name":"Espect\u00e1culos","url":"https:\/\/sodre.gub.uy\/espectaculos\/","logo":{"@type":"ImageObject","inLanguage":"es","@id":"https:\/\/sodre.gub.uy\/espectaculos\/#\/schema\/logo\/image\/","url":"https:\/\/sodre.gub.uy\/espectaculos\/wp-content\/uploads\/sites\/2\/2023\/12\/logo-sodre-black.svg","contentUrl":"https:\/\/sodre.gub.uy\/espectaculos\/wp-content\/uploads\/sites\/2\/2023\/12\/logo-sodre-black.svg","caption":"Espect\u00e1culos"},"image":{"@id":"https:\/\/sodre.gub.uy\/espectaculos\/#\/schema\/logo\/image\/"}}]}},"_links":{"self":[{"href":"https:\/\/sodre.gub.uy\/espectaculos\/wp-json\/wp\/v2\/espectaculo\/11848"}],"collection":[{"href":"https:\/\/sodre.gub.uy\/espectaculos\/wp-json\/wp\/v2\/espectaculo"}],"about":[{"href":"https:\/\/sodre.gub.uy\/espectaculos\/wp-json\/wp\/v2\/types\/espectaculo"}],"version-history":[{"count":7,"href":"https:\/\/sodre.gub.uy\/espectaculos\/wp-json\/wp\/v2\/espectaculo\/11848\/revisions"}],"predecessor-version":[{"id":11859,"href":"https:\/\/sodre.gub.uy\/espectaculos\/wp-json\/wp\/v2\/espectaculo\/11848\/revisions\/11859"}],"wp:attachment":[{"href":"https:\/\/sodre.gub.uy\/espectaculos\/wp-json\/wp\/v2\/media?parent=11848"}],"wp:term":[{"taxonomy":"cuerpo-estable","embeddable":true,"href":"https:\/\/sodre.gub.uy\/espectaculos\/wp-json\/wp\/v2\/cuerpo-estable?post=11848"},{"taxonomy":"etiqueta-espectaculo","embeddable":true,"href":"https:\/\/sodre.gub.uy\/espectaculos\/wp-json\/wp\/v2\/etiqueta-espectaculo?post=11848"},{"taxonomy":"lugar","embeddable":true,"href":"https:\/\/sodre.gub.uy\/espectaculos\/wp-json\/wp\/v2\/lugar?post=11848"},{"taxonomy":"sala-espacio","embeddable":true,"href":"https:\/\/sodre.gub.uy\/espectaculos\/wp-json\/wp\/v2\/sala-espacio?post=11848"}],"curies":[{"name":"wp","href":"https:\/\/api.w.org\/{rel}","templated":true}]}}

<div class="wpb-content-wrapper"><p>[vc_section el_class=»content&#8211;espectaculo»][vc_row el_class=»cyg&#8211;descripcion»][vc_column][vc_column_text]El evento promete llevar al público a revivir esas mágicas noches, transportándolos a los icónicos conciertos de la banda de manera fiel y deslumbrante.<br />
Experiencia Queen recrea a la perfección tanto la música como la escenografía de los conciertos de Queen, y representan con notable exactitud a cada uno de los miembros originales del grupo. Con vestuarios auténticos y el uso de instrumentos originales, el espectáculo ofrece una experiencia única para los fanáticos de todas las edades.<br />
El repertorio incluye himnos inolvidables como “Bohemian Rhapsody”, “Love of My Life”, “Radio Ga Ga”, “I Want to Break Free” y “We Are the Champions”, entre otros, haciendo de cada función una verdadera fiesta de emociones. EXPERIENCIA QUEEN se convierte en una opción ideal para disfrutar en familia de la música de una de las bandas más legendarias de todos los tiempos.</p>
<p>Como atractivo adicional, los asistentes podrán vivir una experiencia completa al recorrer las pantallas que estarán ubicadas en el hall de acceso al teatro, e interiorizarse con llamativos videos e a época y materiales originales, además de poder recorrer la historia y backstage de estos shows tan emblemáticos de la historia de Queen.<br />
EXPERIENCIA QUEEN se ha consolidado como un espectáculo de altísimo nivel artístico y musical. En sus presentaciones en Amèrica Latina y EEUU, en los teatros más importantes Argentina, Chile, Paraguay y México, España y Estados Unidos, incursionando muy pronto en Portugal.[/vc_column_text][vc_empty_space height=»30px» el_class=»cyg&#8211;espacio-30&#8243;][/vc_column][/vc_row][vc_row el_class=»cyg&#8211;ficha»][vc_column width=»1/2&#8243;][vc_row_inner][vc_column_inner][vc_column_text][/vc_column_text][vc_empty_space height=»10&#8243; el_class=»cyg&#8211;espacio-10&#8243;][/vc_column_inner][/vc_row_inner][vc_row_inner][vc_column_inner][vc_column_text][/vc_column_text][vc_empty_space height=»10&#8243; el_class=»cyg&#8211;espacio-10&#8243;][/vc_column_inner][/vc_row_inner][/vc_column][vc_column width=»1/2&#8243;][vc_row_inner][vc_column_inner][vc_column_text][/vc_column_text][vc_empty_space height=»10&#8243; el_class=»cyg&#8211;espacio-10&#8243;][/vc_column_inner][/vc_row_inner][vc_row_inner][vc_column_inner][vc_column_text][/vc_column_text][vc_empty_space height=»10&#8243; el_class=»cyg&#8211;espacio-10&#8243;][/vc_column_inner][/vc_row_inner][/vc_column][/vc_row][vc_row][vc_column][vc_empty_space height=»10px»][vc_column_text]</p>
<p>Apta para todo público.</p>
<p><strong>Duración:</strong> 120 min.[/vc_column_text][/vc_column][/vc_row][/vc_section]</p>
</div>

<p>A 40 años del show más impactante de la historia del rock, EXPERIENCIA QUEEN llega con su espectáculo “Remember Wembley 86”. </p>

<!-- This site is optimized with the Yoast SEO plugin v21.7 - https://yoast.com/wordpress/plugins/seo/ -->
<title>Experiencia Queen - Espectáculos</title>
<meta name="robots" content="index, follow, max-snippet:-1, max-image-preview:large, max-video-preview:-1" />
<link rel="canonical" href="https://sodre.gub.uy/espectaculos/experiencia-queen-2/" />
<meta property="og:locale" content="es_ES" />
<meta property="og:type" content="article" />
<meta property="og:title" content="Experiencia Queen - Espectáculos" />
<meta property="og:description" content="A 40 años del show más impactante de la historia del rock, EXPERIENCIA QUEEN llega con su espectáculo “Remember Wembley 86”." />
<meta property="og:url" content="https://sodre.gub.uy/espectaculos/experiencia-queen-2/" />
<meta property="og:site_name" content="Espectáculos" />
<meta property="article:modified_time" content="2026-04-27T14:19:32+00:00" />
<meta name="twitter:card" content="summary_large_image" />
<meta name="twitter:label1" content="Tiempo de lectura" />
	<meta name="twitter:data1" content="2 minutos" />
<script type="application/ld+json" class="yoast-schema-graph">{"@context":"https://schema.org","@graph":[{"@type":"WebPage","@id":"https://sodre.gub.uy/espectaculos/experiencia-queen-2/","url":"https://sodre.gub.uy/espectaculos/experiencia-queen-2/","name":"Experiencia Queen - Espectáculos","isPartOf":{"@id":"https://sodre.gub.uy/espectaculos/#website"},"datePublished":"2026-04-27T14:12:27+00:00","dateModified":"2026-04-27T14:19:32+00:00","inLanguage":"es","potentialAction":[{"@type":"ReadAction","target":["https://sodre.gub.uy/espectaculos/experiencia-queen-2/"]}]},{"@type":"WebSite","@id":"https://sodre.gub.uy/espectaculos/#website","url":"https://sodre.gub.uy/espectaculos/","name":"Espectáculos","description":"Servicio Oficial de Difusión, Representaciones y Espectáculos","publisher":{"@id":"https://sodre.gub.uy/espectaculos/#organization"},"potentialAction":[{"@type":"SearchAction","target":{"@type":"EntryPoint","urlTemplate":"https://sodre.gub.uy/espectaculos/?s={search_term_string}"},"query-input":"required name=search_term_string"}],"inLanguage":"es"},{"@type":"Organization","@id":"https://sodre.gub.uy/espectaculos/#organization","name":"Espectáculos","url":"https://sodre.gub.uy/espectaculos/","logo":{"@type":"ImageObject","inLanguage":"es","@id":"https://sodre.gub.uy/espectaculos/#/schema/logo/image/","url":"https://sodre.gub.uy/espectaculos/wp-content/uploads/sites/2/2023/12/logo-sodre-black.svg","contentUrl":"https://sodre.gub.uy/espectaculos/wp-content/uploads/sites/2/2023/12/logo-sodre-black.svg","caption":"Espectáculos"},"image":{"@id":"https://sodre.gub.uy/espectaculos/#/schema/logo/image/"}}]}</script>
<!-- / Yoast SEO plugin. -->

Experiencia Queen - Espectáculos

A 40 años del show más impactante de la historia del rock, EXPERIENCIA QUEEN llega con su espectáculo “Remember Wembley 86”.

Espectáculos

Servicio Oficial de Difusión, Representaciones y Espectáculos
