{"id":11627,"date":"2026-04-09T13:01:18","date_gmt":"2026-04-09T16:01:18","guid":{"rendered":"https:\/\/sodre.gub.uy\/espectaculos\/?post_type=espectaculo&#038;p=11627"},"modified":"2026-04-09T13:01:18","modified_gmt":"2026-04-09T16:01:18","slug":"cuatro-cuentos-cortos","status":"publish","type":"espectaculo","link":"https:\/\/sodre.gub.uy\/espectaculos\/cuatro-cuentos-cortos\/","title":{"rendered":"Cuatro cuentos cortos"},"content":{"rendered":"<div class=\"wpb-content-wrapper\"><p>[vc_section el_class=\u00bbcontent&#8211;espectaculo\u00bb][vc_row el_class=\u00bbcyg&#8211;descripcion\u00bb][vc_column][vc_column_text]Cuatro cuentos cortos es una pel\u00edcula compuesta por cuatro relatos que transcurren durante un mismo fin de semana en Montevideo, donde cuatro j\u00f3venes veintea\u00f1eros se preparan para rendir la prueba de ingreso a la Escuela de Arte Dram\u00e1tico. Un mismo elenco encarna personajes distintos en cada una de las historias. Vale insiste por tercera vez en dar la prueba, luego de dos intentos fallidos. Xenia, criada en el mundo del teatro, descubre a \u00faltimo momento que desea otro rumbo para su vida. Hern\u00e1n llega del interior decidido a probarse en la actuaci\u00f3n, lejos de su entorno. Y Cami conf\u00eda en su talento actoral, aunque duda de c\u00f3mo sostener econ\u00f3micamente su elecci\u00f3n. Con sensibilidad y una mirada luminosa, la pel\u00edcula explora las distintas maneras en que cada uno se anima a escuchar y asumir su vocaci\u00f3n. La nueva pel\u00edcula de Ana Garc\u00eda Blaya Biniez, cuyo destino habr\u00eda sido la m\u00fasica de no haberse cruzado con un peque\u00f1o papel en Whisky, ha sido definida como \u201cuna propuesta fresca, honesta y profundamente uruguaya que celebra el talento local\u201d.[\/vc_column_text][vc_empty_space height=\u00bb30px\u00bb el_class=\u00bbcyg&#8211;espacio-30&#8243;][\/vc_column][\/vc_row][vc_row el_class=\u00bbcyg&#8211;ficha\u00bb][vc_column width=\u00bb1\/2&#8243;][vc_row_inner][vc_column_inner][vc_column_text]Uruguay, 2026<\/p>\n<p><strong>Direcci\u00f3n:<\/strong> Adri\u00e1n Biniez<\/p>\n<p><strong>Elenco:<\/strong> Coti Llamb\u00ed, Bel\u00e9n Urban, Joel Fazzi, Carolina Ruiz Felix[\/vc_column_text][vc_empty_space height=\u00bb10&#8243; el_class=\u00bbcyg&#8211;espacio-10&#8243;][\/vc_column_inner][\/vc_row_inner][vc_row_inner][vc_column_inner][vc_empty_space height=\u00bb10&#8243; el_class=\u00bbcyg&#8211;espacio-10&#8243;][\/vc_column_inner][\/vc_row_inner][\/vc_column][vc_column width=\u00bb1\/2&#8243;][vc_row_inner][vc_column_inner][vc_empty_space height=\u00bb10&#8243; el_class=\u00bbcyg&#8211;espacio-10&#8243;][\/vc_column_inner][\/vc_row_inner][vc_row_inner][vc_column_inner][vc_empty_space height=\u00bb10&#8243; el_class=\u00bbcyg&#8211;espacio-10&#8243;][\/vc_column_inner][\/vc_row_inner][\/vc_column][\/vc_row][vc_row][vc_column][vc_empty_space height=\u00bb10px\u00bb][vc_column_text]<strong>Duraci\u00f3n:<\/strong> 72 min.[\/vc_column_text][vc_column_text]Apta para mayores de 18 a\u00f1os.[\/vc_column_text][\/vc_column][\/vc_row][\/vc_section][vc_row][vc_column][vc_empty_space height=\u00bb62px\u00bb]\r\n<a \r\nrole=\"link\"\r\naria-label=\"Programaci\u00f3n completa\"\r\nclass=\"cyg--btn \" \r\nhref=\"https:\/\/cinemateca.org.uy\/\"\r\ntarget=\"\"\r\n>\r\nProgramaci\u00f3n completa<\/a>\r\n[\/vc_column][\/vc_row]<\/p>\n<\/div>","protected":false},"excerpt":{"rendered":"<p>Festival Cinemateca<\/p>\n","protected":false},"menu_order":0,"template":"","format":"standard","cuerpo-estable":[],"etiqueta-espectaculo":[47],"lugar":[17],"sala-espacio":[],"acf":[],"yoast_head":"<!-- This site is optimized with the Yoast SEO plugin v21.7 - https:\/\/yoast.com\/wordpress\/plugins\/seo\/ -->\n<title>Cuatro cuentos cortos - Espect\u00e1culos<\/title>\n<meta name=\"robots\" content=\"index, follow, max-snippet:-1, max-image-preview:large, max-video-preview:-1\" \/>\n<link rel=\"canonical\" href=\"https:\/\/sodre.gub.uy\/espectaculos\/cuatro-cuentos-cortos\/\" \/>\n<meta property=\"og:locale\" content=\"es_ES\" \/>\n<meta property=\"og:type\" content=\"article\" \/>\n<meta property=\"og:title\" content=\"Cuatro cuentos cortos - Espect\u00e1culos\" \/>\n<meta property=\"og:description\" content=\"Festival Cinemateca\" \/>\n<meta property=\"og:url\" content=\"https:\/\/sodre.gub.uy\/espectaculos\/cuatro-cuentos-cortos\/\" \/>\n<meta property=\"og:site_name\" content=\"Espect\u00e1culos\" \/>\n<meta name=\"twitter:card\" content=\"summary_large_image\" \/>\n<meta name=\"twitter:label1\" content=\"Tiempo de lectura\" \/>\n\t<meta name=\"twitter:data1\" content=\"1 minuto\" \/>\n<script type=\"application\/ld+json\" class=\"yoast-schema-graph\">{\"@context\":\"https:\/\/schema.org\",\"@graph\":[{\"@type\":\"WebPage\",\"@id\":\"https:\/\/sodre.gub.uy\/espectaculos\/cuatro-cuentos-cortos\/\",\"url\":\"https:\/\/sodre.gub.uy\/espectaculos\/cuatro-cuentos-cortos\/\",\"name\":\"Cuatro cuentos cortos - Espect\u00e1culos\",\"isPartOf\":{\"@id\":\"https:\/\/sodre.gub.uy\/espectaculos\/#website\"},\"datePublished\":\"2026-04-09T16:01:18+00:00\",\"dateModified\":\"2026-04-09T16:01:18+00:00\",\"inLanguage\":\"es\",\"potentialAction\":[{\"@type\":\"ReadAction\",\"target\":[\"https:\/\/sodre.gub.uy\/espectaculos\/cuatro-cuentos-cortos\/\"]}]},{\"@type\":\"WebSite\",\"@id\":\"https:\/\/sodre.gub.uy\/espectaculos\/#website\",\"url\":\"https:\/\/sodre.gub.uy\/espectaculos\/\",\"name\":\"Espect\u00e1culos\",\"description\":\"Servicio Oficial de Difusi\u00f3n, Representaciones y Espect\u00e1culos\",\"publisher\":{\"@id\":\"https:\/\/sodre.gub.uy\/espectaculos\/#organization\"},\"potentialAction\":[{\"@type\":\"SearchAction\",\"target\":{\"@type\":\"EntryPoint\",\"urlTemplate\":\"https:\/\/sodre.gub.uy\/espectaculos\/?s={search_term_string}\"},\"query-input\":\"required name=search_term_string\"}],\"inLanguage\":\"es\"},{\"@type\":\"Organization\",\"@id\":\"https:\/\/sodre.gub.uy\/espectaculos\/#organization\",\"name\":\"Espect\u00e1culos\",\"url\":\"https:\/\/sodre.gub.uy\/espectaculos\/\",\"logo\":{\"@type\":\"ImageObject\",\"inLanguage\":\"es\",\"@id\":\"https:\/\/sodre.gub.uy\/espectaculos\/#\/schema\/logo\/image\/\",\"url\":\"https:\/\/sodre.gub.uy\/espectaculos\/wp-content\/uploads\/sites\/2\/2023\/12\/logo-sodre-black.svg\",\"contentUrl\":\"https:\/\/sodre.gub.uy\/espectaculos\/wp-content\/uploads\/sites\/2\/2023\/12\/logo-sodre-black.svg\",\"caption\":\"Espect\u00e1culos\"},\"image\":{\"@id\":\"https:\/\/sodre.gub.uy\/espectaculos\/#\/schema\/logo\/image\/\"}}]}<\/script>\n<!-- \/ Yoast SEO plugin. -->","yoast_head_json":{"title":"Cuatro cuentos cortos - Espect\u00e1culos","robots":{"index":"index","follow":"follow","max-snippet":"max-snippet:-1","max-image-preview":"max-image-preview:large","max-video-preview":"max-video-preview:-1"},"canonical":"https:\/\/sodre.gub.uy\/espectaculos\/cuatro-cuentos-cortos\/","og_locale":"es_ES","og_type":"article","og_title":"Cuatro cuentos cortos - Espect\u00e1culos","og_description":"Festival Cinemateca","og_url":"https:\/\/sodre.gub.uy\/espectaculos\/cuatro-cuentos-cortos\/","og_site_name":"Espect\u00e1culos","twitter_card":"summary_large_image","twitter_misc":{"Tiempo de lectura":"1 minuto"},"schema":{"@context":"https:\/\/schema.org","@graph":[{"@type":"WebPage","@id":"https:\/\/sodre.gub.uy\/espectaculos\/cuatro-cuentos-cortos\/","url":"https:\/\/sodre.gub.uy\/espectaculos\/cuatro-cuentos-cortos\/","name":"Cuatro cuentos cortos - Espect\u00e1culos","isPartOf":{"@id":"https:\/\/sodre.gub.uy\/espectaculos\/#website"},"datePublished":"2026-04-09T16:01:18+00:00","dateModified":"2026-04-09T16:01:18+00:00","inLanguage":"es","potentialAction":[{"@type":"ReadAction","target":["https:\/\/sodre.gub.uy\/espectaculos\/cuatro-cuentos-cortos\/"]}]},{"@type":"WebSite","@id":"https:\/\/sodre.gub.uy\/espectaculos\/#website","url":"https:\/\/sodre.gub.uy\/espectaculos\/","name":"Espect\u00e1culos","description":"Servicio Oficial de Difusi\u00f3n, Representaciones y Espect\u00e1culos","publisher":{"@id":"https:\/\/sodre.gub.uy\/espectaculos\/#organization"},"potentialAction":[{"@type":"SearchAction","target":{"@type":"EntryPoint","urlTemplate":"https:\/\/sodre.gub.uy\/espectaculos\/?s={search_term_string}"},"query-input":"required name=search_term_string"}],"inLanguage":"es"},{"@type":"Organization","@id":"https:\/\/sodre.gub.uy\/espectaculos\/#organization","name":"Espect\u00e1culos","url":"https:\/\/sodre.gub.uy\/espectaculos\/","logo":{"@type":"ImageObject","inLanguage":"es","@id":"https:\/\/sodre.gub.uy\/espectaculos\/#\/schema\/logo\/image\/","url":"https:\/\/sodre.gub.uy\/espectaculos\/wp-content\/uploads\/sites\/2\/2023\/12\/logo-sodre-black.svg","contentUrl":"https:\/\/sodre.gub.uy\/espectaculos\/wp-content\/uploads\/sites\/2\/2023\/12\/logo-sodre-black.svg","caption":"Espect\u00e1culos"},"image":{"@id":"https:\/\/sodre.gub.uy\/espectaculos\/#\/schema\/logo\/image\/"}}]}},"_links":{"self":[{"href":"https:\/\/sodre.gub.uy\/espectaculos\/wp-json\/wp\/v2\/espectaculo\/11627"}],"collection":[{"href":"https:\/\/sodre.gub.uy\/espectaculos\/wp-json\/wp\/v2\/espectaculo"}],"about":[{"href":"https:\/\/sodre.gub.uy\/espectaculos\/wp-json\/wp\/v2\/types\/espectaculo"}],"version-history":[{"count":1,"href":"https:\/\/sodre.gub.uy\/espectaculos\/wp-json\/wp\/v2\/espectaculo\/11627\/revisions"}],"predecessor-version":[{"id":11628,"href":"https:\/\/sodre.gub.uy\/espectaculos\/wp-json\/wp\/v2\/espectaculo\/11627\/revisions\/11628"}],"wp:attachment":[{"href":"https:\/\/sodre.gub.uy\/espectaculos\/wp-json\/wp\/v2\/media?parent=11627"}],"wp:term":[{"taxonomy":"cuerpo-estable","embeddable":true,"href":"https:\/\/sodre.gub.uy\/espectaculos\/wp-json\/wp\/v2\/cuerpo-estable?post=11627"},{"taxonomy":"etiqueta-espectaculo","embeddable":true,"href":"https:\/\/sodre.gub.uy\/espectaculos\/wp-json\/wp\/v2\/etiqueta-espectaculo?post=11627"},{"taxonomy":"lugar","embeddable":true,"href":"https:\/\/sodre.gub.uy\/espectaculos\/wp-json\/wp\/v2\/lugar?post=11627"},{"taxonomy":"sala-espacio","embeddable":true,"href":"https:\/\/sodre.gub.uy\/espectaculos\/wp-json\/wp\/v2\/sala-espacio?post=11627"}],"curies":[{"name":"wp","href":"https:\/\/api.w.org\/{rel}","templated":true}]}}

<div class="wpb-content-wrapper"><p>[vc_section el_class=»content&#8211;espectaculo»][vc_row el_class=»cyg&#8211;descripcion»][vc_column][vc_column_text]Cuatro cuentos cortos es una película compuesta por cuatro relatos que transcurren durante un mismo fin de semana en Montevideo, donde cuatro jóvenes veinteañeros se preparan para rendir la prueba de ingreso a la Escuela de Arte Dramático. Un mismo elenco encarna personajes distintos en cada una de las historias. Vale insiste por tercera vez en dar la prueba, luego de dos intentos fallidos. Xenia, criada en el mundo del teatro, descubre a último momento que desea otro rumbo para su vida. Hernán llega del interior decidido a probarse en la actuación, lejos de su entorno. Y Cami confía en su talento actoral, aunque duda de cómo sostener económicamente su elección. Con sensibilidad y una mirada luminosa, la película explora las distintas maneras en que cada uno se anima a escuchar y asumir su vocación. La nueva película de Ana García Blaya Biniez, cuyo destino habría sido la música de no haberse cruzado con un pequeño papel en Whisky, ha sido definida como “una propuesta fresca, honesta y profundamente uruguaya que celebra el talento local”.[/vc_column_text][vc_empty_space height=»30px» el_class=»cyg&#8211;espacio-30&#8243;][/vc_column][/vc_row][vc_row el_class=»cyg&#8211;ficha»][vc_column width=»1/2&#8243;][vc_row_inner][vc_column_inner][vc_column_text]Uruguay, 2026</p>
<p><strong>Dirección:</strong> Adrián Biniez</p>
<p><strong>Elenco:</strong> Coti Llambí, Belén Urban, Joel Fazzi, Carolina Ruiz Felix[/vc_column_text][vc_empty_space height=»10&#8243; el_class=»cyg&#8211;espacio-10&#8243;][/vc_column_inner][/vc_row_inner][vc_row_inner][vc_column_inner][vc_empty_space height=»10&#8243; el_class=»cyg&#8211;espacio-10&#8243;][/vc_column_inner][/vc_row_inner][/vc_column][vc_column width=»1/2&#8243;][vc_row_inner][vc_column_inner][vc_empty_space height=»10&#8243; el_class=»cyg&#8211;espacio-10&#8243;][/vc_column_inner][/vc_row_inner][vc_row_inner][vc_column_inner][vc_empty_space height=»10&#8243; el_class=»cyg&#8211;espacio-10&#8243;][/vc_column_inner][/vc_row_inner][/vc_column][/vc_row][vc_row][vc_column][vc_empty_space height=»10px»][vc_column_text]<strong>Duración:</strong> 72 min.[/vc_column_text][vc_column_text]Apta para mayores de 18 años.[/vc_column_text][/vc_column][/vc_row][/vc_section][vc_row][vc_column][vc_empty_space height=»62px»]
<a 
role="link"
aria-label="Programación completa"
class="cyg--btn " 
href="https://cinemateca.org.uy/"
target=""
>
Programación completa</a>
[/vc_column][/vc_row]</p>
</div>

<!-- This site is optimized with the Yoast SEO plugin v21.7 - https://yoast.com/wordpress/plugins/seo/ -->
<title>Cuatro cuentos cortos - Espectáculos</title>
<meta name="robots" content="index, follow, max-snippet:-1, max-image-preview:large, max-video-preview:-1" />
<link rel="canonical" href="https://sodre.gub.uy/espectaculos/cuatro-cuentos-cortos/" />
<meta property="og:locale" content="es_ES" />
<meta property="og:type" content="article" />
<meta property="og:title" content="Cuatro cuentos cortos - Espectáculos" />
<meta property="og:description" content="Festival Cinemateca" />
<meta property="og:url" content="https://sodre.gub.uy/espectaculos/cuatro-cuentos-cortos/" />
<meta property="og:site_name" content="Espectáculos" />
<meta name="twitter:card" content="summary_large_image" />
<meta name="twitter:label1" content="Tiempo de lectura" />
	<meta name="twitter:data1" content="1 minuto" />
<script type="application/ld+json" class="yoast-schema-graph">{"@context":"https://schema.org","@graph":[{"@type":"WebPage","@id":"https://sodre.gub.uy/espectaculos/cuatro-cuentos-cortos/","url":"https://sodre.gub.uy/espectaculos/cuatro-cuentos-cortos/","name":"Cuatro cuentos cortos - Espectáculos","isPartOf":{"@id":"https://sodre.gub.uy/espectaculos/#website"},"datePublished":"2026-04-09T16:01:18+00:00","dateModified":"2026-04-09T16:01:18+00:00","inLanguage":"es","potentialAction":[{"@type":"ReadAction","target":["https://sodre.gub.uy/espectaculos/cuatro-cuentos-cortos/"]}]},{"@type":"WebSite","@id":"https://sodre.gub.uy/espectaculos/#website","url":"https://sodre.gub.uy/espectaculos/","name":"Espectáculos","description":"Servicio Oficial de Difusión, Representaciones y Espectáculos","publisher":{"@id":"https://sodre.gub.uy/espectaculos/#organization"},"potentialAction":[{"@type":"SearchAction","target":{"@type":"EntryPoint","urlTemplate":"https://sodre.gub.uy/espectaculos/?s={search_term_string}"},"query-input":"required name=search_term_string"}],"inLanguage":"es"},{"@type":"Organization","@id":"https://sodre.gub.uy/espectaculos/#organization","name":"Espectáculos","url":"https://sodre.gub.uy/espectaculos/","logo":{"@type":"ImageObject","inLanguage":"es","@id":"https://sodre.gub.uy/espectaculos/#/schema/logo/image/","url":"https://sodre.gub.uy/espectaculos/wp-content/uploads/sites/2/2023/12/logo-sodre-black.svg","contentUrl":"https://sodre.gub.uy/espectaculos/wp-content/uploads/sites/2/2023/12/logo-sodre-black.svg","caption":"Espectáculos"},"image":{"@id":"https://sodre.gub.uy/espectaculos/#/schema/logo/image/"}}]}</script>
<!-- / Yoast SEO plugin. -->

Cuatro cuentos cortos - Espectáculos

Espectáculos

Servicio Oficial de Difusión, Representaciones y Espectáculos
